{"text_format":"1","workbook":"xlsx","n_sheets":26,"sheets":["Cash Invoices","Ctrl_R","CTRL_G","Estimate","Feb-16","Work Order","Logo","LookupList","Statement","Master","E_Master","Master Register","Jan-16","Dec-15","Nov-15","Oct-15","Sep-15","Aug-15","Jul-15","Jun-15","May-15","Apr-15","Mar-15","Feb-15","Jan-15","Perpetual"],"not_rendered":{"charts":0,"images":7,"macros":1,"external_links":0,"defined_names":33,"comments":0,"pivot_tables":0},"unopened":[],"bounds":{"document_bytes":16777216,"sheet_cells":100000,"rows_first":2000,"rows_last":500,"rows_between":2000,"halvings":0,"cell_chars":16384,"cell_head_chars":4096},"cells_cut":0,"cells_raw":0,"read":"whole","date_system":"1900"}

{"sheet":"Cash Invoices","index":0,"n_rows":47,"n_cols":38,"rows_kept":47,"cut":false,"hidden":false,"merged":[[0,0,0,17],[1,0,2,17],[1,19,2,34],[4,29,4,32],[5,29,5,32],[6,18,6,21],[6,25,6,29],[6,31,6,33],[14,4,14,13],[14,26,14,35],[15,4,15,13],[15,26,15,35],[16,4,16,13],[16,26,16,35],[7,31,7,33],[8,31,8,33],[9,18,9,21],[9,25,9,27],[9,31,9,33],[13,4,13,13],[13,26,13,35],[19,29,19,34],[20,0,20,3],[20,4,20,11],[20,12,20,18],[20,19,20,23],[20,24,20,28],[20,29,20,34],[18,10,18,22],[19,0,19,3],[19,4,19,11],[19,12,19,18],[19,19,19,23],[19,24,19,28],[22,0,22,3],[22,4,22,18],[22,19,22,23],[22,24,22,28],[22,29,22,34],[23,0,23,3],[23,4,23,18],[23,19,23,22],[23,24,23,27],[23,29,23,33],[24,0,24,3],[24,4,24,18],[24,19,24,22],[24,24,24,27],[24,29,24,33],[25,0,25,3],[25,4,25,18],[25,19,25,22],[25,24,25,27],[25,29,25,33],[26,0,26,3],[26,4,26,18],[26,19,26,22],[26,24,26,27],[26,29,26,33],[27,0,27,3],[27,4,27,18],[27,19,27,22],[27,24,27,27],[27,29,27,33],[28,0,28,3],[28,4,28,18],[28,19,28,22],[28,24,28,27],[28,29,28,33],[29,0,29,3],[29,4,29,18],[29,19,29,22],[29,24,29,27],[29,29,29,33],[30,0,30,3],[30,4,30,18],[30,19,30,22],[30,24,30,27],[30,29,30,33],[31,0,31,3],[31,4,31,18],[31,19,31,22],[31,24,31,27],[31,29,31,33],[34,0,34,3],[34,4,34,18],[34,19,34,22],[34,24,34,27],[34,29,34,33],[35,29,35,33],[32,0,32,3],[32,4,32,18],[32,19,32,22],[32,24,32,27],[32,29,32,33],[33,0,33,3],[33,4,33,18],[33,19,33,22],[33,24,33,27],[33,29,33,33],[39,29,39,33],[40,29,40,33],[44,0,45,35],[46,0,47,35],[36,5,36,17],[36,29,36,33],[37,5,37,17],[37,29,37,33],[38,5,38,17],[38,29,38,33]]}
["RGV Cycle Stuff, dba -"]
[null,null,null,null,null,null,null,null,null,null,null,null,null,null,null,null,null,null,null,"SALES RECEIPT"]
[]
[]
[null,null,null,null,null,null,null,null,null,null,null,null,null,null,null,null,null,null,null,null,null,null,null,null,null,null,null,null,"DATE: ",{"$f":"TODAY()","v":"2016-02-05"}]
[null,null,null,null,null,null,null,null,null,null,null,null,null,null,null,null,null,null,null,null,null,null,null,null,null,null,null,null,"INVOICE: ",18839]
[]
[]
[]
[]
[]
[" "]
[null,"Bill To:",null,null,null,null,null,null,null,null,null,null,null,null,null,null,null,null,null,null,null,null,null,"Ship To:",null,null,null,null,null,null,null,null,null,null,null,null,null,"Note:"]
[null,null,"Name:",null,null,null,null,null,null,null,null,null,null,null,null,null,null,null,null,null,null,null,null,null,null,null,{"$f":"+E14","v":0}]
[null,null,"Phone:",null,null,null,null,null,null,null,null,null,null,null,null,null,null,null,null,null,null,null,null,null,null,null,{"$f":"+E15","v":0}]
[null,null,"Address:",null," ",null,null,null,null,null,null,null,null,null,null,null,null,null,null,null,null,null,null,null,null,null,{"$f":"+E16","v":" "}]
[null,null,"Email:",null," ",null,null,null,null,null,null,null,null,null,null,null,null,null,null,null,null,null,null,null,null,null,{"$f":"+E17","v":" "}]
[]
[null,null,null,null,null,null,null,null,null,null,"Custom LED Lighting"]
["Type",null,null,null,"Sales Rep. Name",null,null,null,null,null,null,null,"VIN",null,null,null,null,null,null,"Miles",null,null,null,null,"Terms",null,null,null,null,"Due Date"]
[]
[]
["Product ID",null,null,null,"Description",null,null,null,null,null,null,null,null,null,null,null,null,null,null,"Quantity",null,null,null,null,"Unit Price",null,null,null,null,"Line Total"]
[null,null,null,null,null,null,null,null,null,null,null,null,null,null,null,null,null,null,null,null,null,null,null,null,null,null,null,null,null,{"$f":"ROUND(+T24*Y24+0.000001,2)","v":0}]
[null,null,null,null,null,null,null,null,null,null,null,null,null,null,null,null,null,null,null,null,null,null,null,null,null,null,null,null,null,0]
[null,null,null,null,null,null,null,null,null,null,null,null,null,null,null,null,null,null,null,null,null,null,null,null,null,null,null,null,null,0]
[null,null,null,null,null,null,null,null,null,null,null,null,null,null,null,null,null,null,null,null,null,null,null,null,null,null,null,null,null,0]
[null,null,null,null,null,null,null,null,null,null,null,null,null,null,null,null,null,null,null,null,null,null,null,null,null,null,null,null,null,0]
[null,null,null,null,null,null,null,null,null,null,null,null,null,null,null,null,null,null,null,null,null,null,null,null,null,null,null,null,null,0]
[null,null,null,null,null,null,null,null,null,null,null,null,null,null,null,null,null,null,null,null,null,null,null,null,null,null,null,null,null,0]
[null,null,null,null,null,null,null,null,null,null,null,null,null,null,null,null,null,null,null,null,null,null,null,null,null,null,null,null,null,0]
[null,null,null,null,null,null,null,null,null,null,null,null,null,null,null,null,null,null,null,null,null,null,null,null,null,null,null,null,null,0]
[null,null,null,null,null,null,null,null,null,null,null,null,null,null,null,null,null,null,null,null,null,null,null,null,null,null,null,null,null,0]
[null,null,null,null,null,null,null,null,null,null,null,null,null,null,null,null,null,null,null,null,null,null,null,null,null,null,null,null,null,0]
[null,null,null,null,null,null,null,null,null,null,null,null,null,null,null,null,null,null,null,null,null,null,null,null,null,null,null,null,null,0]
[null,null,null,null,null,null,null,null,null,null,null,null,null,null,null,null,null,null,null,null,null,null,null,null,null,null,null,"SUBTOTAL",null,{"$f":"SUM(AD24:AH35)","v":0}]
[null,null,null,null,null,"RGV Cycle Center",null,null,null,null,null,null,null,null,null,null,null,null,null,null,null,null,null,null,null,null,null,"TAX (8.25%)",null,{"$f":"ROUND(+AD36*0.0825,2)","v":0}]
[null,null,null,null,null,"2716 N.10th Street",null,null,null,null,null,null,null,null,null,null,null,null,null,null,null,null,null,null,null,null,null,"SHIPPING & HANDLING"]
[null,null,null,null,null,"McAllen, TX  78501",null,null,null,null,null,null,null,null,null,null,null,null,null,null,null,null,null,null,null,null,null,"TOTAL",null,{"$f":"SUM(AD36:AH38)","v":0}]
["NOTES:",null,null,null,null,null,null,null,null,null,null,null,null,null,null,null,null,null,null,null,null,null,null,null,null,null,null,"PAID"]
["Use caution with new tires, \"slippery\" for the first 100 miles.         ",null,null,null,null,null,null,null,null,null,null,null,null,null,null,null,null,null,null,null,null,null,null,null,null,null,null,"TOTAL DUE",null,{"$f":"+AD39-AD40","v":0}]
["Check all fastening nuts and bolts after 100 miles.                       "]
["No refunds on self installed electrical items or Helmets."]
["20% restocking fee after 7 days & all Special Orders."]
["956-688-8086"]
[]
["THANK YOU FOR YOUR BUSINESS !"]

{"sheet":"Ctrl_R","index":1,"n_rows":47,"n_cols":38,"rows_kept":47,"cut":false,"hidden":false,"merged":[[39,29,39,33],[40,29,40,33],[44,0,45,35],[46,0,47,35],[36,5,36,17],[36,29,36,33],[37,5,37,17],[37,29,37,33],[38,5,38,17],[38,29,38,33],[34,0,34,3],[34,4,34,18],[34,19,34,22],[34,24,34,27],[34,29,34,33],[35,29,35,33],[32,0,32,3],[32,4,32,18],[32,19,32,22],[32,24,32,27],[32,29,32,33],[33,0,33,3],[33,4,33,18],[33,19,33,22],[33,24,33,27],[33,29,33,33],[30,0,30,3],[30,4,30,18],[30,19,30,22],[30,24,30,27],[30,29,30,33],[31,0,31,3],[31,4,31,18],[31,19,31,22],[31,24,31,27],[31,29,31,33],[28,0,28,3],[28,4,28,18],[28,19,28,22],[28,24,28,27],[28,29,28,33],[29,0,29,3],[29,4,29,18],[29,19,29,22],[29,24,29,27],[29,29,29,33],[26,0,26,3],[26,4,26,18],[26,19,26,22],[26,24,26,27],[26,29,26,33],[27,0,27,3],[27,4,27,18],[27,19,27,22],[27,24,27,27],[27,29,27,33],[24,0,24,3],[24,4,24,18],[24,19,24,22],[24,24,24,27],[24,29,24,33],[25,0,25,3],[25,4,25,18],[25,19,25,22],[25,24,25,27],[25,29,25,33],[22,0,22,3],[22,4,22,18],[22,19,22,23],[22,24,22,28],[22,29,22,34],[23,0,23,3],[23,4,23,18],[23,19,23,22],[23,24,23,27],[23,29,23,33],[19,29,19,34],[20,0,20,3],[20,4,20,11],[20,12,20,18],[20,19,20,23],[20,24,20,28],[20,29,20,34],[18,10,18,22],[19,0,19,3],[19,4,19,11],[19,12,19,18],[19,19,19,23],[19,24,19,28],[14,4,14,13],[14,26,14,35],[15,4,15,13],[15,26,15,35],[16,4,16,13],[16,26,16,35],[7,31,7,33],[8,31,8,33],[9,18,9,21],[9,25,9,27],[9,31,9,33],[13,4,13,13],[13,26,13,35],[0,0,0,17],[1,0,2,17],[1,19,2,34],[4,29,4,32],[5,29,5,32],[6,18,6,21],[6,25,6,29],[6,31,6,33]]}
["RGV Cycle Stuff, dba -"]
[null,null,null,null,null,null,null,null,null,null,null,null,null,null,null,null,null,null,null,"SALES RECEIPT"]
[]
[]
[null,null,null,null,null,null,null,null,null,null,null,null,null,null,null,null,null,null,null,null,null,null,null,null,null,null,null,null,"DATE: ","2016-01-22"]
[null,null,null,null,null,null,null,null,null,null,null,null,null,null,null,null,null,null,null,null,null,null,null,null,null,null,null,null,"INVOICE: ",18685]
[null,null,null,null,null,null,null,null,null,null,null,null,null,null,null,null,null,null,null,null,null,null,null,null,null,"Total Invoice",null,null,null,null,null,54.13]
[null,null,null,null,null,null,null,null,null,null,null,null,null,null,null,null,null,null,null,null,null,null,null,null,null,"Total Paid",null,null,null,null,null,54.13]
[null,null,null,null,null,null,null,null,null,null,null,null,null,null,null,null,null,null,null,null,null,null,null,null,null,"Balance",null,null,null,null,null,0]
[]
[]
[" "]
[null,"Bill To:",null,null,null,null,null,null,null,null,null,null,null,null,null,null,null,null,null,null,null,null,null,"Ship To:",null,null,null,null,null,null,null,null,null,null,null,null,null,"Note:"]
[null,null,"Name:",null,"Mario",null,null,null,null,null,null,null,null,null,null,null,null,null,null,null,null,null,null,null,null,null,{"$f":"+E14","v":"Mario"}]
[null,null,"Phone:",null,"956-373-7928",null,null,null,null,null,null,null,null,null,null,null,null,null,null,null,null,null,null,null,null,null,{"$f":"+E15","v":"956-373-7928"}]
[null,null,"Address:",null,"2012 Kaw Ninja 250R",null,null,null,null,null,null,null,null,null,null,null,null,null,null,null,null,null,null,null,null,null,{"$f":"+E16","v":"2012 Kaw Ninja 250R"}]
[null,null,"Email:",null," ",null,null,null,null,null,null,null,null,null,null,null,null,null,null,null,null,null,null,null,null,null,{"$f":"+E17","v":" "}]
[]
[null,null,null,null,null,null,null,null,null,null,"Custom LED Lighting"]
["Type",null,null,null,"Sales Rep. Name",null,null,null,null,null,null,null,"VIN",null,null,null,null,null,null,"Miles",null,null,null,null,"Terms",null,null,null,null,"Due Date"]
["P",null,null,null,"Robert",null,null,null,null,null,null,null,null,null,null,null,null,null,null,null,null,null,null,null,"Visa"]
[]
["Product ID",null,null,null,"Description",null,null,null,null,null,null,null,null,null,null,null,null,null,null,"Quantity",null,null,null,null,"Unit Price",null,null,null,null,"Line Total"]
["2401845",null,null,null,"LAMP-ASSY-SIGNAL,FR,L",null,null,null,null,null,null,null,null,null,null,null,null,null,null,1,null,null,null,null,41,null,null,null,null,{"$f":"ROUND(+T24*Y24+0.000001,2)","v":41}]
["FRT",null,null,null,"Shipping",null,null,null,null,null,null,null,null,null,null,null,null,null,null,1,null,null,null,null,9,null,null,null,null,9]
["",null,null,null,"",null,null,null,null,null,null,null,null,null,null,null,null,null,null,null,null,null,null,null,null,null,null,null,null,0]
["",null,null,null,"ETA 7 to 10 business days",null,null,null,null,null,null,null,null,null,null,null,null,null,null,null,null,null,null,null,null,null,null,null,null,0]
["",null,null,null,"Thanks",null,null,null,null,null,null,null,null,null,null,null,null,null,null,null,null,null,null,null,null,null,null,null,null,0]
["",null,null,null,"",null,null,null,null,null,null,null,null,null,null,null,null,null,null,null,null,null,null,null,null,null,null,null,null,0]
["",null,null,null,"",null,null,null,null,null,null,null,null,null,null,null,null,null,null,null,null,null,null,null,null,null,null,null,null,0]
["",null,null,null,"",null,null,null,null,null,null,null,null,null,null,null,null,null,null,null,null,null,null,null,null,null,null,null,null,0]
["",null,null,null,"",null,null,null,null,null,null,null,null,null,null,null,null,null,null,null,null,null,null,null,null,null,null,null,null,0]
["",null,null,null,"",null,null,null,null,null,null,null,null,null,null,null,null,null,null,null,null,null,null,null,null,null,null,null,null,0]
["",null,null,null,"",null,null,null,null,null,null,null,null,null,null,null,null,null,null,null,null,null,null,null,null,null,null,null,null,0]
["",null,null,null,"",null,null,null,null,null,null,null,null,null,null,null,null,null,null,null,null,null,null,null,null,null,null,null,null,0]
[null,null,null,null,null,null,null,null,null,null,null,null,null,null,null,null,null,null,null,null,null,null,null,null,null,null,null,"SUBTOTAL",null,{"$f":"SUM(AD24:AH35)","v":50}]
[null,null,null,null,null,"RGV Cycle Center",null,null,null,null,null,null,null,null,null,null,null,null,null,null,null,null,null,null,null,null,null,"TAX (8.25%)",null,4.13]
[null,null,null,null,null,"2716 N.10th Street",null,null,null,null,null,null,null,null,null,null,null,null,null,null,null,null,null,null,null,null,null,"SHIPPING & HANDLING"]
[null,null,null,null,null,"McAllen, TX  78501",null,null,null,null,null,null,null,null,null,null,null,null,null,null,null,null,null,null,null,null,null,"TOTAL",null,{"$f":"SUM(AD36:AH38)","v":54.13}]
["NOTES:",null,null,null,null,null,null,null,null,null,null,null,null,null,null,null,null,null,null,null,null,null,null,null,null,null,null,"PAID",null,54.13]
["Use caution with new tires, \"slippery\" for the first 100 miles.         ",null,null,null,null,null,null,null,null,null,null,null,null,null,null,null,null,null,null,null,null,null,null,null,null,null,null,"TOTAL DUE",null,0]
["Check all fastening nuts and bolts after 100 miles.                       "]
["No refunds on self installed electrical items or Helmets."]
["20% restocking fee after 7 days & all Special Orders."]
["956-688-8086"]
[]
["THANK YOU FOR YOUR BUSINESS !"]

{"sheet":"CTRL_G","index":2,"n_rows":47,"n_cols":38,"rows_kept":47,"cut":false,"hidden":false,"merged":[[39,29,39,33],[40,0,43,20],[40,29,40,33],[41,29,41,34],[44,0,45,35],[46,0,47,35],[36,5,36,17],[36,29,36,33],[37,5,37,17],[37,29,37,33],[38,5,38,17],[38,29,38,33],[34,0,34,3],[34,4,34,18],[34,19,34,22],[34,24,34,27],[34,29,34,33],[35,29,35,33],[32,0,32,3],[32,4,32,18],[32,19,32,22],[32,24,32,27],[32,29,32,33],[33,0,33,3],[33,4,33,18],[33,19,33,22],[33,24,33,27],[33,29,33,33],[30,0,30,3],[30,4,30,18],[30,19,30,22],[30,24,30,27],[30,29,30,33],[31,0,31,3],[31,4,31,18],[31,19,31,22],[31,24,31,27],[31,29,31,33],[28,0,28,3],[28,4,28,18],[28,19,28,22],[28,24,28,27],[28,29,28,33],[29,0,29,3],[29,4,29,18],[29,19,29,22],[29,24,29,27],[29,29,29,33],[26,0,26,3],[26,4,26,18],[26,19,26,22],[26,24,26,27],[26,29,26,33],[27,0,27,3],[27,4,27,18],[27,19,27,22],[27,24,27,27],[27,29,27,33],[24,0,24,3],[24,4,24,18],[24,19,24,22],[24,24,24,27],[24,29,24,33],[25,0,25,3],[25,4,25,18],[25,19,25,22],[25,24,25,27],[25,29,25,33],[22,0,22,3],[22,4,22,18],[22,19,22,23],[22,24,22,28],[22,29,22,34],[23,0,23,3],[23,4,23,18],[23,19,23,22],[23,24,23,27],[23,29,23,33],[20,0,20,3],[20,4,20,11],[20,12,20,18],[20,19,20,23],[20,24,20,28],[20,29,20,34],[19,0,19,3],[19,4,19,11],[19,12,19,18],[19,19,19,23],[19,24,19,28],[19,29,19,34],[0,0,0,17],[1,0,2,17],[1,20,2,34],[4,29,4,32],[5,29,5,32],[16,11,17,21]]}
["RGV Cycle Stuff, dba -"]
[null,null,null,null,null,null,null,null,null,null,null,null,null,null,null,null,null,null,null,null,"ESTIMATE"]
[]
[]
[null,null,null,null,null,null,null,null,null,null,null,null,null,null,null,null,null,null,null,null,null,null,null,null,null,null,null,null,"DATE: ","2016-02-05T12:45:01"]
[]
[]
[]
[]
[]
[]
[" "]
[null,"Bill To:",null,null,null,null,null,null,null,null,null,null,null,null,null,null,null,null,null,null,null,null,null,"Ship To:",null,null,null,null,null,null,null,null,null,null,null,null,null,"Note:"]
[null,null,null,null,"Jesse (Gil)",null,null,null,null,null,null,null,null,null,null,null,null,null,null,null,null,null,null,null,null,null,{"$f":"+E14","v":"Jesse (Gil)"}]
[null,null,null,null,"956-907-2067",null,null,null,null,null,null,null,null,null,null,null,null,null,null,null,null,null,null,null,null,null,{"$f":"+E15","v":"956-907-2067"}]
[null,null,null,null,"2005 Kaw VN1600B Vulcan Mean Streak",null,null,null,null,null,null,null,null,null,null,null,null,null,null,null,null,null,null,null,null,null,{"$f":"+E16","v":"2005 Kaw VN1600B Vulcan Mean Streak"}]
[null,null,null,null,"USA",null,null,null,null,null,null,"ESTIMATE",null,null,null,null,null,null,null,null,null,null,null,null,null,null,{"$f":"+E17","v":"USA"}]
[]
[]
["Type",null,null,null,"Sales Rep. Name",null,null,null,null,null,null,null,"VIN",null,null,null,null,null,null,"Miles",null,null,null,null,"Terms",null,null,null,null,"Due Date"]
[null,null,null,null,"Jim",null,null,null,null,null,null,null,null,null,null,null,null,null,null,null,null,null,null,null,"Cash"]
[]
["Product ID",null,null,null,"Description",null,null,null,null,null,null,null,null,null,null,null,null,null,null,"Quantity",null,null,null,null,"Unit Price",null,null,null,null,"Line Total"]
[5000,null,null,null,"Labor - R&R Fork Seals",null,null,null,null,null,null,null,null,null,null,null,null,null,null,1,null,null,null,null,146,null,null,null,null,{"$f":"+T24*Y24","v":146},null,null,null,null,null,null,null,1]
[429027,null,null,null,"BM FORK SEAL 43X54X11",null,null,null,null,null,null,null,null,null,null,null,null,null,null,1,null,null,null,null,12,null,null,null,null,12,null,null,null,null,null,null,null,-2]
[null,null,null,null,"Fork Oil - Wt TBD",null,null,null,null,null,null,null,null,null,null,null,null,null,null,1,null,null,null,null,12,null,null,null,null,12]
[null,null,null,null,null,null,null,null,null,null,null,null,null,null,null,null,null,null,null,null,null,null,null,null,null,null,null,null,null,0]
["Note -",null,null,null,"Brakes extra if required",null,null,null,null,null,null,null,null,null,null,null,null,null,null,2,null,null,null,null,14,null,null,null,null,28,null,null,null,null,null,null,null,-3]
[null,null,null,null,null,null,null,null,null,null,null,null,null,null,null,null,null,null,null,2,null,null,null,null,14,null,null,null,null,28,null,null,null,null,null,null,null,0]
[null,null,null,null,"Will advise when completr",null,null,null,null,null,null,null,null,null,null,null,null,null,null,1,null,null,null,null,28,null,null,null,null,28]
[null,null,null,null,null,null,null,null,null,null,null,null,null,null,null,null,null,null,null,null,null,null,null,null,null,null,null,null,null,0]
[null,null,null,null,null,null,null,null,null,null,null,null,null,null,null,null,null,null,null,null,null,null,null,null,null,null,null,null,null,0]
[null,null,null,null,null,null,null,null,null,null,null,null,null,null,null,null,null,null,null,null,null,null,null,null,null,null,null,null,null,0]
[null,null,null,null,null,null,null,null,null,null,null,null,null,null,null,null,null,null,null,null,null,null,null,null,null,null,null,null,null,0]
[null,null,null,null,"Bike left 05-Feb _________________",null,null,null,null,null,null,null,null,null,null,null,null,null,null,null,null,null,null,null,null,null,null,null,null,0]
[null,null,null,null,null,null,null,null,null,null,null,null,null,null,null,null,null,null,null,null,null,null,null,null,null,null,null,"SUBTOTAL",null,{"$f":"SUM(AD24:AH35)","v":254}]
[null,null,null,null,null,"RGV Cycle Center",null,null,null,null,null,null,null,null,null,null,null,null,null,null,null,null,null,null,null,null,null,"TAX (8.25%)",null,{"$f":"+AD36*0.0825","v":20.955000000000002}]
[null,null,null,null,null,"2716 N.10th Street",null,null,null,null,null,null,null,null,null,null,null,null,null,null,null,null,null,null,null,null,null,"SHIPPING & HANDLING"]
[null,null,null,null,null,"McAllen, TX  78501",null,null,null,null,null,null,null,null,null,null,null,null,null,null,null,null,null,null,null,null,null,"TOTAL",null,{"$f":"SUM(AD36:AH38)","v":274.95499999999998}]
["NOTES:",null,null,null,null,null,null,null,null,null,null,null,null,null,null,null,null,null,null,null,null,null,null,null,null,null,null,"PAID"]
["Use caution with new tires, \"slippery\" for the first 100 miles.                       Check all fastening nuts and bolts after 100 miles.                              No refunds on self installed electrical items.                                       20% restocking fee after 7 days & Special Orders.",null,null,null,null,null,null,null,null,null,null,null,null,null,null,null,null,null,null,null,null,null,null,null,null,null,null,"TOTAL EST.",null,{"$f":"+AD39-AD40","v":274.95499999999998}]
[]
[]
[]
["956-688-8086"]
[]
["THANK YOU FOR YOUR BUSINESS !"]

{"sheet":"Estimate","index":3,"n_rows":47,"n_cols":38,"rows_kept":47,"cut":false,"hidden":false,"merged":[[16,11,17,21],[0,0,0,17],[1,0,2,17],[1,20,2,34],[4,29,4,32],[5,29,5,32],[20,29,20,34],[19,0,19,3],[19,4,19,11],[19,12,19,18],[19,19,19,23],[19,24,19,28],[19,29,19,34],[20,0,20,3],[20,4,20,11],[20,12,20,18],[20,19,20,23],[20,24,20,28],[23,0,23,3],[23,4,23,18],[23,19,23,22],[23,24,23,27],[23,29,23,33],[22,0,22,3],[22,4,22,18],[22,19,22,23],[22,24,22,28],[22,29,22,34],[25,0,25,3],[25,4,25,18],[25,19,25,22],[25,24,25,27],[25,29,25,33],[24,0,24,3],[24,4,24,18],[24,19,24,22],[24,24,24,27],[24,29,24,33],[27,0,27,3],[27,4,27,18],[27,19,27,22],[27,24,27,27],[27,29,27,33],[26,0,26,3],[26,4,26,18],[26,19,26,22],[26,24,26,27],[26,29,26,33],[29,0,29,3],[29,4,29,18],[29,19,29,22],[29,24,29,27],[29,29,29,33],[28,0,28,3],[28,4,28,18],[28,19,28,22],[28,24,28,27],[28,29,28,33],[31,0,31,3],[31,4,31,18],[31,19,31,22],[31,24,31,27],[31,29,31,33],[30,0,30,3],[30,4,30,18],[30,19,30,22],[30,24,30,27],[30,29,30,33],[35,29,35,33],[32,0,32,3],[32,4,32,18],[32,19,32,22],[32,24,32,27],[32,29,32,33],[33,0,33,3],[33,4,33,18],[33,19,33,22],[33,24,33,27],[33,29,33,33],[34,0,34,3],[34,4,34,18],[34,19,34,22],[34,24,34,27],[34,29,34,33],[46,0,47,35],[36,5,36,17],[36,29,36,33],[37,5,37,17],[37,29,37,33],[38,5,38,17],[38,29,38,33],[39,29,39,33],[40,0,43,20],[40,29,40,33],[41,29,41,34],[44,0,45,35]]}
["RGV Cycle Stuff, dba -"]
[null,null,null,null,null,null,null,null,null,null,null,null,null,null,null,null,null,null,null,null,"ESTIMATE"]
[]
[]
[null,null,null,null,null,null,null,null,null,null,null,null,null,null,null,null,null,null,null,null,null,null,null,null,null,null,null,null,"DATE: ",{"$f":"NOW()","v":"2016-02-05T17:55:10.970"}]
[]
[]
[]
[]
[]
[]
[" "]
[null,"Bill To:",null,null,null,null,null,null,null,null,null,null,null,null,null,null,null,null,null,null,null,null,null,"Ship To:",null,null,null,null,null,null,null,null,null,null,null,null,null,"Note:"]
[null,null,null,null,"Cash Customer",null,null,null,null,null,null,null,null,null,null,null,null,null,null,null,null,null,null,null,null,null,{"$f":"+E14","v":"Cash Customer"}]
[null,null,null,null,null,null,null,null,null,null,null,null,null,null,null,null,null,null,null,null,null,null,null,null,null,null,{"$f":"+E15","v":0}]
[null,null,null,null,null,null,null,null,null,null,null,null,null,null,null,null,null,null,null,null,null,null,null,null,null,null,{"$f":"+E16","v":0}]
[null,null,null,null,"USA",null,null,null,null,null,null,"ESTIMATE",null,null,null,null,null,null,null,null,null,null,null,null,null,null,{"$f":"+E17","v":"USA"}]
[]
[]
["Type",null,null,null,"Sales Rep. Name",null,null,null,null,null,null,null,"VIN",null,null,null,null,null,null,"Miles",null,null,null,null,"Terms",null,null,null,null,"Due Date"]
[null,null,null,null,"Robert",null,null,null,null,null,null,null,null,null,null,null,null,null,null,null,null,null,null,null,"Cash"]
[]
["Product ID",null,null,null,"Description",null,null,null,null,null,null,null,null,null,null,null,null,null,null,"Quantity",null,null,null,null,"Unit Price",null,null,null,null,"Line Total"]
[310473,null,null,null,"AMERICAN ELITE *200/55R17 RR",null,null,null,null,null,null,null,null,null,null,null,null,null,null,null,null,null,null,null,160.80000000000001,null,null,null,null,{"$f":"+T24*Y24","v":0},null,null,null,null,null,null,null,-9]
[null,null,null,null,null,null,null,null,null,null,null,null,null,null,null,null,null,null,null,null,null,null,null,null,null,null,null,null,null,0,null,null,null,null,null,null,null,-2]
[null,null,null,null,null,null,null,null,null,null,null,null,null,null,null,null,null,null,null,null,null,null,null,null,null,null,null,null,null,0]
[null,null,null,null,null,null,null,null,null,null,null,null,null,null,null,null,null,null,null,null,null,null,null,null,null,null,null,null,null,0]
[null,null,null,null,null,null,null,null,null,null,null,null,null,null,null,null,null,null,null,null,null,null,null,null,null,null,null,null,null,0,null,null,null,null,null,null,null,-3]
[null,null,null,null,null,null,null,null,null,null,null,null,null,null,null,null,null,null,null,null,null,null,null,null,null,null,null,null,null,0,null,null,null,null,null,null,null,0]
[null,null,null,null,null,null,null,null,null,null,null,null,null,null,null,null,null,null,null,null,null,null,null,null,null,null,null,null,null,0]
[null,null,null,null,null,null,null,null,null,null,null,null,null,null,null,null,null,null,null,null,null,null,null,null,null,null,null,null,null,0]
[null,null,null,null,null,null,null,null,null,null,null,null,null,null,null,null,null,null,null,null,null,null,null,null,null,null,null,null,null,0]
[null,null,null,null,null,null,null,null,null,null,null,null,null,null,null,null,null,null,null,null,null,null,null,null,null,null,null,null,null,0]
[null,null,null,null,null,null,null,null,null,null,null,null,null,null,null,null,null,null,null,null,null,null,null,null,null,null,null,null,null,0]
[null,null,null,null,"Estimates valid for 10 days",null,null,null,null,null,null,null,null,null,null,null,null,null,null,null,null,null,null,null,null,null,null,null,null,0]
[null,null,null,null,null,null,null,null,null,null,null,null,null,null,null,null,null,null,null,null,null,null,null,null,null,null,null,"SUBTOTAL",null,{"$f":"SUM(AD24:AH35)","v":0}]
[null,null,null,null,null,"RGV Cycle Center",null,null,null,null,null,null,null,null,null,null,null,null,null,null,null,null,null,null,null,null,null,"TAX (8.25%)",null,{"$f":"+AD36*0.0825","v":0}]
[null,null,null,null,null,"2716 N.10th Street",null,null,null,null,null,null,null,null,null,null,null,null,null,null,null,null,null,null,null,null,null,"SHIPPING & HANDLING"]
[null,null,null,null,null,"McAllen, TX  78501",null,null,null,null,null,null,null,null,null,null,null,null,null,null,null,null,null,null,null,null,null,"TOTAL",null,{"$f":"SUM(AD36:AH38)","v":0}]
["NOTES:",null,null,null,null,null,null,null,null,null,null,null,null,null,null,null,null,null,null,null,null,null,null,null,null,null,null,"PAID"]
["Use caution with new tires, \"slippery\" for the first 100 miles.                       Check all fastening nuts and bolts after 100 miles.                              No refunds on self installed electrical items.                                       20% restocking fee after 7 days & Special Orders.",null,null,null,null,null,null,null,null,null,null,null,null,null,null,null,null,null,null,null,null,null,null,null,null,null,null,"TOTAL EST.",null,{"$f":"+AD39-AD40","v":0}]
[]
[]
[]
["956-688-8086"]
[]
["THANK YOU FOR YOUR BUSINESS !"]

{"sheet":"Feb-16","index":4,"n_rows":75,"n_cols":11,"rows_kept":75,"cut":false,"hidden":false,"merged":[]}
["Invoice",null,{"$f":"SUM(C3:C259)","v":7001.1182249999983},{"$f":"SUM(D3:D259)","v":439.71822500000013},null,{"$f":"SUM(F3:F1232)","v":3297.1482249999999},{"$f":"SUM(G3:G1232)","v":3232.9466524999998},{"$f":"TODAY()","v":"2016-02-05"}]
["Number","Date","Amount","Tax","Terms"]
[18781,"2016-02-01",362.64,27.64,"Square"]
[18782,"2016-02-01",268.45999999999998,20.46,"Visa"]
[18783,"2016-02-01",84.44,6.44,"Due, Chevo"]
[18784,"2016-02-01",236.53,18.03,"Visa, $136.52 due"]
[18785,"2016-02-01",31.39,2.39,"Visa"]
[18786,"2016-02-01",54.13,4.13,"Visa"]
[18787,"2016-02-01",38.86,2.96]
[18788,"2016-02-01",101,null,"Done Rite - resale"]
[18789,"2016-02-01",156.41999999999999,11.92,"Due"]
[18790,"2016-02-01",163,12.42]
[18791,"2016-02-01",30.09,2.29]
[18792,"2016-02-01",20.3,1.55,null,{"$f":"+C4+100+C7+C8+200","v":653.98},{"$f":"444.83+192.85","v":637.67999999999995}]
[18793,"2016-02-02",88.77,6.77,"$8.77 Visa, bal Cash"]
[18794,"2016-02-02",7.5200000000000005,0.56999999999999995]
[18795,"2016-02-02",110.42,8.42,"Visa"]
[18796,"2016-02-02",74.100000000000009,5.65,"Visa"]
[18797,"2016-02-02",151.55000000000001,11.55,"Visa"]
[18798,"2016-02-02",17.32,1.32,"Due"]
[18799,"2016-02-02",18.5,null,"Revolution - resale"]
[18800,"2016-02-02",199.35999999999996,null,"Due, J.Rangel - resale",{"$f":"+C17+C18+C19","v":336.07000000000005},330.89]
[18801,"2016-02-03",228.95,17.45,"Visa"]
[18802,"2016-02-03",76.998224999999991,5.8682249999999998,"Visa"]
[18803,"2016-02-03",52.8,4.0199999999999996,"Square"]
[18804,"2016-02-03",11.91,0.91,"Visa"]
[18805,"2016-02-03",36.5,2.78,"Square"]
[18806,"2016-02-03",70.36,5.36,"Due"]
[18807,"2016-02-03",57.32,4.37]
[18808,"2016-02-03",151.5,null,"Trade, Chris F - resale"]
[18809,"2016-02-03",32.479999999999997,2.48,"MC"]
[18810,"2016-02-03",43.78,null,"J.Rangel - resale"]
[18811,"2016-02-03",287.95,21.95,"MC"]
[18812,"2016-02-03",355.06,27.06,"Visa",{"$f":"+C23+C24+C26+C31+C33+C34+581","v":1574.348225},{"$f":"982.49+565.03","v":1547.52}]
[18813,"2016-02-04",37.830000000000005,2.88]
[18814,"2016-02-04",171.04,13.04,"Visa"]
[18815,"2016-02-04",426.51,32.51,"Due"]
[18816,"2016-02-04",190,14.48,"$91.76 due"]
[18817,"2016-02-04",449.78,34.28,"Check"]
[18818,"2016-02-04",0,0,"With Inv 18817"]
[18819,"2016-02-04",134.22999999999999,10.23,"Visa"]
[18820,"2016-02-04",17.32,1.32,"MC"]
[18821,"2016-02-04",43.95,3.35,"Visa"]
[18822,"2016-02-04",0,0]
[18823,"2016-02-04",145.9,null,"Due, Carlos G - MX resale"]
[18824,"2016-02-04",357.15000000000003,null,"Due, Carlos G - MX resale"]
[18825,"2016-02-04",12,0.91]
[18826,"2016-02-04",12.99,0.99,"Visa",{"$f":"+C36+C41+C48+C43+8.77+C42+17.32","v":405.61999999999995},{"$f":"+F48*0.97831","v":396.82210219999996}]
[18827,"2016-02-05",28.6,null,"Visa, Border Patrol"]
[18828,"2016-02-05",25.2,null,"Visa, Border Patrol"]
[18829,"2016-02-05",39.89,3.04]
[18830,"2016-02-05",173.2,13.2]
[18831,"2016-02-05",8.66,0.66,"Visa"]
[18832,"2016-02-05",150.66999999999999,11.48]
[18833,"2016-02-05",11.91,0.91,"Visa"]
[18834,"2016-02-05",44.38,3.38,"Visa"]
[18835,"2016-02-05",544.39,41.49,"Due, Ref Inv 18714"]
[18836,"2016-02-05",208.38,15.88,"Visa"]
[18837,"2016-02-05",160.80000000000001,null,"Due, Carlos G - MX resale"]
[18838,"2016-02-05",-14.070000000000004,-1.07,null,{"$f":"+C49+C50+C53+C55+C56+C58","v":327.13},{"$f":"+F60*0.97831","v":320.03455029999998}]
[]
[null,null,null,null,null,null,null,null,{"$f":"H1-WEEKDAY(H1,3)-7","v":"2016-01-25"},{"$f":"SUMIF(INDIRECT(TEXT(I62,\"'mmm-yy'\")&\"!B3:B400\"),I62,INDIRECT(TEXT(I62,\"'mmm-yy'\")&\"!C3:C400\"))","v":1049.8}]
[null,null,null,null,null,null,null,null,{"$f":"I62+1","v":"2016-01-26"},1659.46]
[null,null,null,null,null,null,null,null,"2016-01-27",1385.51]
[null,null,null,null,null,null,null,null,"2016-01-28",2192.1600000000003]
[null,null,null,null,null,null,null,null,"2016-01-29",950.25999999999988]
[null,null,null,null,null,null,null,null,"2016-01-30",1500.18]
[null,null,null,null,null,null,null,null,"2016-01-31",0,{"$f":"SUM(J62:J68)","v":8737.3700000000008}]
[null,null,null,null,null,null,null,null,"2016-02-01",1547.2599999999998]
[null,null,null,null,null,null,null,null,"2016-02-02",667.54]
[null,null,null,null,null,null,null,null,"2016-02-03",1405.6082249999999]
[null,null,null,null,null,null,null,null,"2016-02-04",1998.7]
[null,null,null,null,null,null,null,null,"2016-02-05",1382.0100000000002]
[null,null,null,null,null,null,null,null,"2016-02-06",0]
[null,null,null,null,null,null,null,null,"2016-02-07",0,{"$f":"SUM(J69:J75)","v":7001.1182250000002}]

{"sheet":"Work Order","index":5,"n_rows":48,"n_cols":38,"rows_kept":48,"cut":false,"hidden":false,"merged":[[18,24,18,28],[0,0,0,17],[1,0,2,17],[1,20,2,34],[4,29,4,32],[5,20,7,34],[18,29,18,34],[16,4,16,13],[18,0,18,3],[18,4,18,11],[18,12,18,18],[13,4,13,13],[14,4,14,13],[15,4,15,13],[18,19,18,23],[21,29,21,34],[19,0,19,3],[19,4,19,11],[21,0,21,3],[21,4,21,18],[21,19,21,23],[21,24,21,28],[19,12,19,23],[19,29,19,34],[19,24,19,28],[22,29,22,33],[23,0,23,3],[23,4,23,18],[23,19,23,22],[23,24,23,27],[23,29,23,33],[22,0,22,3],[22,4,22,18],[22,19,22,22],[22,24,22,27],[24,29,24,33],[25,0,25,3],[25,4,25,18],[25,19,25,22],[25,24,25,27],[25,29,25,33],[24,0,24,3],[24,4,24,18],[24,19,24,22],[24,24,24,27],[26,29,26,33],[27,0,27,3],[27,4,27,18],[27,19,27,22],[27,24,27,27],[27,29,27,33],[26,0,26,3],[26,4,26,18],[26,19,26,22],[26,24,26,27],[28,29,28,33],[29,29,29,33],[28,0,28,3],[28,4,28,18],[28,19,28,22],[28,24,28,27],[29,0,29,3],[29,4,29,18],[29,19,29,22],[29,24,29,27],[30,29,30,33],[31,0,31,3],[31,4,31,18],[31,19,31,22],[31,24,31,27],[31,29,31,33],[30,0,30,3],[30,4,30,18],[30,19,30,22],[30,24,30,27],[32,29,32,33],[33,29,33,33],[38,29,38,33],[45,0,46,35],[34,5,34,17],[34,29,34,33],[35,5,35,17],[35,29,35,33],[32,0,32,3],[32,4,32,18],[32,19,32,22],[33,0,33,3],[33,4,33,18],[33,19,33,22],[32,24,32,27],[33,24,33,27],[47,0,48,35],[44,0,44,20],[36,5,36,17],[36,29,36,33],[37,29,37,33],[37,0,43,20],[39,29,39,34]]}
["RGV Cycle Stuff, dba -"]
[null,null,null,null,null,null,null,null,null,null,null,null,null,null,null,null,null,null,null,null,"WORK ORDER"]
[]
[]
[null,null,null,null,null,null,null,null,null,null,null,null,null,null,null,null,null,null,null,null,null,null,null,null,null,null,null,null,"DATE: "]
[]
[]
[]
[]
[]
[]
[" "]
[null,"Bill To:",null,null,null,null,null,null,null,null,null,null,null,null,null,null,null,null,null,null,null,null,null,"Ship To:"]
[null,null,null,"Name: "]
[null,null,null,"Phone: "]
[null,null,null,"Address: "]
[null,null,null,"Bike: "]
[]
["Type",null,null,null,"Sales Rep. Name",null,null,null,null,null,null,null,"VIN",null,null,null,null,null,null,null,null,null,null,null,"Miles",null,null,null,null,"Terms"]
[]
[]
["Product ID",null,null,null,"Description",null,null,null,null,null,null,null,null,null,null,null,null,null,null,"Quantity",null,null,null,null,"Unit Price",null,null,null,null,"Line Total"]
[]
[null,null,null,null,null,null,null,null,null,null,null,null,null,null,null,null,null,null,null,null,null,null,null,null,null,null,null,null,null,null,null,null,null,null,null,null,null,-1]
[null,null,null,null,null,null,null,null,null,null,null,null,null,null,null,null,null,null,null,null,null,null,null,null,null,null,null,null,null,null,null,null,null,null,null,null,null,-9.5]
[null,null,null,null,null,null,null,null,null,null,null,null,null,null,null,null,null,null,null,null,null,null,null,null,null,null,null,null,null,null,null,null,null,null,null,null,null,-5]
[null,null,null,null,null,null,null,null,null,null,null,null,null,null,null,null,null,null,null,null,null,null,null,null,null,null,null,null,null,null,null,null,null,null,null,null,null,-1]
[null,null,null,null,null,null,null,null,null,null,null,null,null,null,null,null,null,null,null,null,null,null,null,null,null,null,null,null,null,null,null,null,null,null,null,null,null,2]
[null,null,null,null,null,null,null,null,null,null,null,null,null,null,null,null,null,null,null,null,null,null,null,null,null,null,null,null,null,null,null,null,null,null,null,null,null,-9.5]
[null,null,null,null,null,null,null,null,null,null,null,null,null,null,null,null,null,null,null,null,null,null,null,null,null,null,null,null,null,null,null,null,null,null,null,null,null,-4]
[null,null,null,null,null,null,null,null,null,null,null,null,null,null,null,null,null,null,null,null,null,null,null,null,null,null,null,null,null,null,null,null,null,null,null,null,null,0]
[null,null,null,null,null,null,null,null,null,null,null,null,null,null,null,null,null,null,null,null,null,null,null,null,null,null,null,null,null,{"$f":"+T32*Y32","v":0},null,null,null,null,null,null,null,0]
[null,null,null,null,null,null,null,null,null,null,null,null,null,null,null,null,null,null,null,null,null,null,null,null,null,null,null,null,null,{"$f":"+T33*Y33","v":0}]
[null,null,null,null,null,null,null,null,null,null,null,null,null,null,null,null,null,null,null,null,null,null,null,null,null,null,null,null,null,{"$f":"+T34*Y34","v":0}]
[null,null,null,null,null,"RGV Cycle Center",null,null,null,null,null,null,null,null,null,null,null,null,null,null,null,null,null,null,null,null,null,"SUBTOTAL"]
[null,null,null,null,null,"2716 N.10th Street",null,null,null,null,null,null,null,null,null,null,null,null,null,null,null,null,null,null,null,null,null,"TAX (8.25%)"]
[null,null,null,null,null,"McAllen, TX  78501",null,null,null,null,null,null,null,null,null,null,null,null,null,null,null,null,null,null,null,null,null,"TOTAL"]
["I hereby authorize the above repair work be done along with necessary materials. You and your employees may operate the above vehicle for the purpose of testing, inspection or delivery at my risk. An express mechanic’s lien is acknowledged on the above vehicle to secure the amount of the repairs thereto. You will not be responsible for loss or damage to vehicle or to articles left in the vehicle in case of fire, theft, accident or any other cause beyond your control. ",null,null,null,null,null,null,null,null,null,null,null,null,null,null,null,null,null,null,null,null,null,null,null,null,null,null,"PAID"]
[null,null,null,null,null,null,null,null,null,null,null,null,null,null,null,null,null,null,null,null,null,null,null,null,null,null,null,"TOTAL EST."]
[]
[]
[]
[]
[]
[" X _______________________________________"]
["956-688-8086"]
[]
["THANK YOU FOR YOUR BUSINESS !"]

{"sheet":"Logo","index":6,"n_rows":0,"n_cols":0,"rows_kept":0,"cut":false,"hidden":false,"merged":[]}

{"sheet":"LookupList","index":7,"n_rows":54,"n_cols":7,"rows_kept":54,"cut":false,"hidden":false,"merged":[]}
["ClassID","ExpID","Cash Opening Balance","VendorID","Starting Balance (Memo only, not used by system)",null,"Tire Disposal Fee prompted?"]
["Advertising","Bobbi",1870.55,"TR",107.16,null,false]
["Taxes","BofA",null,"WPS"]
["Credit Card (CC)","CC Cleaning supplies",null,"AET","Mechanic receiving commission (needs 2 b with capital)",null,"Whitewall check prompted?"]
["Stock","CC Coffee",null,"BikeBandit","Jim",null,false]
["Labor","CC Dad",null,"DWG"]
["Cash personal","CC Doctor",null,"FHF","Invoice Number when the program is loaded"]
["Bank","CC Gasoline",null,"Helmets",18839]
["Returns","CC Harbor Freight",null,"Hesselbean"]
["Shop Supplies","CC House Pymt",null,"Howards"]
["Charity","CC Labor",null,"Maxx"]
["Fees","CC Meals",null,"PapaDuff"]
["Office supplies","CC Mustang Mtg",null,"Supersprox"]
["Rent","CC O'Reilly",null,"Van Leeuwen"]
[null,"CC Paint/Ant Spray",null,"eBay"]
[null,"CC Prescriptions",null,"Amazon"]
[null,"CC Printer Ink",null,"Tmart"]
[null,"CC Stock - Amazon",null,"Banggood"]
[null,"CC Stock - Ebay",null,"Other"]
[null,"CC Stock - ESG"]
[null,"CC Stock - Other"]
[null,"CC Stock - TR"]
[null,"CC Stock - WPS"]
[null,"CC Uniforms"]
[null,"CC Water"]
[null,"Cleaning supplies"]
[null,"Coffee"]
[null,"Compass"]
[null,"Dad"]
[null,"Doctor"]
[null,"Family"]
[null,"Gasoline"]
[null,"Groceries"]
[null,"Harbor Freight"]
[null,"House Pymt"]
[null,"Meals"]
[null,"Mustang Mtg"]
[null,"Myself"]
[null,"O'Reilly"]
[null,"Paint/Ant Spray"]
[null,"Prescriptions"]
[null,"Printer Ink"]
[null,"Randy"]
[null,"Stock - Amazon"]
[null,"Stock - Ebay"]
[null,"Stock - Other"]
[null,"Stock ESG"]
[null,"Stock TR"]
[null,"Stock WPS"]
[null,"Uniforms"]
[null,"Water"]
[null,"ST Biker"]
[null,"Extreem"]
[null,"Advertising - Other"]

{"sheet":"Statement","index":8,"n_rows":55,"n_cols":12,"rows_kept":55,"cut":false,"hidden":false,"merged":[[27,9,27,10],[45,0,45,11],[47,0,47,11],[49,0,49,11],[34,7,34,8],[34,9,34,10],[35,7,35,8],[35,9,35,10],[39,9,39,10],[37,7,37,8],[37,9,37,10],[54,0,54,11],[25,7,25,8],[25,9,25,10],[26,7,26,8],[26,9,26,10],[27,7,27,8],[52,0,52,11],[30,7,30,8],[30,9,30,10],[31,7,31,8],[31,9,31,10],[40,7,40,8],[40,9,40,10],[38,7,38,8],[38,9,38,10],[39,7,39,8],[14,0,14,3],[20,7,20,8],[22,7,22,8],[22,9,22,10],[23,7,23,8],[23,9,23,10],[20,9,20,10],[21,7,21,8],[21,9,21,10],[16,0,16,3],[17,0,17,3],[15,0,15,3],[0,9,1,11],[5,0,6,6],[7,0,8,6],[7,9,8,9],[5,9,6,9],[5,10,6,11],[7,10,8,11],[3,9,4,9],[3,10,4,11],[12,0,12,3],[13,0,13,3],[12,7,12,11],[17,10,17,11],[36,7,36,8],[36,9,36,10],[29,7,29,8],[29,9,29,10],[32,9,32,10],[33,7,33,8],[33,9,33,10],[32,7,32,8],[24,7,24,8],[24,9,24,10],[28,7,28,8],[28,9,28,10]]}
[null,null,null,null,null,null,null,null,null,"Statement"]
[]
[]
[null,null,null,null,null,null,null,null,null,"Date:",{"$f":"NOW()","v":"2016-02-05T17:55:10.970"}]
[]
["Same day Motorcycle Tire Mounting & Balancing",null,null,null,null,null,null,null,null,"Statement #:"]
[]
["2716 N.10th Street - McAllen, Texas  78501",null,null,null,null,null,null,null,null,"Customer ID:"]
[]
[]
[]
[]
["Bill To:",null,null,null,null,null,null,"Account Summary"]
["[Name]",null,null,null,null,null,null,"Previous Balance",null,null,null,0]
["[Company Name]",null,null,null,null,null,null,"Credits",null,null,null,{"$f":"SUM(J21:K41)","v":0}]
["[Street Address]",null,null,null,null,null,null,"New Charges",null,null,null,{"$f":"SUM(H21:I41)","v":0}]
["[City, ST  ZIP Code]",null,null,null,null,null,null,"Total Balance Due",null,null,null,{"$f":"+L14-L15+L16","v":0}]
["[Phone]",null,null,null,null,null,null,"Payment Due Date"]
[]
["Date","Invoice #","Description",null,null,null,null,"Charges",null,"Credits",null,"Line Total"]
[null,null,null,null,null,null,null,null,null,null,null,{"$f":"+H21-J21","v":0}]
[null,null,null,null,null,null,null,null,null,null,null,{"$f":"+H22-J22","v":0}]
[null,null,null,null,null,null,null,null,null,null,null,0]
[null,null,null,null,null,null,null,null,null,null,null,0]
[null,null,null,null,null,null,null,null,null,null,null,0]
[null,null,null,null,null,null,null,null,null,null,null,0]
[null,null,null,null,null,null,null,null,null,null,null,0]
[null,null,null,null,null,null,null,null,null,null,null,0]
[null,null,null,null,null,null,null,null,null,null,null,0]
[null,null,null,null,null,null,null,null,null,null,null,0]
[null,null,null,null,null,null,null,null,null,null,null,0]
[null,null,null,null,null,null,null,null,null,null,null,0]
[null,null,null,null,null,null,null,null,null,null,null,0]
[null,null,null,null,null,null,null,null,null,null,null,0]
[null,null,null,null,null,null,null,null,null,null,null,0]
[null,null,null,null,null,null,null,null,null,null,null,0]
[null,null,null,null,null,null,null,null,null,null,null,0]
[null,null,null,null,null,null,null,null,null,null,null,0]
[null,null,null,null,null,null,null,null,null,null,null,0]
[null,null,null,null,null,null,null,null,null,null,null,0]
[null,null,null,null,null,null,null,null,null,null,null,0]
[null,null,null,null,null,null,null,null,null,null,"Current Balance",{"$f":"SUM(L21:L41)","v":0}]
[]
[null,null,"Your account balance is ",{"$f":"+L42","v":0},"             Please make your payment to cover the balance by the due date."]
[]
["Make all checks payable to RGV Cycle Stuff."]
[]
["Thank you for your business!"]
[]
["If you have any questions concerning this statement, contact Robert Evenbly."]
[]
[]
["2716 N.10th Street, McAllen, Texas  78501"]
[]
["Phone: 956-688-8086    -    Email: Info@RGVCycleStuff.com"]

{"sheet":"Master","index":9,"n_rows":47,"n_cols":38,"rows_kept":47,"cut":false,"hidden":false,"merged":[[38,5,38,17],[36,5,36,17],[0,0,0,17],[7,31,7,33],[8,31,8,33],[9,18,9,21],[9,25,9,27],[9,31,9,33],[6,18,6,21],[6,31,6,33],[6,25,6,29],[4,29,4,32],[1,0,2,17],[5,29,5,32],[1,19,2,34],[30,29,30,33],[31,0,31,3],[31,4,31,18],[31,19,31,22],[31,24,31,27],[31,29,31,33],[30,0,30,3],[30,4,30,18],[30,19,30,22],[46,0,47,35],[38,29,38,33],[39,29,39,33],[40,29,40,33],[32,29,32,33],[33,0,33,3],[33,4,33,18],[33,19,33,22],[33,24,33,27],[33,29,33,33],[32,0,32,3],[32,4,32,18],[32,19,32,22],[32,24,32,27],[44,0,45,35],[34,29,34,33],[35,29,35,33],[36,29,36,33],[37,29,37,33],[34,0,34,3],[34,4,34,18],[34,19,34,22],[34,24,34,27],[37,5,37,17],[30,24,30,27],[28,29,28,33],[29,0,29,3],[29,4,29,18],[29,19,29,22],[29,24,29,27],[29,29,29,33],[28,0,28,3],[28,4,28,18],[28,19,28,22],[28,24,28,27],[26,29,26,33],[27,0,27,3],[27,4,27,18],[27,19,27,22],[27,24,27,27],[27,29,27,33],[26,0,26,3],[26,4,26,18],[26,19,26,22],[26,24,26,27],[19,0,19,3],[19,4,19,11],[20,0,20,3],[19,24,19,28],[20,24,20,28],[20,12,20,18],[24,29,24,33],[25,0,25,3],[25,4,25,18],[25,19,25,22],[25,24,25,27],[25,29,25,33],[24,0,24,3],[24,4,24,18],[24,19,24,22],[24,24,24,27],[23,29,23,33],[22,0,22,3],[22,4,22,18],[22,19,22,23],[22,24,22,28],[23,0,23,3],[23,4,23,18],[23,19,23,22],[23,24,23,27],[19,29,19,34],[22,29,22,34],[19,12,19,18],[20,19,20,23],[20,29,20,34],[13,26,13,35],[14,26,14,35],[15,26,15,35],[16,26,16,35],[18,10,18,22],[20,4,20,11],[13,4,13,13],[14,4,14,13],[15,4,15,13],[16,4,16,13],[19,19,19,23]]}
["RGV Cycle Stuff, dba -"]
[null,null,null,null,null,null,null,null,null,null,null,null,null,null,null,null,null,null,null,"SALES RECEIPT"]
[]
[]
[null,null,null,null,null,null,null,null,null,null,null,null,null,null,null,null,null,null,null,null,null,null,null,null,null,null,null,null,"DATE: ",{"$f":"TODAY()","v":"2016-02-05"}]
[null,null,null,null,null,null,null,null,null,null,null,null,null,null,null,null,null,null,null,null,null,null,null,null,null,null,null,null,"INVOICE: ",1610]
[]
[]
[]
[]
[]
[" "]
[null,"Bill To:",null,null,null,null,null,null,null,null,null,null,null,null,null,null,null,null,null,null,null,null,null,"Ship To:",null,null,null,null,null,null,null,null,null,null,null,null,null,"Note:"]
[null,null,"Name:",null,null,null,null,null,null,null,null,null,null,null,null,null,null,null,null,null,null,null,null,null,null,null,{"$f":"+E14","v":0}]
[null,null,"Phone:",null,null,null,null,null,null,null,null,null,null,null,null,null,null,null,null,null,null,null,null,null,null,null,{"$f":"+E15","v":0}]
[null,null,"Address:",null," ",null,null,null,null,null,null,null,null,null,null,null,null,null,null,null,null,null,null,null,null,null,{"$f":"+E16","v":" "}]
[null,null,"Email:",null," ",null,null,null,null,null,null,null,null,null,null,null,null,null,null,null,null,null,null,null,null,null,{"$f":"+E17","v":" "}]
[]
[null,null,null,null,null,null,null,null,null,null,"Custom LED Lighting"]
["Type",null,null,null,"Sales Rep. Name",null,null,null,null,null,null,null,"VIN",null,null,null,null,null,null,"Miles",null,null,null,null,"Terms",null,null,null,null,"Due Date"]
[]
[]
["Product ID",null,null,null,"Description",null,null,null,null,null,null,null,null,null,null,null,null,null,null,"Quantity",null,null,null,null,"Unit Price",null,null,null,null,"Line Total"]
[null,null,null,null,null,null,null,null,null,null,null,null,null,null,null,null,null,null,null,null,null,null,null,null,null,null,null,null,null,{"$f":"ROUND(+T24*Y24+0.000001,2)","v":0}]
[null,null,null,null,null,null,null,null,null,null,null,null,null,null,null,null,null,null,null,null,null,null,null,null,null,null,null,null,null,0]
[null,null,null,null,null,null,null,null,null,null,null,null,null,null,null,null,null,null,null,null,null,null,null,null,null,null,null,null,null,0]
[null,null,null,null,null,null,null,null,null,null,null,null,null,null,null,null,null,null,null,null,null,null,null,null,null,null,null,null,null,0]
[null,null,null,null,null,null,null,null,null,null,null,null,null,null,null,null,null,null,null,null,null,null,null,null,null,null,null,null,null,0]
[null,null,null,null,null,null,null,null,null,null,null,null,null,null,null,null,null,null,null,null,null,null,null,null,null,null,null,null,null,0]
[null,null,null,null,null,null,null,null,null,null,null,null,null,null,null,null,null,null,null,null,null,null,null,null,null,null,null,null,null,0]
[null,null,null,null,null,null,null,null,null,null,null,null,null,null,null,null,null,null,null,null,null,null,null,null,null,null,null,null,null,0]
[null,null,null,null,null,null,null,null,null,null,null,null,null,null,null,null,null,null,null,null,null,null,null,null,null,null,null,null,null,0]
[null,null,null,null,null,null,null,null,null,null,null,null,null,null,null,null,null,null,null,null,null,null,null,null,null,null,null,null,null,0]
[null,null,null,null,null,null,null,null,null,null,null,null,null,null,null,null,null,null,null,null,null,null,null,null,null,null,null,null,null,0]
[null,null,null,null,null,null,null,null,null,null,null,null,null,null,null,null,null,null,null,null,null,null,null,null,null,null,null,null,null,0]
[null,null,null,null,null,null,null,null,null,null,null,null,null,null,null,null,null,null,null,null,null,null,null,null,null,null,null,"SUBTOTAL",null,{"$f":"SUM(AD24:AH35)","v":0}]
[null,null,null,null,null,"RGV Cycle Center",null,null,null,null,null,null,null,null,null,null,null,null,null,null,null,null,null,null,null,null,null,"TAX (8.25%)",null,{"$f":"ROUND(+AD36*0.0825,2)","v":0}]
[null,null,null,null,null,"2716 N.10th Street",null,null,null,null,null,null,null,null,null,null,null,null,null,null,null,null,null,null,null,null,null,"SHIPPING & HANDLING"]
[null,null,null,null,null,"McAllen, TX  78501",null,null,null,null,null,null,null,null,null,null,null,null,null,null,null,null,null,null,null,null,null,"TOTAL",null,{"$f":"SUM(AD36:AH38)","v":0}]
["NOTES:",null,null,null,null,null,null,null,null,null,null,null,null,null,null,null,null,null,null,null,null,null,null,null,null,null,null,"PAID"]
["Use caution with new tires, \"slippery\" for the first 100 miles.         ",null,null,null,null,null,null,null,null,null,null,null,null,null,null,null,null,null,null,null,null,null,null,null,null,null,null,"TOTAL DUE",null,{"$f":"+AD39-AD40","v":0}]
["Check all fastening nuts and bolts after 100 miles.                       "]
["No refunds on self installed electrical items or Helmets."]
["20% restocking fee after 7 days & all Special Orders."]
["956-688-8086"]
[]
["THANK YOU FOR YOUR BUSINESS !"]

{"sheet":"E_Master","index":10,"n_rows":47,"n_cols":38,"rows_kept":47,"cut":false,"hidden":false,"merged":[[0,0,0,17],[1,0,2,17],[16,11,17,21],[23,0,23,3],[22,0,22,3],[22,4,22,18],[19,19,19,23],[19,0,19,3],[1,20,2,34],[4,29,4,32],[5,29,5,32],[20,0,20,3],[22,19,22,23],[19,24,19,28],[19,29,19,34],[19,4,19,11],[20,29,20,34],[20,12,20,18],[20,24,20,28],[20,19,20,23],[28,24,28,27],[28,29,28,33],[22,29,22,34],[26,29,26,33],[27,29,27,33],[22,24,22,28],[19,12,19,18],[28,19,28,22],[26,19,26,22],[23,4,23,18],[20,4,20,11],[24,19,24,22],[24,4,24,18],[27,19,27,22],[26,0,26,3],[24,0,24,3],[25,0,25,3],[23,19,23,22],[25,19,25,22],[25,4,25,18],[26,4,26,18],[27,0,27,3],[30,19,30,22],[31,0,31,3],[31,4,31,18],[29,0,29,3],[27,4,27,18],[28,4,28,18],[29,4,29,18],[30,0,30,3],[28,0,28,3],[33,0,33,3],[29,19,29,22],[31,19,31,22],[34,24,34,27],[30,4,30,18],[32,0,32,3],[32,19,32,22],[32,4,32,18],[33,4,33,18],[29,24,29,27],[30,24,30,27],[34,0,34,3],[34,19,34,22],[34,4,34,18],[33,19,33,22],[46,0,47,35],[39,29,39,33],[40,29,40,33],[40,0,43,20],[44,0,45,35],[41,29,41,34],[36,29,36,33],[36,5,36,17],[37,5,37,17],[38,5,38,17],[37,29,37,33],[38,29,38,33],[34,29,34,33],[35,29,35,33],[31,29,31,33],[30,29,30,33],[31,24,31,27],[32,24,32,27],[33,24,33,27],[32,29,32,33],[33,29,33,33],[29,29,29,33],[23,29,23,33],[24,29,24,33],[25,29,25,33],[26,24,26,27],[27,24,27,27],[24,24,24,27],[25,24,25,27],[23,24,23,27]]}
["RGV Cycle Stuff, dba -"]
[null,null,null,null,null,null,null,null,null,null,null,null,null,null,null,null,null,null,null,null,"ESTIMATE"]
[]
[]
[null,null,null,null,null,null,null,null,null,null,null,null,null,null,null,null,null,null,null,null,null,null,null,null,null,null,null,null,"DATE: ",{"$f":"NOW()","v":"2016-02-05T17:55:10.970"}]
[]
[]
[]
[]
[]
[]
[" "]
[null,"Bill To:",null,null,null,null,null,null,null,null,null,null,null,null,null,null,null,null,null,null,null,null,null,"Ship To:",null,null,null,null,null,null,null,null,null,null,null,null,null,"Note:"]
[null,null,null,null,"Cash Customer",null,null,null,null,null,null,null,null,null,null,null,null,null,null,null,null,null,null,null,null,null,{"$f":"+E14","v":"Cash Customer"}]
[null,null,null,null,null,null,null,null,null,null,null,null,null,null,null,null,null,null,null,null,null,null,null,null,null,null,{"$f":"+E15","v":0}]
[null,null,null,null,null,null,null,null,null,null,null,null,null,null,null,null,null,null,null,null,null,null,null,null,null,null,{"$f":"+E16","v":0}]
[null,null,null,null,"USA",null,null,null,null,null,null,"ESTIMATE",null,null,null,null,null,null,null,null,null,null,null,null,null,null,{"$f":"+E17","v":"USA"}]
[]
[]
["Type",null,null,null,"Sales Rep. Name",null,null,null,null,null,null,null,"VIN",null,null,null,null,null,null,"Miles",null,null,null,null,"Terms",null,null,null,null,"Due Date"]
[null,null,null,null,"Robert",null,null,null,null,null,null,null,null,null,null,null,null,null,null,null,null,null,null,null,"Cash"]
[]
["Product ID",null,null,null,"Description",null,null,null,null,null,null,null,null,null,null,null,null,null,null,"Quantity",null,null,null,null,"Unit Price",null,null,null,null,"Line Total"]
[null,null,null,null,null,null,null,null,null,null,null,null,null,null,null,null,null,null,null,null,null,null,null,null,null,null,null,null,null,{"$f":"+T24*Y24","v":0},null,null,null,null,null,null,null,1]
[null,null,null,null,null,null,null,null,null,null,null,null,null,null,null,null,null,null,null,null,null,null,null,null,null,null,null,null,null,0,null,null,null,null,null,null,null,-2]
[null,null,null,null,null,null,null,null,null,null,null,null,null,null,null,null,null,null,null,null,null,null,null,null,null,null,null,null,null,0]
[null,null,null,null,null,null,null,null,null,null,null,null,null,null,null,null,null,null,null,null,null,null,null,null,null,null,null,null,null,0]
[null,null,null,null,null,null,null,null,null,null,null,null,null,null,null,null,null,null,null,null,null,null,null,null,null,null,null,null,null,0,null,null,null,null,null,null,null,-3]
[null,null,null,null,null,null,null,null,null,null,null,null,null,null,null,null,null,null,null,null,null,null,null,null,null,null,null,null,null,0,null,null,null,null,null,null,null,0]
[null,null,null,null,null,null,null,null,null,null,null,null,null,null,null,null,null,null,null,null,null,null,null,null,null,null,null,null,null,0]
[null,null,null,null,null,null,null,null,null,null,null,null,null,null,null,null,null,null,null,null,null,null,null,null,null,null,null,null,null,0]
[null,null,null,null,null,null,null,null,null,null,null,null,null,null,null,null,null,null,null,null,null,null,null,null,null,null,null,null,null,0]
[null,null,null,null,null,null,null,null,null,null,null,null,null,null,null,null,null,null,null,null,null,null,null,null,null,null,null,null,null,0]
[null,null,null,null,null,null,null,null,null,null,null,null,null,null,null,null,null,null,null,null,null,null,null,null,null,null,null,null,null,0]
[null,null,null,null,"Estimates valid for 10 days",null,null,null,null,null,null,null,null,null,null,null,null,null,null,null,null,null,null,null,null,null,null,null,null,0]
[null,null,null,null,null,null,null,null,null,null,null,null,null,null,null,null,null,null,null,null,null,null,null,null,null,null,null,"SUBTOTAL",null,{"$f":"SUM(AD24:AH35)","v":0}]
[null,null,null,null,null,"RGV Cycle Center",null,null,null,null,null,null,null,null,null,null,null,null,null,null,null,null,null,null,null,null,null,"TAX (8.25%)",null,{"$f":"+AD36*0.0825","v":0}]
[null,null,null,null,null,"2716 N.10th Street",null,null,null,null,null,null,null,null,null,null,null,null,null,null,null,null,null,null,null,null,null,"SHIPPING & HANDLING"]
[null,null,null,null,null,"McAllen, TX  78501",null,null,null,null,null,null,null,null,null,null,null,null,null,null,null,null,null,null,null,null,null,"TOTAL",null,{"$f":"SUM(AD36:AH38)","v":0}]
["NOTES:",null,null,null,null,null,null,null,null,null,null,null,null,null,null,null,null,null,null,null,null,null,null,null,null,null,null,"PAID"]
["Use caution with new tires, \"slippery\" for the first 100 miles.                       Check all fastening nuts and bolts after 100 miles.                              No refunds on self installed electrical items.                                       20% restocking fee after 7 days & Special Orders.",null,null,null,null,null,null,null,null,null,null,null,null,null,null,null,null,null,null,null,null,null,null,null,null,null,null,"TOTAL EST.",null,{"$f":"+AD39-AD40","v":0}]
[]
[]
[]
["956-688-8086"]
[]
["THANK YOU FOR YOUR BUSINESS !"]

{"sheet":"Master Register","index":11,"n_rows":17,"n_cols":11,"rows_kept":17,"cut":false,"hidden":false,"merged":[]}
["Invoice",null,{"$f":"SUM(C4:C201)","v":0},{"$f":"SUM(D4:D201)","v":0},null,null,null,{"$f":"TODAY()","v":"2016-02-05"}]
["Number","Date","Amount","Tax","Terms"]
[]
[null,null,null,null,null,null,null,null,{"$f":"H1-WEEKDAY(H1,3)-7","v":"2016-01-25"},{"$f":"SUMIF(INDIRECT(TEXT(I4,\"'mmm-yy'\")&\"!B3:B400\"),I4,INDIRECT(TEXT(I4,\"'mmm-yy'\")&\"!C3:C400\"))","v":1049.8}]
[null,null,null,null,null,null,null,null,{"$f":"I4+1","v":"2016-01-26"},1659.46]
[null,null,null,null,null,null,null,null,"2016-01-27",1385.51]
[null,null,null,null,null,null,null,null,"2016-01-28",2192.1600000000003]
[null,null,null,null,null,null,null,null,"2016-01-29",950.25999999999988]
[null,null,null,null,null,null,null,null,"2016-01-30",1500.18]
[null,null,null,null,null,null,null,null,"2016-01-31",0,{"$f":"SUM(J4:J10)","v":8737.3700000000008}]
[null,null,null,null,null,null,null,null,"2016-02-01",1547.2599999999998]
[null,null,null,null,null,null,null,null,"2016-02-02",667.54]
[null,null,null,null,null,null,null,null,"2016-02-03",1405.6082249999999]
[null,null,null,null,null,null,null,null,"2016-02-04",1998.7]
[null,null,null,null,null,null,null,null,"2016-02-05",1382.0100000000002]
[null,null,null,null,null,null,null,null,"2016-02-06",0]
[null,null,null,null,null,null,null,null,"2016-02-07",0,{"$f":"SUM(J11:J17)","v":7001.1182250000002}]

{"sheet":"Jan-16","index":12,"n_rows":247,"n_cols":11,"rows_kept":247,"cut":false,"hidden":false,"merged":[]}
["Invoice",null,{"$f":"SUM(C74:C422)","v":14165.910000000003},{"$f":"SUM(D74:D422)","v":960.3},null,{"$f":"SUM(F3:F1177)","v":10448.260000000002},{"$f":"SUM(G3:G1177)","v":10276.149999999998},{"$f":"TODAY()","v":"2016-02-05"}]
["Number","Date","Amount","Tax","Terms"]
[18551,"2016-01-02",97,7.39,"Visa"]
[18552,"2016-01-02",8,0.61,"Visa"]
[18553,"2016-01-03",10.83,0.83,null,{"$f":"+C3+C4","v":105},104]
[18554,"2016-01-04",-67.12,-5.12,"Due"]
[18555,"2016-01-04",51.34,2.39]
[18556,"2016-01-04",21.55,1.64]
[18557,"2016-01-04",74.69,5.69,"Visa"]
[18558,"2016-01-04",15,null,"Visa, Border Patrol"]
[18559,"2016-01-04",105,null,"Dirty Daves - resale, $5 Visa"]
[18560,"2016-01-04",281.45,21.45,"$131.45 MC"]
[18561,"2016-01-04",10.83,0.83]
[18562,"2016-01-04",33,2.52]
[18563,"2016-01-04",139.63999999999999,10.64,"MC"]
[18564,"2016-01-04",119,9.07]
[18565,"2016-01-04",100,7.62,"Trade, Cedrick",{"$f":"+C10+C9+66.92+C15+5","v":301.25},296.02]
[18566,"2016-01-05",16.239999999999998,1.24,"MC"]
[18567,"2016-01-05",74.69,5.69]
[18568,"2016-01-05",30.31,2.31,"Visa"]
[18569,"2016-01-05",24.9,1.9]
[18570,"2016-01-05",48.71,3.71]
[18571,"2016-01-05",5.36,0.41,null,{"$f":"+C18+114.8+266.97","v":398.01},392.1]
[18572,"2016-01-06",10.83,0.83]
[18573,"2016-01-06",3.23,0.25]
[18574,"2016-01-06",10.83,0.83]
[18575,"2016-01-06",35.72,2.72,"Visa"]
[18576,"2016-01-06",300,22.86,null,48.71,48.22]
[18577,"2016-01-07",114.75,8.75]
[18578,"2016-01-07",156.96,11.96,"Visa"]
[18579,"2016-01-07",null,null,"($40 ($3.05 tax) subbed Chris F)"]
[18580,"2016-01-07",55.21,4.21]
[18581,"2016-01-07",20.93,null,"J.Rangel - resale"]
[18582,"2016-01-07",28.81,null,"J.Rangel - resale"]
[18583,"2016-01-07",30,2.29,null,{"$f":"+C30+131.45+C20","v":318.71999999999997},316.33]
[18584,"2016-01-08",43.3,3.3,"Visa"]
[18585,"2016-01-08",232,17.68]
[18586,"2016-01-08",99.95,7.62,"Visa"]
[18587,"2016-01-08",270,20.58,"$70 CC, bal cash"]
[18588,"2016-01-08",4.01,0.31]
[18589,"2016-01-08",5.68,0.43]
[18590,"2016-01-08",107.79,null,"Due, ESG Customs"]
[18591,"2016-01-08",25.009999999999998,1.91,null,{"$f":"+C36+C38+70","v":213.25},{"$f":"140.79+67.4","v":208.19}]
[18592,"2016-01-09",379.42,28.92,"Square"]
[18593,"2016-01-09",16.18,1.23,"Square"]
[18594,"2016-01-09",74.69,5.69,"Visa"]
[18595,"2016-01-09",74.69,5.69]
[18596,"2016-01-09",155.44999999999999,11.85,"Square"]
[18597,"2016-01-09",347,26.45,"$29. due"]
[18598,"2016-01-09",32.479999999999997,2.48]
[18599,"2016-01-09",79,null,"Due, J.Rangel - resale",{"$f":"+C46+551.05","v":625.74},{"$f":"74.12+535.91","v":610.03}]
[18600,"2016-01-11",25]
[18601,"2016-01-11",261.42,19.920000000000002,"Visa, $141.42 due"]
[18602,"2016-01-11",42.22,3.22]
[18603,"2016-01-11",289,null,"Visa, Border Patrol"]
[18604,"2016-01-11",269.54000000000002,20.54,"MC"]
[18605,"2016-01-11",59,null,"Visa, Carlos G - MX sales",{"$f":"120+C56+C57","v":448.54},439.61]
[18606,"2016-01-12",125.57,9.57,"Visa"]
[18607,"2016-01-12",14,1.07]
[18608,"2016-01-12",256.55,19.55,"$230 MC",{"$f":"+C58+C55+230","v":644.56999999999994},628.82000000000005]
[18609,"2016-01-13",353,null,"Due, Carlos G - MX"]
[18610,"2016-01-13",250.25,null,"Due, Revolution - resale"]
[18611,"2016-01-13",198.99597500000002,15.165975000000001]
[18612,"2016-01-13",22,null,"Due, Revolution - resale"]
[18613,"2016-01-13",119,null,"Due, Revolution - resale"]
[18614,"2016-01-13",153.72,11.72,"Due",0,{"$f":"+F66*0.97831","v":0}]
[18615,"2016-01-14",295,22.48]
[18616,"2016-01-14",24.9,1.9]
[18617,"2016-01-14",5.41,0.41]
[18618,"2016-01-14",9.69,0.74,"Visa"]
[18619,"2016-01-14",12.99,0.99]
[18620,"2016-01-15",318,24.24,"Due, Jet Ski"]
[18621,"2016-01-15",65.489999999999995,4.99,null,{"$f":"+C70+C27","v":45.41},44.64]
[18622,"2016-01-15",6.25,0.48]
[18623,"2016-01-15",228.03,17.38]
[18624,"2016-01-15",10.83,0.83]
[18625,"2016-01-15",74.69,5.69,"Visa"]
[18626,"2016-01-15",12,null,"Chris F - resale"]
[18627,"2016-01-15",32.479999999999997,2.48]
[18628,"2016-01-15",8,null,"Due, Revolution - resale"]
[18629,"2016-01-15",10.83,0.83,null,{"$f":"+C77","v":74.69},74.12]
[18630,"2016-01-16",19.489999999999998,1.49]
[18631,"2016-01-16",284.7,21.7,"Visa"]
[18632,"2016-01-16",98.51,7.51,"Square"]
[18633,"2016-01-16",19.489999999999998,1.49]
[18634,"2016-01-16",9.74,0.74]
[18635,"2016-01-16",10.83,0.83]
[18636,"2016-01-16",20,1.52]
[18637,"2016-01-16",117.99,8.99,"MC",{"$f":"+C83+C89+98.51","v":501.2},{"$f":"395.14+95.8","v":490.94}]
[18638,"2016-01-18",85.52,6.52,"Visa"]
[18639,"2016-01-18",17.27,1.32]
[18640,"2016-01-18",16.670000000000002,1.27]
[18641,"2016-01-18",19.489999999999998,1.49]
[18642,"2016-01-18",241,18.37]
[18643,"2016-01-18",102.84,7.84,"Visa",{"$f":"141.42+C90+C95","v":329.78},327.7]
[18644,"2016-01-19",36.81,2.81,"Visa"]
[18645,"2016-01-19",26,1.98,"Square"]
[18646,"2016-01-19",-6.2800000000000011,-0.48]
[18647,"2016-01-19",19,1.45,"MC"]
[18648,"2016-01-19",15.16,1.1599999999999999]
[18649,"2016-01-19",16.239999999999998,1.24]
[18650,"2016-01-19",19.95,1.52]
[18651,"2016-01-19",32.479999999999997,2.48]
[18652,"2016-01-19",40.309999999999995,3.07,"Visa"]
[18653,"2016-01-19",21.599999999999998,1.65]
[18654,"2016-01-19",39,null,"J.Rangel - resale"]
[18655,"2016-01-19",3,null,"GL"]
[18656,"2016-01-19",-11.54,null,"J.Rangel - resale"]
[18657,"2016-01-19",12.99,0.99]
[18658,"2016-01-19",16.18,1.23]
[18659,"2016-01-19",33.56,2.56,"Visa",{"$f":"+C96+C99+C104+C111+200+26","v":355.68},{"$f":"323.03+25.28","v":348.30999999999995}]
[18660,"2016-01-20",171.04,13.04,"Due, Chevo"]
[18661,"2016-01-20",23,null,"Due, Revolution - resale"]
[18662,"2016-01-20",41.03,3.13,"Check"]
[18663,"2016-01-20",54.49,null,"Due, J.Rangel - resale"]
[18664,"2016-01-20",20.93,null,"Due, J.Rangel - resale"]
[18665,"2016-01-20",148.30000000000001,11.3,"Visa"]
[18666,"2016-01-20",11]
[18667,"2016-01-20",12.99,0.99]
[18668,"2016-01-20",82.27,6.27,"Visa",{"$f":"+C117+C120","v":230.57},228.1]
[18669,"2016-01-21",30.31,2.31,"Due, Silverwing Air Fltr"]
[18670,"2016-01-21",74.69,5.69]
[18671,"2016-01-21",424.34000000000003,32.340000000000003,"Due, Marcos GSXR"]
[18672,"2016-01-21",156.41999999999999,11.92,"Visa"]
[18673,"2016-01-21",128.82,9.82,"Visa"]
[18674,"2016-01-21",60,4.57,"Square"]
[18675,"2016-01-21",35.67,2.72,"Visa"]
[18676,"2016-01-21",-128.82,-9.82,"Visa"]
[18677,"2016-01-21",7.58,0.57999999999999996,"Visa",{"$f":"+C124+C125+C127+C128+C129+60","v":259.67000000000007},{"$f":"197.27+58.35","v":255.62}]
[18678,"2016-01-22",15,null,"Visa, Border Patrol"]
[18679,"2016-01-22",17.27,1.32]
[18680,"2016-01-22",378.88,28.88,"Due"]
[18681,"2016-01-22",16.239999999999998,1.24,"Visa"]
[18682,"2016-01-22",232.74,17.739999999999998]
[18683,"2016-01-22",10.780000000000001,0.82,"Visa"]
[18684,"2016-01-22",19.21,1.46,"Square"]
[18685,"2016-01-22",54.13,4.13,"Visa"]
[18686,"2016-01-22",89.85,6.85,"Visa"]
[18687,"2016-01-22",30.2,2.2999999999999998]
[18688,"2016-01-22",115.05,8.77,"Visa"]
[18689,"2016-01-22",18.349999999999998,1.4,"Visa",{"$f":"+C133+C135+C137+C138+C140+C141+C123+C130+19.21","v":762.95},{"$f":"730.63+18.68","v":749.31}]
[18690,"2016-01-23",172.12,13.12]
[18691,"2016-01-23",214.34,16.34,"Due, Brad"]
[18692,"2016-01-23",11.91,0.91]
[18693,"2016-01-23",8.09,0.62]
[18694,"2016-01-23",46.919999999999995,3.58,"MC"]
[18695,"2016-01-23",26.2,2,"Visa"]
[18696,"2016-01-23",180,13.72]
[18697,"2016-01-23",10.77,0.82,"Visa"]
[18698,"2016-01-23",90,6.86]
[18699,"2016-01-23",555.32000000000005,42.32,null,{"$f":"+C146+C147+C149","v":83.889999999999986},82.25]
[18700,"2016-01-25",18.349999999999998,1.4,"MC"]
[18701,"2016-01-25",137.5,null,"Dons, Falfurious - resale"]
[18702,"2016-01-25",35.72,2.72,"Visa"]
[18703,"2016-01-25",null,null,"Re-Invoiced 18707"]
[18704,"2016-01-25",199.18,15.18,"Visa"]
[18705,"2016-01-25",191.6,14.6,"Visa"]
[18706,"2016-01-25",12.99,0.99,"Visa"]
[18707,"2016-01-25",74.69,5.69,"Visa"]
[18708,"2016-01-25",211.63,16.13,"MC"]
[18709,"2016-01-25",140.72999999999999,10.73,"Visa"]
[18710,"2016-01-25",5.41,0.41]
[18711,"2016-01-25",22,1.68,null,{"$f":"+C152+C154+C156+C157+C158+C159+C160+C161+0.01","v":884.9},875.11]
[18712,"2016-01-26",79.02,6.02,"Due, Raven"]
[18713,"2016-01-26",118.53,9.0299999999999994,"Check"]
[18714,"2016-01-26",1234.05,94.05,"Check, $734.05 Square"]
[18715,"2016-01-26",-161.94,-12.34,"Due"]
[18716,"2016-01-26",70.36,5.36]
[18717,"2016-01-26",139.63999999999999,10.64,"Visa"]
[18718,"2016-01-26",43.3,3.3,"Square"]
[18719,"2016-01-26",29.169999999999998,2.2200000000000002,"Visa"]
[18720,"2016-01-26",8.66,0.66,"Visa"]
[18721,"2016-01-26",20,1.52,"Visa"]
[18722,"2016-01-26",35.67,2.72,"Visa"]
[18723,"2016-01-26",43,3.28,null,{"$f":"+C171+C172+C173+C174+43.3","v":136.80000000000001},{"$f":"91.75+42.11","v":133.86000000000001}]
[18724,"2016-01-27",-18.400000000000002,-1.4,"Visa"]
[18725,"2016-01-27",27.06,2.06,"Visa"]
[18726,"2016-01-27",20,1.52]
[18727,"2016-01-27",21,1.6]
[18728,"2016-01-27",747.99999999999989,null,"Due, Carlos G - MX"]
[18729,"2016-01-27",141.37,null,"Due"]
[18730,"2016-01-27",10.83,0.83,"Due"]
[18731,"2016-01-27",81.19,6.19,"MC"]
[18732,"2016-01-27",42,3.2]
[18733,"2016-01-27",130.59,null,"Due, Carlos G - MX"]
[18734,"2016-01-27",140.72999999999999,10.73]
[18735,"2016-01-27",25.98,1.98]
[18736,"2016-01-27",15.16,1.1599999999999999,null,{"$f":"+C176+C177+C183","v":89.85},87.29]
[18737,"2016-01-28",1261.45,96.14,"Square"]
[18738,"2016-01-28",23.24,1.24,"Square"]
[18739,"2016-01-28",10,0.76]
[18740,"2016-01-28",96.99,null,"Due, Carlos G - MX"]
[18741,"2016-01-28",14,1.07]
[18742,"2016-01-28",10,0.76]
[18743,"2016-01-28",32.479999999999997,2.48]
[18744,"2016-01-28",90.93,6.93]
[18745,"2016-01-28",116,null,"Dirty Daves - resale"]
[18746,"2016-01-28",310,23.63,"$70 due"]
[18747,"2016-01-28",113.66,8.66,"Visa"]
[18748,"2016-01-28",21.65,1.65,"Visa"]
[18749,"2016-01-28",39.800000000000004,3.03]
[18750,"2016-01-28",51.96,3.96,null,{"$f":"+C200+1757.29","v":1778.94},{"$f":"20.93+1738.44","v":1759.3700000000001}]
[18751,"2016-01-29",0,0]
[18752,"2016-01-29",46.49,3.54]
[18753,"2016-01-29",34.53,2.63]
[18754,"2016-01-29",85.52,6.52,"Visa"]
[18755,"2016-01-29",329.08,25.08,"MC"]
[18756,"2016-01-29",21.599999999999998,1.65,"MC"]
[18757,"2016-01-29",3.8,0.28999999999999998]
[18758,"2016-01-29",107.17,8.17,"Visa"]
[18759,"2016-01-29",66.03,5.03,"MC"]
[18760,"2016-01-29",33.989999999999995,2.59,"Credit Inv 18715"]
[18761,"2016-01-29",14.8,null,"Due, J.Rangel - resale"]
[18762,"2016-01-29",139.63999999999999,10.64,"Due, Trade for Embroydery"]
[18763,"2016-01-29",67.610000000000014,5.15,"Square"]
[18764,"2016-01-30",129.9,9.9,null,{"$f":"+C206+129.08+C208+C210+C211+C199+423.88","v":946.93999999999994},{"$f":"516.41+412.22","v":928.63}]
[18765,"2016-01-30",74.69,5.69]
[18766,"2016-01-30",5.36,0.41]
[18767,"2016-01-30",20,1.52]
[18768,"2016-01-30",40.489999999999995,3.09,"MC"]
[18769,"2016-01-30",8.66,0.66,"Visa"]
[18770,"2016-01-30",21.11,1.61,"Visa"]
[18771,"2016-01-30",85.52,6.52,"Discover"]
[18772,"2016-01-30",0,0]
[18773,"2016-01-30",32.479999999999997,2.48]
[18774,"2016-01-30",76.86,5.86,"MC"]
[18775,"2016-01-30",74.69,5.69]
[18776,"2016-01-30",166.71,12.71,"Visa"]
[18777,"2016-01-30",439.5,33.5,"$139.50 due"]
[18778,"2016-01-30",250.6,19.100000000000001,"Square"]
[18779,"2016-01-30",8.66,0.66,"Visa"]
[18780,"2016-01-30",64.95,4.95,"MC",{"$f":"C169+C220+C221+C222+C223+C226+C228+C231+C232+250.6","v":863.2},{"$f":"603.87+243.71","v":847.58}]
[]
[null,null,null,null,null,null,null,null,{"$f":"H1-WEEKDAY(H1,3)-7","v":"2016-01-25"},{"$f":"SUMIF(INDIRECT(TEXT(I234,\"'mmm-yy'\")&\"!B3:B400\"),I234,INDIRECT(TEXT(I234,\"'mmm-yy'\")&\"!C3:C400\"))","v":1049.8}]
[null,null,null,null,null,null,null,null,{"$f":"I234+1","v":"2016-01-26"},1659.46]
[null,null,null,null,null,null,null,null,"2016-01-27",1385.51]
[null,null,null,null,null,null,null,null,"2016-01-28",2192.1600000000003]
[null,null,null,null,null,null,null,null,"2016-01-29",950.25999999999988]
[null,null,null,null,null,null,null,null,"2016-01-30",1500.18]
[null,null,null,null,null,null,null,null,"2016-01-31",0,{"$f":"SUM(J234:J240)","v":8737.3700000000008}]
[null,null,null,null,null,null,null,null,"2016-02-01",1547.2599999999998]
[null,null,null,null,null,null,null,null,"2016-02-02",667.54]
[null,null,null,null,null,null,null,null,"2016-02-03",1405.6082249999999]
[null,null,null,null,null,null,null,null,"2016-02-04",1998.7]
[null,null,null,null,null,null,null,null,"2016-02-05",1382.0100000000002]
[null,null,null,null,null,null,null,null,"2016-02-06",0]
[null,null,null,null,null,null,null,null,"2016-02-07",0,{"$f":"SUM(J241:J247)","v":7001.1182250000002}]

{"sheet":"Dec-15","index":13,"n_rows":239,"n_cols":8,"rows_kept":239,"cut":false,"hidden":false,"merged":[]}
["Invoice",null,{"$f":"SUM(C3:C957)","v":23335.027500000011},{"$f":"SUM(D3:D957)","v":1537.0075000000002},null,{"$f":"SUM(F4:F957)","v":12194.745000000004},{"$f":"SUM(G4:G957)","v":11999.89},{"$f":"TODAY()","v":"2016-02-05"}]
["Number","Date","Amount","Tax","Terms"]
[18314,"2015-12-01",215.42000000000002,16.420000000000002,"Visa"]
[18315,"2015-12-01",230,17.53]
[18316,"2015-11-29",57,4.34]
[18317,"2015-12-01",0,0]
[18318,"2015-12-01",5.36,0.41]
[18319,"2015-12-01",7.58,0.57999999999999996,"Due",{"$f":"+C3+495.79","v":711.21},698.79]
[18320,"2015-12-02",24.740000000000002,1.89]
[18321,"2015-12-02",35.67,2.72]
[18322,"2015-12-02",117.99,8.99]
[18323,"2015-12-02",83.64,null,"Visa, J.Rangel - resale"]
[18324,"2015-12-02",11.97,null,"Due, J.Rangel - resale",{"$f":"1+C12+24.5","v":109.14},105.18]
[18325,"2015-12-03",27.009999999999998,2.06]
[18326,"2015-12-03",17.32,1.32,"Visa"]
[18327,"2015-12-03",97.43,7.43]
[18328,"2015-12-03",10.83,0.83]
[18329,"2015-12-03",27.009999999999998,2.06]
[18330,"2015-12-03",433,33,"$280 Check, $153. Visa"]
[18331,"2015-12-03",2.11,0.16]
[18332,"2015-12-03",97.43,7.43,"MC"]
[18333,"2015-12-03",5.36,0.41]
[18334,"2015-12-03",795.64,60.64,"Check"]
[18335,"2015-12-03",821.62,62.62,"Check",{"$f":"+C15+C21","v":114.75},112.82]
[18336,"2015-12-04",83.3,6.35,"Discover"]
[18337,"2015-12-04",138.51,10.56,"Visa"]
[18338,"2015-12-04",16.239999999999998,1.24]
[18339,"2015-12-04",16.18,1.23]
[18340,"2015-12-04",14.02,1.07,"Visa"]
[18341,"2015-12-04",42.2,3.22,"Gift Cert $20, bal cash"]
[18342,"2015-12-04",48.71,3.71,"Visa, Addl to Inv 18299"]
[18343,"2015-12-04",45,3.43,"Due, Pegs (Randy)"]
[18344,"2015-12-04",33.950000000000003,2.59,"Visa"]
[18345,"2015-12-04",16.18,1.23]
[18346,"2015-12-04",115,8.76,"Visa"]
[18347,"2015-12-04",283.07,21.57]
[18348,"2015-12-04",9.69,0.74,"MC"]
[18349,"2015-12-04",202.36999999999998,15.42]
[18350,"2015-12-04",36.900000000000006,null,"Due, J.Rangel - resale",{"$f":"+C26+C29+C33+C31+214.19+C35+C37","v":574.07000000000005},568.64]
[18351,"2015-12-05",9.74,0.74,"Visa"]
[18352,"2015-12-05",66,null,"Visa"]
[18353,"2015-12-05",58.46,4.46,"Addl to Inv 18319"]
[18354,"2015-12-05",108.78999999999999,8.2899999999999991]
[18355,"2015-12-05",16.18,1.23,"Visa"]
[18356,"2015-12-05",20.57,1.57]
[18357,"2015-12-05",559.65,42.65,"Visa"]
[18358,"2015-12-05",7,0.53]
[18359,"2015-12-05",287.95,21.95,"Visa"]
[18360,"2015-12-05",16.18,1.23]
[18361,"2015-12-05",27.06,2.06,"Visa",{"$f":"+C40+C41+C25+C44+300+C50+C48","v":790.23},777.12]
[18362,"2015-12-07",16.239999999999998,1.24,"MC"]
[18363,"2015-12-07",46.49,3.54,"Visa"]
[18364,"2015-12-07",7.5200000000000005,0.56999999999999995]
[18365,"2015-12-07",21.599999999999998,1.65,null,{"$f":"+C51+C52+45","v":107.73},104.81]
[18366,"2015-12-08",81.19,6.19,"Visa"]
[18367,"2015-12-08",10.83,0.83,"Discover"]
[18368,"2015-12-08",298.77,22.77,"Visa, $98.77 due"]
[18369,"2015-12-08",183.97,14.02]
[18370,"2015-12-08",41.14,3.14]
[18371,"2015-12-08",9.69,0.74]
[18372,"2015-12-08",278.56,18.559999999999999,"Visa"]
[18373,"2015-12-08",-16.239999999999998,-1.24]
[18374,"2015-12-08",23.82,1.82,"Visa",{"$f":"153+C55+C56+200+1.44+C61+C63","v":748.84},731.24]
[18375,"2015-12-09",12.5,0.95,"MC"]
[18376,"2015-12-09",96.34,7.34,"Visa"]
[18377,"2015-12-09",300,22.86]
[18378,"2015-12-09",226,17.22,"Due"]
[18379,"2015-12-09",25,1.91,null,{"$f":"+C64+C65","v":108.84},107.92]
[18380,"2015-12-10",14,null,"Johnny Custom - resale"]
[18381,"2015-12-10",184,null,"Visa, Dirty Daves - resale"]
[18382,"2015-12-10",24.9,1.9,"MC"]
[18383,"2015-12-10",182.94,13.94,"Visa"]
[18384,"2015-12-10",310,23.63,"$125 MC, $185 Cash"]
[18385,"2015-12-10",10.83,0.83]
[18386,"2015-12-10",133.15,10.15]
[18387,"2015-12-10",486.04,37.04,"MC"]
[18388,"2015-12-10",21.65,1.65,"Visa"]
[18389,"2015-12-10",70.36,5.36,"Due"]
[18390,"2015-12-10",14,null,"Continental Power - resale"]
[18391,"2015-12-10",231.55,17.649999999999999,"MC"]
[18392,"2015-12-10",178.61,13.61,"MC",{"$f":"+C70+259.65+C72+125+320+C77+C80+C81+35.3","v":1538.7},1520.32]
[18393,"2015-12-11",265,20.2,"Visa"]
[18394,"2015-12-11",10.77,0.82,"Visa"]
[18395,"2015-12-11",298.71999999999997,22.77]
[18396,"2015-12-11",16.18,1.23]
[18397,"2015-12-11",108.25,8.25,"Visa"]
[18398,"2015-12-11",21.54,1.64,"Visa"]
[18399,"2015-12-11",58.02,4.42,"$3.02 Visa"]
[18400,"2015-12-11",38.97,2.97,"Visa"]
[18401,"2015-12-11",10,0.76,null,{"$f":"+C82+C83+C86+C87+3.02+C89","v":447.54999999999995},444.11]
[18402,"2015-12-12",10.83,0.83]
[18403,"2015-12-12",42.22,3.22,"Visa"]
[18404,"2015-12-12",20.57,1.57,"MC"]
[18405,"2015-12-12",32.42,2.4700000000000002,"MC"]
[18406,"2015-12-12",14.07,1.07,"MC"]
[18407,"2015-12-12",10.83,0.83,"MC"]
[18408,"2015-12-12",38.97,2.97]
[18409,"2015-12-12",10,0.76,null,{"$f":"+C93+C92+C94+C95+C96","v":120.11},117.47]
[18410,"2015-12-14",64.95,4.95,"AmExp"]
[18411,"2015-12-14",21.599999999999998,1.65]
[18412,"2015-12-14",54.13,4.13]
[18413,"2015-12-14",120,null,"Due, J.Rangel - resale"]
[18414,"2015-12-14",310.14,23.64]
[18415,"2015-12-14",78.510000000000005,null,"Due, J.Rangel - resale"]
[18416,"2015-12-14",16.239999999999998,1.24,"MC"]
[18417,"2015-12-14",173,13.19,"$160 Visa, Bal cash",{"$f":"351.81+C105+160+64.95","v":593},{"$f":"518.59+63.16","v":581.75}]
[18418,"2015-12-15",5.95,null,"Visa, Border Pat"]
[18419,"2015-12-15",148.30000000000001,11.3,"$60 cash, $88.30 MC"]
[18420,"2015-12-15",91.47,6.97,"Visa"]
[18421,"2015-12-15",48.6,3.7,"Visa"]
[18422,"2015-12-15",70.36,5.36,"Visa"]
[18423,"2015-12-15",9.74,0.74,"Visa"]
[18424,"2015-12-15",4,0.3]
[18425,"2015-12-15",22,null,"Due, Done Rite - resale"]
[18426,"2015-12-15",11.99,0.91]
[18427,"2015-12-15",38.86,2.96,"Visa"]
[18428,"2015-12-15",172.26999999999998,13.13]
[18429,"2015-12-15",284.7,21.7,"Visa"]
[18430,"2015-12-15",10.83,0.83,"Visa",{"$f":"+C107+C109+C110+C111+C112+98.77+88.3+C116+C118+C119+0.01","v":747.59},735.37]
[18431,"2015-12-16",108.25,8.25,"Due, LEDs - Blk bike"]
[18432,"2015-12-16",-3.1900000000000004,-0.24]
[18433,"2015-12-16",47.63,3.63,"Due, Roller"]
[18434,"2015-12-16",437.33,33.33,"Due, HD"]
[18435,"2015-12-16",184.99999999999997,14.1,"Check"]
[18436,"2015-12-16",391,29.8,"Visa",{"$f":"+C125","v":391},389.35]
[18437,"2015-12-17",90.010000000000019,6.86,"MC"]
[18438,"2015-12-17",137.47999999999999,10.48,"Due"]
[18439,"2015-12-17",53.04,4.04,"Visa"]
[18440,"2015-12-17",24.9,1.9]
[18441,"2015-12-17",28,2.13]
[18442,"2015-12-17",4]
[18443,"2015-12-17",16.239999999999998,1.24]
[18444,"2015-12-17",74.69,5.69,"Credit 15590"]
[18445,"2015-12-17",90.93,6.93,"Visa"]
[18446,"2015-12-17",21.65,1.65,"Visa"]
[18447,"2015-12-17",193.77,14.77]
[18448,"2015-12-17",-28,-2.13]
[18449,"2015-12-17",77.53,5.53,"Due, w/Inv 18431"]
[18450,"2015-12-17",54.07,4.12,"AmExp",{"$f":"+C126+C128+C134+C135+C139+C120+23.87+54.07","v":495.89000000000004},{"$f":"432.98+52.58","v":485.56}]
[18451,"2015-12-18",63.87,4.87,"$33.87 due"]
[18452,"2015-12-18",273.72000000000003,19.72,"Due"]
[18453,"2015-12-18",2.04,null,"ESG - resale"]
[18454,"2015-12-18",74.69,5.69,"Visa"]
[18455,"2015-12-18",120,null,"MC, Continental - resale"]
[18456,"2015-12-18",97,null,"Dons - Falfurious, resale"]
[18457,"2015-12-18",21.65,1.65]
[18458,"2015-12-18",21.65,1.65]
[18459,"2015-12-18",194.85,14.85,"AmExp"]
[18460,"2015-12-18",206.76,15.76,"MC"]
[18461,"2015-12-18",19.484999999999999,1.4850000000000001,"Visa"]
[18462,"2015-12-18",32.479999999999997,2.48,"Visa"]
[18463,"2015-12-18",10.95,null,"Visa, J.Rangel - resale",{"$f":"+C123+C143+C144+156.04+100+C150+24.25+477.33","v":1409.125},{"$f":"919.73+464.2","v":1383.93}]
[18464,"2015-12-19",104.46,7.96,"MC"]
[18465,"2015-12-19",11.85,0.9]
[18466,"2015-12-19",253.85,19.350000000000001,"Square"]
[18467,"2015-12-19",183.97,14.02]
[18468,"2015-12-19",40.049999999999997,3.05]
[18469,"2015-12-19",280.37,21.37,"Square"]
[18470,"2015-12-19",45.47,3.47,"MC"]
[18471,"2015-12-19",9.74,0.74,"Visa"]
[18472,"2015-12-19",56.18,4.28,"Visa",{"$f":"+C153+C159+C160+C161+534.22","v":750.07},{"$f":"211.77+519.53","v":731.3}]
[18473,"2015-12-21",19.05,1.45]
[18474,"2015-12-21",20.5]
[18475,"2015-12-21",344,26.22]
[18476,"2015-12-21",0,0,null,0,{"$f":"+F165*0.97831","v":0}]
[18477,"2015-12-22",99.82,7.07,"Due"]
[18478,"2015-12-22",116.91,8.91,"$101.76 due"]
[18479,"2015-12-22",20,1.52]
[18480,"2015-12-22",138.02000000000001,10.52,"Square"]
[18481,"2015-12-22",566,null,"Carlos G - resale MX"]
[18482,"2015-12-22",358.69,2.19,"Check"]
[18483,"2015-12-22",26.95,2.0499999999999998]
[18484,"2015-12-22",17.32,1.32]
[18485,"2015-12-22",27.06,2.06,"Check"]
[18486,"2015-12-22",42,null,"George Revolution - resale"]
[18487,"2015-12-22",11.5,null,"George Revolution - resale"]
[18488,"2015-12-22",42.22,3.22]
[18489,"2015-12-22",108.77,null,"ESG - resale",{"$f":"+C169+99.82","v":237.84},231.29]
[18490,"2015-12-23",14.07,1.07]
[18491,"2015-12-23",270.63,20.63,"Discover"]
[18492,"2015-12-23",2.66,0.2]
[18493,"2015-12-23",80.710000000000008,6.15]
[18494,"2015-12-23",17.27,1.32,"Visa"]
[18495,"2015-12-23",14.07,1.07]
[18496,"2015-12-23",64.95,4.95,"Visa"]
[18497,"2015-12-23",194.85,null,"Visa, J.Rangel - resale"]
[18498,"2015-12-23",16.239999999999998,1.24,"MC"]
[18499,"2015-12-23",55.21,4.21]
[18500,"2015-12-23",21.65,1.65]
[18501,"2015-12-23",338.08,null,"Due, J.Rangel - resale"]
[18502,"2015-12-23",10.77,0.82,null,{"$f":"+C183+C185+C186+C187+106.76-0.87+65","v":464.2},{"$f":"396.42+63.21","v":459.63}]
[18503,"2015-12-24",173.2,13.2,"MC",{"$f":"+C192","v":173.2},172.29]
[18504,"2015-12-26",366.97,27.97,"MC, $266.97 due"]
[18505,"2015-12-26",32.479999999999997,2.48]
[18506,"2015-12-26",56.29,4.29,"Square"]
[18507,"2015-12-26",140.72999999999999,10.73,"Visa"]
[18508,"2015-12-26",140.72999999999999,10.73]
[18509,"2015-12-26",322,24.54,"Check"]
[18510,"2015-12-26",213,null,"Due, Chris F - resale"]
[18511,"2015-12-26",69.28,5.28,"Visa"]
[18512,"2015-12-26",27.06,2.06,"Square"]
[18513,"2015-12-26",222.7,null,"Due, J.Rangel - resale",{"$f":"100+C196+C200+83.35","v":393.36},{"$f":"306.18+81.06","v":387.24}]
[18514,"2015-12-28",18.399999999999999,1.4,"Visa"]
[18515,"2015-12-28",314.99999999999994,24.01]
[18516,"2015-12-28",140.72999999999999,10.73]
[18517,"2015-12-28",10,0.76]
[18518,"2015-12-28",81,6.17,"Visa"]
[18519,"2015-12-28",10.83,0.83]
[18520,"2015-12-28",208,15.85]
[18521,"2015-12-28",20.03,1.53,"Visa"]
[18522,"2015-12-28",154.80000000000001,11.8]
[18523,"2015-12-28",80,6.1,"Visa"]
[18524,"2015-12-28",10]
[18525,"2015-12-28",32.849999999999994,2.5,"Visa"]
[18526,"2015-12-28",114.75,8.75,"Visa"]
[18527,"2015-12-28",426,32.47,null,{"$f":"+C203+C207+C210+C212+C214+C215","v":347.03},343.22]
[18528,"2015-12-29",134.55000000000001,10.25,"Visa"]
[18529,"2015-12-29",12.99,0.99]
[18530,"2015-12-29",5,null,"J. Rangel - resale"]
[18531,"2015-12-29",5.8500000000000059,0.45,"Visa"]
[18532,"2015-12-29",27.0625,2.0625]
[18533,"2015-12-29",null,null,"See Inv 18491"]
[18534,"2015-12-29",231.11,17.61,"MC, $131.11 due"]
[18535,"2015-12-29",50.769999999999996,3.87,"AmExp"]
[18536,"2015-12-29",8.5500000000000007,0.65,"Discover"]
[18537,"2015-12-29",21.599999999999998,1.65]
[18538,"2015-12-29",23.54,null,"J. Rangel - resale"]
[18539,"2015-12-29",41.14,3.14]
[18540,"2015-12-29",16.510000000000002,1.26]
[18541,"2015-12-29",42.22,3.22,"AmExp",{"$f":"+C220+100+C225+C180+92.99","v":478.02},{"$f":"381.02+90.43","v":471.45}]
[18542,"2015-12-30",48.71,3.71,"Due, Raptor 90"]
[18543,"2015-12-30",4.0599999999999996,0.31]
[18544,"2015-12-30",-22.349999999999998,-1.7]
[18545,"2015-12-30",190.52,14.52,"Visa, overcharged $2"]
[18546,"2015-12-30",16.18,1.23,"Visa"]
[18547,"2015-12-30",16.18,1.23,null,{"$f":"+C217+C234+C235+2","v":343.25000000000006},339.09]
[18548,"2015-12-31",150,null,"J. Rangel - resale"]
[18549,"2015-12-31",10.83,0.83]
[18550,"2015-12-31",30.31,2.31,null,0,{"$f":"+F239*0.97831","v":0}]

{"sheet":"Nov-15","index":14,"n_rows":236,"n_cols":8,"rows_kept":236,"cut":false,"hidden":false,"merged":[]}
["Invoice",null,{"$f":"SUM(C3:C724)","v":23603.660000000011},{"$f":"SUM(D3:D724)","v":1690.1600000000012},null,{"$f":"SUM(F4:F724)","v":13037.93},{"$f":"SUM(G4:G724)","v":12829.710000000003},{"$f":"TODAY()","v":"2016-02-05"}]
["Number","Date","Amount","Tax","Terms"]
[18080,"2015-11-02",25.93,1.98,"MC"]
[18081,"2015-11-02",16.18,1.23]
[18082,"2015-11-02",21.05,1.6]
[18083,"2015-11-02",5.36,0.41]
[18084,"2015-11-02",184.03,14.03]
[18085,"2015-11-02",152.63,11.63,"Visa",{"$f":"+C3+C8","v":178.56},177.12]
[18086,"2015-11-03",25.98,1.98,"Visa"]
[18087,"2015-11-03",152.63,11.63,"Visa"]
[18088,"2015-11-03",196.47,14.97]
[18089,"2015-11-03",13.53,1.03]
[18090,"2015-11-03",166.71,12.71]
[18091,"2015-11-03",172.12,13.12]
[18092,"2015-11-03",20.57,1.57,"MC"]
[18093,"2015-11-03",56.29,4.29,"MC"]
[18094,"2015-11-03",240.86,18.36,"Visa"]
[18095,"2015-11-03",78.97,6.02,"Visa"]
[18096,"2015-11-03",20,1.52,"Trade"]
[18097,"2015-11-03",24.9,1.9,"Visa"]
[18098,"2015-11-03",38.700000000000003,2.95,"Visa"]
[18099,"2015-11-03",85,null,"Revolution - resale",{"$f":"+C9+C10+C15+C16+C20+C21+C17","v":559.92999999999995},551.54999999999995]
[18100,"2015-11-04",86.6,6.6,"Visa"]
[18101,"2015-11-04",43.3,3.3,"Visa"]
[18102,"2015-11-04",238.69,18.190000000000001,"Due"]
[18103,"2015-11-04",283.62,21.62,"Visa"]
[18104,"2015-11-04",7.04,0.54]
[18105,"2015-11-04",273.87,20.87]
[18106,"2015-11-04",14.559999999999999,1.1100000000000001,"Visa"]
[18107,"2015-11-04",21.65,1.65]
[18108,"2015-11-04",134.22999999999999,10.23,"Visa"]
[18109,"2015-11-04",0,0,"Due, Ref only"]
[18110,"2015-11-04",108.14,8.24,"Visa",{"$f":"+C23+C24+C29+C33+C18+C31","v":465.79999999999995},460.99]
[18111,"2015-11-05",47.63,3.63]
[18112,"2015-11-05",20,1.52]
[18113,"2015-11-05",25,1.91]
[18114,"2015-11-05",279,null,"MC, Continental Power - resale"]
[18115,"2015-11-05",59.54,4.54,"Visa"]
[18116,"2015-11-05",344.78,26.28]
[18117,"2015-11-05",21.599999999999998,1.65]
[18118,"2015-11-05",323.13,24.63]
[18119,"2015-11-05",1.62,0.12]
[18120,"2015-11-05",59.54,4.54,"Visa"]
[18121,"2015-11-05",126.65,9.65]
[18122,"2015-11-05",484,36.89,"MC"]
[18123,"2015-11-05",86.6,6.6,"Visa",{"$f":"+C37+C43+C38+C45+C46","v":968.68000000000006},950.03]
[18124,"2015-11-06",117.99,8.99,"Visa"]
[18125,"2015-11-06",46.44,3.54]
[18126,"2015-11-06",11.81,null,"Visa, ESG Kustom - resale"]
[18127,"2015-11-06",8.66,0.66,null,{"$f":"+C47+C49","v":129.79999999999998},126.94]
[18128,"2015-11-07",43.3,3.3,"Visa"]
[18129,"2015-11-07",87.47,6.67,"Visa"]
[18130,"2015-11-07",0,0,"Return, RJ"]
[18131,"2015-11-07",334,null,"Revolution - resale"]
[18132,"2015-11-07",35.67,2.72]
[18133,"2015-11-08",53.010000000000005,4.04]
[18134,"2015-11-08",8,0.61,null,{"$f":"+C51+C52+238.69","v":369.46},362.01]
[18135,"2015-11-09",173.74,13.24]
[18136,"2015-11-09",52]
[18137,"2015-11-09",85.52,6.52,"Visa"]
[18138,"2015-11-09",208.92,15.92,"Visa"]
[18139,"2015-11-09",45.360000000000007,3.46,"Visa"]
[18140,"2015-11-09",22.57,1.72,"Visa"]
[18141,"2015-11-09",194.31,14.81,"Visa"]
[18142,"2015-11-09",383.75,29.25,"MC"]
[18143,"2015-11-09",0,0,"S100, Bobbi"]
[18144,"2015-11-09",60.62,4.62,"Visa"]
[18145,"2015-11-09",609.99,46.49,"MC"]
[18146,"2015-11-09",410,31.25]
[18147,"2015-11-09",119.08,9.08,"Visa"]
[18148,"2015-11-09",16.18,1.23]
[18149,"2015-11-09",56.29,4.29]
[18150,"2015-11-09",394.03,30.03,"$194.03 due"]
[18151,"2015-11-09",21.65,1.65]
[18152,"2015-11-09",178,13.57,"Due"]
[18153,"2015-11-09",0,0,"Peter, gift",{"$f":"+C60+C61+C62+C63+C65+C67+C70+C71","v":942},908.5]
[18154,"2015-11-10",16.18,1.23,"Visa"]
[18155,"2015-11-10",11.5,null,"Due, Done Rite - resale"]
[18156,"2015-11-10",188.36,14.36,"Visa"]
[18157,"2015-11-10",60.62,4.62,"Discover"]
[18158,"2015-11-10",214.34,16.34,"$174.34 due"]
[18159,"2015-11-10",215.96,16.46,"MC"]
[18160,"2015-11-10",182.94,13.94,"Visa"]
[18161,"2015-11-10",42.22,3.22,"Visa"]
[18162,"2015-11-10",117.94,8.99,"Visa"]
[18163,"2015-11-10",0,0,"Trade",1304.3599999999999,1283.54]
[18164,"2015-11-11",101.76,7.76]
[18165,"2015-11-11",296.06,22.56,"Visa"]
[18166,"2015-11-11",527.17999999999995,40.18,"Visa"]
[18167,"2015-11-11",32.479999999999997,2.48]
[18168,"2015-11-11",15,1.1399999999999999]
[18169,"2015-11-11",43.49,3.31,"Visa"]
[18170,"2015-11-11",21.65,1.65,"Visa"]
[18171,"2015-11-11",18,null,"Due, Revolution - resale"]
[18172,"2015-11-11",54.07,4.12,"Visa",{"$f":"+C85+C89+C54+C92+C93+C95","v":1098.33},1087.9100000000001]
[18173,"2015-11-12",86.55,6.6]
[18174,"2015-11-12",352.9,26.9,"Visa"]
[18175,"2015-11-12",235,17.91]
[18176,"2015-11-12",120,9.15]
[18177,"2015-11-12",184.57,14.07,"MC"]
[18178,"2015-11-12",5.3900000000000006,0.41,"Visa",{"$f":"+C97+26.55+C100+C101+C88","v":865.47},854.35]
[18179,"2015-11-13",164.54,12.54,"Visa"]
[18180,"2015-11-13",64.95,4.95]
[18181,"2015-11-13",272.79000000000002,20.79,"Visa"]
[18182,"2015-11-13",37.830000000000005,2.88,"Visa"]
[18183,"2015-11-13",24.33,1.85]
[18184,"2015-11-13",121.78,9.2799999999999994,"Visa"]
[18185,"2015-11-13",-2.66,-0.2,"Due"]
[18186,"2015-11-13",180.24,13.74,"Visa"]
[18187,"2015-11-13",197.02,15.02]
[18188,"2015-11-13",45.47,3.47,null,{"$f":"+C102+175+C105+C107+C26","v":782.77},769.31]
[18189,"2015-11-14",85.52,6.52,"Visa"]
[18190,"2015-11-14",-2.17,-0.17]
[18191,"2015-11-14",20.459999999999997,1.56,"Visa"]
[18192,"2015-11-14",33.5,2.5499999999999998,"Visa"]
[18193,"2015-11-14",32.42,2.4700000000000002,"Trade w/Randy"]
[18194,"2015-11-14",230.57,17.57,"Visa"]
[18195,"2015-11-14",13.26,1.01,"Visa"]
[18196,"2015-11-14",34.64,2.64,"MC",{"$f":"+C112+C114+C115+C117+C118+C119","v":417.94999999999993},408.8]
[18197,"2015-11-16",16.18,1.23,"MC"]
[18198,"2015-11-16",30,2.29]
[18199,"2015-11-16",15,1.1399999999999999]
[18200,"2015-11-16",161.29,12.29,"Visa"]
[18201,"2015-11-16",70.36,5.36,"MC"]
[18202,"2015-11-16",19.489999999999998,1.49]
[18203,"2015-11-16",31.5,null,"Visa, J.Rangel - resale"]
[18204,"2015-11-16",96.34,7.34,"MC"]
[18205,"2015-11-16",42.22,3.22]
[18206,"2015-11-16",100,7.62,"Gift Cert"]
[18207,"2015-11-16",164.54,12.54]
[18208,"2015-11-16",115,8.76,"$15 only Visa",{"$f":"+C120+C123+C124+C109+C126+C127+15+C64","v":765.22},755.71]
[18209,"2015-11-17",21.599999999999998,1.65]
[18210,"2015-11-17",205.68,15.68,"MC, $130.68 Bal due"]
[18211,"2015-11-17",-13.26,-1.01]
[18212,"2015-11-17",10.83,0.83]
[18213,"2015-11-17",8.66,0.66]
[18214,"2015-11-17",198.32,null,"Due, J. Rangel - resale"]
[18215,"2015-11-17",117.99,8.99]
[18216,"2015-11-17",255.47,19.47]
[18217,"2015-11-17",66.03,5.03]
[18218,"2015-11-17",21.599999999999998,1.65,null,{"$f":"75+97.79","v":172.79000000000002},169.77]
[18219,"2015-11-18",16.78,1.28]
[18220,"2015-11-18",16.239999999999998,1.24,"Visa"]
[18221,"2015-11-18",30,2.29,"Discover"]
[18222,"2015-11-18",66.5,null,"Visa, J.Rangel - resale"]
[18223,"2015-11-18",30,null,"Visa, J.Rangel - resale"]
[18224,"2015-11-18",64.95,4.95]
[18225,"2015-11-18",12.94,0.99]
[18226,"2015-11-18",70.36,5.36,"Visa"]
[18227,"2015-11-18",53,4.04,null,{"$f":"+C143+C144+C145+C146+C149","v":213.10000000000002},208.77]
[18228,"2015-11-19",16.239999999999998,1.24]
[18229,"2015-11-19",65.599999999999994,5,"MC"]
[18230,"2015-11-19",21.65,1.65]
[18231,"2015-11-19",37.89,2.89,"MC"]
[18232,"2015-11-19",200,15.24,"Visa"]
[18233,"2015-11-19",107,8.15]
[18234,"2015-11-19",32.81,null,"Visa, ESG Kustom - resale"]
[18235,"2015-11-19",15.16,1.1599999999999999]
[18236,"2015-11-19",581.29999999999995,44.3,"Visa"]
[18237,"2015-11-19",150,11.43]
[18238,"2015-11-19",82,6.25]
[18239,"2015-11-19",106,8.08]
[18240,"2015-11-19",10.83,0.83,"Visa"]
[18241,"2015-11-19",20.98,null,"Due, J. Rangel - resale",{"$f":"+C152+C154+C155+C157+C159+C163","v":928.43},914.16]
[18242,"2015-11-20",107.17,8.17,"$47.17 due"]
[18243,"2015-11-20",19.05,1.45,"MC"]
[18244,"2015-11-20",64.95,4.95]
[18245,"2015-11-20",23.82,1.82,"Visa"]
[18246,"2015-11-20",89.85,6.85]
[18247,"2015-11-20",2.44,0.19,null,{"$f":"+C166+130.68+C168","v":173.55},169.84]
[18248,"2015-11-21",180.78,13.78,"Visa"]
[18249,"2015-11-21",75.970000000000013,5.79]
[18250,"2015-11-21",267.38,20.38,"Check, $132.38 due"]
[18251,"2015-11-21",14.97,null,"Adrenaline, resale"]
[18252,"2015-11-21",68,null,"J. Rangel - resale"]
[18253,"2015-11-21",17,null,"Visa, J.Rangel - resale"]
[18254,"2015-11-21",74.69,5.69,"Visa ($117.99 Inc Detail)"]
[18255,"2015-11-21",24.9,1.9,"MC"]
[18256,"2015-11-21",15.1,1.1499999999999999,"MC"]
[18257,"2015-11-21",90,6.86]
[18258,"2015-11-21",16.239999999999998,1.24]
[18259,"2015-11-21",55.999999999999993,4.26]
[18260,"2015-11-21",81.19,6.19,null,{"$f":"+C171+C176+C177+C178+C179+43.3+25.97","v":381.74},378.26]
[18261,"2015-11-23",6.44,0.49,"MC"]
[18262,"2015-11-23",21.65,1.65]
[18263,"2015-11-23",35.67,2.72,"MC"]
[18264,"2015-11-23",119.08,9.08,"Visa"]
[18265,"2015-11-23",90,6.86]
[18266,"2015-11-23",10,0.76]
[18267,"2015-11-23",10,0.76,null,{"$f":"+C184+C186+C187","v":161.19},157.9]
[18268,"2015-11-24",65,4.95,"MC"]
[18269,"2015-11-24",16.239999999999998,1.24]
[18270,"2015-11-24",134.18,10.23,"Visa"]
[18271,"2015-11-24",25.98,1.98]
[18272,"2015-11-24",0,0,"Chris SC1"]
[18273,"2015-11-24",28.15,2.15,null,{"$f":"+C191+C193","v":199.18},197.86]
[18274,"2015-11-25",114.75,8.75,"Visa"]
[18275,"2015-11-25",18.5,null,"MC, Resale"]
[18276,"2015-11-25",8,0.61,"Due"]
[18277,"2015-11-25",15.16,1.1599999999999999,"MC"]
[18278,"2015-11-25",250.00000000000003,19.05]
[18279,"2015-11-25",173.74,13.24,"Visa"]
[18280,"2015-11-25",24.5,null,"Due, ESG Customs"]
[18281,"2015-11-25",38.97,2.97]
[18282,"2015-11-25",610,46.49]
[18283,"2015-11-25",17,1.3,null,{"$f":"+C197+C198+C200+21.19+C202+8","v":351.34000000000003},346.91]
[18284,"2015-11-27",266.3,20.3,"Visa"]
[18285,"2015-11-27",10,0.75,"Visa"]
[18286,"2015-11-27",21.65,1.65]
[18287,"2015-11-27",15.16,1.1599999999999999]
[18288,"2015-11-27",15.05,1.1499999999999999]
[18289,"2015-11-27",5,0.38]
[18290,"2015-11-27",232.74,17.739999999999998,"$112.74 MC, $120 cash"]
[18291,"2015-11-27",114,null,"J. Rangel - resale"]
[18292,"2015-11-27",10.72,0.82]
[18293,"2015-11-27",27.06,2.06]
[18294,"2015-11-27",64.95,4.95,"MC"]
[18295,"2015-11-27",202,15.39]
[18296,"2015-11-27",161.29,12.29,"Visa"]
[18297,"2015-11-27",15,1.1399999999999999,"Trade",{"$f":"+C208+C217+112.74+C219","v":348.98},344.03]
[18298,"2015-11-28",32.479999999999997,2.48,"Visa"]
[18299,"2015-11-28",514.19000000000005,39.19,"Pd $60 cash, $240 CC Dep"]
[18300,"2015-11-28",70.149999999999991,5.35,"Visa"]
[18301,"2015-11-28",251,19.13]
[18302,"2015-11-28",22.57,1.72,"MC"]
[18303,"2015-11-28",495.79,37.79,"Due"]
[18304,"2015-11-28",150.47,11.47,"Visa"]
[18305,"2015-11-28",74.69,5.69,"Visa"]
[18306,"2015-11-28",25.72,1.96,null,{"$f":"+C221+240+C223+C225+C227+C228+C207","v":856.65999999999985},851.04]
[18307,"2015-11-30",381.04,29.04,"Visa"]
[18308,"2015-11-30",72,5.49]
[18309,"2015-11-30",21.599999999999998,1.65,"MC"]
[18310,"2015-11-30",90.93,6.93,"Due"]
[18311,"2015-11-30",205,15.62]
[18312,"2015-11-30",60,4.57]
[18313,"2015-11-30",23.82,1.82,null,{"$f":"+C230+C232","v":402.64000000000004},394.41]

{"sheet":"Oct-15","index":15,"n_rows":311,"n_cols":11,"rows_kept":311,"cut":false,"hidden":false,"merged":[]}
["Invoice",null,{"$f":"SUM(C3:C492)","v":30907.304924999989},{"$f":"SUM(D3:D492)","v":2037.2449250000006},null,{"$f":"SUM(F3:F492)","v":16068.79},{"$f":"SUM(G3:G492)","v":15848.860000000002},{"$f":"TODAY()","v":"2016-02-05"}]
["Number","Date","Amount","Tax","Terms"]
[17786,"2015-10-01",64.84,4.9400000000000004,"Visa"]
[17787,"2015-10-01",86.6,6.6,"Check"]
[17788,"2015-10-01",227.33,17.329999999999998,"Visa"]
[17789,"2015-10-01",28,2.13,"Visa"]
[17790,"2015-10-01",213,null,"MC"]
[17791,"2015-10-01",20.57,1.57,"Visa"]
[17792,"2015-10-01",null,null,"See Inv 17630"]
[17793,"2015-10-01",10.83,0.83]
[17794,"2015-10-01",21.65,1.65,"Visa"]
[17795,"2015-10-01",69.28,5.28]
[17796,"2015-10-01",140,10.67]
[17797,"2015-10-01",120,9.15]
[17798,"2015-10-01",5,0.38]
[17799,"2015-10-01",449,34.22]
[17800,"2015-10-01",45.47,3.47,null,{"$f":"+C3+C6+C7+C8+C11+27+C5","v":602.39},589.20000000000005]
[17801,"2015-10-02",50,3.81]
[17802,"2015-10-02",48.71,3.71,"Due"]
[17803,"2015-10-02",16.239999999999998,1.24]
[17804,"2015-10-02",261.97000000000003,19.97,"$240 cash, $21.97 "]
[17805,"2015-10-02",34.64,2.64]
[17806,"2015-10-02",270.63,20.63]
[17807,"2015-10-02",211.09,16.09,"Visa"]
[17808,"2015-10-02",209.46,15.96]
[17809,"2015-10-02",16.18,1.23]
[17810,"2015-10-02",9,null,"Chris F - resale",{"$f":"136.01+C24+21.97","v":369.07000000000005},365.91]
[17811,"2015-10-03",64.459999999999994,4.91,"Visa"]
[17812,"2015-10-03",34.53,2.63]
[17813,"2015-10-03",28.15,2.15,"MC"]
[17814,"2015-10-03",221.32,16.87,"Visa"]
[17815,"2015-10-03",162.91999999999999,12.42,"Check"]
[17816,"2015-10-03",213.25,16.25,"Visa"]
[17817,"2015-10-03",16.239999999999998,1.24,"MC"]
[17818,"2015-10-03",328,25,"MC"]
[17819,"2015-10-03",40,null,"Used- No tax"]
[17820,"2015-10-03",250.6,19.100000000000001,"Visa",{"$f":"+C28+C30+C31+C33+24.45+C35+C37","v":1130.23},1117.54]
[17821,"2015-10-05",145.6,11.1]
[17822,"2015-10-05",215.42000000000002,16.420000000000002,"Visa"]
[17823,"2015-10-05",16.670000000000002,1.27]
[17824,"2015-10-05",11,0.84]
[17825,"2015-10-05",271.17,20.67,"Visa"]
[17826,"2015-10-05",10.77,0.82,"Visa"]
[17827,"2015-10-05",160,null,"Due, Chris F - resale"]
[17828,"2015-10-05",12.61,0.96]
[17829,"2015-10-05",330.16,25.16,"Discover"]
[17830,"2015-10-05",173.2,13.2,"Visa"]
[17831,"2015-10-05",65,null,"Johnny - Resale"]
[17832,"2015-10-05",265.20999999999998,20.21]
[17833,"2015-10-05",46.49,3.54,"Visa"]
[17834,"2015-10-05",74.69,5.69,"MC"]
[17835,"2015-10-05",57.37,4.37,"$22.58 Due, Chgr",{"$f":"+C39+C42+C43+C46+C47+C50+C51","v":1121.9000000000001},1106.2]
[17836,"2015-10-06",7.29,null,"Visa"]
[17837,"2015-10-06",24.46,1.86,"MC"]
[17838,"2015-10-06",84.44,6.44,"Visa"]
[17839,"2015-10-06",230.57,17.57,"Due, Vespa"]
[17840,"2015-10-06",70.36,5.36]
[17841,"2015-10-06",8,0.61]
[17842,"2015-10-06",21.65,1.65,"Visa"]
[17843,"2015-10-06",5,null,"J.Rangel - resale"]
[17844,"2015-10-06",37.18,null,"J.Rangel - resale"]
[17845,"2015-10-06",11.99,0.91]
[17846,"2015-10-06",306.85000000000002,23.39,"Visa"]
[17847,"2015-10-06",19.43,1.48]
[17848,"2015-10-06",32.479999999999997,2.48]
[17849,"2015-10-06",26.3,2,"Visa"]
[17850,"2015-10-06",200,null,"Deposit only",{"$f":"+C53+C54+C59+C63+C66","v":386.55},383.37]
[17851,"2015-10-07",32.479999999999997,2.48,"Visa"]
[17852,"2015-10-07",18.349999999999998,1.4,"Visa"]
[17853,"2015-10-07",15,1.1399999999999999,"Visa"]
[17854,"2015-10-07",8,0.61,"Visa"]
[17855,"2015-10-07",1.1400000000000001,0.09]
[17856,"2015-10-07",20,1.52,"Visa"]
[17857,"2015-10-07",117,null,"Carlos - resale MX"]
[17858,"2015-10-07",200.37,15.27,"Visa"]
[17859,"2015-10-07",266.19,20.29]
[17860,"2015-10-07",521.71,39.76,"Visa, $200 dep, bal due"]
[17861,"2015-10-07",25.44,1.94,"Visa",{"$f":"+C69+C70+C71+C73+C75+200+C78","v":487.16},480.02]
[17862,"2015-10-08",2.7,0.21]
[17863,"2015-10-08",216,16.46]
[17864,"2015-10-08",43.3,3.3]
[17865,"2015-10-08",741.51,56.51,"Visa"]
[17866,"2015-10-08",10,null,"Done Rite - resale"]
[17867,"2015-10-08",24.63,1.88]
[17868,"2015-10-08",296.61,22.61,"Check"]
[17869,"2015-10-08",360,27.44,"Due"]
[17870,"2015-10-08",10.83,0.83]
[17871,"2015-10-08",32.479999999999997,2.48,null,{"$f":"C55+C82","v":825.95},822.5]
[17872,"2015-10-09",102.62,7.82,"Visa"]
[17873,"2015-10-09",31,null,"Due, Chris F - resale"]
[17874,"2015-10-09",235,17.91]
[17875,"2015-10-09",64.95,4.95]
[17876,"2015-10-09",46.49,3.54,"Visa"]
[17877,"2015-10-09",9.69,0.74]
[17878,"2015-10-09",637.29,null,"Check"]
[17879,"2015-10-09",16.239999999999998,1.24,null,{"$f":"+C93+C68+C89","v":181.59},179.39]
[17880,"2015-10-10",309.05,23.55,"Visa"]
[17881,"2015-10-10",14.559999999999999,1.1100000000000001]
[17882,"2015-10-10",19.43,1.48]
[17883,"2015-10-10",7.5200000000000005,0.56999999999999995]
[17884,"2015-10-10",21.599999999999998,1.65]
[17885,"2015-10-10",86.6,6.6,"Visa"]
[17886,"2015-10-10",113.66,8.66,"Visa"]
[17887,"2015-10-10",36.81,2.81]
[17888,"2015-10-10",17.32,1.32,"Visa"]
[17889,"2015-10-10",16.18,1.23,null,{"$f":"+C97+C102+C103+C105","v":526.63},521.38]
[17890,"2015-10-12",29.23,2.23]
[17891,"2015-10-12",64.95,4.95,"Visa"]
[17892,"2015-10-12",113.66,8.66]
[17893,"2015-10-12",73.56,5.61]
[17894,"2015-10-12",93.1,7.1,"MC"]
[17895,"2015-10-12",null,null,"Backed sale out"]
[17896,"2015-10-12",351.27,26.77,"Visa"]
[17897,"2015-10-12",10,0.76,"Visa"]
[17898,"2015-10-12",21.599999999999998,1.65]
[17899,"2015-10-12",10.72,0.82]
[17900,"2015-10-12",275,null,"Due, Chris F - resale",{"$f":"+C108+80+C111+C114+C113","v":599.31999999999994},595.16999999999996]
[17901,"2015-10-13",62.79,4.79,"Discover"]
[17902,"2015-10-13",43.3,3.3,"Visa"]
[17903,"2015-10-13",16.239999999999998,1.24]
[17904,"2015-10-13",15.16,1.1599999999999999]
[17905,"2015-10-13",514.21,38.81,"Due, Paul - Yamaha"]
[17906,"2015-10-13",6.62,0.12,"Visa"]
[17907,"2015-10-13",54.13,4.13]
[17908,"2015-10-13",37.89,2.89,"Visa"]
[17909,"2015-10-13",166.71,12.71,"Visa, Blk HD w/LEDs"]
[17910,"2015-10-13",16.670000000000002,1.27,null,{"$f":"+C118+C119+C123+50","v":162.71},160.02000000000001]
[17911,"2015-10-14",37.17,null,"Visa, ESG Custom - resale"]
[17912,"2015-10-14",51.96,3.96]
[17913,"2015-10-14",16.239999999999998,1.24,"$10 cash, $6.24 Visa"]
[17914,"2015-10-14",295.52,22.52]
[17915,"2015-10-14",28.15,2.15,"Visa"]
[17916,"2015-10-14",18,1.37]
[17917,"2015-10-14",65.819999999999993,5.0199999999999996,"MC"]
[17918,"2015-10-14",64.95,4.95,"Discover"]
[17919,"2015-10-14",139,10.59,null,{"$f":"+C125+C132+C134+6.24+C128+C135+C126","v":406.92999999999995},401.55]
[17920,"2015-10-15",109.87,8.3699999999999992,"Visa"]
[17921,"2015-10-15",29.23,2.23]
[17922,"2015-10-15",7.0100000000000007,0.53,"Visa"]
[17923,"2015-10-15",313.38,23.88,"Visa"]
[17924,"2015-10-15",61.95,3.2,"MC"]
[17925,"2015-10-15",83.820000000000007,null,"J. Rangel - resale"]
[17926,"2015-10-15",-233.19,-17.77]
[17927,"2015-10-15",142,null,"Due, Done Rite - resale"]
[17928,"2015-10-15",184.03,14.03,"MC"]
[17929,"2015-10-15",124,9.4499999999999993,null,{"$f":"+C137+C139+C141+C140+C145","v":676.24},664.34]
[17930,"2015-10-16",30.31,2.31,"Visa"]
[17931,"2015-10-16",64.900000000000006,4.95,"Visa"]
[17932,"2015-10-16",42,null,"J.Rangel - resale"]
[17933,"2015-10-16",10.83,0.83]
[17934,"2015-10-16",88,6.71,"Visa"]
[17935,"2015-10-16",53.53,4.08]
[17936,"2015-10-16",59.54,4.54,"Visa"]
[17937,"2015-10-16",33.56,2.56,"Visa"]
[17938,"2015-10-16",5.41,0.41]
[17939,"2015-10-16",102.84,7.84]
[17940,"2015-10-16",28.15,2.15]
[17941,"2015-10-16",82.27,6.27,"Visa",{"$f":"+C147+C148+C151+C153+C154+C34+C158","v":374.82},368.3]
[17942,"2015-10-17",282,21.49]
[17943,"2015-10-17",12.004925,0.91492499999999999]
[17944,"2015-10-17",139.58999999999997,10.64,"Visa"]
[17945,"2015-10-17",263.05,20.05,"Visa"]
[17946,"2015-10-17",306.89,23.39,"Visa"]
[17947,"2015-10-17",16.239999999999998,1.24,"Visa"]
[17948,"2015-10-17",10,0.76]
[17949,"2015-10-17",128.6,9.8000000000000007]
[17950,"2015-10-17",140.72999999999999,10.73,"$70.73 Visa"]
[17951,"2015-10-17",37.89,2.89]
[17952,"2015-10-17",140.62,10.72,"Visa"]
[17953,"2015-10-17",5,0.38]
[17954,"2015-10-17",199,null,"J.Rangel - resale",{"$f":"+C161+C162+C164+70.73+C169+C163","v":937.12},932.01]
[17955,"2015-10-19",36.81,2.81,"Visa"]
[17956,"2015-10-19",221.79999999999998,16.899999999999999,"MC"]
[17957,"2015-10-19",37.89,2.89,"Visa"]
[17958,"2015-10-19",147.22,11.22,"Visa"]
[17959,"2015-10-19",45.03,3.43,"Discover"]
[17960,"2015-10-19",10.83,0.83]
[17961,"2015-10-19",101.76,7.76,"Visa"]
[17962,"2015-10-19",8.61,0.66]
[17963,"2015-10-19",27.009999999999998,2.06]
[17964,"2015-10-19",250.6,19.100000000000001,"Visa"]
[17965,"2015-10-19",242.74,33.74]
[17966,"2015-10-19",10.72,0.82,null,{"$f":"+C172+C174+C175+C173+C176+C178+C181","v":841.11},826.48]
[17967,"2015-10-20",205.35,15.65,"Visa"]
[17968,"2015-10-20",10,null,"Due, Done Rite - resale"]
[17969,"2015-10-20",75,5.72]
[17970,"2015-10-20",377.36,28.76,"Due"]
[17971,"2015-10-20",24.9,1.9]
[17972,"2015-10-20",184,14.02]
[17973,"2015-10-20",53.04,4.04]
[17974,"2015-10-20",36.81,2.81,"Visa"]
[17975,"2015-10-20",211.09,16.09,"Visa"]
[17976,"2015-10-20",100,null,"Gift Cert, J. Rangel"]
[17977,"2015-10-20",195.93,14.93,"Discover"]
[17978,"2015-10-20",10.780000000000001,0.82]
[17979,"2015-10-20",10.8,null,"Due, J. Rangel - resale",{"$f":"+C184+C191+C194","v":438.09000000000003},432.04]
[17980,"2015-10-21",148.30000000000001,11.3,"Visa"]
[17981,"2015-10-21",281.45,21.45,"Visa"]
[17982,"2015-10-21",68.2,5.2]
[17983,"2015-10-21",64.95,4.95,"Visa"]
[17984,"2015-10-21",158.05000000000001,12.05,"Visa, Pd $100 down"]
[17985,"2015-10-21",699,53.27]
[17986,"2015-10-21",43.3,3.3]
[17987,"2015-10-21",140.72999999999999,10.73,"MC",{"$f":"+C197+C198+100+C204","v":670.48},665.58]
[17988,"2015-10-22",34.64,2.64,"Visa"]
[17989,"2015-10-22",167.79,12.79,"$117.79 due"]
[17990,"2015-10-22",57.26,4.3600000000000003,"MC"]
[17991,"2015-10-22",768,null,"Due, City of McAllen"]
[17992,"2015-10-22",16.18,1.23,"Visa"]
[17993,"2015-10-22",258.83,19.73]
[17994,"2015-10-22",250,null,"Due, RJ (J. Rangel) - resale"]
[17995,"2015-10-22",236.53,18.03,"$196.53 due"]
[17996,"2015-10-22",216.5,16.5,"$116.50 Due"]
[17997,"2015-10-22",280.37,21.37,"Visa"]
[17998,"2015-10-22",123.30000000000001,9.4,"MC",{"$f":"+C200+C205+C207+C209+C214+C215","v":576.70000000000005},567.03]
[17999,"2015-10-23",105,8]
[18000,"2015-10-23",20,1.52]
[18001,"2015-10-23",35.67,2.72,"MC"]
[18002,"2015-10-23",14.07,1.07]
[18003,"2015-10-23",40,3.05]
[18004,"2015-10-23",null,null,"Canciled, Chris F - resale"]
[18005,"2015-10-23",242.48,18.48,"MC, Douglas NT700"]
[18006,"2015-10-23",8,0.61]
[18007,"2015-10-23",519.6,39.6,"MC, Douglas NT700"]
[18008,"2015-10-23",21.43,1.63,"MC, Douglas NT700"]
[18009,"2015-10-23",23.229999999999997,null,"Visa"]
[18010,"2015-10-23",40,3.05]
[18011,"2015-10-23",4,0.3]
[18012,"2015-10-23",78,null,"Due, George - Resale",{"$f":"+C218+C222+C224+C225+C226+C192","v":1053.5},1028.17]
[18013,"2015-10-24",8.66,0.66]
[18014,"2015-10-24",99.2,null,"Due, Done Rite - resale",0,{"$f":"+F231*0.97831","v":0}]
[18015,"2015-10-26",5,0.38]
[18016,"2015-10-26",24.84,1.89]
[18017,"2015-10-26",21.65,1.65]
[18018,"2015-10-26",89.85,6.85,"$49.85 due"]
[18019,"2015-10-26",8,0.61]
[18020,"2015-10-26",20,null,"Palacios - resale"]
[18021,"2015-10-26",64.900000000000006,4.95,"Visa"]
[18022,"2015-10-26",146.13999999999999,11.14,"Visa"]
[18023,"2015-10-26",156,null,"Carlos - resale MX"]
[18024,"2015-10-26",37.89,2.89,"MC",{"$f":"58.05+45+C238+C239+C241","v":351.97999999999996},349.18]
[18025,"2015-10-27",44.38,3.38,"MC"]
[18026,"2015-10-27",127.74,9.74,"MC"]
[18027,"2015-10-27",16.239999999999998,1.24]
[18028,"2015-10-27",32.479999999999997,2.48,"Visa"]
[18029,"2015-10-27",32.479999999999997,2.48,"Visa"]
[18030,"2015-10-27",56.29,4.29,"Discover"]
[18031,"2015-10-27",21.65,1.65]
[18032,"2015-10-27",10,null,"Revolution - resale"]
[18033,"2015-10-27",-4.33,-0.33]
[18034,"2015-10-27",334,null,"Revolution - resale"]
[18035,"2015-10-27",3.5,null,"Revolution - resale"]
[18036,"2015-10-27",43,null,"Due, RJ (J. Rangel) - resale",{"$f":"+C242+C243+C208+C246+11.65+C245","v":1016.73},989.65]
[18037,"2015-10-28",0,0]
[18038,"2015-10-28",167.79,12.79,"Visa"]
[18039,"2015-10-28",98.51,7.51,"Visa"]
[18040,"2015-10-28",5,null,"Revolution - resale"]
[18041,"2015-10-28",8.6999999999999993,null,"MC, Revolution - resale",{"$f":"+C255+C256+C247+C258","v":331.29},327.07]
[18042,"2015-10-29",15.5,null,"Visa, Done Rite - resale"]
[18043,"2015-10-29",97.43,7.43]
[18044,"2015-10-29",279.29000000000002,21.29,"$173.29 due"]
[18045,"2015-10-29",48.71,3.71]
[18046,"2015-10-29",145,11.05,"Visa"]
[18047,"2015-10-29",40,null,"Due, J.Rangel - resale"]
[18048,"2015-10-29",186.73,14.23,"Visa"]
[18049,"2015-10-29",17.920000000000002,null,"Due, J. Rangel - resale",{"$f":"+C259+C263+C265","v":347.23},345.09]
[18050,"2015-10-30",81.140000000000015,6.18]
[18051,"2015-10-30",25.93,1.98]
[18052,"2015-10-30",-5.3900000000000006,-0.41]
[18053,"2015-10-30",120.16,9.16]
[18054,"2015-10-30",5.36,0.41]
[18055,"2015-10-30",165,12.56]
[18056,"2015-10-30",167.19,12.74]
[18057,"2015-10-30",137.47999999999999,10.48,"Visa, $63.31, bal due"]
[18058,"2015-10-30",10.83,0.83,"Visa",{"$f":"196.53+129.17+C275","v":336.53},331.72]
[18059,"2015-10-31",10.83,0.83]
[18060,"2015-10-31",10.72,0.82]
[18061,"2015-10-31",238.69,18.190000000000001,"Visa"]
[18062,"2015-10-31",49.3,3.76,"Visa"]
[18063,"2015-10-31",141.27000000000001,10.77,"Visa"]
[18064,"2015-10-31",500,38.11]
[18065,"2015-10-31",197.45000000000002,15.05,"MC"]
[18066,"2015-10-31",45,null,"Due, Chris F - resale"]
[18067,"2015-10-31",69.28,5.28,"Visa"]
[18068,"2015-10-31",37.450000000000003,2.85,"Visa"]
[18069,"2015-10-31",207.3,15.8,"Visa"]
[18070,"2015-10-31",142.62,10.87,"Visa"]
[18071,"2015-10-31",253.85,19.350000000000001,"Due"]
[18072,"2015-10-31",62.79,4.79,"MC"]
[18073,"2015-10-31",172.12,13.12]
[18074,"2015-10-31",19.43,1.48,"Visa"]
[18075,"2015-10-31",86.6,6.6,"MC"]
[18076,"2015-10-31",3.25,0.25]
[18077,"2015-10-31",70.900000000000006,5.4]
[18078,"2015-10-31",25.98,1.98]
[18079,"2015-10-31",64.95,4.95,null,{"$f":"+C278+C279+C282+C284+C285+21.65+C287+C280+C289+C291+C292+42.71+C286","v":1316.54},1299.95]
[]
[null,null,null,null,null,null,null,null,{"$f":"H1-WEEKDAY(H1,3)-7","v":"2016-01-25"},{"$f":"SUMIF(INDIRECT(TEXT(I298,\"'mmm-yy'\")&\"!B3:B400\"),I298,INDIRECT(TEXT(I298,\"'mmm-yy'\")&\"!C3:C400\"))","v":1049.8}]
[null,null,null,null,null,null,null,null,{"$f":"I298+1","v":"2016-01-26"},1659.46]
[null,null,null,null,null,null,null,null,"2016-01-27",1385.51]
[null,null,null,null,null,null,null,null,"2016-01-28",2192.1600000000003]
[null,null,null,null,null,null,null,null,"2016-01-29",950.25999999999988]
[null,null,null,null,null,null,null,null,"2016-01-30",1500.18]
[null,null,null,null,null,null,null,null,"2016-01-31",0,{"$f":"SUM(J298:J304)","v":8737.3700000000008}]
[null,null,null,null,null,null,null,null,"2016-02-01",1547.2599999999998]
[null,null,null,null,null,null,null,null,"2016-02-02",667.54]
[null,null,null,null,null,null,null,null,"2016-02-03",1405.6082249999999]
[null,null,null,null,null,null,null,null,"2016-02-04",1998.7]
[null,null,null,null,null,null,null,null,"2016-02-05",1382.0100000000002]
[null,null,null,null,null,null,null,null,"2016-02-06",0]
[null,null,null,null,null,null,null,null,"2016-02-07",0,{"$f":"SUM(J305:J311)","v":7001.1182250000002}]

{"sheet":"Sep-15","index":16,"n_rows":254,"n_cols":8,"rows_kept":254,"cut":false,"hidden":false,"merged":[]}
["Invoice",null,{"$f":"SUM(C3:C453)","v":25679.559525000001},{"$f":"SUM(D3:D453)","v":1574.6695250000005},null,{"$f":"SUM(F3:F254)","v":12756.150000000001},null,{"$f":"TODAY()","v":"2016-02-05"}]
["Number","Date","Amount","Tax","Terms"]
[17534,"2015-09-01",54.13,4.13,"Visa"]
[17535,"2015-09-01",-21.65,-1.65,"Visa"]
[17536,"2015-09-01",14.02,1.07]
[17537,"2015-09-01",211.09,16.09,"MC"]
[17538,"2015-09-01",6.5,0.5,"Visa"]
[17539,"2015-09-01",10,null,"Revolution - resale"]
[17540,"2015-09-01",259.8,19.8]
[17541,"2015-09-01",58.46,4.46,"Visa"]
[17542,"2015-09-01",97.43,7.43,"Due"]
[17543,"2015-09-01",8.61,0.66,"Visa"]
[17544,"2015-09-01",2.5,null,"Visa"]
[17545,"2015-09-01",5.95,0.45]
[17546,"2015-09-01",85.52,6.52,null,{"$f":"+C3+C4+C7+C10+C12+C6+C13","v":319.64},312.41000000000003]
[17547,"2015-09-02",53.04,4.04]
[17548,"2015-09-02",19,1.45]
[17549,"2015-09-02",37.89,2.89,"Due"]
[17550,"2015-09-02",27.48,2.09]
[17551,"2015-09-02",37.89,2.89]
[17552,"2015-09-02",17.440000000000001,null,"Visa, ESG Customs - Resale"]
[17553,"2015-09-02",23.709999999999997,1.81,"Visa"]
[17554,"2015-09-02",414,null,"Dons - Falfurious, resale",{"$f":"+C21+C22","v":41.15},40.18]
[17555,"2015-09-03",77.94,5.94]
[17556,"2015-09-03",44.38,3.38,"MC"]
[17557,"2015-09-03",12.94,0.99,"Visa"]
[17558,"2015-09-03",29.23,2.23,"MC"]
[17559,"2015-09-03",9.69,0.74]
[17560,"2015-09-03",32.479999999999997,2.48]
[17561,"2015-09-03",33,null,"Visa, Danny MotorSports - resale"]
[17562,"2015-09-03",7,0.53,"MC",{"$f":"+C25+C26+C27+C30+C31+83.2","v":209.75},205.34]
[17563,"2015-09-04",139.63999999999999,10.64]
[17564,"2015-09-04",16.239999999999998,1.24]
[17565,"2015-09-04",160,12.19]
[17566,"2015-09-04",45,null,"Visa, James Ind. - resale"]
[17567,"2015-09-04",269.54000000000002,20.54,"Visa"]
[17568,"2015-09-04",58.46,4.46,"Visa"]
[17569,"2015-09-04",29.23,2.23]
[17570,"2015-09-04",-85.52,-6.52]
[17571,"2015-09-04",80,6.1]
[17572,"2015-09-04",9.69,0.74,null,{"$f":"100+C35+C36+C37","v":473},468.58]
[17573,"2015-09-05",135.31,10.31]
[17574,"2015-09-05",665.2,50.7,"$565.20 Visa"]
[17575,"2015-09-05",2.7,0.21]
[17576,"2015-09-05",91,null,"Dirty Daves, resale"]
[17577,"2015-09-05",10.83,0.83]
[17578,"2015-09-05",499.03,38.03,"MC"]
[17579,"2015-09-05",54.13,4.13,"MC",{"$f":"+C47+C48","v":553.16},536.97]
[17580,"2015-09-07",43.19,3.29,"Visa"]
[17581,"2015-09-07",132.07,10.07]
[17582,"2015-09-07",51.6,1.65,"Visa"]
[17583,"2015-09-07",142.88999999999999,10.89]
[17584,"2015-09-07",56.29,4.29,"Visa"]
[17585,"2015-09-07",24.9,1.9]
[17586,"2015-09-07",25.98,1.98,"Visa"]
[17587,"2015-09-07",64.95,4.95]
[17588,"2015-09-07",192.69,14.69,"Visa"]
[17589,"2015-09-07",172,13.11,"Visa"]
[17590,"2015-09-07",369,28.12,"$169 due",{"$f":"+C49+C51+C53+C55+565.2+C57+C58","v":1106.95},1086.3900000000001]
[17591,"2015-09-08",5.3900000000000006,0.41]
[17592,"2015-09-08",6,0.46]
[17593,"2015-09-08",15.7,1.2]
[17594,"2015-09-08",141.81,10.81,"Visa"]
[17595,"2015-09-08",25.98,1.98,"Visa"]
[17596,"2015-09-08",50.88,3.88]
[17597,"2015-09-08",74.69,5.69,"Visa"]
[17598,"2015-09-08",38.79,null,"Visa, ESG Customs - resale"]
[17599,"2015-09-08",120,9.15]
[17600,"2015-09-08",42.22,3.22,"Visa",{"$f":"70+C66+C64+C67+C69","v":251.67999999999998},248.77]
[17601,"2015-09-09",35.72,2.72,"Visa"]
[17602,"2015-09-09",33.5,2.5499999999999998,"Visa"]
[17603,"2015-09-09",16.18,1.23,"Visa"]
[17604,"2015-09-09",26,null,"MC, Revolution - resale"]
[17605,"2015-09-09",32.479999999999997,2.48,"Due"]
[17606,"2015-09-09",214.34,16.34,"$114.34 due"]
[17607,"2015-09-09",23,1.75,null,{"$f":"+C70+C71+C72","v":85.4},83.63]
[17608,"2015-09-10",293.89999999999998,22.4]
[17609,"2015-09-10",129.9,9.9]
[17610,"2015-09-10",7.58,0.57999999999999996,"Visa"]
[17611,"2015-09-10",0,0]
[17612,"2015-09-10",10,0.76]
[17613,"2015-09-10",6.67,null,"Visa"]
[17614,"2015-09-10",90.88,6.93,"Visa"]
[17615,"2015-09-10",143.97,10.97,"MC"]
[17616,"2015-09-10",301.48,22.98]
[17617,"2015-09-10",5.41,0.41]
[17618,"2015-09-10",206.22,15.72]
[17619,"2015-09-10",4,null,"MC, Revolution - resale"]
[17620,"2015-09-10",30.04,2.29]
[17621,"2015-09-10",12.99,0.99]
[17622,"2015-09-10",413.52,31.52,"$313.52 due"]
[17623,"2015-09-10",25.98,1.98,"MC",{"$f":"+C79+C82+C83+C73+C88+C84+C92","v":305.08000000000004},300.01]
[17624,"2015-09-11",138.56,10.56,"Visa"]
[17625,"2015-09-11",7.84,null,"Adrenaline, resale"]
[17626,"2015-09-11",6.5,null,"MC, Revolution - resale"]
[17627,"2015-09-11",369,28.12,"$169 due"]
[17628,"2015-09-11",38.43,2.93,"Visa"]
[17629,"2015-09-11",8.93]
[17630,"2015-09-11",320.42,24.42,"$40.42 bal due"]
[17631,"2015-09-11",113.66,8.66,"Due",{"$f":"+C93+269.91+C95+C97","v":453.40000000000003},448.65]
[17632,"2015-09-12",11.85,0.9]
[17633,"2015-09-12",57.37,4.37,"Due"]
[17634,"2015-09-12",16.16,1.23]
[17635,"2015-09-12",33.56,2.56]
[17636,"2015-09-12",333.41,25.41,"Visa"]
[17637,"2015-09-12",6.96,null,"Visa, ESG Customs - resale"]
[17638,"2015-09-12",108.2,8.25,"Visa"]
[17639,"2015-09-12",38.75,2.95,"Visa"]
[17640,"2015-09-12",22.73,1.73]
[17641,"2015-09-12",113,8.61,null,{"$f":"+C106+C107+C108","v":153.91},151.69]
[17642,"2015-09-14",43.3,3.3]
[17643,"2015-09-14",113.66,8.66]
[17644,"2015-09-14",119.56,9.11,"$100 cash, $19.56 Visa"]
[17645,"2015-09-14",14.07,1.07]
[17646,"2015-09-14",128.76,9.81,"$8.76 Visa"]
[17647,"2015-09-14",67.12,5.12,"MC"]
[17648,"2015-09-14",24.994924999999999,1.904925]
[17649,"2015-09-14",119,9.07,"Visa"]
[17650,"2015-09-14",46.87,3.57,"Visa"]
[17651,"2015-09-14",29.23,2.23,"Visa"]
[17652,"2015-09-14",69,5.26]
[17653,"2015-09-14",94,null,"Due, Carlos G - resale"]
[17654,"2015-09-14",43.3,3.3]
[17655,"2015-09-14",43.3,3.3]
[17656,"2015-09-14",225,null,"Visa, Auto Depot - resale",{"$f":"+C116+C118+C119+C120+8.76","v":270.98},266.86]
[17657,"2015-09-15",216.5,16.5,"Visa"]
[17658,"2015-09-15",43.3,3.3]
[17659,"2015-09-15",4.5,null,"Visa"]
[17660,"2015-09-15",108.57000000000001,8.27,"$8.57 due"]
[17661,"2015-09-15",154,11.74]
[17662,"2015-09-15",81.080000000000013,6.18,"MC",{"$f":"+C126+C128+C105+19.56+C131","v":655.05000000000007},641.36]
[17663,"2015-09-16",20.0046,1.5246000000000002]
[17664,"2015-09-16",2495,null,"Due, Border Patrol"]
[17665,"2015-09-16",362.64,27.64,"MC"]
[17666,"2015-09-16",21.65,1.65,"Visa"]
[17667,"2015-09-16",84.44,6.44,"MC"]
[17668,"2015-09-16",80,6.1,null,{"$f":"+C134+C135+15","v":399.28999999999996},390.86]
[17669,"2015-09-17",737.01999999999987,56.17,"Check, Addl to Inv 17529"]
[17670,"2015-09-17",65.820000000000007,5.0199999999999996,"Discover"]
[17671,"2015-09-17",16.239999999999998,1.24]
[17672,"2015-09-17",458,null,"Visa, Chris F - resale"]
[17673,"2015-09-17",80.11,6.11,"MC"]
[17674,"2015-09-17",25.97,1.98,"Due"]
[17675,"2015-09-17",48.71,3.71,"Visa",{"$f":"71.81+C141+C142+C144","v":658.63},647.45000000000005]
[17676,"2015-09-18",132.07,10.07]
[17677,"2015-09-18",2.44,0.19,"Discover"]
[17678,"2015-09-18",10.83,0.83]
[17679,"2015-09-18",10,0.76]
[17680,"2015-09-18",7,null,"Danny - resale",{"$f":"65.82+C146","v":68.259999999999991},66.489999999999995]
[17681,"2015-09-19",5.36,0.41]
[17682,"2015-09-19",60.62,4.62]
[17683,"2015-09-19",42.22,3.22,"Visa"]
[17684,"2015-09-19",196.14999999999998,14.95,"MC"]
[17685,"2015-09-19",85.52,6.52,"Visa"]
[17686,"2015-09-19",46.49,3.54,"Visa"]
[17687,"2015-09-19",16.18,1.23]
[17688,"2015-09-19",74.69,5.69,"Visa"]
[17689,"2015-09-19",6,null,"Visa"]
[17690,"2015-09-19",135.31,10.31,"Visa"]
[17691,"2015-09-19",21,null,"J.Rangel - resale"]
[17692,"2015-09-19",32.42,2.4700000000000002,"MC"]
[17693,"2015-09-19",190,14.48,null,{"$f":"+C125+C152+C153+C154+C155+C157+C158+C159+C161","v":843.79999999999984},828.13]
[17694,"2015-09-21",176.99,13.49]
[17695,"2015-09-21",27.06,2.06,"MC"]
[17696,"2015-09-21",518,39.479999999999997]
[17697,"2015-09-21",20.57,1.57]
[17698,"2015-09-21",151,11.51,"Visa"]
[17699,"2015-09-21",13,null,"Due, Done Rite - resale"]
[17700,"2015-09-21",10.83,0.83]
[17701,"2015-09-21",262,19.97]
[17702,"2015-09-21",11,0.84]
[17703,"2015-09-21",0,0,null,{"$f":"+C164+C167","v":178.06},176.61]
[17704,"2015-09-22",17,1.3]
[17705,"2015-09-22",20,1.52]
[17706,"2015-09-22",10,0.76]
[17707,"2015-09-22",7.09,null,"Visa, ESG Customs - resale"]
[17708,"2015-09-22",15.7,1.2,"MC"]
[17709,"2015-09-22",18.5,1.41,"MC"]
[17710,"2015-09-22",64.72999999999999,4.93,"Visa",{"$f":"+C176+C177+C178+C179","v":106.01999999999998},103.31]
[17711,"2015-09-23",256.01,19.510000000000002,"Visa"]
[17712,"2015-09-23",30.69,2.34,"Visa"]
[17713,"2015-09-23",227.87,17.37]
[17714,"2015-09-23",8.01,null,"MC, Revolution - resale"]
[17715,"2015-09-23",-20.57,-1.57]
[17716,"2015-09-23",10.74,null,"Visa, ESG - resale"]
[17717,"2015-09-23",296.06,22.56,"Visa"]
[17718,"2015-09-23",285.77999999999997,21.78,"MC"]
[17719,"2015-09-23",101,null,"MC"]
[17720,"2015-09-23",107.17,8.17,"$100. Cash, $7.17 Visa"]
[17721,"2015-09-23",-84.44,-6.44,"MC"]
[17722,"2015-09-23",16.78,1.28]
[17723,"2015-09-23",30,2.29]
[17724,"2015-09-23",77.94,5.94,"Visa",{"$f":"120+C181+C183+C185+2495+C190+7.17+C193+C187","v":2950.8900000000003},3167.99,"??"]
[17725,"2015-09-24",5.36,0.41]
[17726,"2015-09-24",192,null,"Due, Done Rite - resale"]
[17727,"2015-09-24",2.71,0.21]
[17728,"2015-09-24",11,0.84]
[17729,"2015-09-24",206.22,15.72]
[17730,"2015-09-24",47.680000000000007,3.63]
[17731,"2015-09-24",510.4,38.9,"$250 MC, bal cash"]
[17732,"2015-09-24",149.38999999999999,11.39,"Visa"]
[17733,"2015-09-24",20,1.52]
[17734,"2015-09-24",147.76,11.26,"Due"]
[17735,"2015-09-24",20,1.52,null,{"$f":"250+C201","v":399.39},536.14,"??"]
[17736,"2015-09-25",54.13,4.13]
[17737,"2015-09-25",10.83,0.83,"MC"]
[17738,"2015-09-25",5,0.38]
[17739,"2015-09-25",153.72,11.72,"Due"]
[17740,"2015-09-25",121.24,9.24,"Visa"]
[17741,"2015-09-25",5.41,0.41,"Visa"]
[17742,"2015-09-25",216.5,16.5]
[17743,"2015-09-25",-25.98,-1.98]
[17744,"2015-09-25",0,null,"Trade"]
[17745,"2015-09-25",2.44,0.19]
[17746,"2015-09-25",24.5,null,"MC"]
[17747,"2015-09-25",37.89,2.89,"Visa",{"$f":"+C206+C209+C210+C216","v":175.37},173.24]
[17748,"2015-09-26",116.91,8.91,"MC"]
[17749,"2015-09-26",81.19,6.19,"Visa"]
[17750,"2015-09-26",316.63,24.13]
[17751,"2015-09-26",46.49,3.54,"Visa"]
[17752,"2015-09-26",95.59,null,"Adrenaline, resale"]
[17753,"2015-09-26",187.64000000000001,null,"J. Rangel - resale"]
[17754,"2015-09-26",135.31,10.31]
[17755,"2015-09-26",339.47,25.87,"MC"]
[17756,"2015-09-26",230,null,"Carlos G - resale MX",{"$f":"+C218+C220+C224","v":467.15000000000003},461.28]
[17757,"2015-09-28",43.19,3.29,"MC"]
[17758,"2015-09-28",19.05,1.45]
[17759,"2015-09-28",43.3,3.3,"MC"]
[17760,"2015-09-28",57,null,"J.Rangel - resale"]
[17761,"2015-09-28",86.6,6.6]
[17762,"2015-09-28",96.34,7.34,"Due, Street Bob"]
[17763,"2015-09-28",169.41,12.91,"MC"]
[17764,"2015-09-28",453.57,34.57,"Visa"]
[17765,"2015-09-28",21.599999999999998,1.65,"MC"]
[17766,"2015-09-28",32.479999999999997,2.48]
[17767,"2015-09-28",9.85,null,"Adrenaline, resale"]
[17768,"2015-09-28",340,25.91]
[17769,"2015-09-28",19.45,1.48,"Due, Peter"]
[17770,"2015-09-28",23.27,1.77,"Visa"]
[17771,"2015-09-28",81,6.17,null,{"$f":"+C217+C226+C228+C234+C215+C188+C233+169.41","v":973.4799999999999},958.96]
[17772,"2015-09-29",74.69,5.69]
[17773,"2015-09-29",154.80000000000001,11.8]
[17774,"2015-09-29",12.99,0.99,"Visa"]
[17775,"2015-09-29",178.61,13.61]
[17776,"2015-09-29",278.70999999999998,20.71,"Visa"]
[17777,"2015-09-29",50.88,3.88]
[17778,"2015-09-29",5,0.38,null,{"$f":"+C239+C243","v":36.26},35.5]
[17779,"2015-09-30",113.66,8.66,"MC"]
[17780,"2015-09-30",227.32999999999998,17.329999999999998,"$40 cash, $187.33 Visa"]
[17781,"2015-09-30",29.23,2.23]
[17782,"2015-09-30",10.83,0.83,"Due"]
[17783,"2015-09-30",17,null,"Revolution - resale"]
[17784,"2015-09-30",20,1.52]
[17785,"2015-09-30",40.700000000000003,3.1,"Visa",{"$f":"+C248+C245+187.33+C254","v":620.40000000000009},612.66999999999996]

{"sheet":"Aug-15","index":17,"n_rows":209,"n_cols":8,"rows_kept":209,"cut":false,"hidden":false,"merged":[]}
["Invoice",null,{"$f":"SUM(C3:C394)","v":23885.750000000007},{"$f":"SUM(D3:D394)","v":1412.8800000000006},null,{"$f":"SUM(F3:F209)","v":13382.599999999999},null,{"$f":"TODAY()","v":"2016-02-05"}]
["Number","Date","Amount","Tax","Terms"]
[17326,"2015-08-01",20.57,1.57,"MC"]
[17327,"2015-08-01",41.14,3.14,"Due"]
[17328,"2015-08-01",67.91,5.18]
[17329,"2015-08-01",40,3.05]
[17330,"2015-08-01",9.74,0.74]
[17331,"2015-08-01",320.90999999999997,24.46,"MC"]
[17332,"2015-08-01",41.14,3.14,"Visa"]
[17333,"2015-08-01",60.62,4.62,"Visa"]
[17334,"2015-08-01",117.99,8.99,"Visa"]
[17335,"2015-08-01",70.31,5.36,"MC"]
[17336,"2015-08-01",19.38,1.48]
[17337,"2015-08-01",59.54,4.54,"Visa",{"$f":"+C3+C8+C10+C11+C12+C14+C9","v":691.07999999999981},681.83]
[17338,"2015-08-03",72.900000000000006,4.95,"Due"]
[17339,"2015-08-03",4.0599999999999996,0.31]
[17340,"2015-08-03",37.830000000000005,2.88,"Visa"]
[17341,"2015-08-03",80.059999999999988,6.1]
[17342,"2015-08-03",1,0.08]
[17343,"2015-08-03",75.78,5.78,"Visa"]
[17344,"2015-08-03",7.3900000000000006,0.56000000000000005,null,{"$f":"+C17+C20","v":113.61000000000001},112.01]
[17345,"2015-08-04",5.41,0.41]
[17346,"2015-08-04",21.599999999999998,1.65]
[17347,"2015-08-04",81.19,6.19,"Due, Rebel"]
[17348,"2015-08-04",97.35,null,"ESG Kustoms - resale"]
[17349,"2015-08-04",2.11,0.16,"Visa"]
[17350,"2015-08-04",113.66,8.66]
[17351,"2015-08-04",95.26,7.26,null,{"$f":"+C26","v":2.11},2.0699999999999998]
[17352,"2015-08-05",35.72,2.72]
[17353,"2015-08-05",8.61,0.66]
[17354,"2015-08-05",148.30000000000001,11.3,"Visa"]
[17355,"2015-08-05",333,null,"Due, Carlos G"]
[17356,"2015-08-05",27.009999999999998,2.06,null,{"$f":"+C31+41.14","v":189.44},185.82]
[17357,"2015-08-06",1816,null,"Visa, Border Patrol"]
[17358,"2015-08-06",58.46,4.46]
[17359,"2015-08-06",290.64999999999998,22.15,"Discover"]
[17360,"2015-08-06",399.44,30.44,"Visa"]
[17361,"2015-08-06",24.24,null,"Visa",{"$f":"+C38+C37+C36+72.9","v":787.2299999999999},771.25]
[17362,"2015-08-07",182.94,13.94,"Visa"]
[17363,"2015-08-07",5.36,0.41]
[17364,"2015-08-07",29.23,2.23,"MC"]
[17365,"2015-08-07",9.69,0.74,"Visa"]
[17366,"2015-08-07",90,6.86,null,{"$f":"+C39+C41+C42","v":221.85999999999999},219.1]
[17367,"2015-08-08",140,10.67]
[17368,"2015-08-08",284.7,21.7,"MC"]
[17369,"2015-08-08",48.71,3.71,"Due, Big Jon"]
[17370,"2015-08-08",215.35999999999999,16.41,"Visa"]
[17371,"2015-08-08",547.75,41.75,"Visa, $267.75 due"]
[17372,"2015-08-08",285.77999999999997,21.78,"Visa"]
[17373,"2015-08-08",9.69,0.74]
[17374,"2015-08-08",-11.37,-0.87]
[17375,"2015-08-08",196.47,14.97,"Visa"]
[17376,"2015-08-08",35.67,2.72,"MC"]
[17377,"2015-08-08",145.06,11.06,null,{"$f":"+C45+100+280+C49+C52+C53","v":1182.6200000000001},1170.97]
[17378,"2015-08-10",279.83,21.33,"Visa"]
[17379,"2015-08-10",21.599999999999998,1.65]
[17380,"2015-08-10",562.36,42.86,"Visa"]
[17381,"2015-08-10",35,null,"Bike Rods - resale"]
[17382,"2015-08-10",56.29,4.29,"MC"]
[17383,"2015-08-10",78,null,"Carlos G - resale MX"]
[17384,"2015-08-10",147.13999999999999,11.14,"Due"]
[17385,"2015-08-10",16.18,1.23]
[17386,"2015-08-10",32.26,2.46,null,{"$f":"+C55+C57+60.3+C59","v":958.78},944.72]
[17387,"2015-08-11",55.21,4.21]
[17388,"2015-08-11",232.47,17.72,"Visa"]
[17389,"2015-08-11",281.45,21.45,"Visa"]
[17390,"2015-08-11",48.71,3.71]
[17391,"2015-08-11",285.73,21.78,"Visa"]
[17392,"2015-08-11",58.46,4.46,"Visa",{"$f":"+C65+C68+C66+C69","v":858.11000000000013},846.03]
[17393,"2015-08-12",327.02000000000004,24.92,"Visa"]
[17394,"2015-08-12",130,null,"Dirty Daves - resale"]
[17395,"2015-08-12",181,null,"L&D Outboard - resale"]
[17396,"2015-08-12",105,8]
[17397,"2015-08-12",374,28.5,"Discover",{"$f":"160+C74","v":534},523.02]
[17398,"2015-08-13",15.38,1.17]
[17399,"2015-08-13",6.5,0.5,"Visa"]
[17400,"2015-08-13",89.52,6.52,"$19.52 Visa, Bal cash"]
[17401,"2015-08-13",32,null,"Visa, ESG Customs - resale"]
[17402,"2015-08-13",14.07,1.07]
[17403,"2015-08-13",262.51,20.010000000000002,"Visa"]
[17404,"2015-08-13",215,null,"Revolution - resale"]
[17405,"2015-08-13",47.63,3.63,"Visa"]
[17406,"2015-08-13",110,null,"Revolution - resale"]
[17407,"2015-08-13",21.599999999999998,1.65,"Visa",{"$f":"+C76+C78+240.58+C82+C84+19.84+C80","v":630.66000000000008},622.54999999999995]
[17408,"2015-08-14",19.78,1.51]
[17409,"2015-08-14",47.63,3.63,"Visa"]
[17410,"2015-08-14",119.29,9.09,"$15.15 Visa"]
[17411,"2015-08-14",16.18,1.23]
[17412,"2015-08-14",203.51,15.51,"Visa"]
[17413,"2015-08-14",24.84,1.89,"Visa"]
[17414,"2015-08-14",30.31,2.31,"Visa"]
[17415,"2015-08-14",38.97,2.97]
[17416,"2015-08-14",220.29,16.79,null,{"$f":"+C86+C89+C90+C91+81.19","v":387.47999999999996},379.83]
[17417,"2015-08-15",19,null,"Visa"]
[17418,"2015-08-15",26,null,"Visa"]
[17419,"2015-08-15",20.57,1.57,"Visa"]
[17420,"2015-08-15",505.53,38.53,"$305.53 due"]
[17421,"2015-08-15",10.83,0.83]
[17422,"2015-08-15",30.31,2.31]
[17423,"2015-08-15",75.78,5.78]
[17424,"2015-08-15",59.54,4.54]
[17425,"2015-08-15",53.04,4.04]
[17426,"2015-08-15",20,null,"Dirty Daves - resale",{"$f":"+C94+C95+C96","v":65.569999999999993},64.13]
[17427,"2015-08-17",101.97,7.77,"Visa"]
[17428,"2015-08-17",28.15,2.15,"Visa"]
[17429,"2015-08-17",166.5,12.69,"Visa"]
[17430,"2015-08-17",9.69,0.74]
[17431,"2015-08-17",10,0.76,"Visa"]
[17432,"2015-08-17",250.6,19.100000000000001]
[17433,"2015-08-17",25.93,1.98]
[17434,"2015-08-17",18.349999999999998,1.4,null,{"$f":"+C104+C105+C106+C108","v":306.62},304.16000000000003]
[17435,"2015-08-18",17.32,1.32,"Due, Roller"]
[17436,"2015-08-18",24.9,1.9]
[17437,"2015-08-18",22.68,1.73]
[17438,"2015-08-18",114,8.69]
[17439,"2015-08-18",311.76,23.76,"MC"]
[17440,"2015-08-18",21.65,1.65]
[17441,"2015-08-18",27.06,2.06,"Visa"]
[17442,"2015-08-18",53.04,4.04]
[17443,"2015-08-18",5.41,0.41,"Visa",{"$f":"15.15+C116+C118+C120","v":359.38},351]
[17444,"2015-08-19",285.37,21.37,"Due, HD Dyna"]
[17445,"2015-08-19",97.43,7.43]
[17446,"2015-08-19",146.53,null,"Visa, ESG Customs - resale"]
[17447,"2015-08-19",12.29,0.94]
[17448,"2015-08-19",145]
[17449,"2015-08-19",259,19.739999999999998,null,{"$f":"+C123","v":146.53},145.71]
[17450,"2015-08-20",10.81,0.82]
[17451,"2015-08-20",51.96,3.96]
[17452,"2015-08-20",16,null,"ESG Customs - Acct"]
[17453,"2015-08-20",6.5,0.5]
[17454,"2015-08-20",258.72000000000003,19.72,"$178.72 due"]
[17455,"2015-08-20",150,11.43]
[17456,"2015-08-20",27.06,2.06,null,0,{"$f":"+F133*0.97831","v":0}]
[17457,"2015-08-21",48.71,3.71,"Randy, $38.71 due"]
[17458,"2015-08-21",5,0.38]
[17459,"2015-08-21",214.88,16.38]
[17460,"2015-08-21",10.83,0.83]
[17461,"2015-08-21",58.46,4.46]
[17462,"2015-08-21",321.5,24.5,"Visa"]
[17463,"2015-08-21",20,1.52]
[17464,"2015-08-21",45,3.43,"Visa",{"$f":"+C139+365.37+1+C141","v":732.87},722.33]
[17465,"2015-08-22",59.43,4.53,"Visa"]
[17466,"2015-08-22",217,16.54]
[17467,"2015-08-22",199,15.17]
[17468,"2015-08-22",84,null,"Dirty Daves - resale"]
[17469,"2015-08-22",122.32,9.32]
[17470,"2015-08-22",0,0]
[17471,"2015-08-22",30.42,2.3199999999999998]
[17472,"2015-08-22",2.7,0.21]
[17473,"2015-08-22",17.32,1.32,"Due"]
[17474,"2015-08-22",21.65,1.65,"Visa"]
[17475,"2015-08-22",45,3.43]
[17476,"2015-08-22",48.44,3.69,"Visa"]
[17477,"2015-08-22",11.85,0.9]
[17478,"2015-08-22",456.82,34.82,null,{"$f":"+C142+C151+C153+167.02","v":296.53999999999996},292.95999999999998]
[17479,"2015-08-24",117.99,8.99,"Visa"]
[17480,"2015-08-24",7.5200000000000005,0.56999999999999995]
[17481,"2015-08-24",23.82,1.82,"Visa"]
[17482,"2015-08-24",90.93,6.93,"Visa"]
[17483,"2015-08-24",10.83,0.83]
[17484,"2015-08-24",10.83,0.83,"Visa"]
[17485,"2015-08-24",16.239999999999998,1.24,null,{"$f":"+C156+C158+C159+C161","v":243.57000000000002},239.69]
[17486,"2015-08-25",36.75,2.8]
[17487,"2015-08-25",21.65,1.65,"Visa"]
[17488,"2015-08-25",806.46,61.46,"Due"]
[17489,"2015-08-25",1096,null,"Due, Carlos G - Resale MX"]
[17490,"2015-08-25",54.290000000000006,4.1399999999999997]
[17491,"2015-08-25",62.79,4.79,"MC"]
[17492,"2015-08-25",277.66000000000003,21.16,"Visa"]
[17493,"2015-08-25",60.62,4.62,null,{"$f":"+C34+0.03+C164+C168+C169","v":2178.13},2118.85,"$12+ low, why?"]
[17494,"2015-08-26",17.27,1.32]
[17495,"2015-08-26",113.55000000000001,8.65,"Due"]
[17496,"2015-08-26",180.12,13.73]
[17497,"2015-08-26",18.399999999999999,1.4,"Visa"]
[17498,"2015-08-26",297.69,22.69,"MC",{"$f":"+C174+C175+23.55","v":339.64},334.62]
[17499,"2015-08-27",54.13,4.13,"$34.13 MC"]
[17500,"2015-08-27",19.43,1.48]
[17501,"2015-08-27",166.71,12.71,"Visa"]
[17502,"2015-08-27",109.28,8.33,"MC",{"$f":"178.72+34.13+C178+606.46+C179","v":1095.3},1089.98]
[17503,"2015-08-28",63,4.8]
[17504,"2015-08-28",74.710000000000008,5.69,"Visa"]
[17505,"2015-08-28",162.38,12.38,"Visa ($36.81), bal Store Credit"]
[17506,"2015-08-28",12.99,0.99]
[17507,"2015-08-28",21.65,1.65,null,{"$f":"+C181+36.81","v":111.52000000000001},109.75]
[17508,"2015-08-29",396.09,30.19,"Visa"]
[17509,"2015-08-29",34.64,2.64,"Visa"]
[17510,"2015-08-29",282,null,"Due, Carlos G - Resale MX"]
[17511,"2015-08-29",9.69,0.74]
[17512,"2015-08-29",18.329999999999998,1.4]
[17514,"2015-08-29",124.43,9.48]
[17515,"2015-08-29",10.83,0.83]
[17516,"2015-08-29",19.489999999999998,1.49]
[17517,"2015-08-29",94,null,"J.Rangel - resale"]
[17518,"2015-08-29",93.23]
[17519,"2015-08-29",27,null,"Due, J.Rangel - resale",{"$f":"+C185+C186-0.48","v":430.24999999999994},428.15]
[17520,"2015-08-31",37.78,2.88,"MC"]
[17521,"2015-08-31",42,3.2]
[17522,"2015-08-31",10,0.76,"MC"]
[17523,"2015-08-31",48.71,3.71,"MC"]
[17524,"2015-08-31",208,null,"Dirty Daves - resale"]
[17525,"2015-08-31",9.69,0.74]
[17526,"2015-08-31",89.79,6.84,"MC"]
[17527,"2015-08-31",10.83,0.83]
[17528,"2015-08-31",403.77,30.77]
[17529,"2015-08-31",181,13.6,"Due, Honda 125"]
[17530,"2015-08-31",81.19,6.19,"MC"]
[17531,"2015-08-31",20,null,"J.Rangel - resale"]
[17532,"2015-08-31",85.52,6.52]
[17533,"2015-08-31",241.4,18.399999999999999,"MC",{"$f":"+C196+C198+C199+C209+10.83+C202+C206","v":519.70000000000005},510.07]

{"sheet":"Jul-15","index":18,"n_rows":238,"n_cols":8,"rows_kept":238,"cut":false,"hidden":false,"merged":[]}
["Invoice",null,{"$f":"SUM(C3:C436)","v":25794.605674999999},{"$f":"SUM(D3:D436)","v":1763.3556750000023},null,{"$f":"SUM(F3:F238)","v":13194.439999999999},null,{"$f":"TODAY()","v":"2016-02-05"}]
["Number","Date","Amount","Tax","Terms"]
[17090,"2015-07-01",125,9.5299999999999994]
[17091,"2015-07-01",144.95000000000002,11.05,"MC"]
[17092,"2015-07-01",210,16]
[17093,"2015-07-01",112.58,8.58,"Visa"]
[17094,"2015-07-01",36.5,2.78]
[17095,"2015-07-01",33.5,2.5499999999999998,"MC"]
[17096,"2015-07-01",116.91,8.91]
[17097,"2015-07-01",139.63999999999999,10.64,"MC"]
[17098,"2015-07-01",30,2.29]
[17099,"2015-07-01",10.83,0.83]
[17100,"2015-07-01",150.47,11.47,"Visa"]
[17101,"2015-07-01",150.002025,11.432024999999999]
[17102,"2015-07-01",31.39,2.39,"Due"]
[17103,"2015-07-01",9.69,0.74]
[17104,"2015-07-01",25,1.91,"Visa",{"$f":"+C4+C6+C8+C10+C13+C17","v":606.14},597.59]
[17105,"2015-07-02",196.47,14.97,"Visa"]
[17106,"2015-07-02",88.77,6.77,"$37.94 due"]
[17107,"2015-07-02",54.02,4.12,"Discover"]
[17108,"2015-07-02",43.03,3.28,"Visa",{"$f":"+C18+C20+483.88+C21","v":777.4},764.99]
[17109,"2015-07-03",167,null,"The Car Store - resale"]
[17110,"2015-07-03",155,null,"J.Rangel - resale"]
[17111,"2015-07-03",649.5,49.5,"$349.50 due"]
[17112,"2015-07-03",42.22,3.22]
[17113,"2015-07-03",212,16.16]
[17114,"2015-07-03",119.08,9.08,"MC"]
[17115,"2015-07-03",126.65,9.65,"$26.65 MC"]
[17116,"2015-07-03",181.5,13.83,null,{"$f":"322.2+C27+149.39+26.65","v":617.31999999999994},610.26]
[17117,"2015-07-06",62.79,4.79,"Visa"]
[17118,"2015-07-06",18.349999999999998,1.4]
[17119,"2015-07-06",238.1,18.149999999999999]
[17120,"2015-07-06",48,3.66]
[17121,"2015-07-06",108.2,8.25,"MC"]
[17122,"2015-07-06",54.13,4.13,"MC"]
[17123,"2015-07-06",63.87,4.87,"Due"]
[17124,"2015-07-06",257.64,19.64,"MC",{"$f":"+C34+C30+C35+C37","v":482.76},472.4]
[17125,"2015-07-07",123.41,9.41,"Due"]
[17126,"2015-07-07",218.67,16.670000000000002,"Visa"]
[17127,"2015-07-07",27.06,2.06,"Visa"]
[17128,"2015-07-07",100.67,7.67]
[17129,"2015-07-07",172.03999999999996,13.11,"MC"]
[17130,"2015-07-07",8.66,0.66,"MC"]
[17131,"2015-07-07",47.63,3.63,"Due"]
[17132,"2015-07-07",221.28000000000003,null,"MC"]
[17133,"2015-07-07",31.39,2.39,null,{"$f":"+C40+218.67+C42+C43+C45","v":647.71},639.97]
[17134,"2015-07-08",390,29.72]
[17135,"2015-07-08",113.66,8.66]
[17136,"2015-07-08",92.11999999999999,7.02,"Visa"]
[17137,"2015-07-08",16.18,1.23]
[17138,"2015-07-08",50,3.82,"Visa",{"$f":"+C51+C49","v":142.12},140.32]
[17139,"2015-07-09",5,null,"Visa, Border Patrol"]
[17140,"2015-07-09",75.78,5.78,"Visa"]
[17141,"2015-07-09",25.42,1.94,"Visa"]
[17142,"2015-07-09",142.88999999999999,10.89,"Visa"]
[17143,"2015-07-09",31.39,2.39,"Visa"]
[17144,"2015-07-09",17.32,1.32,"Due"]
[17145,"2015-07-09",295,22.48]
[17146,"2015-07-09",80,6.1,null,{"$f":"+C52+C53+C54+C55+C56","v":280.47999999999996},277.2]
[17147,"2015-07-10",327.02000000000004,24.92,"Visa"]
[17148,"2015-07-10",11.6,null,"Visa, James Ind - resale"]
[17149,"2015-07-10",5.3900000000000006,0.41]
[17150,"2015-07-10",162.38,12.38,"Visa"]
[17151,"2015-07-10",21.65,1.65]
[17152,"2015-07-10",76.319999999999993,5.82,"MC"]
[17153,"2015-07-10",43,null,"Univ Auto Repair - resale"]
[17154,"2015-07-10",35.72,2.72,"Visa"]
[17155,"2015-07-10",16.239999999999998,1.24]
[17156,"2015-07-10",30.31,2.31,"Visa"]
[17157,"2015-07-10",8,null,"Resale"]
[17158,"2015-07-10",48.660000000000004,3.71]
[17159,"2015-07-10",117.99,8.99,"Due"]
[17160,"2015-07-10",165.62,12.62,"Visa",{"$f":"100+C61+C44+C63+C65+C67+C69+100.37+C73+166.24","v":896.18999999999994},887.32]
[17161,"2015-07-11",8.66,0.66]
[17162,"2015-07-11",128.82,9.82,"MC"]
[17163,"2015-07-11",84.44,6.44]
[17164,"2015-07-11",478,36.43,"Due"]
[17165,"2015-07-11",17.27,1.32]
[17166,"2015-07-11",9.9999999999999982,0.76]
[17167,"2015-07-11",5,0.38]
[17168,"2015-07-11",3.25,0.25]
[17169,"2015-07-11",11,0.84]
[17170,"2015-07-11",138,0,"Chris F - resale, no profit"]
[17171,"2015-07-11",1.62,0.12]
[17172,"2015-07-11",64.84,4.9400000000000004,"Visa"]
[17173,"2015-07-11",10.83,0.83,"Due"]
[17174,"2015-07-11",16.239999999999998,1.24,null,{"$f":"+C75+77.25","v":206.07},{"$f":"+F87*0.97831","v":201.6003417},269.39]
[17175,"2015-07-13",70.58,5.38,"Visa"]
[17176,"2015-07-13",94,null,"Due, Revolution - resale"]
[17177,"2015-07-13",407,31.02,"$207. due"]
[17178,"2015-07-13",34.64,2.64]
[17179,"2015-07-13",106]
[17180,"2015-07-13",769.13,58.62,"Discover",{"$f":"+C88+C93","v":839.71},823.11]
[17181,"2015-07-14",16.18,1.23,"Discover"]
[17182,"2015-07-14",187.27,14.27,"M/C"]
[17183,"2015-07-14",26,1.98]
[17184,"2015-07-14",10.83,0.83]
[17185,"2015-07-14",399.44,30.44,"Visa"]
[17186,"2015-07-14",74.69,5.69,"Visa"]
[17187,"2015-07-14",440.36,33.56,null,{"$f":"+C94+C95+C98+C99","v":677.57999999999993},{"$f":"+F100*0.97831","v":662.88328979999994},600.5]
[17188,"2015-07-15",145.6,11.1]
[17189,"2015-07-15",60.62,4.62]
[17190,"2015-07-15",42.160000000000004,3.21]
[17191,"2015-07-15",0,0,"N/a"]
[17192,"2015-07-15",254.66,19.41,"Visa"]
[17193,"2015-07-15",10.77,0.82]
[17194,"2015-07-15",99.97,7.62,null,{"$f":"+C105","v":254.66},253.47]
[17195,"2015-07-16",7.58,0.57999999999999996]
[17196,"2015-07-16",253.85,19.350000000000001,"N/A"]
[17197,"2015-07-16",10.83,0.83,"Visa"]
[17198,"2015-07-16",43.239999999999995,3.3]
[17199,"2015-07-16",43.7,3.33]
[17200,"2015-07-16",232.74,17.739999999999998]
[17201,"2015-07-16",15.05,1.1499999999999999,"M/C"]
[17202,"2015-07-16",37.89,2.89,"Visa",{"$f":"+C110+C114+C115","v":63.77},{"$f":"+F115*0.97831","v":62.386828700000002},284.39]
[17203,"2015-07-17",11.85,0.9,"Visa"]
[17204,"2015-07-17",32.42,2.4700000000000002]
[17205,"2015-07-17",21.639999999999997,1.65]
[17206,"2015-07-17",224.62,17.12]
[17207,"2015-07-17",516.89,39.39,"Visa"]
[17208,"2015-07-17",10,0.76]
[17209,"2015-07-17",75.78,5.78,"Visa"]
[17210,"2015-07-17",29.23,2.23,"Visa"]
[17211,"2015-07-17",null,null,"Visa ($10.83)"]
[17212,"2015-07-17",64.84,4.9400000000000004]
[17213,"2015-07-17",172.12,13.12]
[17214,"2015-07-17",113.66,8.66,"Visa",{"$f":"+C116+C120+C122+C123+C124","v":633.75},{"$f":"+F127*0.97831","v":620.00396250000006},753.74]
[17215,"2015-07-18",64.84,4.9400000000000004,"Visa"]
[17216,"2015-07-18",78]
[17217,"2015-07-18",303.10000000000002,23.1,"Visa"]
[17218,"2015-07-18",296.06,22.56,"Due"]
[17219,"2015-07-18",12.99,0.99]
[17220,"2015-07-18",41.14,3.14,"Visa"]
[17221,"2015-07-18",200,null,"Visa"]
[17222,"2015-07-18",33.56,2.56,"MC"]
[17223,"2015-07-18",42,3.2,null,{"$f":"+C128+C130+C133+C134+C135","v":642.6400000000001},631.14]
[17224,"2015-07-20",130,9.91,"MC"]
[17225,"2015-07-20",165.08,12.58]
[17226,"2015-07-20",15.16,1.1599999999999999,"MC"]
[17227,"2015-07-20",44.5,null,"MC, Revolution - resale"]
[17228,"2015-07-20",29.23,2.23]
[17229,"2015-07-20",-75.78,-5.78,"Visa",{"$f":"+C137+C139+C142","v":69.38},66.88]
[17230,"2015-07-21",75.78,5.78,"MC"]
[17231,"2015-07-21",8.66,0.66]
[17232,"2015-07-21",1105,84.22]
[17233,"2015-07-21",0,0,"Cust mis-understanding"]
[17234,"2015-07-21",43.19,3.29,null,{"$f":"95.5+C140+C143+137.27","v":353.05},351.21]
[17235,"2015-07-22",29.169999999999998,2.2200000000000002]
[17236,"2015-07-22",31.64,2.41]
[17237,"2015-07-22",244,null,"Due, J.Rangel - resale"]
[17238,"2015-07-22",56.83,4.33,"Visa"]
[17239,"2015-07-22",32.479999999999997,2.48,"Visa"]
[17240,"2015-07-22",363.18,27.68,"Visa"]
[17241,"2015-07-22",26.3,2,"Visa"]
[17242,"2015-07-22",136.38,10.39,"Due, Pegs (Randy)",{"$f":"+C151+C152+C153+C154","v":478.79},475.53]
[17243,"2015-07-23",7.74,0.59,"Visa"]
[17244,"2015-07-23",85.52,6.52]
[17245,"2015-07-23",44.910000000000004,3.42,"Visa"]
[17246,"2015-07-23",487.13,37.130000000000003]
[17247,"2015-07-23",0,null,"Randy - $75. Scooter sale"]
[17248,"2015-07-23",38.92,2.97,"Visa"]
[17249,"2015-07-23",16.66,0.66]
[17250,"2015-07-23",140,null,"J.Rangel - resale"]
[17251,"2015-07-23",128.82,9.82]
[17252,"2015-07-23",204.59,15.59,"$139.59 Visa",{"$f":"+C158+C161+139.59","v":223.42000000000002},221.1]
[17253,"2015-07-24",16.18,1.23,"MC"]
[17254,"2015-07-24",90.03,6.86]
[17255,"2015-07-24",21.65,1.65,"Visa"]
[17256,"2015-07-24",46,3.51]
[17257,"2015-07-24",16.18,1.23,"Visa"]
[17258,"2015-07-24",81.19,6.19,"Visa"]
[17259,"2015-07-24",15.1,1.1499999999999999,"MC"]
[17260,"2015-07-24",327.89,24.99,"Visa"]
[17261,"2015-07-24",25.93,1.98]
[17262,"2015-07-24",50,3.81,"Visa"]
[17263,"2015-07-24",83.89,6.39]
[17264,"2015-07-24",192.69,14.69]
[17265,"2015-07-24",5,0.38]
[17266,"2015-07-24",21.599999999999998,1.65]
[17267,"2015-07-24",52,null,"Due, Carlos G - resale"]
[17268,"2015-07-24",20.57,1.57]
[17269,"2015-07-24",231.91,16.91,"Due"]
[17270,"2015-07-24",78.86,6.01,"Due"]
[17271,"2015-07-24",5.62,0.43,"Due, Randy",{"$f":"+C166+C156+C168+C170+C172+296.06+C173+C175+C171","v":831.99},825.52]
[17272,"2015-07-25",50.88,3.88]
[17273,"2015-07-25",31.34,2.39,"Visa"]
[17274,"2015-07-25",2.71,null,"ESG - Resale"]
[17275,"2015-07-25",9.69,0.74]
[17276,"2015-07-25",122,9.3000000000000007]
[17277,"2015-07-25",46.49,3.54,"MC"]
[17278,"2015-07-25",429.75,32.75,"$200 dep Visa"]
[17279,"2015-07-25",5.36,0.41,"Visa"]
[17280,"2015-07-25",19.489999999999998,1.49,"MC",{"$f":"+C186+C190+200+C192+C193+C182","v":534.59},524.98]
[17281,"2015-07-27",17.209999999999997,1.31]
[17282,"2015-07-27",16.239999999999998,1.24,"Visa"]
[17283,"2015-07-27",12.99,0.99]
[17284,"2015-07-27",348.5,null,"Carlos G - Resale MX"]
[17285,"2015-07-27",468.72,35.72,"Visa"]
[17286,"2015-07-27",103.92,7.92,"Visa"]
[17287,"2015-07-27",128,null,"J.Rangel - resale"]
[17288,"2015-07-27",260,null,"J.Rangel - resale"]
[17289,"2015-07-27",430,32.770000000000003,"$110. Visa"]
[17290,"2015-07-27",12,0.91,"Visa"]
[17291,"2015-07-27",105.53,8.0399999999999991,null,{"$f":"+C195+C198+C199+110+C203","v":710.88},706.12]
[17292,"2015-07-28",18.399999999999999,1.4,"Visa"]
[17293,"2015-07-28",173.2,13.2,"Visa"]
[17294,"2015-07-28",110.16,null,"ESG - Resale"]
[17295,"2015-07-28",30.31,2.31]
[17296,"2015-07-28",166.71,12.71,"Visa"]
[17297,"2015-07-28",186.19,14.19]
[17298,"2015-07-28",110.00000000000001,8.39,"$20. due"]
[17299,"2015-07-28",64.95,4.95,"$24.95 due"]
[17300,"2015-07-28",214.88,16.38]
[17301,"2015-07-28",32.479999999999997,2.48]
[17302,"2015-07-28",16.239999999999998,1.24]
[17303,"2015-07-28",29.23,2.23,"Visa",{"$f":"+C205+244+C209+138.86+C216+C206","v":770.40000000000009},760.5]
[17304,"2015-07-29",42.22,3.22]
[17305,"2015-07-29",101.76,7.76,"$100 MC, $1.76 Cash"]
[17306,"2015-07-29",12.94,0.99]
[17307,"2015-07-29",8,0.6]
[17308,"2015-07-29",60.310000000000009,4.5999999999999996,"Visa"]
[17309,"2015-07-29",null,null,"On Hold"]
[17310,"2015-07-29",62.680000000000007,4.78,"MC"]
[17311,"2015-07-29",60,null,"Due, J.Rangel - resale",{"$f":"+C221+C223+100","v":222.99},218.64]
[17312,"2015-07-30",64.95,4.95]
[17313,"2015-07-30",424.83,32.380000000000003,"Visa"]
[17314,"2015-07-30",14.44,null,"Visa"]
[17315,"2015-07-30",138,10.52,"Visa"]
[17316,"2015-07-30",10.83,0.83,"Visa"]
[17317,"2015-07-30",10,null,"Revolution - Resale"]
[17318,"2015-07-30",106.39000000000001,8.11,"Due"]
[17319,"2015-07-30",48.44,3.69,"Visa"]
[17320,"2015-07-30",495.01,37.729999999999997,"$245 MC, Bal Cash",{"$f":"+C226+C227+C228+C229+245+C232","v":881.54},866.26]
[17321,"2015-07-31",218.12,16.62,"Visa"]
[17322,"2015-07-31",101.76,7.76,"Visa"]
[17323,"2015-07-31",110.00365000000001,8.3836500000000012]
[17324,"2015-07-31",118,8.99]
[17325,"2015-07-31",29.23,2.23,"Visa",{"$f":"+C234+C235+C238","v":349.11},344.54]

{"sheet":"Jun-15","index":19,"n_rows":293,"n_cols":8,"rows_kept":293,"cut":false,"hidden":false,"merged":[]}
["Invoice",null,{"$f":"SUM(C3:C491)","v":24655.896825000014},{"$f":"SUM(D294:D491)","v":0},null,null,null,{"$f":"TODAY()","v":"2016-02-05"}]
["Number","Date","Amount","Tax","Terms"]
[16799,"2015-06-01",30,2.29,"Visa"]
[16800,"2015-06-01",11.8,0.9]
[16801,"2015-06-01",20.509999999999998,1.56,"Visa"]
[16802,"2015-06-01",-81.13,-6.18,"Visa"]
[16803,"2015-06-01",111.5,8.5,"Visa"]
[16804,"2015-06-01",97.43,7.43,"Visa"]
[16805,"2015-06-01",10.5,null,"Done Rite - resale"]
[16806,"2015-06-01",33.56,2.56,"Visa",{"$f":"+C3+C5+C6+C7+C10","v":114.44},112.31]
[16807,"2015-06-02",25.98,1.98]
[16808,"2015-06-02",15.05,1.1499999999999999]
[16809,"2015-06-02",31.61,2.41,"MC"]
[16810,"2015-06-02",26.47,2.02]
[16811,"2015-06-02",250.50132500000004,19.091325000000001,"MC"]
[16812,"2015-06-02",184,14.02]
[16813,"2015-06-02",17.32,1.32,"MC"]
[16814,"2015-06-02",5.3900000000000006,0.41]
[16815,"2015-06-02",483.75,36.869999999999997,"MC"]
[16816,"2015-06-02",81.19,6.19,"MC"]
[16817,"2015-06-02",210,null,"Due, Done Rite - resale"]
[16818,"2015-06-02",62.79,null,"MC"]
[16819,"2015-06-02",7.31]
[16820,"2015-06-02",399.44,30.44,"Visa",{"$f":"+C13+C8+C15+C17+C22+C20+C24+C19","v":1424.0313250000002},1402.17]
[16821,"2015-06-03",19.7,1.5]
[16822,"2015-06-03",60,4.58]
[16823,"2015-06-03",5,0.38]
[16824,"2015-06-03",85.52,6.52,"Visa"]
[16825,"2015-06-03",2.7,0.21]
[16826,"2015-06-03",27.5]
[16827,"2015-06-03",21.599999999999998,1.65]
[16828,"2015-06-03",143,10.9]
[16829,"2015-06-03",128.82,9.82,"Visa"]
[16830,"2015-06-03",47.63,3.63]
[16831,"2015-06-03",9.74,0.74]
[16832,"2015-06-03",26.85,2.0499999999999998,"MC"]
[16833,"2015-06-03",50.000000000000007,3.81]
[16834,"2015-06-03",11,0.84]
[16835,"2015-06-03",-31,null,"Due, Done Rite - resale"]
[16836,"2015-06-03",22.73,1.73]
[16837,"2015-06-03",9.74,0.74]
[16838,"2015-06-03",63.87,4.87,"Visa, Addl to Inv 16746"]
[16839,"2015-06-03",356.67,57.67,"Due, Apes"]
[16840,"2015-06-03",19.05,1.45]
[16841,"2015-06-03",10.72,0.82]
[16842,"2015-06-03",16.239999999999998,1.24,"MC",{"$f":"+C33+C28+C36+160+C46","v":417.42999999999995},411.06]
[16843,"2015-06-04",32.479999999999997,2.48,"Discover"]
[16844,"2015-06-04",21.599999999999998,1.65]
[16845,"2015-06-04",32.479999999999997,2.48]
[16846,"2015-06-04",97.300000000000011,7.42,"Visa"]
[16847,"2015-06-04",40,3.05,"Visa"]
[16848,"2015-06-04",12.94,0.99]
[16849,"2015-06-04",54.5,null,"Due, J Rangel - resale"]
[16850,"2015-06-04",82.27,6.27,"Visa",{"$f":"+C47+C50+C54","v":212.05},208.51]
[16851,"2015-06-05",101.76,7.76,"Visa"]
[16852,"2015-06-05",119.08,9.08]
[16853,"2015-06-05",73.069999999999993,5.57,"Visa"]
[16854,"2015-06-05",60.62,4.62,"Visa"]
[16855,"2015-06-05",260,19.82]
[16856,"2015-06-05",48.71,3.71]
[16857,"2015-06-05",164.54,12.54,null,{"$f":"+C55+C57+C58","v":235.45},232.64]
[16858,"2015-06-06",43.3,3.3]
[16859,"2015-06-06",246.27,18.77,"$100 cash, $146.27 Visa"]
[16860,"2015-06-06",105,null,"J.Rangel - resale"]
[16861,"2015-06-06",130,null,"J.Rangel - resale"]
[16862,"2015-06-06",108.99000000000001,7.01,"Visa"]
[16863,"2015-06-06",48.71,3.71,"Due, Hondamatic"]
[16864,"2015-06-06",8,0.61]
[16865,"2015-06-06",105,8,"Visa"]
[16866,"2015-06-06",265,20.2]
[16867,"2015-06-06",9.69,0.74,null,{"$f":"146.27+C69","v":251.27},248.8]
[16868,"2015-06-08",12.99,0.99,"Visa"]
[16869,"2015-06-08",320.95999999999998,24.46,"Visa"]
[16870,"2015-06-08",125,9.5299999999999994]
[16871,"2015-06-08",27,2.06]
[16872,"2015-06-08",181.86,13.86,"Visa"]
[16873,"2015-06-08",25.98,1.98]
[16874,"2015-06-08",0,0,"Pd to Randy"]
[16875,"2015-06-08",96.34,7.34,"Visa"]
[16876,"2015-06-08",16.18,1.23,null,{"$f":"+C72+C73+C76+C79","v":612.15},604.4]
[16877,"2015-06-09",153.16999999999999,11.67,"Visa"]
[16878,"2015-06-09",22,null,"The Car Store - resale"]
[16879,"2015-06-09",32.42,2.4700000000000002]
[16880,"2015-06-09",10.83,0.83,"Visa"]
[16881,"2015-06-09",32.479999999999997,2.48,"Visa"]
[16882,"2015-06-09",543.30999999999995,41.41]
[16883,"2015-06-09",283.62,21.62]
[16884,"2015-06-09",126.65,9.65,"Visa"]
[16885,"2015-06-09",30.31,2.31,"Visa"]
[16886,"2015-06-09",64.84,4.9400000000000004,"Visa"]
[16887,"2015-06-09",137,10.44]
[16888,"2015-06-09",12,0.91]
[16889,"2015-06-09",0,null,"Detail - Bobbi",{"$f":"+C81+C84+C85+C88+C89+C90","v":418.28},411.8]
[16890,"2015-06-10",13.53,1.03]
[16891,"2015-06-10",125,9.5299999999999994,"Visa"]
[16892,"2015-06-10",5,0.38,"Visa"]
[16893,"2015-06-10",120,9.15,"Visa"]
[16894,"2015-06-10",69.23,5.28]
[16895,"2015-06-10",34.64,2.64]
[16896,"2015-06-10",5,0.38]
[16897,"2015-06-10",87.68,6.68,"Due"]
[16898,"2015-06-10",8.66,0.66,"Visa"]
[16899,"2015-06-10",42,3.2]
[16900,"2015-06-10",10.780000000000001,0.82]
[16901,"2015-06-10",20,1.52,null,{"$f":"+C95+C96+C97+C102+C66+C51","v":407.65000000000003},402.49]
[16902,"2015-06-11",21.65,1.65]
[16903,"2015-06-11",21.599999999999998,1.65]
[16904,"2015-06-11",97.43,7.43,"Due"]
[16905,"2015-06-11",8.66,0.66]
[16906,"2015-06-11",87.999999999999986,6.71,"Visa"]
[16907,"2015-06-11",20.57,1.57,"Visa"]
[16908,"2015-06-11",17.32,1.32]
[16909,"2015-06-11",140,null,"Due, Carlos G"]
[16910,"2015-06-11",45,3.43]
[16911,"2015-06-11",32.479999999999997,2.48]
[16912,"2015-06-11",168,12.8,"MC",{"$f":"+C110+C111+C116","v":276.57},271.47000000000003]
[16913,"2015-06-12",5.41,0.41]
[16914,"2015-06-12",54.13,4.13]
[16915,"2015-06-12",83.35,6.35,"Due"]
[16916,"2015-06-12",1.62,0.12]
[16917,"2015-06-12",9.69,0.74]
[16918,"2015-06-12",189.98,14.48,"Visa"]
[16919,"2015-06-12",12.99,0.99]
[16920,"2015-06-12",75.78,5.78,"Check"]
[16921,"2015-06-12",453.57,34.57,"MC"]
[16922,"2015-06-12",213.25,16.25,"Due"]
[16923,"2015-06-12",40.11,3.06,"Visa"]
[16924,"2015-06-12",16.18,1.23,"Visa"]
[16925,"2015-06-12",53.04,4.04,null,{"$f":"+C122+C125+C127+C128","v":699.83999999999992},695.95]
[16926,"2015-06-13",59,null,"Due, Carlos G"]
[16927,"2015-06-13",12.99,0.99]
[16928,"2015-06-13",194.79999999999998,14.85]
[16929,"2015-06-13",25.98,1.98,"Visa"]
[16930,"2015-06-13",8.66,0.66]
[16931,"2015-06-13",85.52,6.52,"Visa",{"$f":"213.25+C133+C135+100","v":424.75},420.03]
[16932,"2015-06-15",347.48,26.48,"Due, Chevo"]
[16933,"2015-06-15",41.14,3.14,"Visa"]
[16934,"2015-06-15",5.3900000000000006,0.41,"Visa"]
[16935,"2015-06-15",10.780000000000001,0.82]
[16936,"2015-06-15",6.44,0.49]
[16937,"2015-06-15",86.6,6.6]
[16938,"2015-06-15",8.61,0.66]
[16939,"2015-06-15",25.869999999999997,1.97]
[16940,"2015-06-15",89.85,6.85,"Discover"]
[16941,"2015-06-15",213.25,16.25]
[16942,"2015-06-15",67.12,5.12,"Visa"]
[16943,"2015-06-15",162.38,12.38]
[16944,"2015-06-15",20.78,1.58,"Visa"]
[16945,"2015-06-15",112.58,8.58,"Due",{"$f":"+C137+C138+C144+C148","v":157.16},153.97]
[16946,"2015-06-16",3.25,0.25]
[16947,"2015-06-16",166.71,12.71,"Discover"]
[16948,"2015-06-16",85.52,6.52,"Visa"]
[16949,"2015-06-16",77,5.87]
[16950,"2015-06-16",108.25,8.25,"Visa"]
[16951,"2015-06-16",150,null,"Deposit only"]
[16952,"2015-06-16",27.06,2.06,"Visa"]
[16953,"2015-06-16",-49.78,null,"J. Rangel - resale"]
[16954,"2015-06-16",119.08,9.08,"MC"]
[16955,"2015-06-16",36.75,2.8]
[16956,"2015-06-16",-120,-9.15,"Visa"]
[16957,"2015-06-16",7.2,null,"J. Rangel - resale"]
[16958,"2015-06-16",345.32,26.32,"MC",{"$f":"112.58+C151+C152+C154+C156+C158+C160+C162","v":844.52},830.17]
[16959,"2015-06-17",48.71,3.71,"Visa"]
[16960,"2015-06-17",null,null,"N/A, Info only"]
[16961,"2015-06-17",105.9984,8.0784000000000002,"Cln Up"]
[16962,"2015-06-17",-4.33,-0.33,"Cash"]
[16963,"2015-06-17",258.71000000000004,19.72,"M/C"]
[16964,"2015-06-17",37.830000000000005,2.88]
[16965,"2015-06-17",-10.83,-0.83]
[16966,"2015-06-17",5,0.38]
[16967,"2015-06-17",2.7,0.21]
[16968,"2015-06-17",53.04,4.04,"Due",{"$f":"+C167+C163","v":307.42},301.89999999999998]
[16969,"2015-06-18",250.06,19.059999999999999,"Due"]
[16970,"2015-06-18",109,8.31]
[16971,"2015-06-18",160.5,12.23]
[16972,"2015-06-18",77,5.87,"Visa"]
[16973,"2015-06-18",109.49000000000001,8.34]
[16974,"2015-06-18",42.22,3.22]
[16975,"2015-06-18",20.459999999999997,1.56]
[16976,"2015-06-18",21.43,1.63]
[16977,"2015-06-18",81.19,6.19,"MC, $31.19 due"]
[16978,"2015-06-18",23.650000000000002,1.8,"Visa"]
[16979,"2015-06-18",21.65,1.65]
[16980,"2015-06-18",140,null,"Pueblo - resale"]
[16981,"2015-06-18",279.83,21.33,"MC"]
[16982,"2015-06-18",10,0.76]
[16983,"2015-06-18",58.46,4.46]
[16984,"2015-06-18",354,26.98]
[16985,"2015-06-18",74,null,"Resale - Mexico",{"$f":"50+C182+C185+60.5","v":413.98},407.54]
[16986,"2015-06-19",74.69,5.69]
[16987,"2015-06-19",265,20.2]
[16988,"2015-06-19",10.8,0.82,"Visa"]
[16989,"2015-06-19",10.83,0.83,"Visa"]
[16990,"2015-06-19",30.05,1.1499999999999999]
[16991,"2015-06-19",104,7.93,"Discover"]
[16992,"2015-06-19",27.06,2.06,"Visa"]
[16993,"2015-06-19",171.04,13.04,"Visa"]
[16994,"2015-06-19",208.92,15.92,"Visa"]
[16995,"2015-06-19",54.019999999999996,4.12,"Visa"]
[16996,"2015-06-19",42.22,3.22,"Due",{"$f":"+C192+C193+C195+C196+C197+C176+C199-22.89","v":431.86},425.23]
[16997,"2015-06-20",36.81,2.81]
[16998,"2015-06-20",18.619999999999997,1.42]
[16999,"2015-06-20",59.54,4.54,"Visa"]
[17000,"2015-06-20",118.99922500000001,9.0692250000000012,"Brad"]
[17001,"2015-06-20",25.98,1.98]
[17002,"2015-06-20",49,null,"J. Rangel - resale"]
[17003,"2015-06-20",427.53,32.58,"Discover"]
[17004,"2015-06-20",198.1,15.1,"Due"]
[17005,"2015-06-20",136.17999999999998,1.23]
[17006,"2015-06-20",20,1.52,null,{"$f":"208.92+C203+C207","v":695.99},682.34]
[17007,"2015-06-22",508.78,38.78,"Visa"]
[17008,"2015-06-22",33.020000000000003,2.52]
[17009,"2015-06-22",0,0,"J Rangel - resale"]
[17010,"2015-06-22",8.66,0.66]
[17011,"2015-06-22",4.33,0.33]
[17012,"2015-06-22",11.37,0.87]
[17013,"2015-06-22",10.83,0.83,"Visa",{"$f":"+C211+31.19+C217","v":550.80000000000007},539.95000000000005]
[17014,"2015-06-23",59.54,4.54,"Visa"]
[17015,"2015-06-23",29.08,2.2200000000000002,"$10.83 MC"]
[17016,"2015-06-23",117.99,8.99,"MC, $57.99 due"]
[17017,"2015-06-23",162,12.35]
[17018,"2015-06-23",102.84,7.84,"$42.84 due"]
[17019,"2015-06-23",12.45,0.95]
[17020,"2015-06-23",148,null,"J.Rangel - resale"]
[17021,"2015-06-23",213.36,14.36]
[17022,"2015-06-23",94.37,null,"Visa, ESG Customs - Resale",{"$f":"+C218+10.83+60+C226","v":224.74},222.63]
[17023,"2015-06-24",4.87,0.37]
[17024,"2015-06-24",100.71000000000001,null," J.Rangel - resale"]
[17025,"2015-06-24",22.73,1.73,"Due"]
[17026,"2015-06-24",85.52,6.52,"MC"]
[17027,"2015-06-24",19.7,1.5,"Visa"]
[17028,"2015-06-24",10.8,0.82,"Visa"]
[17029,"2015-06-24",25.93,1.98,"MC"]
[17030,"2015-06-24",34.86,2.66,"Visa ($51.09)"]
[17031,"2015-06-24",15.88,null,"J.Rangel - resale"]
[17032,"2015-06-24",43.08,3.28,"Visa"]
[17033,"2015-06-24",6.99,0.53]
[17034,"2015-06-24",11.99,0.91,null,{"$f":"+C230+C231+C232+C233+51.09+C236","v":236.12},231.88]
[17035,"2015-06-25",108.78999999999999,8.2899999999999991,"Visa"]
[17036,"2015-06-25",88.77,6.77]
[17037,"2015-06-25",1.49,0.11]
[17038,"2015-06-25",12.99,0.99,"Visa"]
[17039,"2015-06-25",337.2,25.7,"$312.20 due"]
[17040,"2015-06-25",5.41,0.41,"Visa"]
[17041,"2015-06-25",48.71,3.71,"Due"]
[17042,"2015-06-25",330.16,25.16,"Visa"]
[17043,"2015-06-25",438.40999999999997,33.409999999999997,"Due",{"$f":"+C239+C242+C244+C246","v":457.35},452.88]
[17044,"2015-06-26",623.29999999999995,47.5,"Visa"]
[17045,"2015-06-26",300.94,22.94,"$140.94 due"]
[17046,"2015-06-26",10.39,0.79,"Visa"]
[17047,"2015-06-26",21.65,1.65,"Due"]
[17048,"2015-06-26",48.71,3.71,"Visa"]
[17049,"2015-06-26",6,0.46]
[17050,"2015-06-26",49,3.73]
[17051,"2015-06-26",139.63999999999999,10.64]
[17052,"2015-06-26",180,13.72]
[17053,"2015-06-26",81.140000000000015,6.18]
[17054,"2015-06-26",40,3.05,"$20 due",{"$f":"250.06+C248+C250+57.99","v":941.7399999999999},933.24]
[17055,"2015-06-27",212.71,16.21]
[17056,"2015-06-27",142.83999999999997,10.89,"Visa"]
[17057,"2015-06-27",37.830000000000005,2.88]
[17058,"2015-06-27",46.55,3.55,"Visa"]
[17059,"2015-06-27",5,0.38]
[17060,"2015-06-27",18.997875000000001,1.447875,"MC"]
[17061,"2015-06-27",64.84,4.9400000000000004,"Visa"]
[17062,"2015-06-27",158.4,null,"Carlos G - resale"]
[17063,"2015-06-27",19.989999999999998,1.52,"Visa"]
[17064,"2015-06-27",231.76,17.66,"MC",{"$f":"+C260+C264+C265+C252+199+20+C262+C267+C268-23.7","v":768.98787499999992},757.38]
[17065,"2015-06-29",26.85,2.0499999999999998,"Visa"]
[17066,"2015-06-29",65.040000000000006,4.96]
[17067,"2015-06-29",200,null,"Revolution - resale"]
[17068,"2015-06-29",64.95,4.95]
[17069,"2015-06-29",25.93,1.98]
[17070,"2015-06-29",16.239999999999998,1.24,"Visa"]
[17071,"2015-06-29",70,5.33]
[17072,"2015-06-29",24.9,1.9]
[17073,"2015-06-29",280.37,21.37,"$180.37 MC"]
[17074,"2015-06-29",162.38,12.38,"Visa, $87.38 due"]
[17075,"2015-06-29",0,0]
[17076,"2015-06-29",20.57,1.57]
[17077,"2015-06-29",51,null,"Brant - resale"]
[17078,"2015-06-29",14,1.07,null,{"$f":"+C269+180.37+75+C274","v":298.46000000000004},293.67]
[17079,"2015-06-30",21.65,1.65]
[17080,"2015-06-30",346.4,26.4,"Discover"]
[17081,"2015-06-30",15.16,1.1599999999999999]
[17082,"2015-06-30",142.78,10.88,"Due (Randy to Pay)"]
[17083,"2015-06-30",165,12.57]
[17084,"2015-06-30",5,0.38]
[17085,"2015-06-30",10.77,0.82]
[17086,"2015-06-30",8,null,"Revolution - resale"]
[17087,"2015-06-30",16.239999999999998,1.24,"Visa"]
[17088,"2015-06-30",12,0.91]
[17089,"2015-06-30",139,10.59,null,{"$f":"+C284+C291","v":362.64},354.24]

{"sheet":"May-15","index":20,"n_rows":273,"n_cols":8,"rows_kept":273,"cut":false,"hidden":false,"merged":[]}
["Invoice",null,{"$f":"SUM(C3:C472)","v":32227.116400000003},{"$f":"SUM(D275:D472)","v":0},null,null,null,{"$f":"TODAY()","v":"2016-02-05"}]
["Number","Date","Amount","Tax","Terms"]
[16528,"2015-05-01",24.9,1.9,"MC"]
[16529,"2015-05-01",112.58,8.58,"Visa"]
[16530,"2015-05-01",45.410000000000004,3.46,"MC"]
[16531,"2015-05-01",22,1.68,"Visa"]
[16532,"2015-05-01",-125.57,-9.57,"Due"]
[16533,"2015-05-01",48.71,3.71,"Visa"]
[16534,"2015-05-01",114.47,8.7200000000000006]
[16535,"2015-05-01",25.680000000000003,1.96]
[16536,"2015-05-01",6.93,null,"Visa"]
[16537,"2015-05-01",24.84,1.89,"MC"]
[16538,"2015-05-01",145,null,"J.Rangel - resale"]
[16539,"2015-05-01",337.74,25.74,"CC"]
[16540,"2015-05-01",156.96,11.96]
[16541,"2015-05-01",18.5,null,"J.Rangel - resale",{"$f":"+C3+C4+C5+C6+C8+C11+C12+237.74+28","v":551.1099999999999},545.47]
[16542,"2015-05-02",9.74,0.74]
[16543,"2015-05-02",11,0.84]
[16544,"2015-05-02",47.42,3.61,"Visa"]
[16545,"2015-05-02",329.59000000000003,25.12,"Visa"]
[16546,"2015-05-02",10.83,0.83]
[16547,"2015-05-02",27.06,2.06]
[16548,"2015-05-02",21.65,1.65,"Visa"]
[16549,"2015-05-02",111.39,8.49,"MC"]
[16550,"2015-05-02",97.43,7.43,"Discover"]
[16551,"2015-05-02",286.86,21.86]
[16552,"2015-05-02",41.14,3.14,"Visa"]
[16553,"2015-05-02",23.82,1.82,"Visa",{"$f":"93.48+72.42+C20+C23+C24+C25+C27+C28","v":790.92000000000007},783.04]
[16554,"2015-05-04",280.37,21.37,"Discover"]
[16555,"2015-05-04",92.01,7.01,"Visa"]
[16556,"2015-05-04",97.37,7.42]
[16557,"2015-05-04",73.61,5.61,"Due"]
[16558,"2015-05-04",56,4.2699999999999996]
[16559,"2015-05-04",87.68,6.68,"$37.68 due, Ray"]
[16560,"2015-05-04",199.18,15.18]
[16561,"2015-05-04",13,0.99]
[16562,"2015-05-04",135,10.29,null,{"$f":"+C29+48.71+C30+67.37","v":488.46},480.37]
[16563,"2015-05-05",57,null,"Visa, Border Patrol"]
[16564,"2015-05-05",101.76,7.76]
[16565,"2015-05-05",86.6,6.6,"Visa"]
[16566,"2015-05-05",43.19,3.29]
[16567,"2015-05-05",9.34,0.71,"Visa"]
[16568,"2015-05-05",35,2.67]
[16569,"2015-05-05",129.9,9.9]
[16570,"2015-05-05",108.25,8.25,"Mike - V-Star 650"]
[16571,"2015-05-05",90,null,"Dirty Daves - resale"]
[16572,"2015-05-05",5.36,0.41]
[16573,"2015-05-05",189.98,14.48,"$89.98 due"]
[16574,"2015-05-05",98.000000000000014,7.47]
[16575,"2015-05-05",572.1,43.6,"Visa (in Sys as $609.99)"]
[16576,"2015-05-05",0,0,"Addl to Inv 16575"]
[16577,"2015-05-05",40.590000000000003,3.09]
[16578,"2015-05-05",0,0,"Due, Big Jon"]
[16579,"2015-05-05",41.76,null,"J.Rangel - resale"]
[16580,"2015-05-05",8,0.61,null,{"$f":"360+C38+C40+C42","v":512.94000000000005},502.91]
[16581,"2015-05-06",21.58,null,"J.Rangel - resale"]
[16582,"2015-05-06",289.75,22.08,"Randy, $189.75+ due"]
[16583,"2015-05-06",207,15.78,"Visa"]
[16584,"2015-05-06",17.04,null,"ESG Kustoms - resale"]
[16585,"2015-05-06",105,8]
[16586,"2015-05-06",331.79,25.29,"Visa"]
[16587,"2015-05-06",-23.82,-1.82,"Visa"]
[16588,"2015-05-06",16.18,1.23,"MC"]
[16589,"2015-05-06",56,4.2699999999999996]
[16590,"2015-05-06",40,3.3,"Visa",{"$f":"609.99+C58+C61+C62+C63+C65","v":1181.1400000000001},1159.54]
[16591,"2015-05-07",187.27,14.27,"MC"]
[16592,"2015-05-07",56.29,4.29,"MC"]
[16593,"2015-05-07",9.69,0.74]
[16594,"2015-05-07",4.33,0.33,"Due"]
[16595,"2015-05-07",365.72,27.87,"MC, D. Young"]
[16596,"2015-05-07",81.19,6.19]
[16597,"2015-05-07",331.25,25.25,"Visa"]
[16598,"2015-05-07",53,4.04]
[16599,"2015-05-07",3.5,null,"ESG Kustoms - resale"]
[16600,"2015-05-07",171,13.03,"Visa",{"$f":"100+C67+C70+C72","v":853.26},840.59]
[16601,"2015-05-08",132.61000000000001,10.11,"Visa"]
[16602,"2015-05-08",53.04,4.04]
[16603,"2015-05-08",303.64,23.14,"Visa"]
[16604,"2015-05-08",10.5,0.8]
[16605,"2015-05-08",140,null,"Due, Carlos G"]
[16606,"2015-05-08",113.66,8.66,"MC"]
[16607,"2015-05-08",42.22,3.22]
[16608,"2015-05-08",9.69,0.74]
[16609,"2015-05-08",22.73,1.73,"Visa"]
[16610,"2015-05-08",181.86,13.86,"$91.86 Visa"]
[16611,"2015-05-08",21.65,1.65,"Discover"]
[16612,"2015-05-08",15.17,1.1599999999999999]
[16613,"2015-05-08",427.59000000000003,32.590000000000003,"$127.59 Visa",{"$f":"+C75+C76+C78+C81+C84+C86","v":765.29},759.29]
[16614,"2015-05-09",37.89,2.89]
[16615,"2015-05-09",333.41,25.41,"Due"]
[16616,"2015-05-09",16.45,1.25]
[16617,"2015-05-09",64.900000000000006,4.95,"Visa"]
[16618,"2015-05-09",170,11.8]
[16619,"2015-05-09",6.5,0.5]
[16620,"2015-05-09",21,null,"James Ind - resale"]
[16621,"2015-05-09",10.83,0.83,"MC"]
[16622,"2015-05-09",16.239999999999998,1.24,null,{"$f":"91.86+127.59+C92+556.32","v":840.67000000000007},833.47]
[16623,"2015-05-11",12.99,0.99]
[16624,"2015-05-11",77.94,5.94]
[16625,"2015-05-11",25,1.91]
[16626,"2015-05-11",55.21,4.21,"MC"]
[16627,"2015-05-11",10,0.76]
[16628,"2015-05-11",93,7.09]
[16629,"2015-05-11",35.450000000000003,2.7]
[16630,"2015-05-11",142,null,"J.Rangel - resale"]
[16631,"2015-05-11",15.16,1.1599999999999999,"Visa"]
[16632,"2015-05-11",23.47,1.79,"MC, Randy"]
[16633,"2015-05-11",3.24,0.25]
[16634,"2015-05-11",14.29,1.0900000000000001]
[16635,"2015-05-11",16.13,1.23,"$10.77 Visa"]
[16636,"2015-05-11",8,0.61,"Visa"]
[16637,"2015-05-11",140.72999999999999,10.73,"Visa"]
[16638,"2015-05-11",50,3.81]
[16639,"2015-05-11",21.599999999999998,1.65]
[16640,"2015-05-11",57,4.34,null,{"$f":"+C101+C106+C107+76.53+10.77+8+87.27+0.01","v":276.42},271.10000000000002]
[16641,"2015-05-12",129.85,9.9,"Visa, Rocker C"]
[16642,"2015-05-12",168.33,12.83,"Visa"]
[16643,"2015-05-12",283.62,21.62,"Discover"]
[16644,"2015-05-12",371.3,28.3,"MC, Vespa (Blue)"]
[16645,"2015-05-12",20.57,1.57,null,{"$f":"+C117+C118+C119","v":823.25},811.26]
[16646,"2015-05-13",86.6,6.6,"Due"]
[16647,"2015-05-13",49.78,null,"Due, J. Rangel - resale"]
[16648,"2015-05-13",242,18.440000000000001,"$42. bal due"]
[16649,"2015-05-13",6.63,null,"MC, ESG Kustom - resale"]
[16650,"2015-05-13",10.5,0.8]
[16651,"2015-05-13",64.95,4.95,"Check, Honda Rebel"]
[16652,"2015-05-13",158.4,null,"Due, Carlos G - resale"]
[16653,"2015-05-13",10.83,0.83,"Visa",{"$f":"89.98+C124+C128","v":107.44},{"$f":"+F128*0.97831","v":105.1096264},"312.83 ?"]
[16654,"2015-05-14",49,null,"J. Rangel - resale"]
[16655,"2015-05-14",70,null,"Due, Fred - Bike Rods, resale"]
[16656,"2015-05-14",16.080000000000002,1.23]
[16657,"2015-05-14",269.54000000000002,20.54]
[16658,"2015-05-14",17.209999999999997,1.31]
[16659,"2015-05-14",21.996400000000001,1.6764000000000001]
[16660,"2015-05-14",21.599999999999998,1.65,"MC"]
[16661,"2015-05-14",3,0.23]
[16662,"2015-05-14",42.22,3.22,"Visa",{"$f":"+C116+C112+C135+C137","v":334.4},331.84]
[16663,"2015-05-15",140.72999999999999,10.73,"Visa"]
[16664,"2015-05-15",216.5,16.5,"$180 cash, $36.50 MC"]
[16665,"2015-05-15",60.54,4.6100000000000003,"Due, Randy"]
[16666,"2015-05-15",16.239999999999998,1.24]
[16667,"2015-05-15",103,null,"Done Rite - resale"]
[16668,"2015-05-15",98.990000000000009,7.54,"MC"]
[16669,"2015-05-15",24.9,1.9,"MC"]
[16670,"2015-05-15",460,35.06]
[16671,"2015-05-15",107.00000000000001,8.15]
[16672,"2015-05-15",22.73,1.73,"Visa"]
[16673,"2015-05-15",148.69,null,"Visa, ESG Customs - resale"]
[16674,"2015-05-15",202.43,15.43,"Visa"]
[16675,"2015-05-15",38.1,2.9]
[16676,"2015-05-15",29.23,2.23]
[16677,"2015-05-15",250,19.05,null,{"$f":"+C138+C143+36.5+C144+C147+C148+C149","v":674.97},666.48]
[16678,"2015-05-16",166.71,12.71]
[16679,"2015-05-16",8,0.61]
[16680,"2015-05-16",161.29,12.29]
[16681,"2015-05-16",41.5,3.16]
[16682,"2015-05-16",206.76,15.76,"Due"]
[16683,"2015-05-16",261.97000000000003,19.97,"$161.97 due"]
[16684,"2015-05-16",173.14999999999998,13.2,"Visa"]
[16685,"2015-05-16",215.20000000000002,16.399999999999999,"MC"]
[16686,"2015-05-16",194.85,14.85,"$94.85 MC",{"$f":"+C159+C160+94.85","v":483.20000000000005},477.64]
[16687,"2015-05-18",45,3.43]
[16688,"2015-05-18",272.25,20.75]
[16689,"2015-05-18",11.91,0.91]
[16690,"2015-05-18",36.81,2.81]
[16691,"2015-05-18",12,0.91]
[16692,"2015-05-18",11.91,0.91,"Visa"]
[16693,"2015-05-18",20,1.52]
[16694,"2015-05-18",8,0.61]
[16695,"2015-05-18",258.72000000000003,19.72,"Visa",{"$f":"+C167+C170","v":270.63000000000005},265.04000000000002]
[16696,"2015-05-19",51.36,3.91]
[16697,"2015-05-19",68.2,5.2]
[16698,"2015-05-19",21,null,"Palacios - resale"]
[16699,"2015-05-19",43.25,3.3,"Visa"]
[16700,"2015-05-19",167.79,12.79,"Visa"]
[16701,"2015-05-19",90.820000000000007,6.92,"Visa"]
[16702,"2015-05-19",31.39,2.39,"Due"]
[16703,"2015-05-19",62.79,4.79]
[16704,"2015-05-19",14.07,1.07]
[16705,"2015-05-19",221.37,16.87]
[16706,"2015-05-19",255,19.43]
[16707,"2015-05-19",500,null,"Visa, Deposit only"]
[16708,"2015-05-19",400,null,"Deposit Only",{"$f":"+C174+C176+C175+C182","v":801.86},796.03]
[16709,"2015-05-20",339.91,25.91,"Due, Oscar"]
[16710,"2015-05-20",12.15,0.93,"Due, Randy"]
[16711,"2015-05-20",14.07,1.07,"Visa"]
[16712,"2015-05-20",74.69,5.69]
[16713,"2015-05-20",126,null,"Due"]
[16714,"2015-05-20",37.89,2.89,"Due"]
[16715,"2015-05-20",0,null,"Brant, Tax only"]
[16716,"2015-05-20",81.19,6.19,"Visa"]
[16717,"2015-05-20",8.66,0.66]
[16718,"2015-05-20",146.13999999999999,11.14,"Visa",{"$f":"31.76+C186+C191+C193","v":273.15999999999997},270.77999999999997]
[16719,"2015-05-21",474.14,36.14,"Visa"]
[16720,"2015-05-21",583.36000000000013,44.46,"MC"]
[16721,"2015-05-21",26,null,"Due"]
[16722,"2015-05-21",45.47,3.47,"Due"]
[16723,"2015-05-21",74.69,5.69,"MC",{"$f":"+C194+C195","v":1057.5},1036.1199999999999]
[16724,"2015-05-22",379,28.88]
[16725,"2015-05-22",150.47,11.47,"Visa $90, $60.47 due"]
[16726,"2015-05-22",67.12,5.12,"Visa",{"$f":"74.69+90+C201","v":231.81},228.93]
[16727,"2015-05-23",81.19,6.19,"MC"]
[16728,"2015-05-23",70.36,5.36,"Visa"]
[16729,"2015-05-23",14.29,1.0900000000000001,"Visa"]
[16730,"2015-05-23",14.879999999999999,1.1299999999999999,"Visa"]
[16731,"2015-05-23",88.77,6.77]
[16732,"2015-05-23",27.06,2.06]
[16733,"2015-05-23",15.16,1.1599999999999999,"MC",{"$f":"+C202+C204+C203+C205+C208","v":195.87999999999997},191.17]
[16734,"2015-05-25",30.31,2.31,"Visa"]
[16735,"2015-05-25",85.52,6.52,"Visa"]
[16736,"2015-05-25",64.08,4.88]
[16737,"2015-05-25",286.86,21.86,"Visa"]
[16738,"2015-05-25",40,3.05,"Visa"]
[16739,"2015-05-25",142.88999999999999,10.89,"Visa"]
[16740,"2015-05-25",63.87,4.87]
[16741,"2015-05-25",15,1.1399999999999999]
[16742,"2015-05-25",6.44,0.49]
[16743,"2015-05-25",21.599999999999998,1.65]
[16744,"2015-05-25",14.02,1.07,"Visa"]
[16745,"2015-05-25",20,1.52]
[16746,"2015-05-25",194.85,14.85,"Due",{"$f":"+C209+C210+C212+C213+C214+C219","v":599.59999999999991},595.28]
[16747,"2015-05-26",149.4,null,"J. Rangel - resale"]
[16748,"2015-05-26",28.15,2.15]
[16749,"2015-05-26",12,0.91]
[16750,"2015-05-26",23.25,1.77]
[16751,"2015-05-26",86.79,6.61,"Visa"]
[16752,"2015-05-26",4850,null,"Carlos G",{"$f":"+C226","v":86.79},86.17]
[16753,"2015-05-27",122.32,9.32]
[16754,"2015-05-27",100.67,7.67,"Due"]
[16755,"2015-05-27",7.5200000000000005,0.56999999999999995]
[16756,"2015-05-27",42.22,3.22,"MC"]
[16757,"2015-05-27",17.829999999999998]
[16758,"2015-05-27",95.26,7.26]
[16759,"2015-05-27",15,1.1399999999999999,"Visa"]
[16760,"2015-05-27",60.62,4.62]
[16761,"2015-05-27",75.78,5.78,"Due"]
[16762,"2015-05-27",37.830000000000005,2.88]
[16763,"2015-05-27",267.38,20.38]
[16764,"2015-05-27",37.830000000000005,2.88,"Visa",{"$f":"+C231+C234+C239","v":95.050000000000011},92.74]
[16765,"2015-05-28",307.43,23.43,"Visa"]
[16766,"2015-05-28",108.25,8.25,"Due"]
[16767,"2015-05-28",51,null,"Done Rite - resale"]
[16768,"2015-05-28",64.95,4.95,"Due"]
[16769,"2015-05-28",86.6,6.6,"Due, scooter"]
[16770,"2015-05-28",382.12,29.12,"Visa"]
[16771,"2015-05-28",60.62,4.62]
[16772,"2015-05-28",201.89,15.39,"MC"]
[16773,"2015-05-28",6.04,null,"Visa, ESG Customs - resale"]
[16774,"2015-05-28",115.83,8.83,"Visa"]
[16775,"2015-05-28",15,1.1399999999999999,"Visa"]
[16776,"2015-05-28",40,3.05,null,{"$f":"+C240+C245+C248+C249+C247+C250","v":1028.31},1010.33]
[16777,"2015-05-29",112.5,null,"Due, Done Rite - resale"]
[16778,"2015-05-29",24.5,null,"Visa, ESG Customs - resale"]
[16779,"2015-05-29",140,null,"J. Rangel - resale"]
[16780,"2015-05-29",309.38,23.58,"Due, Honda Reflex"]
[16781,"2015-05-29",12.88,0.98]
[16782,"2015-05-29",81.13,6.18,"Visa"]
[16783,"2015-05-29",112.58,8.58]
[16784,"2015-05-29",23.82,1.82,"Visa"]
[16785,"2015-05-29",421.09000000000003,32.090000000000003,"MC"]
[16786,"2015-05-29",205,15.62,null,{"$f":"+C253+C257+C259+C260","v":550.54},543.25]
[16787,"2015-05-30",120.7,9.1999999999999993,"Visa"]
[16788,"2015-05-30",4,0.3]
[16789,"2015-05-30",201.89,15.39,"MC"]
[16790,"2015-05-30",180.78,13.78,"Visa"]
[16791,"2015-05-30",303.64,23.14,"Visa"]
[16792,"2015-05-30",8.61,0.66]
[16793,"2015-05-30",33,2.52]
[16794,"2015-05-30",16.18,1.23,"Visa"]
[16795,"2015-05-30",225,17.149999999999999,"MC"]
[16796,"2015-05-30",210.55,16.05]
[16797,"2015-05-30",70,null,"Check, $26.74 due - Done Rite"]
[16798,"2015-05-30",32.369999999999997,2.4700000000000002,"Visa",{"$f":"+C262+C264+C265+C266+C269+C270+C273+170.95","v":1251.51},1232.3800000000001]

{"sheet":"Apr-15","index":21,"n_rows":336,"n_cols":13,"rows_kept":336,"cut":false,"hidden":false,"merged":[]}
["Invoice",null,{"$f":"SUM(C3:C511)","v":38137.361000000012},{"$f":"SUM(D207:D511)","v":994.73850000000027},null,null,null,{"$f":"TODAY()","v":"2016-02-05"}]
["Number","Date","Amount","Tax","Terms"]
[16209,"2015-04-01",68,null,"Visa, Border Patrol"]
[16210,"2015-04-01",139.63999999999999,10.64]
[16211,"2015-04-01",78,null,"Visa, Border Patrol"]
[16212,"2015-04-01",95.26,7.26]
[16213,"2015-04-01",27.06,2.06,"Visa"]
[16214,"2015-04-01",331.25,25.25,"Visa"]
[16215,"2015-04-01",48.660000000000004,3.71,"Visa"]
[16216,"2015-04-01",529.88,40.380000000000003]
[16217,"2015-04-01",75,null,"Gift Cert"]
[16218,"2015-04-01",13.6,null,"Visa"]
[16219,"2015-04-01",12.99,0.99]
[16220,"2015-04-01",23.82,1.82]
[16221,"2015-04-01",117.99,8.99,"Visa"]
[16222,"2015-04-01",280.37,21.37,"Visa"]
[16223,"2015-04-01",13.479999999999999,1.03]
[16224,"2015-04-01",17.32,1.32,"MC"]
[16225,"2015-04-01",5,0.41,"Visa",{"$f":"+C5+C9+C12+C7+C15+20+C8+C16+C18+C19","v":939.25},927.4]
[16226,"2015-04-02",12.99,0.99]
[16227,"2015-04-02",253.31,19.309999999999999,"Visa"]
[16228,"2015-04-02",140.72999999999999,10.73]
[16229,"2015-04-02",182,null,"Due, Chris F - resale"]
[16230,"2015-04-02",54,null,"Dirty Daves - resale"]
[16231,"2015-04-02",43.3,3.3]
[16232,"2015-04-02",38.700000000000003,2.95,"Visa"]
[16233,"2015-04-02",436.25,33.25,"Visa"]
[16234,"2015-04-02",141.15999999999997,10.76,null,{"$f":"+C21+C26+200","v":492.01},482.36]
[16235,"2015-04-03",171.04,13.04,"Visa"]
[16236,"2015-04-03",291.19,22.19]
[16237,"2015-04-03",10,0.76]
[16238,"2015-04-03",18.349999999999998,1.4,"MC"]
[16239,"2015-04-03",20,1.52]
[16240,"2015-04-03",9.1999999999999993,0.7]
[16241,"2015-04-03",60.62,4.62,"MC"]
[16242,"2015-04-03",265.75,20.25,"Visa"]
[16243,"2015-04-03",221.91,16.91,"MC"]
[16244,"2015-04-03",20.57,1.57,"MC"]
[16245,"2015-04-03",51.96,3.96]
[16246,"2015-04-03",44.81,null,"J.Rangel - Resale"]
[16247,"2015-04-03",51.96,3.96,"Visa"]
[16248,"2015-04-03",31.39,2.39]
[16249,"2015-04-03",285.77999999999997,21.78]
[16250,"2015-04-03",156.96,11.96,"Visa"]
[16251,"2015-04-03",8,0.61,null,{"$f":"+C29+C32+C35+C36+C37+C38+C41+C44+C3","v":1035.1600000000001},1024.72]
[16252,"2015-04-04",11,0.84]
[16253,"2015-04-04",8.5,null,"Done Rite - Resale"]
[16254,"2015-04-04",48.86,3.72]
[16255,"2015-04-04",179,null,"Due, Derick - resale"]
[16256,"2015-04-04",403.77,30.77,"Check"]
[16257,"2015-04-04",-51.96,-3.96]
[16258,"2015-04-04",497.95,37.950000000000003,"Visa"]
[16259,"2015-04-04",68.41,5.21,"Visa"]
[16260,"2015-04-04",18,1.37]
[16261,"2015-04-04",160.47,12.23,"Visa"]
[16262,"2015-04-04",182.94,13.94,"Visa"]
[16263,"2015-04-04",40.049999999999997,3.05,"Visa"]
[16264,"2015-04-04",25.93,1.98,"Visa",{"$f":"250+C53+C55+C56+C57+C58","v":727.79999999999984},717.55]
[16265,"2015-04-06",48.71,3.71]
[16266,"2015-04-06",260,19.809999999999999,"Due"]
[16267,"2015-04-06",29.069999999999965,2.2200000000000002]
[16268,"2015-04-06",16.239999999999998,1.24]
[16269,"2015-04-06",159.13,12.13,"Visa"]
[16270,"2015-04-06",14.07,1.07,"Visa"]
[16271,"2015-04-06",18.399999999999999,1.4,"Check"]
[16272,"2015-04-06",37,null,"Visa, Done Rite - resale"]
[16273,"2015-04-06",32.42,2.4700000000000002,"MC"]
[16274,"2015-04-06",196.47,14.97,"Visa"]
[16275,"2015-04-06",50.88,3.88]
[16276,"2015-04-06",20,1.52]
[16277,"2015-04-06",156.96,11.96,"Visa"]
[16278,"2015-04-06",25,null,"J.Rangel - Resale"]
[16279,"2015-04-06",16.18,1.23,"Visa"]
[16280,"2015-04-06",114.69,8.74,"1976 Goldwing",{"$f":"+C63+C64+C66+C67+C68+C71+C73","v":612.23},604.91999999999996]
[16281,"2015-04-07",16.239999999999998,1.24,"Visa"]
[16282,"2015-04-07",12.99,0.99,"Visa"]
[16283,"2015-04-07",40,3.05]
[16284,"2015-04-07",10.77,0.82,"MC"]
[16285,"2015-04-07",414.00000000000006,31.55]
[16286,"2015-04-07",32,null,"Visa, Done Rite - resale"]
[16287,"2015-04-07",218.33999999999997,16.64,"Orange Yamaha",{"$f":"+C75+C76+125.46+C80","v":186.69},183.59]
[16288,"2015-04-08",74.69,5.69]
[16289,"2015-04-08",115,8.76,"MC"]
[16290,"2015-04-08",63.87,4.87,"Discover"]
[16291,"2015-04-08",20,0,"Chris F - resale"]
[16292,"2015-04-08",21.599999999999998,1.65]
[16293,"2015-04-08",9.69,0.74,"Visa"]
[16294,"2015-04-08",81.19,6.19]
[16295,"2015-04-08",70.36,5.36,"Visa"]
[16296,"2015-04-08",10.83,0.83,"Visa"]
[16297,"2015-04-08",37.830000000000005,2.88]
[16298,"2015-04-08",25.98,1.98,"MC"]
[16299,"2015-04-08",11.85,0.9,"Visa"]
[16300,"2015-04-08",100,7.62]
[16301,"2015-04-08",41.669999999999995,3.18]
[16302,"2015-04-08",17,1.3]
[16303,"2015-04-08",7,null,"Done Rite - Resale"]
[16304,"2015-04-08",60.62,4.62,"Visa"]
[16305,"2015-04-08",28.27,2.15]
[16306,"2015-04-08",49.8,3.8,"Due"]
[16307,"2015-04-08",59.68,null,"J.Rangel - Resale",{"$f":"+C84+C83+C87+C89+C90+C92+C93+C98+105.68","v":473.88000000000005},465.85]
[16308,"2015-04-09",68.14,5.19]
[16309,"2015-04-09",41,null,"Due"]
[16310,"2015-04-09",156.96,11.96]
[16311,"2015-04-09",100.50999999999999,7.66,"Visa"]
[16312,"2015-04-09",16.18,1.23,"Visa"]
[16313,"2015-04-09",25.93,1.98]
[16314,"2015-04-09",173.2,13.2]
[16315,"2015-04-09",6,0.46]
[16316,"2015-04-09",10,0.76]
[16317,"2015-04-09",31.279999999999998,2.38,"Visa"]
[16318,"2015-04-09",167.25,12.75]
[16319,"2015-04-09",444.69,33.89,"Visa"]
[16320,"2015-04-09",17,null,"Visa, James Ind - Resale"]
[16321,"2015-04-09",12.94,0.99,"Visa"]
[16322,"2015-04-09",70,null,"Fred Riddings - resale"]
[16323,"2015-04-09",104,null,"Visa"]
[16324,"2015-04-09",170.98,13.03,"Visa"]
[16325,"2015-04-09",-13,null,"Visa"]
[16326,"2015-04-09",212.71,16.21,"Visa",{"$f":"236.25+C106+C111+C114+C115+C117+C118+C119+C120+C105","v":888.85},877.74]
[16327,"2015-04-10",433,33,"Visa"]
[16328,"2015-04-10",7.58,0.57999999999999996,"Visa"]
[16329,"2015-04-10",170,12.96]
[16330,"2015-04-10",188.36,14.36,"Visa"]
[16331,"2015-04-10",644.09,49.09]
[16332,"2015-04-10",188.36,14.36,"Visa"]
[16333,"2015-04-10",37.830000000000005,2.88]
[16334,"2015-04-10",167,null,"J.Rangel - Resale"]
[16335,"2015-04-10",391.6,null,"J.Rangel - Resale"]
[16336,"2015-04-10",12.99,0.99,"Visa"]
[16337,"2015-04-10",25.93,1.98,"Visa"]
[16338,"2015-04-10",401.61,30.61,"MC"]
[16339,"2015-04-10",35,null,"J.Rangel - Resale",{"$f":"+C122+C126+C130+C131+C132","v":636.47},629.91999999999996]
[16340,"2015-04-11",159.13,12.13]
[16341,"2015-04-11",21.65,1.65,"MC"]
[16342,"2015-04-11",125.57,9.57,"MC"]
[16343,"2015-04-11",266.83999999999997,20.34,"Visa"]
[16344,"2015-04-11",8.52,null,"ESG - resale"]
[16345,"2015-04-11",0]
[16346,"2015-04-11",43.3,3.3,"Visa"]
[16347,"2015-04-11",10,0.76]
[16348,"2015-04-11",43.3,3.3,"Discover"]
[16349,"2015-04-11",487.13,37.130000000000003]
[16350,"2015-04-11",431.92,32.92,"$200. dep, $231.92 due"]
[16351,"2015-04-11",10.83,0.83]
[16352,"2015-04-11",184.57,14.07,"Visa",{"$f":"+C135+C136+C137+C121+C142+C146+247.95+C140","v":1366.1799999999998},1345.77]
[16353,"2015-04-13",113.66,8.66]
[16354,"2015-04-13",6.01,0.46]
[16355,"2015-04-13",43.84,3.34,"Visa"]
[16356,"2015-04-13",37.89,2.89,"MC"]
[16357,"2015-04-13",234.42000000000002,17.87]
[16358,"2015-04-13",8,0.61]
[16359,"2015-04-13",74.69,5.69,"Visa"]
[16360,"2015-04-13",74.69,5.69,"Visa"]
[16361,"2015-04-13",24.84,1.89,"Visa"]
[16362,"2015-04-13",40,3.05]
[16363,"2015-04-13",121.24,9.24,"Due",{"$f":"+C149+C150+C153+C154+C124+C155+9.8","v":454.11},450.65]
[16364,"2015-04-14",36.6,null,"Due, Done Rite - resale"]
[16365,"2015-04-14",83,null,"Due, Dirty Daves - resale"]
[16366,"2015-04-14",55.150000000000006,4.2,"Visa"]
[16367,"2015-04-14",18.349999999999998,1.4]
[16368,"2015-04-14",42.22,3.22,"Visa"]
[16369,"2015-04-14",117.99,8.99,"Due"]
[16370,"2015-04-14",38.97,2.97,"Visa"]
[16371,"2015-04-14",375.63,28.63]
[16372,"2015-04-14",270.08,20.58,"MC, $140.08 due"]
[16373,"2015-04-14",200.8,15.3,"MC"]
[16374,"2015-04-14",30,null,"J.Rangel - Resale",{"$f":"+C160+C162+C164+130+C167","v":467.14000000000004},460.01]
[16375,"2015-04-15",19.97,1.52]
[16376,"2015-04-15",47.63,3.63,"M/C"]
[16377,"2015-04-15",15.1,1.1499999999999999]
[16378,"2015-04-15",208.92,15.92,"$58.92 due"]
[16379,"2015-04-15",14.07,1.07]
[16380,"2015-04-15",117.99,8.99,"Visa"]
[16381,"2015-04-15",74.69,5.69,"Visa"]
[16382,"2015-04-15",10.83,0.83,"Visa"]
[16383,"2015-04-15",18.349999999999998,1.4,"Visa"]
[16384,"2015-04-15",18,null,"J.Rangel - Resale"]
[16385,"2015-04-15",68,5.18,"Due"]
[16386,"2015-04-15",36.75,2.8]
[16387,"2015-04-15",7.5200000000000005,0.56999999999999995]
[16388,"2015-04-15",11.85,0.9]
[16388,"2015-04-15",260.88249999999999,19.8825,"$180.88 due, Visa"]
[16389,"2015-04-15",70,null,"Due, J.Rangel - Resale",{"$f":"+C170+C174+C176+C175+C177+80+121.24","v":470.73},467.21]
[16390,"2015-04-16",260.88,19.88,"M/C"]
[16391,"2015-04-16",48.660000000000004,3.71,"M/C"]
[16392,"2015-04-16",41.03,3.13,"M/C"]
[16393,"2015-04-16",11.85,0.9,"Visa"]
[16394,"2015-04-16",396.2,30.2,"Visa"]
[16395,"2015-04-16",null,null,"See Inv 16398"]
[16396,"2015-04-16",44,3.35]
[16397,"2015-04-16",28.15,2.15,"Visa"]
[16398,"2015-04-16",163.39999999999998,12.45,"M/C",{"$f":"+C185+C186+C187+C188+C189+C190+C192+C174+C113","v":1349.45},{"$f":"+F193*0.97831","v":1320.1804295000002},1394.86,"1487.79 deposited"]
[16399,"2015-04-17",29,2.21]
[16400,"2015-04-17",48.660000000000004,3.71,"Visa"]
[16401,"2015-04-17",11.94,0.91]
[16402,"2015-04-17",32.42,2.4700000000000002]
[16403,"2015-04-17",15,1.1399999999999999]
[16404,"2015-04-17",119.08,9.08,null,{"$f":"+C195","v":48.660000000000004},{"$f":"+F199*0.97831","v":47.604564600000003},210.98,"207.76 deposited"]
[16405,"2015-04-18",46.49,3.54,"Visa"]
[16406,"2015-04-18",13,0.99]
[16407,"2015-04-18",530.42999999999995,40.43,"Visa, $250.43 due"]
[16408,"2015-04-18",363.72,27.72,"Visa, need to refund $46.55",{"$f":"+C200+280+C203","v":690.21},{"$f":"+F203*0.97831","v":675.23934510000004},643.73,"636.97 deposited"]
[16409,"2015-04-17",220.00000000000003,16.77,"CC Randy"]
[16410,"2015-04-17",415.01,31.63]
[16411,"2015-04-17",130,9.91,"CC Randy"]
[16412,"2015-04-18",65.004125000000002,4.9541250000000003,"CC Randy"]
[16413,"2015-04-18",220.00000000000003,16.77,"CC Randy"]
[16414,"2015-04-18",355.01,27.06,null,{"$f":"+C208+C207+C206+C204","v":635.00412500000004},"$600 after chg's, pd to Randy"]
[16415,"2015-04-20",46.49,3.54,"Visa"]
[16416,"2015-04-20",173]
[16417,"2015-04-20",2.71,0.21]
[16418,"2015-04-20",98.51,7.51]
[16419,"2015-04-20",283.62,21.62,"Visa"]
[16420,"2015-04-20",105,8,"Visa"]
[16421,"2015-04-20",154.26,11.76,"Visa"]
[16422,"2015-04-20",35.72,2.72]
[16423,"2015-04-20",11.91,0.91,"Visa",{"$f":"+C210+C214+C215+C216+C218","v":601.28},596.27]
[16424,"2015-04-21",216.5,16.5,"MC"]
[16425,"2015-04-21",1057.5999999999999,80.599999999999994,"Due, 2007 Dyna"]
[16426,"2015-04-21",0,0,"Ref Inv 16425"]
[16427,"2015-04-21",421.09000000000003,32.090000000000003,"Visa"]
[16428,"2015-04-21",11.85,0.9]
[16429,"2015-04-21",75.78,5.78]
[16430,"2015-04-21",11,0.84]
[16431,"2015-04-21",15,null,"Chris F - resale"]
[16432,"2015-04-21",173.2,13.2,"Visa"]
[16433,"2015-04-21",49.8,3.8,"Visa"]
[16434,"2015-04-21",151.55000000000001,11.55,"$51.55 due"]
[16435,"2015-04-21",64.95,4.95,"Visa"]
[16436,"2015-04-21",235.71437499999999,17.964375,"Visa, $135.71 due"]
[16437,"2015-04-21",64.41,4.91,"Visa",{"$f":"+C219+225+C227+C228+100+C232","v":828.91},{"$f":"+F232*0.97831","v":810.93094209999992}]
[16438,"2015-04-22",31,null,"James Ind - resale"]
[16439,"2015-04-22",108.25,8.25,"MC"]
[16440,"2015-04-22",49.8,3.8,"MC"]
[16441,"2015-04-22",74.69,5.69,"Visa"]
[16442,"2015-04-22",92.01,7.01,"Visa",null,null,1453.13]
[16443,"2015-04-22",24.9,1.9]
[16444,"2015-04-22",188.29999999999998,14.35,"Visa"]
[16445,"2015-04-22",231.11,17.61]
[16446,"2015-04-22",18.349999999999998,1.4,"Visa"]
[16447,"2015-04-22",345.32,26.32,"$245.32 due"]
[16448,"2015-04-22",20.57,1.57,"Visa"]
[16449,"2015-04-22",155.12,11.82,null,{"$f":"+C234+C235+C236+C241+C243+C239","v":459.96000000000004},{"$f":"+F244*0.97831","v":449.98346760000004}]
[16450,"2015-04-22",18.399999999999999,1.4]
[16451,"2015-04-23",25.93,1.98,"Visa"]
[16452,"2015-04-23",253.25,19.3,"Due"]
[16453,"2015-04-23",86.6,6.6,"Visa"]
[16454,"2015-04-23",29.23,2.23,"Visa"]
[16455,"2015-04-23",14.969999999999999,1.1399999999999999]
[16456,"2015-04-23",42.830000000000005,2.88,"Visa"]
[16457,"2015-04-23",74.69,5.69,"Visa"]
[16458,"2015-04-23",53.04,4.04]
[16459,"2015-04-23",15,1.1399999999999999]
[16460,"2015-04-23",27.06,2.06]
[16461,"2015-04-23",41.14,3.14,"Visa",{"$f":"+C246+C248+C249+C251+C252+34.64+C256","v":335.05999999999995},330.75]
[16462,"2015-04-24",60.62,4.62]
[16463,"2015-04-24",-86.6,-6.6,"Visa"]
[16464,"2015-04-24",4.8899999999999997,null,"ESG - resale"]
[16465,"2015-04-24",194.85,14.85]
[16466,"2015-04-24",299.85000000000002,22.85,"MC"]
[16467,"2015-04-24",342.07,26.07,"MC"]
[16468,"2015-04-24",54.13,4.13,"Visa"]
[16469,"2015-04-24",69.999999999999986,5.33]
[16470,"2015-04-24",81.73,6.23,"Visa",{"$f":"444.96+C258+C262+196.09+C263+92.01+C265+24.8","v":1149.19},1142.1099999999999]
[16471,"2015-04-25",45.010000000000005,3.43]
[16472,"2015-04-25",16.239999999999998,1.24]
[16473,"2015-04-25",5.3900000000000006,0.41]
[16474,"2015-04-25",23.82,1.82,"Visa"]
[16475,"2015-04-25",120,9.15]
[16476,"2015-04-25",8.61,0.66]
[16477,"2015-04-25",55,null,"J.Rangel - Resale"]
[16478,"2015-04-25",206.76,15.76,null,{"$f":"+C269+C261+101.15","v":424.82000000000005},415.88]
[16479,"2015-04-27",71.45,5.45,"Visa"]
[16480,"2015-04-27",206.22,15.72]
[16481,"2015-04-27",31.39,2.39]
[16482,"2015-04-27",140.72999999999999,10.73,"Visa"]
[16483,"2015-04-27",10.83,0.83]
[16484,"2015-04-27",20,1.52]
[16485,"2015-04-27",129.9,9.9,"MC"]
[16486,"2015-04-27",115.77000000000001,8.82]
[16487,"2015-04-27",11,0.84]
[16488,"2015-04-27",18.399999999999999,1.4]
[16489,"2015-04-27",122,null,"Due, Dirty Daves - resale"]
[16490,"2015-04-27",181.86,13.86]
[16491,"2015-04-27",58.46,4.46,"Visa"]
[16492,"2015-04-27",0,0,"Free",{"$f":"100+C277+C280+C286+241.93","v":671.02},661.05]
[16493,"2015-04-28",172.12,13.12,"Visa"]
[16494,"2015-04-28",42.870000000000005,3.27,"Due"]
[16495,"2015-04-28",177.53,13.53,"MC"]
[16496,"2015-04-28",2.1100000000000003,0.16]
[16497,"2015-04-28",248.98,18.98,"Visa"]
[16498,"2015-04-28",48.550000000000004,3.7,"Visa"]
[16499,"2015-04-28",149.93,11.43,"Visa"]
[16500,"2015-04-28",1106.32,84.32,"Visa"]
[16501,"2015-04-28",18.940000000000001,1.44]
[16502,"2015-04-28",41,3.12,"Visa",{"$f":"+C288+C290+C293+122+C294+550+C297+293.29","v":1554.42},1536.84]
[16503,"2015-04-29",60,null,"Due"]
[16504,"2015-04-29",21.65,1.65,"Visa"]
[16505,"2015-04-29",2566,null,"Wire"]
[16506,"2015-04-29",183.48,13.98,"MC, $93.48 due"]
[16507,"2015-04-29",96.23,7.33]
[16508,"2015-04-29",4.4800000000000004,null,"ESG Customs"]
[16509,"2015-04-29",43.3,3.3]
[16510,"2015-04-29",60.62,4.62,"Visa"]
[16511,"2015-04-29",611.61,46.61]
[16512,"2015-04-29",41.14,3.14]
[16513,"2015-04-29",48.71,3.71,"Due"]
[16514,"2015-04-29",18,1.37]
[16515,"2015-04-29",40.700000000000003,3.1,"Visa"]
[16516,"2015-04-29",506.61,38.61]
[16517,"2015-04-29",9.9599999999999991,0.76,null,{"$f":"+C299+80+C292+C305+C310+C274+236.61","v":760.01},752.25]
[16518,"2015-04-30",360,null,"Due, Border Patrol"]
[16519,"2015-04-30",74.69,5.69,"Due"]
[16520,"2015-04-30",97.43,7.43]
[16521,"2015-04-30",10.33,null,"6.83 Visa"]
[16522,"2015-04-30",10.83,0.83,"Visa"]
[16523,"2015-04-30",165,12.57]
[16524,"2015-04-30",46.98,3.58,"MC",null,null,null,null,null,null,{"$f":"(+J323+J324+J325)/3","v":1364.9233333333334}]
[16525,"2015-04-30",11,null,"Continental - resale"]
[16526,"2015-04-30",180.78,13.78,"$40.78 due"]
[16527,"2015-04-30",449.78,34.28,"Visa, $199.78 due",{"$f":"6.83+C317+C319+250+74.69","v":389.33},385.35]
[null,null,null,null,null,null,null,null,{"$f":"H1-WEEKDAY(H1,3)-7","v":"2016-01-25"},{"$f":"SUMIF(INDIRECT(TEXT(I323,\"'mmm-yy'\")&\"!B3:B400\"),I323,INDIRECT(TEXT(I323,\"'mmm-yy'\")&\"!C3:C400\"))","v":1049.8},null,{"$f":"+J323","v":1049.8},"Bad"]
[null,null,null,null,null,null,null,null,{"$f":"I323+1","v":"2016-01-26"},1659.46,null,{"$f":"(+J321+J322+J323+J324)/2","v":1354.63},"Bad"]
[null,null,null,null,null,null,null,null,"2016-01-27",1385.51,null,{"$f":"(+J322+J323+J324+J325)/3","v":1364.9233333333334},"Bad"]
[null,null,null,null,null,null,null,null,"2016-01-28",2192.1600000000003,null,{"$f":"(+J323+J324+J325+J326)/4","v":1571.7325000000001}]
[null,null,null,null,null,null,null,null,"2016-01-29",950.25999999999988,null,{"$f":"(+J323+J324+J325+J326+J327)/5","v":1447.4380000000001}]
[null,null,null,null,null,null,null,null,"2016-01-30",1500.18,null,{"$f":"(+J323+J324+J325+J326+J327+J328)/6","v":1456.2283333333335}]
[null,null,null,null,null,null,null,null,"2016-01-31",0,{"$f":"SUM(J323:J329)","v":8737.3700000000008},{"$f":"+K329/6","v":1456.2283333333335}]
[null,null,null,null,null,null,null,null,"2016-02-01",1547.2599999999998,null,{"$f":"+J330","v":1547.2599999999998}]
[null,null,null,null,null,null,null,null,"2016-02-02",667.54,null,{"$f":"(+J330+J331)/2","v":1107.3999999999999}]
[null,null,null,null,null,null,null,null,{"$f":"I331+1","v":"2016-02-03"},{"$f":"SUMIF(INDIRECT(TEXT(I332,\"'mmm-yy'\")&\"!B3:B400\"),I332,INDIRECT(TEXT(I332,\"'mmm-yy'\")&\"!C3:C400\"))","v":1405.6082249999999},null,{"$f":"(+J330+J331+J332)/3","v":1206.8027416666666}]
[null,null,null,null,null,null,null,null,{"$f":"I332+1","v":"2016-02-04"},{"$f":"SUMIF(INDIRECT(TEXT(I333,\"'mmm-yy'\")&\"!B3:B400\"),I333,INDIRECT(TEXT(I333,\"'mmm-yy'\")&\"!C3:C400\"))","v":1998.7},null,{"$f":"(+J330+J331+J332+J333)/4","v":1404.77705625}]
[null,null,null,null,null,null,null,null,{"$f":"I333+1","v":"2016-02-05"},{"$f":"SUMIF(INDIRECT(TEXT(I334,\"'mmm-yy'\")&\"!B3:B400\"),I334,INDIRECT(TEXT(I334,\"'mmm-yy'\")&\"!C3:C400\"))","v":1382.0100000000002},null,{"$f":"(+J330+J331+J332+J333+J334)/5","v":1400.223645}]
[null,null,null,null,null,null,null,null,{"$f":"I334+1","v":"2016-02-06"},{"$f":"SUMIF(INDIRECT(TEXT(I335,\"'mmm-yy'\")&\"!B3:B400\"),I335,INDIRECT(TEXT(I335,\"'mmm-yy'\")&\"!C3:C400\"))","v":0},null,{"$f":"(+J330+J331+J332+J333+J334+J335)/6","v":1166.8530375}]
[null,null,null,null,null,null,null,null,{"$f":"I335+1","v":"2016-02-07"},{"$f":"SUMIF(INDIRECT(TEXT(I336,\"'mmm-yy'\")&\"!B3:B400\"),I336,INDIRECT(TEXT(I336,\"'mmm-yy'\")&\"!C3:C400\"))","v":0},{"$f":"SUM(J330:J336)","v":7001.1182250000002},{"$f":"(+J330+J331+J332+J333+J334+J335+J336)/6","v":1166.8530375}]

{"sheet":"Mar-15","index":22,"n_rows":331,"n_cols":8,"rows_kept":331,"cut":false,"hidden":false,"merged":[]}
["Invoice",null,{"$f":"SUM(C21:C528)","v":31400.16999999998},{"$f":"SUM(D21:D528)","v":2103.7000000000007},null,null,null,{"$f":"TODAY()","v":"2016-02-05"}]
["Number","Date","Amount","Tax","Terms"]
[15880,"2015-03-01",156,null,"Carlos G - Resale MX",0,{"$f":"+F3*0.97831","v":0}]
[15881,"2015-03-02",22.73,1.73]
[15882,"2015-03-02",42.22,3.22]
[15883,"2015-03-02",98.4,7.5,"MC"]
[15884,"2015-03-02",107.18,null,"Visa, ESG - resale"]
[15885,"2015-03-02",5.36,0.41]
[15886,"2015-03-02",188.79000000000002,14.39,"Visa"]
[15887,"2015-03-02",19.43,1.48]
[15888,"2015-03-02",139.63999999999999,10.64]
[15889,"2015-03-02",205.94,30.94]
[15890,"2015-03-02",31.34,2.39,"MC"]
[15891,"2015-03-02",10.83,0.83,null,{"$f":"+C6+C7+C9+C13+38.24","v":463.95},457.66]
[15892,"2015-03-03",27.06,2.06]
[15893,"2015-03-03",531.51,40.51]
[15894,"2015-03-03",120.05000000000001,9.15]
[15895,"2015-03-03",48.660000000000004,3.71]
[15896,"2015-03-03",435.17,33.17,"Visa"]
[15897,"2015-03-03",8.66,0.66]
[15898,"2015-03-03",84,null,"Dirty Daves - resale"]
[15899,"2015-03-03",99,null,"Dirty Daves - resale"]
[15900,"2015-03-03",30,2.29,"$10 cash, $20 trade"]
[15901,"2015-03-03",70.36,5.36,"Visa"]
[15902,"2015-03-03",85.52,6.52,"Visa"]
[15903,"2015-03-03",172.12,13.12,"MC"]
[15904,"2015-03-03",172.12,13.12,"Visa"]
[15905,"2015-03-03",15.59,1.19,"MC"]
[15906,"2015-03-03",31.39,2.39,"MC",{"$f":"+C19+C25+C24+C27+C28+C29","v":810.15000000000009},795.35]
[15907,"2015-03-04",42.22,3.22,"Visa"]
[15908,"2015-03-04",17.55,1.34]
[15909,"2015-03-04",569.94000000000005,43.44,"Check"]
[15910,"2015-03-04",0,0]
[15911,"2015-03-04",299.85000000000002,22.85,"Visa"]
[15912,"2015-03-04",23,null,"Revolution - resale"]
[15913,"2015-03-04",143.53,null,"ESG - resale"]
[15914,"2015-03-04",37.830000000000005,2.88]
[15915,"2015-03-04",56.29,4.29,"Visa"]
[15916,"2015-03-04",10,null,"J.Rangel - resale"]
[15917,"2015-03-04",95.26,7.26,"Visa"]
[15918,"2015-03-04",8.4700000000000006,null,"ESG - resale",{"$f":"+C30+C34+C38+C40","v":493.62000000000006},490.11]
[15919,"2015-03-05",97.43,7.43,"Due, Blk Yamaha"]
[15920,"2015-03-05",15,1.1399999999999999,"GL"]
[15921,"2015-03-05",24.84,1.89,"Check"]
[15922,"2015-03-05",14.34,1.0900000000000001]
[15923,"2015-03-05",237.07,18.07]
[15924,"2015-03-05",41.14,3.14,"Visa"]
[15925,"2015-03-05",114.75,8.75,"Visa"]
[15926,"2015-03-05",64.95,4.95,"Due"]
[15927,"2015-03-05",35.72,2.72]
[15928,"2015-03-05",279.38000000000005,21.29,"MC"]
[15929,"2015-03-05",239.45,18.25]
[15930,"2015-03-05",42.22,3.22]
[15931,"2015-03-05",145,null,"Due, J.Rangel - resale",{"$f":"+C47+C48+C51","v":435.27000000000004},{"$f":"+F54*0.97831","v":425.82899370000007}]
[15932,"2015-03-06",38.700000000000003,2.95,"Visa"]
[15933,"2015-03-06",33.4,2.5499999999999998]
[15934,"2015-03-06",48.660000000000004,3.71,"M/C"]
[15935,"2015-03-06",95.5,7.28]
[15936,"2015-03-06",54.07,4.12]
[15937,"2015-03-06",0]
[15938,"2015-03-06",29.069999999999997,2.2200000000000002]
[15939,"2015-03-06",185.65,14.15,"Due, Calaveras"]
[15940,"2015-03-06",50,null,"Bike Rodz - resale"]
[15941,"2015-03-06",8,0.61]
[15942,"2015-03-06",97.37,7.42,"Visa"]
[15943,"2015-03-06",48,null,"James Ind - resale"]
[15944,"2015-03-06",135.31,10.31,"Visa"]
[15945,"2015-03-06",5,0.38]
[15946,"2015-03-06",460.06,35.06,"MC ($300 only so far)",{"$f":"+C55+23.3+C57+200+C65+C67+300+G54+9.44","v":1278.6089937000002},1261.24]
[15947,"2015-03-07",4.87,0.37]
[15948,"2015-03-07",12.969999999999999,0.99]
[15949,"2015-03-07",16.5,null,"J.Rangel - resale"]
[15950,"2015-03-07",260.22999999999996,19.829999999999998,"$90.23 due",-200,-200]
[15951,"2015-03-09",191.06,14.56,"Visa"]
[15952,"2015-03-09",45.47,3.47]
[15953,"2015-03-09",35.67,2.72,"Visa"]
[15954,"2015-03-09",19.38,1.48,"Visa"]
[15955,"2015-03-09",21.599999999999998,1.65,"Visa"]
[15956,"2015-03-09",111.44,8.49]
[15957,"2015-03-09",11,0.84]
[15958,"2015-03-09",154.80000000000001,11.8,"Visa"]
[15959,"2015-03-09",244.65,18.649999999999999,"Visa"]
[15960,"2015-03-09",60.62,4.62,"Visa",{"$f":"+C76+C77+C78+191.06+9.04+C81+C82+C83","v":736.82},729.3]
[15961,"2015-03-10",41.14,3.14,"Visa"]
[15962,"2015-03-10",51.96,3.96,"Visa"]
[15963,"2015-03-10",35.72,2.72]
[15964,"2015-03-10",58.46,4.46]
[15965,"2015-03-10",70.36,5.36]
[15966,"2015-03-10",21.92,1.67,"Visa"]
[15967,"2015-03-10",240.32,18.32,"$140.32 due"]
[15968,"2015-03-10",96.34,7.34]
[15969,"2015-03-10",4.01,0.31]
[15970,"2015-03-10",160,null,"J.Rangel - resale"]
[15971,"2015-03-10",38.1,2.9,"Addl to Inv 15760"]
[15972,"2015-03-10",318.26,24.26,"Visa"]
[15973,"2015-03-10",27.06,2.06]
[15974,"2015-03-10",38.97,2.97,"Visa",{"$f":"+C84+C85+C89+C95+C97","v":472.25},468.81]
[15975,"2015-03-11",93.79,null,"Due, J.Rangel - resale"]
[15976,"2015-03-11",269.54000000000002,20.54,"Visa"]
[15977,"2015-03-11",349.36,57.11,"Due, Victor"]
[15978,"2015-03-11",86.6,6.6,"Trade, Soap"]
[15979,"2015-03-11",102.84,7.84,"Visa"]
[15980,"2015-03-11",1.1000000000000001,0.08]
[15981,"2015-03-11",404.86,30.86,"Visa"]
[15982,"2015-03-11",147.76,11.26,"Visa"]
[15983,"2015-03-11",null,null,"Consignment only"]
[15984,"2015-03-11",84.330000000000013,6.43]
[15985,"2015-03-11",143.97,10.97]
[15986,"2015-03-11",44.38,3.38,"Visa"]
[15987,"2015-03-11",20.5,null,"Due, Chris F - resale"]
[15988,"2015-03-11",11.590000000000002,0.88,null,{"$f":"+C99+C102+C104+C105+C109","v":969.38},957.97]
[15989,"2015-03-12",24.84,1.89]
[15990,"2015-03-12",169.89999999999998,12.95]
[15991,"2015-03-12",279.99999999999994,21.34]
[15992,"2015-03-12",53.970000000000006,4.1100000000000003]
[15993,"2015-03-12",297,null,"J.Rangel - resale"]
[15994,"2015-03-12",30,null,"Done Rite - resale"]
[15995,"2015-03-12",84.44,6.44,"Visa"]
[15996,"2015-03-12",184.03,14.03,"Visa"]
[15997,"2015-03-12",10,0.76]
[15998,"2015-03-12",5,0.38,"Visa",{"$f":"396+C93+C54+C118+C119+C121+220.83","v":1195.3},1171.4100000000001]
[15999,"2015-03-13",48.71,3.71,"MC"]
[16000,"2015-03-13",42.22,3.22,"MC"]
[16001,"2015-03-13",133,10.14]
[16002,"2015-03-13",11.85,0.9,"MC"]
[16003,"2015-03-13",250.6,19.100000000000001,"Visa"]
[16004,"2015-03-13",129.9,9.9,"Jorge (Randy)"]
[16005,"2015-03-13",21.599999999999998,1.65,"Visa"]
[16006,"2015-03-13",135.31,10.31,"Visa",{"$f":"+C122+C123+C125+C126+C128+C129","v":510.29},504.62]
[16007,"2015-03-14",8,null,"Trade, Chris F"]
[16008,"2015-03-14",28,null,"Visa, Done Rite - resale"]
[16009,"2015-03-14",102.84,7.84,"Visa"]
[16010,"2015-03-14",21.599999999999998,1.65]
[16011,"2015-03-14",6.4300000000000006,0.49]
[16012,"2015-03-14",12.99,0.99,"Visa"]
[16013,"2015-03-14",204,15.55]
[16014,"2015-03-14",45.74,3.49,"Visa"]
[16015,"2015-03-14",136.4,10.4,"Visa",{"$f":"+C131+C132+C135+C137+C138","v":325.97000000000003},323.26]
[16016,"2015-03-16",77.94,5.94,"Due, Oscar"]
[16017,"2015-03-16",48.71,3.71,"Visa"]
[16018,"2015-03-16",20.57,1.57]
[16019,"2015-03-16",62.79,4.79]
[16020,"2015-03-16",27.009999999999998,2.06]
[16021,"2015-03-16",63.87,4.87,"MC (Addl $81.19 CC)"]
[16022,"2015-03-16",0,0]
[16023,"2015-03-16",153.16999999999999,11.67,"Due"]
[16024,"2015-03-16",48.5,null,"Due, J.Rangel - resale"]
[16025,"2015-03-16",128.82,9.82,"Due"]
[16026,"2015-03-16",270.08,20.58,"Visa"]
[16027,"2015-03-16",96.34,7.34,"MC",{"$f":"+C149+C150+C144+C140+81.19","v":560.18999999999994},554.53]
[16028,"2015-03-17",9.69,0.74,"MC"]
[16029,"2015-03-17",134,null,"Carlos G - Resale MX"]
[16030,"2015-03-17",22.08,null,"ESG Customs - resale"]
[16031,"2015-03-17",22,1.68]
[16032,"2015-03-17",233.82,17.82,"Visa"]
[16033,"2015-03-17",58.46,4.46,"Due"]
[16034,"2015-03-17",18.29,1.39,"Visa"]
[16035,"2015-03-17",92,null,"Dirty Daves - resale"]
[16036,"2015-03-17",46.389999999999993,3.54]
[16037,"2015-03-17",16.239999999999998,1.24,"Visa"]
[16038,"2015-03-17",181,null,"Visa"]
[16039,"2015-03-17",107.02000000000001,8.16,"MC"]
[16040,"2015-03-17",84.44,6.44,"Due, Roller",{"$f":"+C151+C157+C160+C161+C162","v":332.24},323.68]
[16041,"2015-03-18",294.00000000000006,22.41]
[16042,"2015-03-18",145.27000000000001,null,"ESG Customs - resale"]
[16043,"2015-03-18",36.81,2.81,"Visa"]
[16044,"2015-03-18",9.2900000000000009,null,"J.Rangel - resale",{"$f":"+C155+C166+15","v":285.63},280.43]
[16045,"2015-03-19",253.2,19.3,"Due"]
[16046,"2015-03-19",13.53,1.03,"Due"]
[16047,"2015-03-19",420.01,32.01,"Visa"]
[16048,"2015-03-19",177.53,13.53,"MC"]
[16049,"2015-03-19",40,3.05]
[16050,"2015-03-19",12.99,0.99,"Due"]
[16051,"2015-03-19",84.44,6.44,"Due, Sal"]
[16052,"2015-03-19",137.47999999999999,10.48]
[16053,"2015-03-19",111.5,8.5]
[16054,"2015-03-19",169,12.88]
[16055,"2015-03-19",39,2.97]
[16056,"2015-03-19",870.87,66.37,"Visa",{"$f":"12.73+C170+C171+150+370.07-285.63","v":844.70999999999992},828.26]
[16057,"2015-03-20",30,2.29,"Visa"]
[16058,"2015-03-20",49.8,3.8,"Visa"]
[16059,"2015-03-20",133.15,10.15,"Discover"]
[16060,"2015-03-20",270.63,20.63,"Due"]
[16061,"2015-03-20",11.85,0.9,"Visa"]
[16062,"2015-03-20",21.599999999999998,1.65]
[16063,"2015-03-20",11,0.84]
[16064,"2015-03-20",21.43,1.63]
[16065,"2015-03-20",163,null,"J.Rangel - resale"]
[16066,"2015-03-20",384.29,29.29,"Due"]
[16067,"2015-03-20",19.690000000000001,null,"J.Rangel - resale"]
[16068,"2015-03-20",47.63,3.63,"MC"]
[16069,"2015-03-20",27.979999999999997,2.13]
[16070,"2015-03-20",5.3900000000000006,0.41,null,{"$f":"187.28+30+C181+C182+C184+51.06","v":463.14000000000004},453.88]
[16071,"2015-03-21",35,2.67]
[16072,"2015-03-21",140,null,"J.Rangel - resale"]
[16073,"2015-03-21",95,null,"Visa"]
[16074,"2015-03-21",20.41,1.56,"Visa"]
[16075,"2015-03-21",85,null,"J.Rangel - resale"]
[16076,"2015-03-21",99,null,"Due, Chris F - resale"]
[16077,"2015-03-21",30,null,"J.Rangel - resale"]
[16078,"2015-03-21",13.920000000000002,1.06,"Due, Randy",{"$f":"+C196+C179+C197","v":986.28},968.02]
[16079,"2015-03-23",9.69,0.74]
[16080,"2015-03-23",25.93,1.98]
[16081,"2015-03-23",158]
[16082,"2015-03-23",3,0.23]
[16083,"2015-03-23",168,null,"Due, Carlos G"]
[16084,"2015-03-23",22.73,1.73,"Visa"]
[16085,"2015-03-23",391.32,29.82]
[16086,"2015-03-23",16.239999999999998,1.24]
[16087,"2015-03-23",110.74,8.44]
[16088,"2015-03-23",186.19,14.19]
[16089,"2015-03-23",27.009999999999998,2.06]
[16090,"2015-03-23",175.37,13.37,"Visa"]
[16091,"2015-03-23",43.3,3.3,"Visa"]
[16092,"2015-03-23",60.62,4.62,"Visa"]
[16093,"2015-03-23",32.479999999999997,2.48,"Visa"]
[16094,"2015-03-23",29.23,2.23,"Visa"]
[16095,"2015-03-23",121.78,9.2799999999999994,"Visa",{"$f":"+C213+87.73+C214+C215+C216+C217+C218","v":550.5100000000001},545.19000000000005]
[16096,"2015-03-24",59.54,4.54]
[16097,"2015-03-24",201,null,"Dons, Falfurious - resale"]
[16098,"2015-03-24",11.91,0.91,"Visa"]
[16099,"2015-03-24",11.85,0.9,"Visa"]
[16100,"2015-03-24",775,59.07,"Visa"]
[16101,"2015-03-24",81.19,6.19,"Visa"]
[16102,"2015-03-24",54.07,4.12]
[16103,"2015-03-24",257.64,19.64,"Discover"]
[16104,"2015-03-24",84.44,6.44]
[16105,"2015-03-24",251.44,11.54]
[16106,"2015-03-24",48.660000000000004,3.71,"Visa"]
[16107,"2015-03-24",32.479999999999997,2.48,"Visa"]
[16108,"2015-03-24",16,null,"Due, Chris F - resale"]
[16109,"2015-03-24",228.95,17.45,"Visa"]
[16110,"2015-03-24",357.77,27.27,"Check"]
[16111,"2015-03-24",303.10000000000002,23.1,"MC"]
[16112,"2015-03-24",15.16,1.1599999999999999,"Visa",{"$f":"+C221+C223+C224+C229+172.12+C230+C234+C235+C226+240.8","v":1938.0600000000002},1908]
[16113,"2015-03-25",10,0.76]
[16114,"2015-03-25",48.71,3.71,"Visa"]
[16115,"2015-03-25",20.57,1.57]
[16116,"2015-03-25",256.01,19.510000000000002,"MC"]
[16117,"2015-03-25",20.57,1.57]
[16118,"2015-03-25",30,2.29]
[16119,"2015-03-25",113.66,8.66,"MC"]
[16120,"2015-03-25",14,1.07]
[16121,"2015-03-25",160,null,"J.Rangel - resale"]
[16122,"2015-03-25",144,null,"Dirty Daves - resale"]
[16123,"2015-03-25",82.27,6.27,"Visa"]
[16124,"2015-03-25",5,0.38]
[16125,"2015-03-25",15.16,1.1599999999999999]
[16126,"2015-03-25",16.239999999999998,1.24]
[16127,"2015-03-25",58.350000000000009,4.45,"Visa, $40 only pd., $18.35 due",{"$f":"+C237+C239+C242+40+C246","v":540.65},{"$f":"+F250*0.97831","v":528.92330149999998}]
[16128,"2015-03-26",381.04,29.04,"Due"]
[16129,"2015-03-26",184,null,"J.Rangel - resale"]
[16130,"2015-03-26",19.38,1.48,"MC"]
[16131,"2015-03-26",137.47999999999999,10.48]
[16132,"2015-03-26",65.48,null,"ESG Customs - resale"]
[16133,"2015-03-26",20,null,"ESG Customs - resale"]
[16134,"2015-03-26",277.44,21.14,"Visa"]
[16135,"2015-03-26",96.289999999999992]
[16136,"2015-03-26",27.999999999999996,2.13,"Pd $13.00 MC"]
[16137,"2015-03-26",156,null,"Carlos G"]
[16138,"2015-03-26",21.65,1.65]
[16139,"2015-03-26",176.04,21.04]
[16140,"2015-03-26",193.70999999999998,14.76]
[16141,"2015-03-26",192.69,14.69,"Visa"]
[16142,"2015-03-26",4.93,null,"J.Rangel - resale"]
[16143,"2015-03-26",33.809999999999995,2.58,null,{"$f":"+C253+C257+C264+13","v":502.51},493.65]
[16144,"2015-03-27",164.54,12.54,"MC"]
[16145,"2015-03-27",11.91,0.91]
[16146,"2015-03-27",25,1.91,"MC"]
[16147,"2015-03-27",21.599999999999998,1.65,"Visa"]
[16148,"2015-03-27",102.84,7.84]
[16149,"2015-03-27",6.5,0.5]
[16150,"2015-03-27",109,null,"Done Rite, resale"]
[16151,"2015-03-27",48.71,3.71,"Discover"]
[16152,"2015-03-27",60.62,4.62,"Visa"]
[16153,"2015-03-27",175.37,13.37,"Visa"]
[16154,"2015-03-27",20,null,"Visa"]
[16155,"2015-03-27",11.91,0.91,"MC"]
[16156,"2015-03-27",32.99,2.5099999999999998,"Visa"]
[16157,"2015-03-27",147,11.2,"Due, Honda Sabor"]
[16158,"2015-03-27",48.71,3.71,"MC"]
[16159,"2015-03-27",22,null,"Due, J.Rangel - resale"]
[16160,"2015-03-27",81,null,"Due, Carlos G. - resale"]
[16161,"2015-03-27",20,null,"Due, Done Rite, resale",{"$f":"270.63+C267+C269+C270+C274+C275+C276+C277+C278+C279+C281","v":880.08},862.38]
[16162,"2015-03-28",245.61999999999998,18.72,"Visa"]
[16163,"2015-03-28",49.8,3.8,"Visa"]
[16164,"2015-03-28",289.02999999999997,22.03]
[16165,"2015-03-28",124.49,9.49,"Visa"]
[16166,"2015-03-28",549.91,41.91,"MC"]
[16167,"2015-03-28",14.559999999999999,1.1100000000000001]
[16168,"2015-03-28",165.62,12.62]
[16169,"2015-03-28",64.95,4.95]
[16170,"2015-03-28",21.599999999999998,1.65,"Visa"]
[16171,"2015-03-28",10,0.76]
[16172,"2015-03-28",74.69,5.69,"MC"]
[16173,"2015-03-28",178.61,13.61]
[16174,"2015-03-28",23.709999999999997,1.81,"Visa"]
[16175,"2015-03-28",16.18,1.23,"Visa"]
[16176,"2015-03-28",16.239999999999998,1.24,"Visa"]
[16177,"2015-03-28",43.25,3.3]
[16178,"2015-03-28",-11,null,"Done Rite - resale",{"$f":"+C289+C288+C286+C293+C295+C297+C298+C299+C285","v":1122.24},1108.75]
[16179,"2015-03-30",139.63999999999999,10.64,"Visa"]
[16180,"2015-03-30",532.59,40.590000000000003,"MC"]
[16181,"2015-03-30",37.830000000000005,2.88]
[16182,"2015-03-30",20,1.52]
[16183,"2015-03-30",226.24,17.239999999999998]
[16184,"2015-03-30",125.57,9.57,"Visa"]
[16185,"2015-03-30",42.6,3.25,"Visa"]
[16186,"2015-03-30",45,null,"Visa, Border Patrol"]
[16187,"2015-03-30",10.83,0.83,"MC"]
[16188,"2015-03-30",235.44,17.940000000000001]
[16189,"2015-03-30",246.32000000000002,18.77,"Visa",{"$f":"+C302+C303+80+C308+C309+C310+C312","v":1096.98},1074.76]
[16190,"2015-03-31",74.69,5.69]
[16191,"2015-03-31",2.7,0.21]
[16192,"2015-03-31",0,0,"Test"]
[16193,"2015-03-31",0,0,"Test"]
[16194,"2015-03-31",216.5,16.5,"Visa"]
[16195,"2015-03-31",43.25,3.3]
[16196,"2015-03-31",6,0.46]
[16197,"2015-03-31",21.599999999999998,1.65]
[16198,"2015-03-31",-48.71,-3.71,"Visa"]
[16199,"2015-03-31",21.599999999999998,1.65,"Visa"]
[16200,"2015-03-31",58.46,4.46]
[16201,"2015-03-31",21.599999999999998,1.65]
[16202,"2015-03-31",345.32,26.32,"Visa"]
[16203,"2015-03-31",160.47,12.23]
[16204,"2015-03-31",227.32999999999998,17.329999999999998,"Visa"]
[16205,"2015-03-31",85.52,6.52,"MC"]
[16206,"2015-03-31",219.75,16.75,"Visa"]
[16207,"2015-03-31",38.92,2.97,"Visa"]
[16208,"2015-03-31",11.93,null,"J.Rangel - resale",{"$f":"+C321+C322+140+C328+C317+C329+C325+52.42+C330","v":1071.3200000000002},1057.98]

{"sheet":"Feb-15","index":23,"n_rows":306,"n_cols":8,"rows_kept":306,"cut":false,"hidden":false,"merged":[]}
["Invoice",null,null,null,null,null,null,{"$f":"TODAY()","v":"2016-02-05"}]
["Number","Date","Amount","Tax","Terms"]
[15576,"2015-02-02",64.95,4.95,"Due, Chevo"]
[15577,"2015-02-02",92]
[15578,"2015-02-02",246.27,18.77,"Visa"]
[15579,"2015-02-02",10.77,0.82]
[15580,"2015-02-02",923.91,70.41,"$423.91 due, $500 Deposit only pd"]
[15581,"2015-02-02",52,null,"Carlos G - MX resale"]
[15582,"2015-02-02",100,null,"Carlos G - MX resale"]
[15583,"2015-02-02",9.5,null,"Carlos G - MX resale"]
[15584,"2015-02-02",202.36999999999998,15.42,null,{"$f":"+C5","v":246.27},242.75]
[15585,"2015-02-03",8,0.61]
[15586,"2015-02-03",1018,null,"Due, Border Patrol"]
[15587,"2015-02-03",396,null,"Due, Border Patrol"]
[15588,"2015-02-03",40,3.05]
[15589,"2015-02-03",175.91,13.41]
[15590,"2015-02-03",69.28,5.28,"Due, Sylvia",{"$f":"+C11+102.84+57.37","v":362.58},359.33]
[15591,"2015-02-04",101.7,7.75,"MC"]
[15592,"2015-02-04",68,null,"Due"]
[15593,"2015-02-04",13.5,1.03]
[15594,"2015-02-04",49.690000000000005,3.79,"Visa"]
[15595,"2015-02-04",14.02,1.07,"Visa"]
[15596,"2015-02-04",85.52,6.52,"Visa"]
[15597,"2015-02-04",162.38,12.38,"Discover"]
[15598,"2015-02-04",134.22999999999999,10.23,"Visa"]
[15599,"2015-02-04",168.87,12.87,"MC"]
[15600,"2015-02-04",332.33,25.33,"Visa"]
[15601,"2015-02-04",17.27,1.32,"Discover"]
[15602,"2015-02-04",139,10.59]
[15603,"2015-02-04",449,34.22,"$249 bal due"]
[15604,"2015-02-04",300,22.86,null,{"$f":"+C18+C21+C22+C23+C25+C27+C26+C28+C24","v":1066.01},1046.5999999999999]
[15605,"2015-02-05",71.45,5.45]
[15606,"2015-02-05",200.8,15.3]
[15607,"2015-02-05",15.1,1.1499999999999999,"Visa"]
[15608,"2015-02-05",9.74,0.74]
[15609,"2015-02-05",16.239999999999998,1.24,"Visa"]
[15610,"2015-02-05",16.239999999999998,1.24,"MC"]
[15611,"2015-02-05",4.4000000000000004,null,"Due"]
[15612,"2015-02-05",32.479999999999997,2.48,"MC"]
[15613,"2015-02-05",21.65,1.65]
[15614,"2015-02-05",12.99,0.99]
[15615,"2015-02-05",154.80000000000001,null,"Chris F - resale"]
[15616,"2015-02-05",0,null,"Chris F - resale"]
[15617,"2015-02-05",108.25,8.25,"Due",{"$f":"130.8+C34+C36+C37+C39","v":210.86},207.18]
[15618,"2015-02-06",14.02,1.07]
[15619,"2015-02-06",216.5,16.5,"Discover"]
[15620,"2015-02-06",20,1.52]
[15621,"2015-02-06",70,5.33]
[15622,"2015-02-06",27.009999999999998,2.06,"MC"]
[15623,"2015-02-06",223]
[15624,"2015-02-06",31.95,2.4300000000000002]
[15625,"2015-02-06",22.57,1.72]
[15626,"2015-02-06",44.98,null,"MC - J.Rangle, resale"]
[15627,"2015-02-06",57.37,4.37,"Visa"]
[15628,"2015-02-06",27.06,2.06,"Due, Calaveras",{"$f":"+C46+C49+C53+C54","v":345.86},339.37]
[15629,"2015-02-07",21.65,1.65]
[15630,"2015-02-07",10.83,0.83]
[15631,"2015-02-07",232.2,17.7,"Visa"]
[15632,"2015-02-07",180,13.72]
[15633,"2015-02-07",12.94,0.99,"Visa"]
[15634,"2015-02-07",17.27,1.32]
[15635,"2015-02-07",28.15,2.15,"Visa"]
[15636,"2015-02-07",17.27,1.32]
[15637,"2015-02-07",29.91,2.2799999999999998,"Randy"]
[15638,"2015-02-07",30.31,2.31,"Visa"]
[15639,"2015-02-07",130,9.91,"Visa"]
[15640,"2015-02-07",139,null,"J.Rangle - resale"]
[15641,"2015-02-07",85.52,6.52,"Due"]
[15642,"2015-02-07",20.509999999999998,1.56]
[15643,"2015-02-07",242.48,18.48,"$122.48 due"]
[15644,"2015-02-07",124,null,"Due"]
[15645,"2015-02-07",20,null,"J.Rangle - resale",{"$f":"+C58+C60+C62+C65+C66","v":433.59999999999997},426.92]
[15646,"2015-02-09",409.19,31.19,"MC"]
[15647,"2015-02-09",8,0.61,"Visa"]
[15648,"2015-02-09",368.05,28.05,"MC"]
[15649,"2015-02-09",5,0.38,"Visa"]
[15650,"2015-02-09",694.97,52.97,"Visa"]
[15651,"2015-02-09",14.02,1.07,"Visa"]
[15652,"2015-02-09",28.15,2.15]
[15653,"2015-02-09",322.58999999999997,24.59]
[15654,"2015-02-09",193.23,14.73,"MC"]
[15655,"2015-02-09",40.049999999999997,3.05,"$20.05 MC, Bal Cash"]
[15656,"2015-02-09",30.31,2.31,"MC"]
[15657,"2015-02-09",280.37,21.37,"Visa"]
[15658,"2015-02-09",208,null,"J.Rangle - resale",{"$f":"+C73+C74+C75+C76+C77+C78+C81+C83+C84+20.05","v":2023.1899999999998},1985.42]
[15659,"2015-02-10",448.15999999999997,34.159999999999997,"$248.16 Due"]
[15660,"2015-02-10",97.43,7.43,"Visa"]
[15661,"2015-02-10",22.44,null,"Due, J.Rangel - resale"]
[15662,"2015-02-10",37.89,2.89]
[15663,"2015-02-10",407.02,31.02,"Visa"]
[15664,"2015-02-10",27.009999999999998,2.06,"MC"]
[15665,"2015-02-10",49.8,3.8]
[15666,"2015-02-10",166,null,"Done Rite - Slim"]
[15667,"2015-02-10",87.14,6.64]
[15668,"2015-02-10",24.84,1.89]
[15669,"2015-02-10",270.08,20.58,"Due"]
[15670,"2015-02-10",100.00000000000001,7.62]
[15671,"2015-02-10",5,0.38]
[15672,"2015-02-10",29,null,"Revolution - resale"]
[15673,"2015-02-10",239.44,14.44]
[15674,"2015-02-10",-43.3,-3.3,"Due, '76 Goldwing"]
[15675,"2015-02-10",265.20999999999998,20.21]
[15676,"2015-02-10",44.38,3.38,null,{"$f":"+C90+C91+C87","v":531.46},527.25]
[15677,"2015-02-11",30.31,2.31,"Due, XL1200X Brk Switch"]
[15678,"2015-02-11",59.54,4.54]
[15679,"2015-02-11",242.48,18.48,"MC"]
[15680,"2015-02-11",46.48,null,"ESG Customs, resale"]
[15681,"2015-02-11",19.43,1.48,"Visa"]
[15682,"2015-02-11",84.44,6.44,"Visa"]
[15683,"2015-02-11",324,null,"Visa, Done Rite - resale"]
[15684,"2015-02-11",16.18,1.23]
[15685,"2015-02-11",73,null,"J.Rangel - resale"]
[15686,"2015-02-11",8.66,0.66,"Visa",{"$f":"+C108+C109+C113","v":112.53},109.96]
[15687,"2015-02-12",205,null,"Pd $100, $105 due"]
[15688,"2015-02-12",21.65,1.65]
[15689,"2015-02-12",27.06,2.06,"Due, Honda CMX250"]
[15690,"2015-02-12",145,11.05]
[15691,"2015-02-12",21.11,1.61]
[15692,"2015-02-12",176.99,13.49]
[15693,"2015-02-12",231.66,17.66,"Visa"]
[15694,"2015-02-12",27.06,2.06]
[15695,"2015-02-12",405.94,30.94,"Visa"]
[15696,"2015-02-12",101,null,"Due, Chris F - resale"]
[15697,"2015-02-12",350.19,26.69,"Due, Red Ninja 250"]
[15698,"2015-02-12",48.71,3.71,"MC"]
[15699,"2015-02-12",24.9,1.9,"Due, Randy"]
[15700,"2015-02-12",150.47,11.47,"MC"]
[15701,"2015-02-12",158.15,12.05,"Due, w/Inv 15643, $280.63"]
[15702,"2015-02-12",27,null,"Due, J.Rangel - resale",{"$f":"+C106+C110+C122+C125+C127","v":1171.6000000000001},1157.81]
[15703,"2015-02-13",10.83,0.83,"Visa"]
[15704,"2015-02-13",79.02,6.02,"Visa"]
[15705,"2015-02-13",74.69,5.69,"Due"]
[15706,"2015-02-13",49.8,3.8,"Visa"]
[15707,"2015-02-13",3.79,0.28999999999999998]
[15708,"2015-02-13",12,0.91,"Visa"]
[15709,"2015-02-13",159.13,12.13]
[15710,"2015-02-13",18.5,null,"Done Rite - resale"]
[15711,"2015-02-13",22.619999999999997,1.72,"MC"]
[15712,"2015-02-13",458.98,34.979999999999997,"Visa"]
[15713,"2015-02-13",9.69,0.74,"MC"]
[15714,"2015-02-13",181.86,13.86,"Visa, $1.86 due"]
[15715,"2015-02-13",23,null,"Due, Done Rite - resale",{"$f":"+C130+C131+C133+C135+C138+C139+C140+180","v":822.94},807]
[15716,"2015-02-14",18.349999999999998,1.4]
[15717,"2015-02-14",11.85,0.9,"Visa"]
[15718,"2015-02-14",384.29,29.29,"Discover"]
[15719,"2015-02-14",80.11,6.11]
[15720,"2015-02-14",106,8.08]
[15721,"2015-02-14",11.91,0.91]
[15722,"2015-02-14",139.63999999999999,10.64,"Visa"]
[15723,"2015-02-14",19.489999999999998,1.49]
[15724,"2015-02-14",24.979999999999997,1.9,"Visa"]
[15725,"2015-02-14",3,0.23,"Visa"]
[15726,"2015-02-14",17.75,1.35]
[15727,"2015-02-14",20,null,"Done Rite - resale",{"$f":"+C144+C145+278.74+C149+C151+C152+284.88","v":1127.3800000000001},1114.9100000000001]
[15728,"2015-02-16",124.49,9.49,"Visa"]
[15729,"2015-02-16",369.13,28.13,"MC, Pd $150 down"]
[15730,"2015-02-16",33.5,2.5499999999999998]
[15731,"2015-02-16",28.04,2.14,"Visa"]
[15732,"2015-02-16",43.19,3.29]
[15733,"2015-02-16",115.69,8.82,"Visa"]
[15734,"2015-02-16",48.71,3.71]
[15735,"2015-02-16",33.56,2.56,"MC"]
[15736,"2015-02-16",-33.5,-2.5499999999999998]
[15737,"2015-02-16",199.94,15.24]
[15738,"2015-02-16",81.19,6.19]
[15739,"2015-02-16",28.15,2.15,"Visa"]
[15740,"2015-02-16",37.830000000000005,2.88]
[15741,"2015-02-16",85.52,6.52]
[15742,"2015-02-16",27.06,2.06,"Check"]
[15743,"2015-02-16",17.32,1.32]
[15744,"2015-02-16",159.99,12.19]
[15745,"2015-02-16",86.55,6.6]
[15746,"2015-02-16",37.89,2.89,"M/C"]
[15747,"2015-02-16",297.41000000000003,22.67,"MC"]
[15748,"2015-02-16",23.82,1.82]
[15749,"2015-02-16",0,null,"Fairing, Elvin",{"$f":"+C155+150+C158+C160+C162+28.71+C166+C173+C174+85.52","v":929.46},915.97]
[15750,"2015-02-17",78,null,"Carlos G - MX resale"]
[15751,"2015-02-17",98,null,"Carlos G - MX resale"]
[15752,"2015-02-17",323.56,24.66,"Visa"]
[15753,"2015-02-17",333.41,25.41]
[15754,"2015-02-17",146.13999999999999,11.14,"Visa",{"$f":"323.56+C181","v":469.7},467.46]
[15755,"2015-02-18",32.479999999999997,2.48]
[15756,"2015-02-18",12.94,0.99,"Visa"]
[15757,"2015-02-18",24.9,1.9]
[15758,"2015-02-18",10,null,"James Ind - resale"]
[15759,"2015-02-18",48.71,3.71,"MC"]
[15760,"2015-02-18",388.62,29.62,"Visa"]
[15761,"2015-02-18",48.820000000000007,3.72]
[15762,"2015-02-18",66.03,5.03,"Visa"]
[15763,"2015-02-18",211.09,16.09,"Check",{"$f":"+C183+C186+190+27.06+C189","v":344.74},338.01]
[15764,"2015-02-19",17.32,1.32,"MC"]
[15765,"2015-02-19",49.8,3.8,"Visa"]
[15766,"2015-02-19",119.08,9.08]
[15767,"2015-02-19",235.5]
[15768,"2015-02-19",242.16,18.46,"MC, $142.16 due"]
[15769,"2015-02-19",36.1,2.75]
[15770,"2015-02-19",536.91999999999996,40.92,"MC"]
[15771,"2015-02-19",28.15,2.15]
[15772,"2015-02-19",32.479999999999997,2.48,"Visa"]
[15773,"2015-02-19",224.62,17.12,"Visa"]
[15774,"2015-02-19",94.18,7.18]
[15775,"2015-02-19",57,4.34]
[15776,"2015-02-19",27,2.06]
[15777,"2015-02-19",234,null,"J.Rangel - resale"]
[15778,"2015-02-19",23.380000000000003,1.78,"Visa"]
[15779,"2015-02-19",23.380000000000003,1.78,"Visa",{"$f":"+C191+C192+219.13+100+C197+C199+C200+C205+C206","v":1227.0300000000002},1217.6400000000001]
[15780,"2015-02-20",80,6.1]
[15781,"2015-02-20",254.39,19.39]
[15782,"2015-02-20",44,null,"Bike Rodz - resale"]
[15783,"2015-02-20",233.28,17.78,"MC"]
[15784,"2015-02-20",8.52,null,"Visa"]
[15785,"2015-02-20",30.04,2.29,"Visa"]
[15786,"2015-02-20",158.05000000000001,12.05,"Visa"]
[15787,"2015-02-20",18.399999999999999,1.4]
[15788,"2015-02-20",29.23,2.23]
[15789,"2015-02-20",86.1,6.55,"MC"]
[15790,"2015-02-20",175,13.34,"Visa"]
[15791,"2015-02-20",86.6,6.6,"Visa"]
[15792,"2015-02-20",17,1.3,"Visa",{"$f":"+C210+C211+C213+C212+1.86+C216+C218+C217+C219+231.66","v":1028.1100000000001},1016.8]
[15793,"2015-02-21",29.23,2.23,"Visa"]
[15794,"2015-02-21",17.27,1.32,"Visa"]
[15795,"2015-02-21",11.62,null,"ESG Customs, resale"]
[15796,"2015-02-21",37.830000000000005,2.88]
[15797,"2015-02-21",93.690000000000012,7.14,"Visa"]
[15798,"2015-02-21",28.15,2.15,"Visa"]
[15799,"2015-02-21",199.72,15.22,"Visa"]
[15800,"2015-02-21",164.54,12.54,"Visa"]
[15801,"2015-02-21",26,1.98,"Visa"]
[15802,"2015-02-21",135.15,10.3]
[15803,"2015-02-21",21.65,1.65,"Due, Cody"]
[15804,"2015-02-21",43.25,3.3,"Visa"]
[15805,"2015-02-21",184.5,null,"MC"]
[15806,"2015-02-21",6,null,"Bike Rodz - resale"]
[15807,"2015-02-21",133.15,10.15,"Due, Randy"]
[15808,"2015-02-21",242.48,18.48,null,{"$f":"+C220+C221+C225+C226+C227+C228+C231+C232+C224","v":786.35},776.58]
[15809,"2015-02-23",37.999999999999993,2.9,"Visa"]
[15810,"2015-02-23",10.83,0.83,"Visa"]
[15811,"2015-02-23",267.86,20.41,"Visa"]
[15812,"2015-02-23",40,3.04]
[15813,"2015-02-23",97.43,7.43,"MC"]
[15814,"2015-02-23",22.73,1.73]
[15815,"2015-02-23",4.01,0.31]
[15816,"2015-02-23",37.89,2.89,"Due",{"$f":"+C236+C237+150+C240","v":296.26},{"$f":"+F243*0.97831","v":289.83412060000001}]
[15817,"2015-02-24",72.53,5.53]
[15818,"2015-02-24",173,null,"Done Rite - resale"]
[15819,"2015-02-24",60,4.57,"Visa"]
[15820,"2015-02-24",87.68,6.68,"MC"]
[15821,"2015-02-24",200,null,"Deposit Only"]
[15822,"2015-02-24",43.03,3.28]
[15823,"2015-02-24",228.41,17.41,"Visa"]
[15824,"2015-02-24",1200,null,"J.Rangel - resale"]
[15825,"2015-02-24",86.6,6.6,"Due"]
[15826,"2015-02-24",452.49,34.49,"Visa"]
[15827,"2015-02-24",216.45,16.5,"MC"]
[15828,"2015-02-24",0,0,null,{"$f":"+C246+C247+142.16+100+C253+C254","v":1058.78},1051.71]
[15829,"2015-02-25",8.99,null,"Visa"]
[15830,"2015-02-25",70.36,5.36]
[15831,"2015-02-25",25.98,1.98,"Visa"]
[15832,"2015-02-25",130,null,"Conti Power Sys - resale"]
[15833,"2015-02-25",18.399999999999999,1.4,"Visa"]
[15834,"2015-02-25",107.17,8.17,"Visa"]
[15835,"2015-02-25",108.24,8.25,"$38.24 due"]
[15836,"2015-02-25",199.18,15.18,"Visa"]
[15837,"2015-02-25",62.79,4.79]
[15838,"2015-02-25",129.9,9.9]
[15839,"2015-02-25",29.169999999999998,2.2200000000000002]
[15840,"2015-02-25",305.27,23.27,"Visa"]
[15841,"2015-02-25",74.69,5.69,"Visa"]
[15842,"2015-02-25",5,0.38]
[15843,"2015-02-25",458.98,34.979999999999997,"MC"]
[15844,"2015-02-25",60,4.57,"Visa"]
[15845,"2015-02-25",-59,-4.5]
[15846,"2015-02-25",11.55,null,"J.Rangel - resale"]
[15847,"2015-02-25",37.89,2.89,"Visa"]
[15848,"2015-02-25",95.26,7.26]
[15849,"2015-02-25",51.96,3.96,null,{"$f":"+C256+1018+C258+C260+C261+C263+C267+C268+C270+C271+C274","v":2314.5500000000002},2260.65]
[15850,"2015-02-26",48,3.66,"MC"]
[15851,"2015-02-26",172.12,13.12]
[15852,"2015-02-26",-60,-4.57,"Visa"]
[15853,"2015-02-26",201.89,15.39,"MC"]
[15854,"2015-02-26",19.489999999999998,1.49]
[15855,"2015-02-26",10,0.76]
[15856,"2015-02-26",508.78,38.78,"Due"]
[15857,"2015-02-26",0,0,"Due"]
[15858,"2015-02-26",384.29,29.29,"Visa"]
[15859,"2015-02-26",22.73,1.73,"Visa"]
[15860,"2015-02-26",35.29,2.69,"Visa"]
[15861,"2015-02-26",48.71,3.71]
[15862,"2015-02-26",20,1.52]
[15863,"2015-02-26",177,null,"Due, Carlos G - resale MX"]
[15864,"2015-02-26",22.68,1.73,"MC",{"$f":"+C277+C279+C280+C285+C286+C287+37.89+C291","v":692.77},682.53]
[15865,"2015-02-27",83.35,6.35,"Visa"]
[15866,"2015-02-27",323.13,24.63,"Visa"]
[15867,"2015-02-27",53.04,4.04,"Visa"]
[15868,"2015-02-27",7.58,0.57999999999999996,"MC"]
[15869,"2015-02-27",45,null,"Revolution - resale"]
[15870,"2015-02-27",129.9,9.9]
[15871,"2015-02-27",19.43,1.48,"MC"]
[15872,"2015-02-27",36.44,2.78]
[15873,"2015-02-27",81.19,6.19]
[15874,"2015-02-27",30.09,2.29,"Visa",{"$f":"+C292+C293+C294+C295+C298+117.86+C301+236.72+86.6","v":957.80000000000007},945.52]
[15875,"2015-02-28",37,null,"J.Rangel - resale"]
[15876,"2015-02-28",494.15999999999997,37.659999999999997,"Visa"]
[15877,"2015-02-28",43.3,3.3,"MC"]
[15878,"2015-02-28",9.69,0.74]
[15879,"2015-02-28",97.43,7.43,null,{"$f":"+C304+C303","v":537.45999999999992},530.80999999999995]

{"sheet":"Jan-15","index":24,"n_rows":211,"n_cols":8,"rows_kept":211,"cut":false,"hidden":false,"merged":[]}
["Invoice",null,{"$f":"SUM(C212:C409)","v":0},{"$f":"SUM(D212:D409)","v":0},null,null,null,{"$f":"TODAY()","v":"2016-02-05"}]
["Number","Date","Amount","Tax","Terms"]
[15367,"2015-01-02",100,7.62]
[15368,"2015-01-02",140,10.67]
[15369,"2015-01-02",11.91,0.91,"Visa"]
[15370,"2015-01-02",17.27,1.32]
[15371,"2015-01-02",39,null,"Resale cert."]
[15372,"2015-01-02",172.12,13.12,"Visa",{"$f":"+C5+C8","v":184.03},182.75]
[15373,"2015-01-03",35.72,2.72]
[15374,"2015-01-03",14.02,1.07]
[15375,"2015-01-03",6.5,0.5]
[15376,"2015-01-03",121.24,9.24,"Visa, $61.24 due"]
[15377,"2015-01-03",59.54,4.54,null,{"$f":"70.7+60+80","v":210.7},208.21]
[15378,"2015-01-05",29.23,2.23]
[15379,"2015-01-05",103.92,7.92,"$33.92 due"]
[15380,"2015-01-05",5.41,0.41,"Check"]
[15381,"2015-01-05",25,1.91]
[15382,"2015-01-05",25,null,null,27.33,26.92]
[15383,"2015-01-06",27.06,2.06,"Due"]
[15384,"2015-01-06",20,1.52]
[15385,"2015-01-06",137.47999999999999,10.48,"MC"]
[15386,"2015-01-06",108.25,8.25,"Due, Stripes"]
[15387,"2015-01-06",235,null,"$115. due, J.Rangel - resale"]
[15388,"2015-01-06",18,1.37,"MC"]
[15389,"2015-01-06",64.95,4.95,"$24.95 due",{"$f":"61.24+C21+C24","v":216.72},213.56]
[15390,"2015-01-07",22.98,1.75]
[15391,"2015-01-07",8.61,0.66]
[15392,"2015-01-07",33.17,2.5299999999999998]
[15393,"2015-01-07",11.91,0.91]
[15394,"2015-01-07",78,5.94,"MC"]
[15395,"2015-01-07",29,null,"MC, Johnny Customs"]
[15396,"2015-01-07",201.89,15.39,"MC, Honda 450R"]
[15397,"2015-01-07",113.66,8.66,"Visa"]
[15398,"2015-01-07",21.11,1.61,"Visa"]
[15399,"2015-01-07",80,null,"Mexico, resale",{"$f":"+C34+C33+C31+C30","v":241.76999999999998},238.54]
[15400,"2015-01-08",282,null,"Visa, Chris F - resale"]
[15401,"2015-01-08",283.62,21.62,"Visa"]
[15402,"2015-01-08",8,0.61]
[15403,"2015-01-08",17,null,"Visa, Chris F - resale",0,{"$f":"+F39*0.97831","v":0}]
[15404,"2015-01-09",208.92,15.92,"Due"]
[15405,"2015-01-09",38,null,"Due, Carlos G - MX resale"]
[15406,"2015-01-09",76.240000000000009,5.81,"Visa"]
[15407,"2015-01-09",101.76,7.76,"MC"]
[15408,"2015-01-09",32.479999999999997,2.48,"Visa"]
[15409,"2015-01-09",135.31,10.31,"MC, $45.31 due",{"$f":"50+C42+C43+C44+90","v":350.48},344.54]
[15410,"2015-01-10",128.82,9.82,"MC"]
[15411,"2015-01-10",36.75,2.8,"Visa"]
[15412,"2015-01-10",107.17,8.17,"Visa",{"$f":"+C46+C47+C48","v":272.74},269.43]
[15413,"2015-01-12",11.8,0.9]
[15414,"2015-01-12",15.16,1.1599999999999999]
[15415,"2015-01-12",17.21,1.31]
[15416,"2015-01-12",92.01,7.01,"MC"]
[15417,"2015-01-12",124.49,9.49,"Visa"]
[15418,"2015-01-12",45,3.43]
[15419,"2015-01-12",107.17,8.17]
[15420,"2015-01-12",10,null,"J.Rangel - resale"]
[15421,"2015-01-12",62.79,4.79]
[15422,"2015-01-12",500,null,"MC, Deposit Only",{"$f":"+C32+C53+C37+C52+C58","v":1202.01},1188.58]
[15423,"2015-01-13",95.26,7.26,"MC"]
[15424,"2015-01-13",171.04,13.04,"Visa"]
[15425,"2015-01-13",67.349999999999994,5.13,"Visa"]
[15426,"2015-01-13",342,null,"Due, Chris F - resale"]
[15427,"2015-01-13",355.06,27.06,"Due, Isaac (Pir Tires)"]
[15428,"2015-01-13",110,8.3800000000000008,"$30 Visa"]
[15429,"2015-01-13",202,15.4,"Due, Red XL883",{"$f":"+C59+C60+C61+30+C36+C39+50","v":712.65},705.69]
[15430,"2015-01-14",45,3.43]
[15431,"2015-01-14",21.59,1.64,"Visa"]
[15432,"2015-01-14",20,null,"Due, Chris F - resale"]
[15433,"2015-01-14",122,null,"Carlos G - MX resale"]
[15434,"2015-01-14",150,11.43,"Due Blk HD w/Brngs"]
[15435,"2015-01-14",51.42,3.92,"Due, single fork"]
[15436,"2015-01-14",143.76000000000002,10.96,"Due, Baja bike"]
[15437,"2015-01-14",122,null,"Due, Carlos G - MX resale",{"$f":"+C67","v":21.59},21.04]
[15438,"2015-01-15",27.830000000000002,2.12,"Visa"]
[15439,"2015-01-15",259,19.739999999999998,"Due"]
[15440,"2015-01-15",363,27.66,"$313. due"]
[15441,"2015-01-15",225,17.149999999999999,"Visa"]
[15442,"2015-01-15",100.13,7.63,"M/C"]
[15443,"2015-01-15",24.14,1.84,"Due - Randy",{"$f":"+C74+51.42+C77+45.31+C78","v":449.69},440.4]
[15444,"2015-01-16",48.660000000000004,3.71,"Visa"]
[15445,"2015-01-16",37.89,2.89,"Visa"]
[15446,"2015-01-16",21.599999999999998,1.65]
[15447,"2015-01-16",37.89,2.89]
[15448,"2015-01-16",437.33,33.33,"$287.33 Due"]
[15449,"2015-01-16",43.3,3.3000000000000003,"$43.30 due"]
[15450,"2015-01-16",326.92,24.92,"MC"]
[15451,"2015-01-16",18.39,null,"ESG - resasle"]
[15452,"2015-01-16",27.06,2.06,"MC",{"$f":"+C80+C81+248.98+C88+43.76","v":406.34999999999997},400.73]
[15453,"2015-01-17",108.25,8.25]
[15454,"2015-01-17",7.58,0.57999999999999996]
[15455,"2015-01-17",244.00000000000003,18.600000000000001]
[15456,"2015-01-17",23.82,1.82]
[15457,"2015-01-17",120,9.15,"$110 cash, $10 Visa"]
[15458,"2015-01-17",228.41,17.41,"Visa"]
[15459,"2015-01-17",12.99,0.99]
[15460,"2015-01-17",10.83,0.83,"MC"]
[15461,"2015-01-18",416,null,"Due, Carlos G - MX resale",{"$f":"10+C94+C96+200","v":449.24},446.43]
[15462,"2015-01-19",315.55,24.05,"Due"]
[15463,"2015-01-19",278.74,21.24,"Due"]
[15464,"2015-01-19",363.72,27.72,"Visa"]
[15465,"2015-01-19",375.36,28.61,"$175.36 due"]
[15466,"2015-01-19",80,null,"Due, Carlos G - MX resale"]
[15467,"2015-01-19",208,null,"Due, Carlos G - MX resale"]
[15468,"2015-01-19",437.9,33.380000000000003]
[15469,"2015-01-19",7.58,0.57999999999999996,"Visa",{"$f":"+C100+C105","v":371.3},363.76]
[15470,"2015-01-20",113.24999999999999,8.6300000000000008,"Visa"]
[15471,"2015-01-20",78.48,5.98,"Visa"]
[15472,"2015-01-20",231.11,17.61,"Discover, $106.11 due"]
[15473,"2015-01-20",18.997875000000001,1.447875]
[15474,"2015-01-20",291.92999999999995,21.03,"$200 Visa Pd prior"]
[15475,"2015-01-20",212.17000000000002,16.170000000000002,"Visa"]
[15476,"2015-01-20",109.33,8.33]
[15477,"2015-01-20",20,null,"J.Rangel - resale"]
[15478,"2015-01-20",240,null,"MC"]
[15479,"2015-01-20",23.82,1.82,"Visa",{"$f":"315.55+125+C111+C107+C106+91.93+C114+C115","v":1200.2},1182.3599999999999]
[15480,"2015-01-21",172.12,13.12,"Visa"]
[15481,"2015-01-21",305,22.77,"Visa"]
[15482,"2015-01-21",64.95,4.95,"Visa"]
[15483,"2015-01-21",92.000000000000014,7.01,"Visa"]
[15484,"2015-01-21",59,4.5]
[15485,"2015-01-21",331,25.23]
[15486,"2015-01-21",19,1.45]
[15487,"2015-01-21",23.82,1.82,"Visa",{"$f":"+C116+C117+C119+C123","v":592.94000000000005},585.84]
[15488,"2015-01-22",83.35,6.35,"Visa"]
[15489,"2015-01-22",42.22,3.22]
[15490,"2015-01-22",51.96,3.96,"MC"]
[15491,"2015-01-22",10.77,0.82,"Visa"]
[15492,"2015-01-22",503.36,38.36,"MC"]
[15493,"2015-01-22",158.16,50.16,"MC"]
[15494,"2015-01-22",200.26,15.26,"Due"]
[15495,"2015-01-22",92.01,7.01,"Visa"]
[15496,"2015-01-22",51.42,3.92]
[15497,"2015-01-22",76.09,null,"Visa, J.Rangel - resale"]
[15498,"2015-01-22",423.90999999999997,null,"Visa, J.Rangel - resale"]
[15499,"2015-01-22",117,null,"Due, Carlos G - MX resale",{"$f":"+C118+C124+335+129.9+C127+C129+C131+500","v":1374.1399999999999},1350.07]
[15500,"2015-01-23",4.87,0.37]
[15501,"2015-01-23",29.340000000000003,2.2400000000000002]
[15502,"2015-01-23",217.41999999999996,16.57,"Due"]
[15503,"2015-01-23",111.99544999999999,8.5354499999999991]
[15504,"2015-01-23",100.00000000000001,7.62,null,0,{"$f":"+F140*0.97831","v":0}]
[15505,"2015-01-24",17]
[15506,"2015-01-24",211.09,16.09,"Due, Chevo"]
[15507,"2015-01-24",175,null,"J.Rangel - resale"]
[15508,"2015-01-24",73.930000000000007,5.63,"Visa"]
[15509,"2015-01-24",22,1.67]
[15510,"2015-01-24",25.98,1.98,"Visa"]
[15511,"2015-01-24",27.06,2.06]
[15512,"2015-01-24",192.89999999999998,14.7,"MC",{"$f":"+C144+C146+C148","v":292.81},289]
[15513,"2015-01-26",70.36,5.36,"Visa"]
[15514,"2015-01-26",238,18.14]
[15515,"2015-01-26",150,11.43]
[15516,"2015-01-26",20.0046,1.5246000000000002]
[15517,"2015-01-26",46.49,3.54,"Visa"]
[15518,"2015-01-26",12.99,0.99,"Visa"]
[15519,"2015-01-26",20.57,1.57,"Visa"]
[15520,"2015-01-26",80,6.1]
[15521,"2015-01-26",469,null,"Due, Carlos G - MX resale"]
[15522,"2015-01-26",123.41,9.41,null,{"$f":"+C149+20+C153+C154+C155+27.42","v":197.82999999999998},194.43]
[15523,"2015-01-27",36.75,2.8,"Visa"]
[15524,"2015-01-27",85.52,6.52]
[15525,"2015-01-27",36.1,2.75]
[15526,"2015-01-27",97.43,7.43,"Due"]
[15527,"2015-01-27",418.39,31.89,"Visa",{"$f":"+C159+503.36+C163","v":958.5},941.39]
[15528,"2015-01-28",389.65,29.7]
[15529,"2015-01-28",274,null,"Due, Carlos G - MX resale"]
[15530,"2015-01-28",31.34,2.39,"Visa"]
[15531,"2015-01-28",82.81,6.31]
[15532,"2015-01-28",38,2.9,"MC"]
[15533,"2015-01-28",401.14,38.19,"MC"]
[15534,"2015-01-28",32.479999999999997,2.48]
[15535,"2015-01-28",11,0.84,null,{"$f":"223.65+C166+C168+441.14","v":734.13},721.18]
[15536,"2015-01-29",10,0.76]
[15537,"2015-01-29",191.06,14.56]
[15538,"2015-01-29",47.31,3.61]
[15539,"2015-01-29",57.37,4.37,"Due"]
[15540,"2015-01-29",69.28,5.28]
[15541,"2015-01-29",151.5,11.55]
[15542,"2015-01-29",51.96,3.96]
[15543,"2015-01-29",11.64,0.89,"Visa"]
[15544,"2015-01-29",117.99,8.99,"Due"]
[15545,"2015-01-29",58.46,4.46,"Visa",{"$f":"+C179+C181","v":70.099999999999994},69.22]
[15546,"2015-01-30",21.65,1.65]
[15547,"2015-01-30",43.3,3.3]
[15548,"2015-01-30",35.940000000000005,2.74,"MC"]
[15549,"2015-01-30",115.28999999999999,8.7899999999999991,"MC"]
[15550,"2015-01-30",5.36,0.41]
[15551,"2015-01-30",59.54,4.54]
[15552,"2015-01-30",11.5,0.88]
[15553,"2015-01-30",20,1.52]
[15554,"2015-01-30",273.33,20.83,"Visa"]
[15555,"2015-01-30",62.79,4.79]
[15556,"2015-01-30",16.18,1.23,"MC"]
[15557,"2015-01-30",21.65,1.65,"Visa",{"$f":"106.11+C184+C185+C190+C192+C193","v":568.5},558.53]
[15558,"2015-01-31",5.36,0.41]
[15559,"2015-01-31",172.12,13.12]
[15560,"2015-01-31",34.200000000000003,2.61]
[15561,"2015-01-31",92.01,7.01,"Visa"]
[15562,"2015-01-31",36.1,2.75]
[15563,"2015-01-31",48.65,3.71,"MC"]
[15564,"2015-01-31",6,0.46]
[15565,"2015-01-31",37.89,2.89]
[15566,"2015-01-31",12.94,0.99,"Visa"]
[15567,"2015-01-31",49.69,3.79]
[15568,"2015-01-31",263,null,"Check 1129, for Resale"]
[15569,"2015-01-31",102.84,7.84,"Due"]
[15570,"2015-01-31",86.71,6.61,"MC"]
[15571,"2015-01-31",null,null,"$40 for Randy"]
[15572,"2015-01-31",7.5200000000000005,0.56999999999999995,"Visa"]
[15573,"2015-01-31",14.02,1.07]
[15574,"2015-01-31",130.16999999999999,9.92,"Visa"]
[15575,"2015-01-31",117.94,8.99,"Visa",{"$f":"259+C202+C199+C197+C206+C208+C210+C211","v":754.93999999999983},747.65]

{"sheet":"Perpetual","index":25,"n_rows":20,"n_cols":1,"rows_kept":20,"cut":false,"hidden":false,"merged":[]}
["Type the row number of a vendor from the list below"]
["Vendor names can be added in column 'D' of the 'LookupList' worksheet"]
["TR"]
["WPS"]
["AET"]
["BikeBandit"]
["DWG"]
["FHF"]
["Helmets"]
["Hesselbean"]
["Howards"]
["Maxx"]
["PapaDuff"]
["Supersprox"]
["Van Leeuwen"]
["eBay"]
["Amazon"]
["Tmart"]
["Banggood"]
["Other"]