{"text_format":"1","workbook":"xlsx","n_sheets":22,"sheets":["Cash Invoices","Estimate","Ctrl_R","Ctrl_G","May-18","Apr-18","Logo","Mar-18","Feb-18","Jan-18","Dec-17","Nov-17","Oct-17","Sep-17","Aug-17","Work Order","LookupList","Statement","Master","E_Master","Master Register","Perpetual"],"not_rendered":{"charts":0,"images":7,"macros":1,"external_links":0,"defined_names":30,"comments":1,"pivot_tables":0},"unopened":[],"bounds":{"document_bytes":16777216,"sheet_cells":100000,"rows_first":2000,"rows_last":500,"rows_between":2000,"halvings":0,"cell_chars":16384,"cell_head_chars":4096},"cells_cut":0,"cells_raw":0,"read":"whole","date_system":"1900"}

{"sheet":"Cash Invoices","index":0,"n_rows":47,"n_cols":38,"rows_kept":47,"cut":false,"hidden":false,"merged":[[39,29,39,33],[40,29,40,33],[44,0,45,35],[46,0,47,35],[36,5,36,17],[36,29,36,33],[37,5,37,17],[37,29,37,33],[38,5,38,17],[38,29,38,33],[34,0,34,3],[34,4,34,18],[34,19,34,22],[34,24,34,27],[34,29,34,33],[35,29,35,33],[32,0,32,3],[32,4,32,18],[32,19,32,22],[32,24,32,27],[32,29,32,33],[33,0,33,3],[33,4,33,18],[33,19,33,22],[33,24,33,27],[33,29,33,33],[30,0,30,3],[30,4,30,18],[30,19,30,22],[30,24,30,27],[30,29,30,33],[31,0,31,3],[31,4,31,18],[31,19,31,22],[31,24,31,27],[31,29,31,33],[28,0,28,3],[28,4,28,18],[28,19,28,22],[28,24,28,27],[28,29,28,33],[29,0,29,3],[29,4,29,18],[29,19,29,22],[29,24,29,27],[29,29,29,33],[26,0,26,3],[26,4,26,18],[26,19,26,22],[26,24,26,27],[26,29,26,33],[27,0,27,3],[27,4,27,18],[27,19,27,22],[27,24,27,27],[27,29,27,33],[24,0,24,3],[24,4,24,18],[24,19,24,22],[24,24,24,27],[24,29,24,33],[25,0,25,3],[25,4,25,18],[25,19,25,22],[25,24,25,27],[25,29,25,33],[22,0,22,3],[22,4,22,18],[22,19,22,23],[22,24,22,28],[22,29,22,34],[23,0,23,3],[23,4,23,18],[23,19,23,22],[23,24,23,27],[23,29,23,33],[19,29,19,34],[20,0,20,3],[20,4,20,11],[20,12,20,18],[20,19,20,23],[20,24,20,28],[20,29,20,34],[18,10,18,22],[19,0,19,3],[19,4,19,11],[19,12,19,18],[19,19,19,23],[19,24,19,28],[14,4,14,13],[14,26,14,35],[15,4,15,13],[15,26,15,35],[16,4,16,13],[16,26,16,35],[7,31,7,33],[8,31,8,33],[9,18,9,21],[9,25,9,27],[9,31,9,33],[13,4,13,13],[13,26,13,35],[0,0,0,17],[1,0,2,17],[1,19,2,34],[4,29,4,32],[5,29,5,32],[6,18,6,21],[6,25,6,29],[6,31,6,33]]}
["RGV Cycle Stuff, dba -"]
[null,null,null,null,null,null,null,null,null,null,null,null,null,null,null,null,null,null,null,"SALES RECEIPT"]
[]
[]
[null,null,null,null,null,null,null,null,null,null,null,null,null,null,null,null,null,null,null,null,null,null,null,null,null,null,null,null,"DATE: ",{"$f":"TODAY()","v":"2018-05-14"}]
[null,null,null,null,null,null,null,null,null,null,null,null,null,null,null,null,null,null,null,null,null,null,null,null,null,null,null,null,"INVOICE:  C",2001]
[]
[]
[]
[]
[]
[" "]
[null,"Bill To:",null,null,null,null,null,null,null,null,null,null,null,null,null,null,null,null,null,null,null,null,null,"Ship To:",null,null,null,null,null,null,null,null,null,null,null,null,null,"Note:"]
[null,null,"Name:",null,null,null,null,null,null,null,null,null,null,null,null,null,null,null,null,null,null,null,null,null,null,null,{"$f":"+E14","v":0}]
[null,null,"Phone:",null,null,null,null,null,null,null,null,null,null,null,null,null,null,null,null,null,null,null,null,null,null,null,{"$f":"+E15","v":0}]
[null,null,"Address:",null," ",null,null,null,null,null,null,null,null,null,null,null,null,null,null,null,null,null,null,null,null,null,{"$f":"+E16","v":" "}]
[null,null,"Email:",null," ",null,null,null,null,null,null,null,null,null,null,null,null,null,null,null,null,null,null,null,null,null,{"$f":"+E17","v":" "}]
[]
[null,null,null,null,null,null,null,null,null,null,"Custom LED Lighting"]
["Type",null,null,null,"Sales Rep / Tech",null,null,null,null,null,null,null,"VIN",null,null,null,null,null,null,"Miles",null,null,null,null,"Terms",null,null,null,null,"Due Date"]
[]
[]
["Product ID",null,null,null,"Description",null,null,null,null,null,null,null,null,null,null,null,null,null,null,"Quantity",null,null,null,null,"Unit Price",null,null,null,null,"Line Total"]
[null,null,null,null,null,null,null,null,null,null,null,null,null,null,null,null,null,null,null,null,null,null,null,null,null,null,null,null,null,{"$f":"ROUND(+T24*Y24+0.000001,2)","v":0}]
[null,null,null,null,null,null,null,null,null,null,null,null,null,null,null,null,null,null,null,null,null,null,null,null,null,null,null,null,null,0]
[null,null,null,null,null,null,null,null,null,null,null,null,null,null,null,null,null,null,null,null,null,null,null,null,null,null,null,null,null,0]
[null,null,null,null,null,null,null,null,null,null,null,null,null,null,null,null,null,null,null,null,null,null,null,null,null,null,null,null,null,0]
[null,null,null,null,null,null,null,null,null,null,null,null,null,null,null,null,null,null,null,null,null,null,null,null,null,null,null,null,null,0]
[null,null,null,null,null,null,null,null,null,null,null,null,null,null,null,null,null,null,null,null,null,null,null,null,null,null,null,null,null,0]
[null,null,null,null,null,null,null,null,null,null,null,null,null,null,null,null,null,null,null,null,null,null,null,null,null,null,null,null,null,0]
[null,null,null,null,null,null,null,null,null,null,null,null,null,null,null,null,null,null,null,null,null,null,null,null,null,null,null,null,null,0]
[null,null,null,null,null,null,null,null,null,null,null,null,null,null,null,null,null,null,null,null,null,null,null,null,null,null,null,null,null,0]
[null,null,null,null,null,null,null,null,null,null,null,null,null,null,null,null,null,null,null,null,null,null,null,null,null,null,null,null,null,0]
[null,null,null,null,null,null,null,null,null,null,null,null,null,null,null,null,null,null,null,null,null,null,null,null,null,null,null,null,null,0]
[null,null,null,null,null,null,null,null,null,null,null,null,null,null,null,null,null,null,null,null,null,null,null,null,null,null,null,null,null,0]
[null,null,null,null,null,null,null,null,null,null,null,null,null,null,null,null,null,null,null,null,null,null,null,null,null,null,null,"SUBTOTAL",null,{"$f":"SUM(AD24:AH35)","v":0}]
[null,null,null,null,null,"RGV Cycle Center",null,null,null,null,null,null,null,null,null,null,null,null,null,null,null,null,null,null,null,null,null,"TAX (8.25%)",null,{"$f":"ROUND(+AD36*0.0825,2)","v":0}]
[null,null,null,null,null,"2716 N.10th Street",null,null,null,null,null,null,null,null,null,null,null,null,null,null,null,null,null,null,null,null,null,"SHIPPING & HANDLING"]
[null,null,null,null,null,"McAllen, TX  78501",null,null,null,null,null,null,null,null,null,null,null,null,null,null,null,null,null,null,null,null,null,"TOTAL",null,{"$f":"SUM(AD36:AH38)","v":0}]
["NOTES:",null,null,null,null,null,null,null,null,null,null,null,null,null,null,null,null,null,null,null,null,null,null,null,null,null,null,"PAID"]
["Use caution with new tires, \"slippery\" for the first 100 miles.         ",null,null,null,null,null,null,null,null,null,null,null,null,null,null,null,null,null,null,null,null,null,null,null,null,null,null,"TOTAL DUE",null,{"$f":"+AD39-AD40","v":0}]
["Check all fastening nuts and bolts after 100 miles.                       "]
["No refunds on self installed electrical items or Helmets."]
["25% restocking fee after 7 days & all Special Orders."]
["956-688-8086"]
[]
["THANK YOU FOR YOUR BUSINESS !"]

{"sheet":"Estimate","index":1,"n_rows":47,"n_cols":38,"rows_kept":47,"cut":false,"hidden":false,"merged":[[16,11,17,21],[0,0,0,17],[1,0,2,17],[1,20,2,34],[4,29,4,32],[5,29,5,32],[20,29,20,34],[19,0,19,3],[19,4,19,11],[19,12,19,18],[19,19,19,23],[19,24,19,28],[19,29,19,34],[20,0,20,3],[20,4,20,11],[20,12,20,18],[20,19,20,23],[20,24,20,28],[23,0,23,3],[23,4,23,18],[23,19,23,22],[23,24,23,27],[23,29,23,33],[22,0,22,3],[22,4,22,18],[22,19,22,23],[22,24,22,28],[22,29,22,34],[25,0,25,3],[25,4,25,18],[25,19,25,22],[25,24,25,27],[25,29,25,33],[24,0,24,3],[24,4,24,18],[24,19,24,22],[24,24,24,27],[24,29,24,33],[27,0,27,3],[27,4,27,18],[27,19,27,22],[27,24,27,27],[27,29,27,33],[26,0,26,3],[26,4,26,18],[26,19,26,22],[26,24,26,27],[26,29,26,33],[29,0,29,3],[29,4,29,18],[29,19,29,22],[29,24,29,27],[29,29,29,33],[28,0,28,3],[28,4,28,18],[28,19,28,22],[28,24,28,27],[28,29,28,33],[31,0,31,3],[31,4,31,18],[31,19,31,22],[31,24,31,27],[31,29,31,33],[30,0,30,3],[30,4,30,18],[30,19,30,22],[30,24,30,27],[30,29,30,33],[35,29,35,33],[32,0,32,3],[32,4,32,18],[32,19,32,22],[32,24,32,27],[32,29,32,33],[33,0,33,3],[33,4,33,18],[33,19,33,22],[33,24,33,27],[33,29,33,33],[34,0,34,3],[34,4,34,18],[34,19,34,22],[34,24,34,27],[34,29,34,33],[46,0,47,35],[36,5,36,17],[36,29,36,33],[37,5,37,17],[37,29,37,33],[38,5,38,17],[38,29,38,33],[39,29,39,33],[40,0,43,20],[40,29,40,33],[41,29,41,34],[44,0,45,35]]}
["RGV Cycle Stuff, dba -"]
[null,null,null,null,null,null,null,null,null,null,null,null,null,null,null,null,null,null,null,null,"ESTIMATE"]
[]
[]
[null,null,null,null,null,null,null,null,null,null,null,null,null,null,null,null,null,null,null,null,null,null,null,null,null,null,null,null,"DATE: ",{"$f":"NOW()","v":"2018-05-14T18:42:09.640"}]
[]
[]
[]
[]
[]
[]
[" "]
[null,"Bill To:",null,null,null,null,null,null,null,null,null,null,null,null,null,null,null,null,null,null,null,null,null,"Ship To:",null,null,null,null,null,null,null,null,null,null,null,null,null,"Note:"]
[null,null,null,null,"Cash Customer",null,null,null,null,null,null,null,null,null,null,null,null,null,null,null,null,null,null,null,null,null,{"$f":"+E14","v":"Cash Customer"}]
[null,null,null,null,null,null,null,null,null,null,null,null,null,null,null,null,null,null,null,null,null,null,null,null,null,null,{"$f":"+E15","v":0}]
[null,null,null,null,null,null,null,null,null,null,null,null,null,null,null,null,null,null,null,null,null,null,null,null,null,null,{"$f":"+E16","v":0}]
[null,null,null,null,"USA",null,null,null,null,null,null,"ESTIMATE",null,null,null,null,null,null,null,null,null,null,null,null,null,null,{"$f":"+E17","v":"USA"}]
[]
[]
["Type",null,null,null,"Sales Rep / Tech",null,null,null,null,null,null,null,"VIN",null,null,null,null,null,null,"Miles",null,null,null,null,"Terms",null,null,null,null,"Due Date"]
[null,null,null,null,"Robert",null,null,null,null,null,null,null,null,null,null,null,null,null,null,null,null,null,null,null,"Cash"]
[]
["Product ID",null,null,null,"Description",null,null,null,null,null,null,null,null,null,null,null,null,null,null,"Quantity",null,null,null,null,"Unit Price",null,null,null,null,"Line Total"]
[null,null,null,null,null,null,null,null,null,null,null,null,null,null,null,null,null,null,null,null,null,null,null,null,null,null,null,null,null,{"$f":"+T24*Y24","v":0},null,null,null,null,null,null,null,1]
[null,null,null,null,null,null,null,null,null,null,null,null,null,null,null,null,null,null,null,null,null,null,null,null,null,null,null,null,null,0,null,null,null,null,null,null,null,1]
[null,null,null,null,null,null,null,null,null,null,null,null,null,null,null,null,null,null,null,null,null,null,null,null,null,null,null,null,null,0]
[null,null,null,null,null,null,null,null,null,null,null,null,null,null,null,null,null,null,null,null,null,null,null,null,null,null,null,null,null,0]
[null,null,null,null,null,null,null,null,null,null,null,null,null,null,null,null,null,null,null,null,null,null,null,null,null,null,null,null,null,0,null,null,null,null,null,null,null,-3]
[null,null,null,null,null,null,null,null,null,null,null,null,null,null,null,null,null,null,null,null,null,null,null,null,null,null,null,null,null,0,null,null,null,null,null,null,null,0]
[null,null,null,null,null,null,null,null,null,null,null,null,null,null,null,null,null,null,null,null,null,null,null,null,null,null,null,null,null,0]
[null,null,null,null,null,null,null,null,null,null,null,null,null,null,null,null,null,null,null,null,null,null,null,null,null,null,null,null,null,0]
[null,null,null,null,null,null,null,null,null,null,null,null,null,null,null,null,null,null,null,null,null,null,null,null,null,null,null,null,null,0]
[null,null,null,null,null,null,null,null,null,null,null,null,null,null,null,null,null,null,null,null,null,null,null,null,null,null,null,null,null,0]
[null,null,null,null,null,null,null,null,null,null,null,null,null,null,null,null,null,null,null,null,null,null,null,null,null,null,null,null,null,0]
[null,null,null,null,"Estimates valid for 10 days",null,null,null,null,null,null,null,null,null,null,null,null,null,null,null,null,null,null,null,null,null,null,null,null,0]
[null,null,null,null,null,null,null,null,null,null,null,null,null,null,null,null,null,null,null,null,null,null,null,null,null,null,null,"SUBTOTAL",null,{"$f":"SUM(AD24:AH35)","v":0}]
[null,null,null,null,null,"RGV Cycle Center",null,null,null,null,null,null,null,null,null,null,null,null,null,null,null,null,null,null,null,null,null,"TAX (8.25%)",null,{"$f":"+AD36*0.0825","v":0}]
[null,null,null,null,null,"2716 N.10th Street",null,null,null,null,null,null,null,null,null,null,null,null,null,null,null,null,null,null,null,null,null,"SHIPPING & HANDLING"]
[null,null,null,null,null,"McAllen, TX  78501",null,null,null,null,null,null,null,null,null,null,null,null,null,null,null,null,null,null,null,null,null,"TOTAL",null,{"$f":"SUM(AD36:AH38)","v":0}]
["NOTES:",null,null,null,null,null,null,null,null,null,null,null,null,null,null,null,null,null,null,null,null,null,null,null,null,null,null,"PAID"]
["Use caution with new tires, \"slippery\" for the first 100 miles.                       Check all fastening nuts and bolts after 100 miles.                              No refunds on self installed electrical items.                                       20% restocking fee after 7 days & Special Orders.",null,null,null,null,null,null,null,null,null,null,null,null,null,null,null,null,null,null,null,null,null,null,null,null,null,null,"TOTAL EST.",null,{"$f":"+AD39-AD40","v":0}]
[]
[]
[]
["956-688-8086"]
[]
["THANK YOU FOR YOUR BUSINESS !"]

{"sheet":"Ctrl_R","index":2,"n_rows":47,"n_cols":47,"rows_kept":47,"cut":false,"hidden":false,"merged":[[0,0,0,17],[1,0,2,17],[1,19,2,34],[4,29,4,32],[5,29,5,32],[6,18,6,21],[6,25,6,29],[6,31,6,33],[14,4,14,13],[14,26,14,35],[15,4,15,13],[15,26,15,35],[16,4,16,13],[16,26,16,35],[7,31,7,33],[8,31,8,33],[9,18,9,21],[9,25,9,27],[9,31,9,33],[13,4,13,13],[13,26,13,35],[19,29,19,34],[20,0,20,3],[20,4,20,11],[20,12,20,18],[20,19,20,23],[20,24,20,28],[20,29,20,34],[18,10,18,22],[19,0,19,3],[19,4,19,11],[19,12,19,18],[19,19,19,23],[19,24,19,28],[22,0,22,3],[22,4,22,18],[22,19,22,23],[22,24,22,28],[22,29,22,34],[23,0,23,3],[23,4,23,18],[23,19,23,22],[23,24,23,27],[23,29,23,33],[24,0,24,3],[24,4,24,18],[24,19,24,22],[24,24,24,27],[24,29,24,33],[25,0,25,3],[25,4,25,18],[25,19,25,22],[25,24,25,27],[25,29,25,33],[26,0,26,3],[26,4,26,18],[26,19,26,22],[26,24,26,27],[26,29,26,33],[27,0,27,3],[27,4,27,18],[27,19,27,22],[27,24,27,27],[27,29,27,33],[28,0,28,3],[28,4,28,18],[28,19,28,22],[28,24,28,27],[28,29,28,33],[29,0,29,3],[29,4,29,18],[29,19,29,22],[29,24,29,27],[29,29,29,33],[30,0,30,3],[30,4,30,18],[30,19,30,22],[30,24,30,27],[30,29,30,33],[31,0,31,3],[31,4,31,18],[31,19,31,22],[31,24,31,27],[31,29,31,33],[34,0,34,3],[34,4,34,18],[34,19,34,22],[34,24,34,27],[34,29,34,33],[35,29,35,33],[32,0,32,3],[32,4,32,18],[32,19,32,22],[32,24,32,27],[32,29,32,33],[33,0,33,3],[33,4,33,18],[33,19,33,22],[33,24,33,27],[33,29,33,33],[39,29,39,33],[40,29,40,33],[44,0,45,35],[46,0,47,35],[36,5,36,17],[36,29,36,33],[37,5,37,17],[37,29,37,33],[38,5,38,17],[38,29,38,33]]}
["RGV Cycle Stuff, dba -"]
[null,null,null,null,null,null,null,null,null,null,null,null,null,null,null,null,null,null,null,"SALES RECEIPT"]
[]
[]
[null,null,null,null,null,null,null,null,null,null,null,null,null,null,null,null,null,null,null,null,null,null,null,null,null,null,null,null,"DATE: ","2018-05-14"]
[null,null,null,null,null,null,null,null,null,null,null,null,null,null,null,null,null,null,null,null,null,null,null,null,null,null,null,null,"INVOICE: ",25634]
[null,null,null,null,null,null,null,null,null,null,null,null,null,null,null,null,null,null,null,null,null,null,null,null,null,"Total Invoice",null,null,null,null,null,103.92]
[null,null,null,null,null,null,null,null,null,null,null,null,null,null,null,null,null,null,null,null,null,null,null,null,null,"Total Paid",null,null,null,null,null,103.92]
[null,null,null,null,null,null,null,null,null,null,null,null,null,null,null,null,null,null,null,null,null,null,null,null,null,"Balance",null,null,null,null,null,0]
[]
[]
[" "]
[null,"Bill To:",null,null,null,null,null,null,null,null,null,null,null,null,null,null,null,null,null,null,null,null,null,"Ship To:",null,null,null,null,null,null,null,null,null,null,null,null,null,"Note:"]
[null,null,"Name:",null,"Benny",null,null,null,null,null,null,null,null,null,null,null,null,null,null,null,null,null,null,null,null,null,{"$f":"+E14","v":"Benny"}]
[null,null,"Phone:",null,"956-821-3092",null,null,null,null,null,null,null,null,null,null,null,null,null,null,null,null,null,null,null,null,null,{"$f":"+E15","v":"956-821-3092"}]
[null,null,"Address:",null,"2006 XL883 Custom",null,null,null,null,null,null,null,null,null,null,null,null,null,null,null,null,null,null,null,null,null,{"$f":"+E16","v":"2006 XL883 Custom"}]
[null,null,"Email:",null," ",null,null,null,null,null,null,null,null,null,null,null,null,null,null,null,null,null,null,null,null,null,{"$f":"+E17","v":" "}]
[]
[null,null,null,null,null,null,null,null,null,null,"Custom LED Lighting"]
["Type",null,null,null,"Sales Rep / Tech",null,null,null,null,null,null,null,"VIN",null,null,null,null,null,null,"Miles",null,null,null,null,"Terms",null,null,null,null,"Due Date",null,null,null,null,null,null,null,null,null,null,null,null,null,null,"How"]
["H",null,null,null,"Robert / Chris M",null,null,null,null,null,null,null,null,null,null,null,null,null,null,20404,null,null,null,null,"Due",null,null,null,null,null,null,null,null,null,null,null,null,null,null,null,null,null,null,null,"Paid",null,"Balance"]
[]
["Product ID",null,null,null,"Description",null,null,null,null,null,null,null,null,null,null,null,null,null,null,"Quantity",null,null,null,null,"Unit Price",null,null,null,null,"Line Total",null,null,null,null,null,null,null,null,"2018-05-14",null,"Deposit",null,0,null,"Due",null,103.92]
["",null,null,null,"Addl to Inv 25626",null,null,null,null,null,null,null,null,null,null,null,null,null,null,null,null,null,null,null,null,null,null,null,null,{"$f":"ROUND(+T24*Y24+0.000001,2)","v":0},null,null,null,null,null,null,null,null,"2018-05-14",null,"Payment",null,103.92,null,"Cash",null,0]
["500055",null,null,null,"Labor - Mount & Balance RR, on bike",null,null,null,null,null,null,null,null,null,null,null,null,null,null,1,null,null,null,null,55,null,null,null,null,55]
["592360",null,null,null,"BM Brake Pads (FA387)",null,null,null,null,null,null,null,null,null,null,null,null,null,null,1,null,null,null,null,31,null,null,null,null,31]
["500010",null,null,null,"Labor - Brake Pad install w/tire chg",null,null,null,null,null,null,null,null,null,null,null,null,null,null,1,null,null,null,null,10,null,null,null,null,10]
["",null,null,null,"",null,null,null,null,null,null,null,null,null,null,null,null,null,null,null,null,null,null,null,null,null,null,null,null,0]
["",null,null,null,"Thanks",null,null,null,null,null,null,null,null,null,null,null,null,null,null,null,null,null,null,null,null,null,null,null,null,0]
["",null,null,null,"",null,null,null,null,null,null,null,null,null,null,null,null,null,null,null,null,null,null,null,null,null,null,null,null,0]
["",null,null,null,"",null,null,null,null,null,null,null,null,null,null,null,null,null,null,null,null,null,null,null,null,null,null,null,null,0]
["",null,null,null,"",null,null,null,null,null,null,null,null,null,null,null,null,null,null,null,null,null,null,null,null,null,null,null,null,0]
["",null,null,null,"",null,null,null,null,null,null,null,null,null,null,null,null,null,null,null,null,null,null,null,null,null,null,null,null,0]
["",null,null,null,"",null,null,null,null,null,null,null,null,null,null,null,null,null,null,null,null,null,null,null,null,null,null,null,null,0]
["",null,null,null,"",null,null,null,null,null,null,null,null,null,null,null,null,null,null,null,null,null,null,null,null,null,null,null,null,0]
[null,null,null,null,null,null,null,null,null,null,null,null,null,null,null,null,null,null,null,null,null,null,null,null,null,null,null,"SUBTOTAL",null,{"$f":"SUM(AD24:AH35)","v":96}]
[null,null,null,null,null,"RGV Cycle Center",null,null,null,null,null,null,null,null,null,null,null,null,null,null,null,null,null,null,null,null,null,"TAX (8.25%)",null,7.92]
[null,null,null,null,null,"2716 N.10th Street",null,null,null,null,null,null,null,null,null,null,null,null,null,null,null,null,null,null,null,null,null,"SHIPPING & HANDLING"]
[null,null,null,null,null,"McAllen, TX  78501",null,null,null,null,null,null,null,null,null,null,null,null,null,null,null,null,null,null,null,null,null,"TOTAL",null,{"$f":"SUM(AD36:AH38)","v":103.92}]
["NOTES:",null,null,null,null,null,null,null,null,null,null,null,null,null,null,null,null,null,null,null,null,null,null,null,null,null,null,"PAID",null,103.92]
["Use caution with new tires, \"slippery\" for the first 100 miles.         ",null,null,null,null,null,null,null,null,null,null,null,null,null,null,null,null,null,null,null,null,null,null,null,null,null,null,"TOTAL DUE",null,0]
["Check all fastening nuts and bolts after 100 miles.                       "]
["No refunds on self installed electrical items or Helmets."]
["25% restocking fee after 7 days & all Special Orders."]
["956-688-8086"]
[]
["THANK YOU FOR YOUR BUSINESS !"]

{"sheet":"Ctrl_G","index":3,"n_rows":676,"n_cols":1,"rows_kept":676,"cut":false,"hidden":false,"merged":[]}
["\"9/16/2017 1:17:08 PM\",\"Roger\",\"956-562-2641\",\"2005 Suz S40 Blvd \",\"USA\",\"Bobbi\",\"87-4587,SHINKO *100/90-19 SR777  REINFORCED FR,1,85,374645,Tube 275/300-21 TR6 BM,1,13,500045,Labor - Mount & Balance FR tire on bike,1,45,500002,Tire Disposal Fee,1,2.5,,,,,,,,,,,,,,,,,,,,,,,,,,,,,,Estimates valid for 10 days,,\""]
["\"9/18/2017 11:50:25 AM\",\"Alex\",\"956-929-0935\",\"2006 Ducatti 999S\",\"USA\",\"Robert / \",\",Customer put in Pump & Battery^ about,,,,5 mo ago (battery)^ Fuel pump 3 mo's ago.,,,,Sitting a year^ cust rinsed tank^ 3 mo old now.,,,,Quote,,,,,,,,,,,,,,,,,,,,,,,,,,,,,,,,,,\""]
["\"9/18/2017 11:54:38 AM\",\"Victor\",\"956-800-0205\",\"2003 GSX-R 1000\",\"USA\",\"Robert\",\",Hydraulic Clutch,,,,Lever ?,,,,,,,,Ask Joe,,,,,,,,,,,,,,,,,,,,,,,,,,,,,,,,,,\""]
["\"9/18/2017 3:48:48 PM\",\"Allen\",\"(MX call)\",\"Honda\",\"USA\",\"Robert\",\"87-4477,Shinko *170/80-15 RR SR737,1,119,87-4592,Shinko *170/80-15 SR777 Reinforced RR,,132,,,,,871-2055,PIRELLI *170/80-15 MT66 RR,,145,,,,,,,,,,,,,,,,,,,,,,,,,,,,,,Estimates valid for 10 days,,\""]
["\"9/19/2017 11:13:37 AM\",\"Myra\",\"956-622-1448 (old 400-5054)\",\"1999 Dyna FXDWG\",\"USA\",\"Robert\",\"87-9772,Michelin *MT90B16 Commander II RR,,161,87-9770,Michelin *MT90B16 Commander II FR,,136,87-4594,Shinko *130/MT90-16 F777 Reinf RR,,119,87-4585,Shinko *130/MT90B16 SR777 Reinf FR,,109,87-9771,Michelin *MH90-21 Commander II FR,,136,87-4589,Shinko *80/MH90-21 F777 FR,,69,,,,,,,,,,,,,,,,,,,,,,Estimates valid for 10 days,,\""]
["\"9/19/2017 3:28:26 PM\",\"Ernest\",\"956-377-9969 (old 363-3191)\",\"956-472-6791 / 998-9797 (Log w/new number ahead)\",\"2007 GSX-R1000   \",\"Robert\",\"27-10207,Ricks Regulator,1,132,1806295,OEM Stator,1,250,Frt,Frt,1,8,,,,,,,,,,,,,,,,,,,,,,,,,,,,,,,,,,Estimates valid for 10 days,,\""]
["\"9/19/2017 5:44:58 PM\",\"Gerry\",\"956-451-7662 / 281-509-2025 Kathy\",\"HD\",\"USA\",\"Robert\",\"Tow,Mission to Shop,,,,Green Gate Grove,,,,700 N. Benton Palm Dr^ Lot 2^ 78572,,,,Thursday 21st @ 1:30pm,,,,,,,,,,,,,,,,,,,,,,,,,,,,,,,,,,\""]
["\"9/20/2017 4:59:25 PM\",\"Gabriel\",\"956-998-6262\",\"2007 Street Bob\",\"USA\",\"Robert\",\"87-9758,Michelin *160/70-17 Commander II RR,1,209,87-9441,Michelin *160/71B17 Scorcher RR,,209,500050,Labor - Mount & Balance,1,50,500002,Tire Disposal Fee,1,2.5,,,,,310499,Dunlop *160/70B17 Am Elite BW RR,,219,400005,Discount - Cash Only ($264 OTD),,-17.62,,,,,,,,,,,,,,,,,,Estimates valid for 10 days,,\""]
["\"9/21/2017 2:33:30 PM\",\"Jeff\",\"956-404-5945\",\"Big Dog \",\"USA\",\"Bobbi\",\"87-9767,Michelin *180/55B18 Commander II RR,1,234,87-9747,Michelin *90/90-21 Commander II FR,1,145,500060,Labor - Mount & Balance RR^ on bike,1,60,500045,Labor - Mount & Balance FR^ on bike,1,45,500002,Tire Disposal Fee,2,2.5,,,,,,,,,,,,,,,,,,,,,,,,,,,,\""]
["\"9/21/2017 3:39:49 PM\",\"Art\",\"956-331-5122\",\"1995 Shadow 750\",\"USA\",\"Robert\",\"87-4161,SHINKO *100/90-19 F230 FR,1,79,,Tube - FR,1,15,500040,Labor - Mount & Balance FR^ on bike,1,40,500002,Tire Disposal Fee,1,2.5,,,,,,,,,,,,,,,,,,,,,,,,,,,,,,Estimates valid for 10 days,,\""]
["\"9/21/2017 6:09:37 PM\",\"Frank\",\"956-667-9911\",\"2002 Suz VL800\",\"#1150\",\"Robert\",\"500065,Labor - Carb R&R^ Clean^ Jet,2.75,65,,,,,225-8325C,Marker/Signal Lights Chr PR Style 1,1,44.95,500045,Labor - RR Turn Sig R&R,1,45,,,,,,Speedo new not available^ Used Avail^,1,200,,but until replaced^ may not be the issue.,,,,,,,,Turn Signals need new switch assy.,,,,Nuw @ $150.^ looking for used.,,,,,,,,JS1VS54AX22108434  / 34777,,\""]
["\"9/21/2017 6:12:29 PM\",\"Frank\",\"956-667-9911\",\"2002 Suz VL800\",\"#1150\",\"Robert\",\",Deposit only,,,,Carb R&R^ Clean^ Jet,2.75,65,,Marker / Signal Lights Lights Chr,1,44.95,,Labor - R&R Turn Signals^ RR^ wire running,1,45,,Speedo Assy - Used ,1,200,,,,,,Will look for signal switch assy.^ used,,,,,,,,,,,,,,,,,,,,,,\""]
["\"9/22/2017 11:30:16 AM\",\"Raul\",\"956-551-8076\",\"2003 ZX6R\",\"USA\",\"Robert\",\"21-81031,ALL BALLS MASTER CYLINDER REBUILD KIT,1,24,500060,Labor - Mount & Balance,1,60,,Brake fluid,1,8,961119,BRAKE PAD KAW BM FA192,1,24,87-4007,Shinko *180/55ZR17 R003 RR,1,124,87-4001,Shinko *120/70-17 F003 FR,1,81,500030,Labor - Mount & Balance,1,30,500030,Labor - Mount & Balance,1,30,961203,  BRAKE PAD 4/PC SET KAW BM (FA369/4),2,28,500010,Labor - Mount & Balance,2,10,,,,,,Estimates valid for 10 days,,\""]
["\"9/22/2017 4:44:23 PM\",\"Isaiah\",\"956-739-5081\",\"2009 XL1200N\",\"USA\",\"Bobbi\",\"480689,Barnett Black Vinyl Clutch cable +6,1,95,,,,,,,,,,,,,,,,,,,,,,,,,,,,,,,,,,,,,,,,,,Estimates valid for 10 days,,\""]
["\"9/25/2017 9:09:02 AM\",\"Jesus\",\"956-650-4283\",\"2001 Suz JR80\",\"USA\",\"Robert\",\",2302 S Border Ave^ Weslaco,,,Tow,Weslaco to Shop,,,,,,,,,,,,,,,,,,,,,,,,,,,,,,,,,,,,,,,,,,\""]
["\"9/25/2017 10:03:36 AM\",\"Wesley\",\"956-731-2663\",\"2009 Yamaha TTR50\",\"USA\",\"Robert\",\"87-4202,Shinko *2.50-10 SR 520,1,36,87-0109,Tube - 2.75/3.00-10 JS87,1,8,500030,Labor - Mount & Balance,1,30,,,,,,,,,,,,,,,,,,,,,,,,,,,,,,,,,,Estimates valid for 10 days,,\""]
["\"9/25/2017 10:52:51 AM\",\"Mike\",\"956-867-4692\",\"2010 Kaw Vulcan Trike\",\"USA\",\"Robert\",\"300226,Bridgestone Battlecruise 130/90-16 FR,1,165,500055,Labor - Mount & Balance,1,55,500002,Tire Disposal Fee,1,2.5,,,,,,,,,,,,,,,,,,THANKS!!,,,,,,,,,,,,,,,,Estimates valid for 10 days,,\""]
["\"9/25/2017 3:39:42 PM\",\"Alejandro\",\"956-379-8941\",\"2001 Busa\",\"USA\",\"Robert\",\"87-4008,Shinko *190/50-17 R003 RR,1,129,87-4001,Shinko *120/70-17 F003 FR,1,80,500030,Labor - Mount & Balance RR^ on bike,1,30,500025,Labor - Mount & Balance FR^ on bike,1,25,,,,,,,,,,,,,,,,,,,,,,,,,,,,,,,,\""]
["\"9/25/2017 4:05:16 PM\",\"Trevor\",\"956-379-5691\",\"YZF250F\",\"USA\",\"Robert\",\"870-1002,Sedona Hard/Intermed *80/100-21 MX8871T FR,1,59,,Tube - 21in,1,13,500020,Labor - Mount & Balance TT^ off bike,1,14.84,,HD Mich Tube,,28,,,,,,,,,,,,,,,,,,,,,,,,,,,,,,Estimates valid for 10 days,,\""]
["\"9/25/2017 5:39:41 PM\",\"Martine\",\"956-250-4842\",\"2006 Suz GSX-R600\",\"USA\",\"Robert\",\"27-10207,RICKS  REGULATOR / RECTIFIER SUZUKI,1,142,27-21328,Ricks Stator Suz,1,142,,,,,49-2269,BATTERY MAINT FREE CTX9-BS,1,49,,,,,,,,,,,,,,,,,,,,,,,,,,,,,,Estimates valid for 10 days,,\""]
["\"9/26/2017 12:01:45 PM\",\"Jorge\",\"956-735-1904\",\"2007 Kaw Vulcan 900 Classic\",\"USA\",\"Robert\",\"87-4165,Shinko *130/90-16 FR 230,1,99,87-4178,Shinko *180/70-15 R230 RR,1,116,500060,Labor - Mount & Balance RR^ on bike,1,60,500040,Labor - Mount & Balance FR^ on bike,1,40,500002,Tire Disposal Fee,2,2.5,87-0151,Tube 5.00/5.10-16 TR6,1,19,87-0147,Tube 170/80-15 TR6,1,22,400005,Discount - Cash only ($370 OTD),,-19.2,,,,,,Plus $15 each new tire carry-in,,,,,,,,Estimates valid for 10 days,,\""]
["\"9/26/2017 1:22:30 PM\",\"Ramiro Huerta\",\"956-638-0331\",\"2012 Dyna Wide Glide\",\"USA\",\"Robert\",\"310499,Dunlop *160/70B17 Am Elite BW RR,2,209,,,,,,,,,,,,,,,,,,,,,,,,,,,,,,,,,,,,,,,,,,Estimates valid for 10 days,,\""]
["\"9/26/2017 3:03:45 PM\",\"Sal\",\"956-281-8549\",\"2004 RoadKing\",\"USA\",\"Robert\",\"500065,Labor - R&R Brake Caliper^ rebuild,2.3,65,45072-96D,OEM HD Brake MC Rebuild Kit,1,48,DOT5,Brake Fluid - DOT5,1,9,Disp,Fluid Disp^ Rags^ Clnr^ Shop Sup,1,4,,,,,,,,,,,,,,,,,,,,,,,,,,,,,(GR200150),,,\""]
["\"9/27/2017 9:03:32 AM\",\"Jose\",\"361-455-0003\",\"1996 BMW R1100R\",\"#1146\",\"Robert / \",\"12-41-2-306-700,Starter BMW Motorcycle 1993-2004,1,99,500O65,Labor - R&R Starter,1,65,500065,Labor - Fork Seals R&R,3.5,65,22-56115,Fork Seal / Wiper Kit,1,32,78-9915,Maxima Fork Oil 10w Liter,1,13,Misc,Oil Disp^ Clnr^ Rags^ Shop,1,6,500090,Labor - Bleed Brake Sys^ Pull Clean FR Caliper,1,90,DOT4,Brake Fluid - DOT4,1,8,Fuel,Premium Fuel,1,6,400005,Discount - Cash only ($555 OTD),,-33.8,,(Brk Lbr Estimated^ JR up 40 then),,,(JR200140),,,\""]
["\"9/28/2017 10:31:09 AM\",\"Samuel\",\"956-578-2003\",\"1994 Yamaha XV750 Virago\",\"USA\",\"Robert\",\"87-4161,Shinko *100/90-19 FR,1,69,500040,Labor - Mount & Balance FR^ on bike,1,40,500002,Tire Disposal Fee,1,2.5,,,,,490-2225,WPS Battery CB16AL-A2 w/Acid,,65,,,,,,Tank Clean and Line,1,220,,Carb R&R^ Clean^ Jet (+ Parts if required),1,240,,Only then can Pepcock and Fuel Pump,,,,be tested.,,,500060,Labor - Mount & Balance RR^ on bike,1,60,,Estimates valid for 10 days,,\""]
["\"9/28/2017 12:24:54 PM\",\"Manuel\",\"956-330-6980\",\"2008 Yamaha Roadstar 1700\",\"USA\",\"Robert\",\"87-4597,SHINKO *150/80B16 SR777 A/B 77H REINFORCED,1,127,500060,Labor - Mount & Balance,1,60,500002,Tire Disposal Fee,1,2.5,,,,,,,,,,,,,,,,,,,,,,,,,,,,,,,,,,Estimates valid for 10 days,,\""]
["\"9/29/2017 8:25:38 AM\",\"Manuel\",\"956-330-6980\",\"2008 Yamaha Roadstar 1700\",\"USA\",\"Robert /                 \",\"87-4597,Shinko *150/80B16 SR777 Reinf RR,1,127,500060,Labor - Mount & Balance RR^ on bike,1,60,87-4585,Shinko *130/90B16 SR777 Reinf FR,1,109,500045,Labor - Mount & Balance FR^ on bike,1,45,500002,Tire Disposal Fee,2,2.5,400005,Discount - Cash only,1,-22.67,,,,,,Will pick-up Sat around 9am,,,,Cash only^ advise if brakes need changed.,,,,,,,,,,,,,,\""]
["\"9/29/2017 10:10:14 AM\",\"Eddie\",\"956-500-4192\",\"Honda\",\"USA\",\"Robert\",\"87-4477,Shinko *170/80-15 RR SR737,1,119,500060,Labor - Mount & Balance RR^ on bike,,60,87-0147,Tube 170/80-15 TR6,1,22,500002,Tire Disposal Fee,,2.5,,,,,87-4593,SHINKO *170/80B15 SR777 WWW Reinforced,,139,,,,,87-4563,SHINKO *120/90-18 777 FR,1,109,,Tube - FR,1,15,500045,Labor - Mount & Balance FR^ on bike,,45,,,,,,Estimates valid for 10 days,,\""]
["\"9/29/2017 12:07:44 PM\",\"Luis\",\"956-545-9859\",\"2002 Honda\",\"USA\",\"Robert\",\"871-5066,Pirelli 3.50-10 TT SC30 Scooter,1,49,87-0117,Tube Sedona 300/325-10,1,9,500050,Labor - Mount & Balance^ On bike,1,50,500020,Labor - Mount & Balance^ Off bike,,20,500002,Tire Disposal Fee,1,2.5,,,,,87-4220,Shinko  SR009 Tire *3.50-10,,39,,,,,,,,,,,,,,,,,,Estimates valid for 10 days,,\""]
["\"9/29/2017 3:05:04 PM\",\"Lem\",\"985-373-5852\",\"2014 Honda 250\",\"USA\",\"Robert\",\"18-93200,Handlebar Fly Steel 1010 Hi Blk,1,25,56-9812,Mirror Enduro L/R,2,14.95,24-1133,Grip Fly Pilot II MX Red/Blk,1,17.95,,,,,500065,Labor - R&R Handle bars^ Mirrors^ Grips,1,65,,,,,,,,,,,,,,,,,,,,,,,,,,Estimates valid for 10 days,,\""]
["\"9/29/2017 4:50:59 PM\",\"Kody\",\"405-227-5087\",\"\",\"USA\",\"Bobbi\",\"87-4152,SHINKO *130/90-16 712R RR,1,95,500055,Labor - Mount & Balance^ Rear tire on bike ,1,55,,Tube,1,19,500002,Tire Disposal Fee,1,2.5,,,,,,,,,,,,,,,,,,,,,,,,,,,,,,Estimates valid for 10 days,,\""]
["\"9/29/2017 5:38:13 PM\",\"Noe\",\"956-246-6087\",\"1981 Honda GL500 \",\"USA\",\"Robert\",\"87-4595,SHINKO *130/90B16 SR777 6PR W/W REINFORCED 73H,1,127,87-4588,Shinko *100/90-19 SR777 WWW Reinforced,1,94,500055,Labor - Mount & Balance,,55,500045,Labor - Mount & Balance,,45,500002,Tire Disposal Fee,,2.5,,,,,,,,,,,,,,,,,,,,,,,,,,Estimates valid for 10 days,,\""]
["\"9/30/2017 9:45:30 AM\",\"Grizzly\",\"405-227-5087\",\"\",\"USA\",\"Robert\",\"87-4182,Shinko *90/90-21 SR777 FR,1,89,87-4152,SHINKO *130/90-16 712R RR,1,104,87-0186,Tube 2.75/3.00-21 TR4,1,12,500055,Labor - Mount & Balance ,1,55,500045,Labor - Mount & Balance,1,45,500002,Tire Disposal Fee,2,2.5,,,,,,,,,,,,,,,,,,,,,,Estimates valid for 10 days,,\""]
["\"9/30/2017 2:51:51 PM\",\"Marlon\",\"956-867-7844\",\"2007 Kaw 2000 Classic\",\"USA\",\"Robert\",\"87-4169,Shinko *150/80-16 F230 FR,1,115,500020,Labor - Mount & Balance FR off bike,1,20,310123,Bridgestone Rear O.E. Tires   BT020R^ 200/60VR16 Rear,1,202,500065,Labor - Mount & Balance RR on bike,1,65,500002,Tire Disposal Fee,2,2.5,,,,,,,,,,,,,,,,,,,,,,,,,,Estimates valid for 10 days,,\""]
["\"10/2/2017 3:20:41 PM\",\"Jorge\",\"956-499-6374\",\"\",\"USA\",\"Robert\",\"310480,Dunlop *MT90B16 Amer Elite BW FR,1,98,500040,Labor - Mount & Balance,1,40,,Tube,1,18,500002,Tire Disposal Fee,1,2.5,,,,,,,,,,,,,,,,,,,,,,,,,,,,,,Estimates valid for 10 days,,\""]
["\"10/2/2017 4:24:13 PM\",\"Chris\",\"956-605-8019\",\"2001 HD 1200C\",\"USA\",\"Robert\",\"87-4589,Shinko *80/90-21 F777 FR,1,83,500025,Labor - Mount & Balance FR/RR off bike,1,25,87-0150,Tube 5.00/5.10-16 OC,1,18,87-4585,Shinko *130/90B16 SR777 REINFORCED FR,1,110,87-0186,Tube 2.75/3.00-21 TR4,1,15,500002,Tire Disposal Fee,2,2.5,,,,,,,,,,,,,,,,,,,,,,Estimates valid for 10 days,,\""]
["\"10/3/2017 12:20:59 PM\",\"Joe\",\"956-821-4652\",\"2008 CRF150RB\",\"USA\",\"Robert\",\"87-9562,MICHELIN TIRE 70/100-19F STARCROSS ,,66,870-1001,SEDONA *70/100-19 MX887IT FR,,68,87-4711,SHINKO *70/100-19 F546 42M FR,,60,87-4322,SHINKO *70/100-19 42M F524,1,60,87-0178,KINGS TUBE 2.75/3.00-19,1,12,,,,,,,,,,,,,,,,,,,,,,,,,,Estimates valid for 10 days,,\""]
["\"10/3/2017 12:47:26 PM\",\"Jorge\",\"956-878-9296\",\"2007 Honda Shadow Spirit\",\"USA\",\"Robert\",\"87-4142,SHINKO *110/90-19 712 FR,1,86,87-0184,Tube 100-110/90-19 TR4,1,16,87-4572,SHINKO *160/80-15 777 RR,1,131,87-0147,Tube 170/80-15 TR6,1,20,500065,Labor - Mount & Balance RR on bike,1,65,500055,Labor - Mount & Balance FR on bike,1,55,500002,Tire Disposal Fee,2,2.5,,,,,,,,,,,,,,,,,,Estimates valid for 10 days,,\""]
["\"10/3/2017 2:33:18 PM\",\"Italo\",\"956-655-7099\",\"Kaw Bayou 220\",\"USA\",\"Robert\",\"285185,K284 21x8x9 FRONTMAX,2,66,681377,CST Ambush 22x10-10,2,74,500020,Labor - Mount & Balance off bike,,20,,,,,,,,,,,,,,,,,,,,,,,,,,,,,,,,,,Estimates valid for 10 days,,\""]
["\"10/4/2017 9:55:20 AM\",\"Emelio\",\"956-400-3721\",\"\",\"USA\",\"Robert\",\"87-4589,Shinko *80/90-21 F777 FR,1,89,87-0186,Tube 2.75/3.00-21 TR4,1,14,500025,Labor - Mount & Balance,1,25,,,1,5,,,,,,,,,,,,,,,,,,,,,,,,,,,,,,Estimates valid for 10 days,,\""]
["\"10/5/2017 10:42:55 AM\",\"Brant\",\"\",\"\",\"USA\",\"Robert\",\"15-84R,EBC Brake Pads,2,24,15-344R,EBC Brake Pads,2,26,,,,,,,,,,,,,,,,,,,,,,,,,,,,,,,,,,,,,,Estimates valid for 10 days,,\""]
["\"10/5/2017 12:08:21 PM\",\"Hector\",\"956-867-7032\",\"2011 Kaw Vulcan 900\",\"USA\",\"Robert\",\"87-4178,Shinko *180/70-15 R230 RR,1,109,87-4585,Shinko *130/90B16 SR777 REINFORCED FR,1,109,,Tube RR,1,23,,Tube FR,1,20,500060,Labor - Mount & Balance RR^ on bike,1,60,500040,Labor - Mount & Balance FR^ on bike,1,40,500002,Tire Disposal Fee,2,2.5,,,,,,,,,,,,,,,,,,Estimates valid for 10 days,,\""]
["\"10/5/2017 12:13:20 PM\",\"Jesus\",\"956-650-4283\",\"2001 Suz JR80\",\"USA\",\"Robert\",\",2302 S Border Ave^ Weslaco,,,Tow,Weslaco to Shop,,,,,,,,Carb Kit,1,32.95,,Spark Plugs,2,4.95,,Oil,,7,,Labor - ,1,20,,,,,,,,,,,,,,,,,,,,\""]
["\"10/5/2017 2:22:42 PM\",\"Samuel\",\"956-352-9712\",\"2014 Breakout\",\"USA\",\"Robert\",\"310488,Dunlop *130/60B21 Amer Elite FR,1,155,500045,Labor - Mount & Balance FR^ on bike,1,45,500002,Tire Disposal Fee,1,2.5,,Valves^ Brakes extra if required,,,,,,,,,,,,,,,,,,,,,,,,,,,,,,,,Estimates valid for 10 days,,\""]
["\"10/5/2017 4:04:27 PM\",\"Daniel\",\"802-751-5094\",\"\",\"USA\",\"Robert\",\"87-4331,SHINKO INTERMEDIATE/HARD TERRAIN *80/100-21 520 FR,1,69,500020,Labor - Mount & Balance,1,20,,Tube HD,,28,,Tube Reg,1,14,500002,Tire Disposal Fee,1,2.5,,,,,,,,,,$114.20 Reg Tube,,,,,,,,,,,,,,,,Estimates valid for 10 days,,\""]
["\"10/5/2017 4:58:20 PM\",\"Andy\",\"956-821-5262\",\"2007 CVO\",\"USA\",\"Robert\",\"310493,Dunlop *MU85B16 Amer Elite BW RR,,191,310480,Dunlop *MT90B16 Amer Elite BW FR,,156,87-4568,Shinko *MU85B16 R777 Reinforced RR,,142,87-4585,Shinko *130/90B16 SR777 Reinforced FR,,109,500050,Labor - Mount & Balance RR^ on bike,1,50,500045,Labor - Mount & Balance FR^ on bike,1,45,500002,Tire Disposal Fee,2,2.5,,Tubes^ Valves^ Brakes extra if required,,,,BM FA400 installed @ $37 + tax each,,,,Shinko OTD $351 + tax,1,175,,87-9773^ 87-9770,1,131,,,,\""]
["\"10/5/2017 5:28:08 PM\",\"Lee Zerrato\",\"956-460-8947 (old 225-6574)\",\"2013 RoadGlide\",\"USA\",\"Robert\",\"87-9440,Michelin *18065B16 Scorcher RR,1,235,500050,Labor - Mount & Balance RR^ on bike,1,50,500002,Tire Disposal Fee,1,2.5,400005,Discount - Cash,1,-19.6,,,,,,,,,,,,,,,,,,,,,,,,,,,,,,Estimates valid for 10 days,,\""]
["\"10/6/2017 9:45:55 AM\",\"Chevo\",\"956-472-7242 (old 345-6941)\",\"2001 Suz Int 1500LC\",\"USA\",\"Robert\",\"781-00302,Exhaust Mac Full Sys Fat Stakkers Chrome,,360,781-00304,Exhaust Mac Full Sys Staggered Slash Chrome,,330,VH2013,Exhaust Vance & Hines Full Sys Straightshot Chrome,,490,,,,,,,,,,,,,,,,,,,,,,,,,,,,,,,,,,Estimates valid for 10 days,,\""]
["\"10/6/2017 10:38:02 AM\",\"Fernando\",\"956-821-9430\",\"2002 FLHR RoadKing\",\"USA\",\"Robert\",\"87-4595,Shinko *130/90B16 SR777 6PR WWW Reinf RR,1,126,500055,Labor - Mount & Balance RR^ on bike,1,55,,Tube 5.00/5.10-16 Ctr or OC,1,20,500002,Tire Disposal Fee,1,2.5,,Tubes^ Valves^ Brakes extra if required,,,,,,,,,,,,,,,,,,,,,,,,,,,,Estimates valid for 10 days,,\""]
["\"10/6/2017 12:06:58 PM\",\"Chris\",\"956-605-8019\",\"2001 HD 1200C\",\"USA\",\"Robert\",\",Ref Inv 24111,,,87-4585,Shinko *130/90-16 SR777 Reinf - Wrong tire,-1,110,87-4152,SHINKO *130/90-16 712R RR,1,105,500025,Labor - Mount & Balance RR^ addl on bike,1,25,500015,Labor - Mount & Balance FR^ addl on bike,1,15,,Valves^ Brakes extra if required,,,,,,,,,,,,,,,,,,,,,,,,,,\""]
["\"10/6/2017 12:30:41 PM\",\"Mac\",\"956-369-7712\",\"2003 GX600F Katana\",\"USA\",\"Robert\",\",Dropped off 4 Carb^ Where line goes in,,,,leaks worst.,,,,,,,,,,,,,,,,,,,,,,,,,,,,,,,,,,,,,,,,,,\""]
["\"10/6/2017 1:00:08 PM\",\"Juan\",\"956-227-7275\",\"2005 XVS650 V-Star Custom\",\"USA\",\"Robert\",\"49-2274,Battery,1,65,,,,,,,,,,,,,,,,,,,,,,,,,,,,,,,,,,,,,,,,,,Estimates valid for 10 days,,\""]
["\"10/6/2017 1:17:09 PM\",\"Rick\",\"956-360-9443\",\"2013 Dyna Street Bob\",\"USA\",\"Robert\",\"87-9758,Michelin Commander II Bias *160/70-17R RR,,219,500050,Labor - Mount & Balance RR^ on bike,1,50,87-09551,Tube 160/70-17,1,30,500002,Tire Disposal Fee,1,2.5,,,,,87-4601,Shinko *160/70B17 SR777 Reinf RR,1,142,,,,,,,,,,,,,,,,,,,,,,Estimates valid for 10 days,,\""]
["\"10/7/2017 3:14:51 PM\",\"Ray\",\"956-780-5160 (old 563-249-1393)\",\"2012 Honda Rebel 250\",\"USA\",\"Robert\",\"87-4157,Shinko *3.00-18 712R RR,1,59,500040,Labor - Mount & Balance FR^ on bike,1,40,500002,Tire Disposal Fee,1,2.5,400006,Discount - Cash only,1,-5.43,,,,,,,,,,,,,,,,,,,,,,,,,,,,,,Estimates valid for 10 days,,\""]
["\"10/9/2017 8:24:31 AM\",\"Santiago\",\"956-534-8832\",\"2014 Heritage Softail\",\"USA\",\"Robert\",\"310495,Dunlop *MU85B16 Amer Elite WWW RR,1,221,500055,Labor - Mount & Balance RR^ on bike,1,50,500002,Tire Disposal Fee,1,2.5,,5.00/5.10 Ctr or OC 16in,1,18,,Brakes extra if required,,,,,,,,,,,,,,,,,,,,,,,,,,,,Estimates valid for 10 days,,\""]
["\"10/9/2017 9:32:33 AM\",\"Ana\",\"956-341-0289\",\"2009 GZ250\",\"USA\",\"Robert\",\"49-2268,Battery Maint Free CTX7L-BS,1,49,Core,Core - Battery,,4,,,,,,,,,,,,,,,,,,,,,,,,,,,,,,,,,,,,,,Estimates valid for 10 days,,\""]
["\"10/9/2017 10:12:07 AM\",\"Salvador Perez\",\"956-792-1637\",\"2005 HD Softail Deluxe\",\"USA\",\"Robert\",\",machine shop to cut spacers,,,,,,,,,,,,,,,,,,,,,,,,,,,,,,,,,,,,,,,,,,,,Estimates valid for 10 days,,\""]
["\"10/9/2017 5:28:50 PM\",\"Raul\",\"956-500-0244\",\"2006 GSX-R600\",\"USA\",\"Robert\",\"87-4017,Shinko Advance *190/50-17 R005 RR,1,130,961143,BM Sintered Brake Pads (FA419),1,27,961204,BM Brake Pads (FA379),2,31,500010,Labor - Brake R&R,3,10,500030,Labor - Mount & Balance RR^ on bike,1,30,,,,,,,,,,,,,,,,,,,,,,,,,,Estimates valid for 10 days,,\""]
["\"10/9/2017 6:11:22 PM\",\"Carlos Gutierrez\",\"956-784-9439\",\"Resale in Monterey\",\"USA\",\"Robert\",\"87-9756,MICHELIN *180/65-16 Commander II RR,1,183.7,87-9746,MICHELIN *130/70B18 COMMANDER II FR,1,163.6,,,,,,,,,,,,,,,,,,,,,,,,,,,,,,,,,,,,,,Estimates valid for 10 days,,\""]
["\"10/10/2017 9:09:09 AM\",\"Juan\",\"956-867-6135\",\"2009 XL883\",\"USA\",\"Robert\",\"353369,Metzeler *150/80-16 ME880 RR,1,115,500050,Labor - Mount & Balance RR^ on bike,1,50,500002,Tire Disposal Fee,1,2.5,,Tube 5.00/5.10-16 OC or Ctr^ if required,1,19,,,,,87-4597,Shinko *150/80B16 SR777 Reinf RR,,129,,If Metz no longer available,,,,,,,,,,,,,,,,,,,,Estimates valid for 10 days,,\""]
["\"10/10/2017 11:51:49 AM\",\"Gilbert\",\"956-457-0568\",\"2008 FLSTC Heritage Classic\",\"USA\",\"Robert\",\"500065,Labor - Eng^ Pri & Gear Oil Chg,1,65,58-5224,Lucas Synthetic Oil 20w-50 Qt,4,14.95,58-5203,Lucas Primary Chain Case Qt,1,12.95,58-5202,Lucas 75-140 V-Twin Gear Oil QT,1,19.95,,O-Rings,3,0.5,,,,,,,,,,,,,,,,,,,,,,,,,,Estimates valid for 10 days,,\""]
["\"10/10/2017 5:35:14 PM\",\"Juan Cantu\",\"956-800-9674\",\"2001 FXDWG\",\"USA\",\"Robert\",\"87-4597,Shinko *150/80-16 SR777 Reinf RR,1,122,87-4476,Shinko *150/80-15 SR734 RR - Trade in,1,-40,,,,,,,,,,,,,,,,,,,,,,,,,,,,,,,,,,,,,,Estimates valid for 10 days,,\""]
["\"10/11/2017 12:18:40 PM\",\"Albert\",\"956-223-0235 C / 781-7063 H\",\"2009 CBR600RR\",\"USA\",\"Robert\",\"87-9826,Michelin *180/55ZR17 Pilot Power 3 RR,1,154,87-9784,Michelin *180/55ZR17 Pilot Rd 3,,185,87-9924,Michelin  *180/55ZR-17 73W Pilot Road 4 RR,,196,87-4097,Shinko *180/55-17 R016 RR,,131,,,,,,,,,,,,,,,,,,,,,,,,,,,,,,Estimates valid for 10 days,,\""]
["\"10/11/2017 12:27:02 PM\",\"Lee Zerrato\",\"956-460-8947 old (956-225-6574)\",\"2013 Road Glide\",\"USA\",\"Robert\",\"310471,AMERICAN ELITE *180/65-16 RR ,1,240,500050,Labor - Mount & Balance,1,50,500002,Tire Disposal Fee,1,2.5,400005, Discount - Cash,1,-15.36,,,,,,,,,,,,,,,,,,,,,,,,,,,,,,Estimates valid for 10 days,,\""]
["\"10/11/2017 12:39:34 PM\",\"William\",\"\",\"2005 750 Shadow Spirit\",\"USA\",\"Robert\",\"87-4572,SHINKO *160/80-15 777 RR,1,130,500060,Labor - Mount & Balance,1,60,87-0147,Tube 170/80-15 TR6,1,18,500002,Tire Disposal Fee,1,2.5,,,,,,,,,,,,,,,,,,,,,,,,,,,,,,Estimates valid for 10 days,,\""]
["\"10/11/2017 1:27:54 PM\",\"Ruben\",\"956-624-8642\",\"\",\"USA\",\"Robert\",\"87-4509,SHINKO *130/80-16 SR568 RR,1,76,500030,Labor - Mount & Balance^ Rear on bike,1,30,500002,Tire Disposal Fee,1,2.5,,,,,,,,,,,,,,,,,,,,,,,,,,,,,,,,,,Estimates valid for 10 days,,\""]
["\"10/11/2017 2:57:29 PM\",\"Magalito\",\"956-363-2390\",\"2006 Softail Deluxe\",\"USA\",\"Robert\",\"87-4597,SHINKO *150/80B16 SR777 A/B 77H REINFORCED,1,109,500055,Labor - Mount & Balance,1,55,500002,Tire Disposal Fee,1,2.5,87-0151,Tube 5.00/5.10-16 TR6,1,20,,,,,,,,,,,,,,,,,,,,,,,,,,,,,,Estimates valid for 10 days,,\""]
["\"10/13/2017 1:16:34 PM\",\"Josh\",\"956-454-5757\",\"2003 Honda Shadow 750\",\"USA\",\"Robert\",\"87-4560,Shinko *120/90-17 777 FR,1,107,87-4178,Shinko *180/70-15 R230 RR,1,118,87-0160,4.50/5.10-17 TR4 Tube,1,15,87-0147,Tube 170/80-15 TR6,1,20,,,,,,,,,,,,,,,,,,,,,,,,,,,,,,Estimates valid for 10 days,,\""]
["\"10/13/2017 1:56:59 PM\",\"Rual\",\"956-202-3156\",\"\",\"USA\",\"Robert\",\"87-4589,Shinko *80/90-21 F777 FR,1,86,500015,Labor - Mount & Balance^ Off Bike,1,15,500002,Tire Disposal Fee,1,2.5,,,,,,,,,,,,,,,,,,,,,,,,,,,,,,,,,,Estimates valid for 10 days,,\""]
["\"10/14/2017 3:28:12 PM\",\"Ruben\",\"956-624-8642\",\"\",\"USA\",\"Robert\",\"87-4468,,1,83,500030,,1,30,500002,,1,2.5,,,,,,,,,,,,,,,,,,,,,,,,,,,,,,,,,,Estimates valid for 10 days,,\""]
["\"10/14/2017 4:45:46 PM\",\"Ruben\",\"956-624-8642\",\"Ninja 250\",\"USA\",\"Robert\",\"87-4468,Shinko *130/70-17 SR741 RR,1,84,500030,Labor - Mount & Balance,1,30,500002,Tire Disposal Fee,1,2.5,x,Ruber valve,1,1,,,,,,,,,,,,,,,,,,,,,,,,,,,,,,Estimates valid for 10 days,,\""]
["\"10/16/2017 10:03:13 AM\",\"BJ \",\"2013 Suz Blvd C50T\",\"956-638-9005\",\"USA\",\"Robert\",\"87-4586,Shinko *130/90B16 SR777 WWW FR,1,120,87-4593,SHINKO *170/80B15 SR777 WWW Reinforced,1,138,87-0151,Tube 5.00/5.10-16 TR6,1,18,87-0147,Tube 170/80-15 TR6,1,19,500060,Labor - Mount & Balance ^ RR on bike,1,60,500045,Labor - Mount & Balance^ FR on bike,1,45,500002,Tire Disposal Fee,2,2.5,,,,,,,,,,,,,,,,,,Estimates valid for 10 days,,\""]
["\"10/16/2017 11:00:25 AM\",\"Donald\",\"318-307-7919\",\"2003 Kaw Nomad 1500\",\"USA\",\"Robert\",\"15-4455,EBC clutch kit,1,125,,,,,,Gasket ,,,,Quote on fixing issues $280 to $500,,,,,,,,Gave Deposit Check $200.00 on 10/13/17,,,,,,,,,,,,,,,,,,,,,,,,Estimates valid for 10 days,,\""]
["\"10/17/2017 12:30:11 PM\",\"David\",\"956-844-2236\",\"2004 750 Shadow Ace\",\"USA\",\"Robert\",\"87-4560,Shinko *120/90-17 777 FR,1,107,87-4572,SHINKO *160/80-15 777 RR,1,131,87-0160,4.50/5.10-17 TR4 Tube,1,15,87-0147,Tube 170/80-15 TR6,1,20,500060,Labor - Mount & Balance,1,60,500050,Labor - Mount & Balance,1,50,500002,Tire Disposal Fee,2,2.5,400005,5% Discount if paid cash,1,-18.49,,,,,,,,,,,,,,Estimates valid for 10 days,,\""]
["\"10/17/2017 12:43:30 PM\",\"Brain\",\"956-451-1596\",\"2000 Kaw Ninja 500\",\"USA\",\"Robert\",\"18-8953,K&L FLOAT NEEDLE K1,2,8.95,500010,Labor - Mount & Balance,1,10,,,,,,,,,,,,,,,,,,,,,,,,,,,,,,,,,,,,,,Estimates valid for 10 days,,\""]
["\"10/17/2017 4:53:51 PM\",\"David\",\"956-601-6750\",\"2012 HD SuperGlide Custom\",\"USA\",\"Robert\",\"58-5224,Lucas Synthetic Oil 20w-50 Qt,3,14.95,550-0171c,HIFLO Oil Filter Chrome ,1,11.95,5000030,Labor - RR oil and filter change,1,30,,Dispose oil^ and paper towels,1,3.73,,,,,,,,,,,,,,,,,,,,,,,,,,,,,,Estimates valid for 10 days,,\""]
["\"10/18/2017 1:33:32 PM\",\"Philip\",\"705-331-5819\",\"2008 FLHT\",\"USA\",\"Robert\",\"310481,AMER ELITE *MT90B16 NW FR,1,176,310494,Dunlop *MU85B16 Amer Elite NW RR,1,217,500055,Labor - Mount & Balance,1,55,500045,Labor - Mount & Balance,1,45,500002,Tire Disposal Fee,2,2.5,,,,,,,,,,,,,,,,,,,,,,,,,,Estimates valid for 10 days,,\""]
["\"10/18/2017 2:49:10 PM\",\"Jackie\",\"956-467-7978\",\"2006 Kaw VN900\",\"USA\",\"Robert\",\"500065,Labor - Adj timing & R&R shim kit,6,65,,Valve cover gaskets,2,25,,Shim Kit,1,80,,,,,,R&R both valve cover gaskets^ R&R Shim,,,,kit^ Repaired hole in take. Will need to replace,,,,Tank in the future. Wont need valve adjustment,,,,for another 30^000mi. Turn signals we're ,,,,cracked and brittle,,,,,,,,,,,,Estimates valid for 10 days,,\""]
["\"10/18/2017 3:18:44 PM\",\"Jesse\",\"956-451-9276\",\"1998 Honda Magna 750\",\"USA\",\"Robert\",\"87-9755,MICHELIN *150/80-16 Commander RR,,178,87-9751,MICHELIN *170/80-15R Commander II,,192,500060,Labor - Mount & Balance,1,60,500002,Tire Disposal Fee,1,2.5,400005,5% Discount,1,-12.6,87-4476,SHINKO *150/80-15 SR734 RR,,109,87-4477,Shinko *170/80-15 RR SR737,1,121,,,,,,,,,,,,,,,,,,Estimates valid for 10 days,,\""]
["\"10/18/2017 4:13:24 PM\",\"Jackie\",\"956-467-7978\",\"2006 Kaw VN900\",\"USA\",\"Robert\",\"500060,Labor ,6,60,,Valve cover gaskets,2,30,,Shim Kit,1,95,,Tank repair/ welding ,1,80,,R&R both valve cover gaskets^ R&R Shim,,,,kit^ Repaired hole in take. Will need to replace,,,,Tank in the future. Wont need valve adjustment,,,,for another 30^000mi. Turn signals we're ,,,,cracked and brittle Starter clutch R&R^ clean,,,,lube^ and adjust.,,,,,,,,Estimates valid for 10 days,,\""]
["\"10/19/2017 8:37:21 AM\",\"Gilbert\",\"956-371-0686\",\"2011 Heritage  Softail\",\"USA\",\"Bobbi\",\"87-4597,SHINKO *150/80B16 SR777 A/B 77H REINFORCED,1,122,500055,Labor - Mount & Balance RR tire on bike,1,55,500002,Tire Disposal Fee,1,2.5,,Tube,1,19,,,,,,,,,,,,,,,,,,,,,,,,,,,,,,Estimates valid for 10 days,,\""]
["\"10/20/2017 9:02:07 AM\",\"Jaime\",\"956-376-7988\",\"2007 Street Bob\",\"USA\",\"Robert\",\"87-9758,MICHELIN COMMANDER II BIAS *160/70-17R RR,,209,87-4601,SHINKO *160/70B17 SR777 REINFORCED RR,,142,281121,160-180/70-17 TUBE CENTER TP,1,30,500055,Labor - Mount & Balance,1,55,500002,Tire Disposal Fee,1,2.5,400005,Discount - Cash,1,-23.75,310499,Dunlop *160/70B17 Am Elite BW RR,1,218,,,,,,,,,,,,,,,,,,Estimates valid for 10 days,,\""]
["\"10/20/2017 9:27:41 AM\",\"Jaime\",\"956-376-7988\",\"2007 Street Bob\",\"USA\",\"Robert\",\"87-9758,MICHELIN COMMANDER II BIAS *160/70-17R RR,,209,87-4601,SHINKO *160/70B17 SR777 REINFORCED RR,,142,281121,160-180/70-17 TUBE CENTER TP,1,30,500055,Labor - Mount & Balance on bike,1,55,500002,Tire Disposal Fee,1,2.5,400005,Discount - Cash,1,-23.75,310499,Dunlop *160/70B17 Am Elite BW RR,1,218,,,,,,Check Brake Light switch,,,,,,,,,,,,Estimates valid for 10 days,,\""]
["\"10/20/2017 10:43:59 AM\",\"George (Revolution)\",\"\",\"\",\"USA\",\"Robert\",\"87-9828,MICHELIN *190/50ZR17 Pilot Pwr 3 RR,1,163,87-9821,MICHELIN *120/70ZR17 Pilot Pwr 3 FR,1,115,,,,,,,,,,,,,,,,,,,,,,,,,,,,,,,,,,,,,,Estimates valid for 10 days,,\""]
["\"10/20/2017 10:48:17 AM\",\"Lee\",\"832-642-3840\",\"2004 xl883\",\"USA\",\"Robert\",\"87-4182,Shinko *90/90-21 SR777 FR,1,87,87-0186,Tube 2.75/3.00-21 TR4,1,15,500045,Labor - Mount & Balance,1,45,500002,Tire Disposal Fee,1,2.5,,,,,,,,,,,,,,,,,,,,,,,,,,,,,,Estimates valid for 10 days,,\""]
["\"10/20/2017 10:56:42 AM\",\"Randy\",\"956-532-4384\",\"2007 GXR-1000\",\"USA\",\"Robert\",\"692-6220,Chain FPO 530x120 O-Ring,1,119.95,400005,5% Discount,1,-9.1,,,,,,,,,,,,,,,,,,,,,,,,,,,,,,,,,,,,,,Estimates valid for 10 days,,\""]
["\"10/20/2017 1:14:22 PM\",\"Angel\",\"956-215-3904\",\"2014 FXDWG\",\"USA\",\"Robert\",\"87-4182,Shinko *90/90-21 SR777 FR,1,87,500025,Labor - Mount & Balance,1,25,500002,Tire Disposal Fee,1,2.5,87-0186,Tube 2.75/3.00-21 TR4,1,14,,,,,,,,,,,,,,,,,,,,,,,,,,,,,,Estimates valid for 10 days,,\""]
["\"10/20/2017 2:47:21 PM\",\"Nick\",\"956-391-5743\",\"2004 Street Bob\",\"USA\",\"Robert\",\"87-4601,SHINKO *160/70B17 SR777 REINFORCED RR,1,141,87-4587,SHINKO *100/90-19 SR777  REINFORCED FR,1,92,374644,100-110/90-19 Bm tube,1,14,281121,160-180/70-17 TUBE CENTER TP,1,30,500055,Labor - Mount & Balance,1,55,500045,Labor - Mount & Balance,1,45,500002,Tire Disposal Fee,2,2.5,,,,,,,,,,,,,,,,,,,,\""]
["\"10/21/2017 12:32:36 PM\",\"Jessie Menchaca (Lisa Wife)\",\"956-313-4900\",\"2012 Blackline\",\"USA\",\"Robert\",\"87-4568,Shinko *MU85B16 R777 Reinforced RR,1,139,87-4589,Shinko *80/90-21 F777 FR,1,75,500050,Labor - Mount & Balance RR^ on bike,,50,500040,Labor - Mount & Balance FR^ on bike,,40,,Tube RR,1,19,,Tube FR,1,14,500002,Tire Disposal Fee,2,2.5,,,,,,,,,,,,,,,,,,Estimates valid for 10 days,,\""]
["\"10/21/2017 12:36:20 PM\",\"Jessie Menchaca (Lisa Wife)\",\"956-313-4900\",\"2012 Blackline\",\"USA\",\"Robert\",\"87-4568,Shinko *MU85B16 R777 Reinforced RR,,139,87-4589,Shinko *80/90-21 F777 FR,,75,500050,Labor - Mount & Balance RR^ on bike,,50,500040,Labor - Mount & Balance FR^ on bike,,40,,Tube RR,1,19,,Tube FR,1,14,500002,Tire Disposal Fee,,2.5,,,,,87-4569,Shinko *MU85B16 R777 WWW RR,1,149,87-4565,Shinko  *90/90-21 SR777 WWW FR,1,89,,,,,,Estimates valid for 10 days,,\""]
["\"10/23/2017 2:51:16 PM\",\"Afredo Martinez\",\"956-641-1864\",\"2004 Suz Classic\",\"USA\",\"Robert\",\"353369,Metzeler *150/80-16 ME880 RR,1,115,400008,Discount - Cash only,1,-9.69,,,,,,Customer tire carry-out.,,,,Caution^ our experience is that these tires,,,,need a 200 mile break-in period rather than,,,,normal 100 miles. Slippery for the first 200,,,,miles.        Thanks,,,,,,,,,,,,,,,,,,\""]
["\"10/23/2017 3:08:48 PM\",\"Carlos\",\"956-844-4235\",\"2004 FatBoy\",\"USA\",\"Robert\",\"314902,Dunlop *MT90B16 D402 WWW FR,,178.29,87-4586,Shinko *130/90B16 SR777 WWW FR,1,117.32,Tube,Tube 5.00-5.10/16 Ctr,,181,,,,,,Dunlop OTD $193,,,,Shinko OTD $127,,,,,,,87-4598,Shinko *150/80B16 SR777 WWW Reinforced,1,131.18,,Rear OTD $142^ Back ordered,,,,,,,,,,,,Estimates valid for 10 days,,\""]
["\"10/24/2017 10:27:04 AM\",\"Joe\",\"956-457-3979\",\"2006 Kaw Nomad 1600\",\"USA\",\"Robert\",\"314902,Dunlop *MT90B16 D402 WWW FR,1,178,310550,Dunlop 150/80-16 D404 WWW,,152,500045,Labor - Mount & Balance FR^ on bike,1,45,500002,Tire Disposal Fee,1,2.5,,Tubes^ Valves^ Brakes extra if required,,,,,,,,MT in stock $225.5 + tax,,,,Orig Size Fri $215.96 + tax^ dep required,,,,,,,,,,,,,,,,Estimates valid for 10 days,,\""]
["\"10/24/2017 11:17:45 AM\",\"Moses\",\"956-688-0762\",\"2003 Suz LTZ400\",\"USA\",\"Robert\",\"49-2295,WPS  BATTERY MAINT FREE CTZ14S-BS,1,69,78-9933,MAXIMA  CHAIN GUARD 14oz,1,12,550-0139,Oil Filter HF139,1,4.75,,,,,,Filter ETA Thur 26th @ noon,,,,Needs 2.32 Quarts 20w/50 oil,,,,,,,,OEM Thermostat Part Number,,,,17670-33400,,,,,,,,,,,,Estimates valid for 10 days,,\""]
["\"10/25/2017 9:32:51 AM\",\"Felix\",\"956-358-0333\",\"\",\"USA\",\"Robert\",\"353568,Metzeler *120/100-18 MC360 Mid-Hard RR,1,92,353561,Metzeler *80/100-21 MC360 Mid-Hard FR,1,75,871-6054,Pirelli *120/90-18R MT21 RR,,118,871-6045,Pirelli *90/90-21F MT21 FR,,99,87-5242,IRC *4.50-18 TR-8 RR,,81,87-5235,IRC *3.00-21 TR-8 FR,,67,87-09751,Tube 100/100-18 Mich Ultra HD,1,33,87-09861,Tube 90/90-21 Mich Ultra HD,1,29,500025,Labor - Mount & Balance TT^ off bike,2,25,,IRC OTD $260 + tax,,,,Wanted 120/90-18 & 90/90-21,,,,Estimates valid for 10 days,,\""]
["\"10/25/2017 12:25:40 PM\",\"Elvin\",\"956-279-1357 C / 832-735-4005 H\",\"2003 Kaw ZX9\",\"USA\",\"Robert\",\"692-6610,Chain FPX X-Ring 525x110,,99,692-6710,Chain FPO O-Ring 525-110,1,76,965301,Sprocket BM 525 41T,1,28,965615,Sprocket BM 525 16T FR,1,14,249367,Sprocket JTR1489.41 RR,,36,249144,Sprocket JTF1537.16,,24,500060,Labor - Mount & Balance,,60,,,,,,,,,,,,,,,,,,Estimates valid for 10 days,,\""]
["\"10/26/2017 11:01:45 AM\",\"Gilbert\",\"956-457-0568\",\"2008 FLSTC Heritage Classic\",\"USA\",\"Robert\",\"58-5224,Lucas Synthetic Oil 20w-50 Qt,4,14.95,58-5203,Lucas Primary Chain Case Qt,1,12.95,58-5202,Lucas 75-140 V-Twin Gear Oil QT,1,18.95,500065,Labor - Engine^ Primary^ Tranny fluid chg.,1,65,Disp,Oil Disposal Fee^ Clnrs^ Rags,1,4,,,,,,Wed 1st 8am,,,,,,,,,,,,,,,,,,,,Estimates valid for 10 days,,\""]
["\"10/26/2017 11:11:35 AM\",\"Randell\",\"956-451-0729\",\"2002 Yamaha Silverado 1600\",\"USA\",\"Robert\",\"314463,Dunlop Elite 4 *130/90-16 FR,1,178,314462,Dunlop Elite 4 *160/80B16 RR,1,235,500045,Labor - Mount & Balance FR^ on bike,1,45,500060,Labor - Mount & Balance RR^ on bike,1,60,500002,Tire Disposal Fee,2,2.5,,Tubes - FR & RR,,19,,,,,811-11004,Drive Belt Harddrive 1-1/2in 130 Teeth,1,179,,,5,65,,,,,,,,,,Estimates valid for 10 days,,\""]
["\"10/26/2017 2:47:33 PM\",\"Oscar\",\"956-226-9891 (956-453-1496)\",\"2008 XL1200C\",\"USA\",\"Robert\",\"500065,Labor^ Diagnose^ R&R^ Clean^ Repair,3.5,65,61015-04A,Fuel Pres Reg Assembly,1,39,62351-07,Inj Fuel Line,1,69,75304-07A,Fuel Filter Kit^ w/Strainer,1,109,Prem,Fuel Premium,1,5,Tow,Tow^ McAllen to Shop,1,40,400005,Disc - 1/2 cash,1,-27.61,,,,,,Detail Addl $50^ cash,,,,,,,,,,,,,,\""]
["\"10/26/2017 3:46:49 PM\",\"Oscar\",\"956-686-9393 / 329-9975\",\"2007 Heritage Softail\",\"USA\",\"Robert\",\"87-9773,Michelin *MU85B16 Commander II RR,1,176,500050,Labor - Mount & Balance RR^ on bike,1,50,500002,Tire Disposal Fee,1,2.5,,,,,87-4568,Shinko *MU85B16 R777 Reinforced RR,,141,,,,,,Save $37.89 on Shinko,,,,,,,,,,,,,,,,,,,,Estimates valid for 10 days,,\""]
["\"10/26/2017 4:28:20 PM\",\"Marcos\",\"956-684-6909\",\"2012 Kaw Vulcan 900\",\"USA\",\"Robert\",\"87-4592,Shinko *170/80-15 SR777 Reinforced RR,1,134,87-4585,Shinko *130/90B16 SR777 Reinf FR,1,110,87-0147,Tube 170/80-15 TR6,1,21,87-0151,Tube 5.00/5.10-16 TR6,1,19,500060,Labor - Mount & Balance RR^ on bike,1,60,500040,Labor - Mount & Balance FR^ on bike,1,40,500002,Tire Disposal Fee,2,2.5,,,,,,,,,,,,,,,,,,Estimates valid for 10 days,,\""]
["\"10/26/2017 4:35:40 PM\",\"Mike\",\"414-687-2241\",\"Custom Chopper\",\"USA\",\"Robert\",\"500020,Labor - Mount & Balance TT^ off bike,1,20,500010,Labor - Addl Dismount req,1,10,,,,,,,,,,,,,,,,,,,,,,,,,,,,,,,,,,,,,,Estimates valid for 10 days,,\""]
["\"10/27/2017 9:06:00 AM\",\"Eddie\",\"956-472-6322\",\"2008 Dyna Street Bob\",\"USA\",\"Robert\",\"310499,Dunlop *160/70B17 Am Elite BW RR,1,218,500055,Labor - Mount & Balance RR on bike,,55,500002,Tire Disposal Fee,,2.5,,,,,,,,,,,,,,,,,,,,,,,,,,,,,,,,,,Estimates valid for 10 days,,\""]
["\"10/27/2017 11:15:31 AM\",\"L&D Outboard Service\",\"Resale cert on file\",\"956-536-5000^ alt 536-5006\",\"2016 RoadGlide\",\"Robert\",\"87-9764,Michelin *130/60B19 Commander II FR,1,155,500045,Labor - Mount & Balance FR^ on bike,1,45,500002,Tire Disposal Fee,1,2.5,500040,Valves extra if required^ RR Brake install,1,40,15-409H,EBC Brake Pads 409H,3,42,500010,Labor - Brake Pad R&R w/ ,2,10,58-5224,Lucas Synthetic Oil 20w-50 Qt,4,14.95,58-5202,Lucas 75-140 V-Twin Gear Oil QT,1,18.95,58-5203,Lucas Primary Chain Case Qt,1,10.95,550-0171C,HIFLO Oil Filter Chrome ,1,11.95,500075,Labor - Eng^ Tranny^ Primary fluid chg.,1,75,,$16.20 Credit owed^ & Addl discount,1,-52.45\""]
["\"10/27/2017 11:19:17 AM\",\"Arron\",\"956-570-3609\",\"2007 Suz Blvd S50\",\"USA\",\"Robert\",\"87-4154,Shinko *140/90-15 712R RR,1,89,500050,Labor - Mount & Balance RR^ on bike,1,50,87-5920,IRC  Tube 140-150/90-15,1,19,500002,Tire Disposal Fee,1,2.5,,,,,,,,,,,,,,,,,,,,,,,,,,,,,,Estimates valid for 10 days,,\""]
["\"10/27/2017 1:22:51 PM\",\"George - Revolution\",\"956-325-8325\",\"Resale Cert on file\",\"USA\",\"Robert\",\"87-5545,IRC *170/80-15 WF920 RR,,125,87-5520,IRC *120/80-17 WF920 FR - Bxsack-ordered,,94,311510,Dunlop *170/80-15 K555 RR - Back Ordered,,205,310296,Dunlop *120/80-17 K555 FR,,139,,,,,,,,,,,,,,,,,,,,,,,,,,,,,,Estimates valid for 10 days,,\""]
["\"10/28/2017 11:51:03 AM\",\"Ivan\",\"956-651-9971\",\"2001 CBR929\",\"USA\",\"Robert\",\"69-5710,Chain 530x110 X-Ring,1,95,965631,Sprocket FR BM 530 16T,1,18,965389,Sprocket RR BM 530 43T,1,35,15-265F,BM FA265 FR Brakes,2,32,15-174R,BM FA174 RR Brakes,1,24,500080,Labor - Chain & Sprocket R&R,1,80,500010,Labor - Brake Pad Install (3 req),3,10,,,,,,,,,,,,,,,,,,Estimates valid for 10 days,,\""]
["\"10/28/2017 2:02:13 PM\",\"Angel\",\"\",\"\",\"USA\",\"Robert\",\"500035,Labor - Mount & Balance TT^ off bike,1,35,87-0186,Tube 2.75/3.00-21 TR4,1,14,RS21,Rim Strip 21in,1,1.5,,,,,,,,,,,,,,,,,,,,,,,,,,,,,,,,,,Estimates valid for 10 days,,\""]
["\"10/28/2017 2:32:53 PM\",\"Eddie Silva\",\"956-330-2456\",\"2004 Honda RC51 1000cc\",\"USA\",\"Robert\",\"87-9186,Michelin *190/50ZR17 2CT Pilot Pwer RR,1,171,500030,Labor - Mount & Balance RR^ on bike,1,30,,,,,,ETA Wed 1st @ noon,,,,,,,,,,,,,,,,,,,,,,,,,,,,,,,,Estimates valid for 10 days,,\""]
["\"10/28/2017 2:53:30 PM\",\"Luis\",\"956-929-4710\",\"2006 GXR600\",\"USA\",\"Robert\",\",,1,154,,,1,24,,,2,32,,,1,2.5,,,3,10,,,1,220,,,,,,,,,,,,,,,,,,,,,,Estimates valid for 10 days,,\""]
["\"10/28/2017 3:03:42 PM\",\"Feliciano\",\"956-784-1554\",\"2012 Kaw Vulcan 900\",\"USA\",\"Robert\",\"80432,Cobra Dragsters Exhaust Kaw Vulcan 900,1,450,749006,K&N  AIR FILTER ,,68,500060,Labor - Mount & Balance,2,60,,,,,,,,,,,,,,,,,,,,,,,,,,,,,,,,,,Estimates valid for 10 days,,\""]
["\"10/30/2017 9:23:15 AM\",\"Alvaro\",\"956-459-3876\",\"\",\"USA\",\"Robert\",\"87-4601,Shinko *160/70B17 SR777 Reinf RR,1,139,500050,Labor - Mount & Balance RR^ on bike,1,50,500002,Tire Disposal Fee,1,2.5,,Brakes extra if required,,,281121,Tube 160-180/70-17 Center TP,1,30,,,,,,,,,,,,,,,,,,,,,,,,,,Estimates valid for 10 days,,\""]
["\"10/30/2017 9:32:58 AM\",\"Sergio\",\"956-503-9925\",\"2002 GSX-R600\",\"USA\",\"Robert\",\"27-21308,RICK'S STATOR SUZ,1,135,,,,,,,,,,,,,,,,,,,,,,,,,,,,,,,,,,,,,,,,,,Estimates valid for 10 days,,\""]
["\"10/30/2017 10:01:16 AM\",\"Danny\",\"956-867-6739\",\"2010 Street Glide Screamin Eagle\",\"USA\",\"Robert\",\"87-4616,Shinko *130/70B18 F777 FR,,109,500045,Labor - Mount & Balance FR^ on bike,1,45,500002,Tire Disposal Fee,2,2.5,87-9746,Michelin *130/70B18 Commander II FR,1,196,87-9767,Michelin *180/55B18 Commander II RR,1,234,500055,Labor - Mount & Balance RR^ on bike,1,55,,,,,,,,,,,,,,,,,,,,,,Estimates valid for 10 days,,\""]
["\"10/30/2017 11:48:26 AM\",\"Danny\",\"956-346-0823\",\"\",\"USA\",\"Robert\",\"87-9773,Michelin *MU85B16 Commander II RR,1,181,87-4568,Shinko *MU85B16 R777 Reinforced RR,,142,500050,Labor - Mount & Balance RR^ on bike,,50,500002,Tire Disposal Fee,,2.5,,Tubes^ Valves^ Brakes extra if required,,,,,,,,,,,,,,,,,,,,,,,,,,,,Estimates valid for 10 days,,\""]
["\"10/30/2017 12:42:05 PM\",\"Samuel\",\"956-789-2771\",\"2014 Dyna Super Glide\",\"USA\",\"Robert /                        \",\",Labor - FR Brake Light Switch Repair,,,,Bulb - Tail-light,1,,,Labor - Basic Engine Oil Chg,1,33,,Oil - Lucas Synthetic 20w50,3,14.95,,Filter 171C,1,11.95,,Disp,1,3.2,,,,,,,,,,,,,,,,,,,,,,,,\""]
["\"10/30/2017 5:11:20 PM\",\"Thomas\",\"956-878-9002\",\"2009 Yamaha V-Star XVS650 Custom\",\"USA\",\"Robert\",\"500065,Labor - Estimated R&R Stator & Regulator,3,65,27-10421,Ricks Regulator / Rectifier Yamaha,1,85,27-21415,Ricks Stator Yamaha,1,145,,,1,20,,,,,,,,,,,,,,,,,,,,,,,,,,,,,,Estimates valid for 10 days,,\""]
["\"10/30/2017 5:28:48 PM\",\"Joe Rangel\",\"956-279-7311^ Resale cert on file\",\"Emp Rates\",\"USA\",\"Robert\",\"27-21328,Ricks Stator Suz,1,129,,,,,,,,,,,,,,,,,,,,,,,,,,,,,,,,,,,,,,,,,,Estimates valid for 10 days,,\""]
["\"10/31/2017 10:06:02 AM\",\"Thomas\",\"956-373-1632\",\"2007 Road Star Midnight Silverado\",\"USA\",\"Robert\",\"87-4585,Shinko *130/90B16 SR777 REINFORCED FR,1,109,500045,Labor - Mount & Balance FR^ on bike,1,45,500002,Tire Disposal Fee,1,2.5,,Tubes^ Valves^ Brakes extra if required,,,,,,,,,,,,,,,,,,,,,,,,,,,,,,,,Estimates valid for 10 days,,\""]
["\"10/31/2017 12:59:13 PM\",\"Carlos Gutierrez\",\"956-784-9439\",\"Resale in Monterey\",\"USA\",\"Robert\",\"270-6064BK,GIVI OBK42B Blk Outback Top Case 42 Liter,,390,270-6065BK,GIVI OBK58B Blk Outback Top Case 58 Liter,,500,270-6061,GIVI 2/PK OBK37B Outback Blk 37 Liter Side Cases (L&R),,740,270-6010,GIVI V35 Side Cases 35L 20.7X12.4X15.5\"\" (Pair),,480,270-6325,GIVI Mounting Hardware Side Case Outback,,200,270-6255,GIVI Top Case Mounting Plate (Aluminum),,160,270-6065,GIVI OBK58A Outback Top Case 58 Liter,,475,,,,,,Part Number ,,,,,,,,,,,,Estimates valid for 10 days,,\""]
["\"10/31/2017 3:10:25 PM\",\"Ronnie\",\"956-207-0234\",\"2008 Road King\",\"USA\",\"Robert\",\"87-4568,Shinko *MU85B16 R777 Reinforced RR,1,142,500055,Labor - Mount & Balance,1,55,500002,Tire Disposal Fee,2,2.5,,,,20,87-4585,Shinko *130/90B16 SR777 REINFORCED FR,1,110,500045,Labor - Mount & Balance,1,45,,,,,,,,,,,,,,,,,,,,,,Estimates valid for 10 days,,\""]
["\"10/31/2017 3:17:33 PM\",\"Robert\",\"956-463-3731\",\"2007 Heritage Softail\",\"USA\",\"Robert\",\"87-4568,Shinko *MU85B16 R777 Reinforced RR,1,142,500055,Labor - Mount & Balance,1,55,500002,Tire Disposal Fee,1,2.5,,,1,20,,,,,,,,,,,,,,,,,,,,,,,,,,,,,,Estimates valid for 10 days,,\""]
["\"11/1/2017 9:46:02 AM\",\"Robert\",\"845-978-2528\",\"2000 Kaw 1500\",\"USA\",\"Robert\",\"500055,Labor - Mount & Balance FR^ on bike,1,55,500002,Tire Disposal Fee,1,2.5,,Valves^ Brakes^ Tubes extra if required,,,,Carry-in FR tire,,,,,,,,,,,,,,,,,,,,,,,,,,,,,,,,,,\""]
["\"11/1/2017 9:52:26 AM\",\"Mike\",\"361-227-1050\",\"2007 KLR 650\",\"USA\",\"Robert\",\"87-4521,Shinko *130/80-17 Trail Master DS RR,,88,87-4528,Shinko *90/90-21 FR 705,,70,871-6072,Pirelli *130/80R17 Scorpion Trail II RR,,173,871-6065,Pirelli *90/90-21 Scorpion Trail II FR,,131,500040,Labor - Mount & Balance RR^ on bike,1,40,500030,Labor - Mount & Balance FR^ on bike,1,30,500002,Tire Disposal Fee,2,2.5,,Tube RR,1,16,,Tube FR,1,14,,Addl if carry-in,2,15,,,,,,Estimates valid for 10 days,,\""]
["\"11/1/2017 10:06:51 AM\",\"Arturo\",\"509-331-3290\",\"1999 Sportman 500 Polaris\",\"USA\",\"Robert\",\"57-5648,ITP Mud Lite 25x8-12,,77,,Tax,,12.71,,Total,,166.71,,,,,57-5629,ITP Mud Lite 25x11-10,,95,,Tax,,15.68,,Total,,205.68,,,,,,,,,,,,,,,,,,Estimates valid for 10 days,,\""]
["\"11/1/2017 11:49:54 AM\",\"Dallas Peak\",\"307-680-6050\",\"2008 Yamaha V-Star 1300\",\"USA\",\"Robert\",\"314462,Dunlop Elite 4 *160/80B16,,233,300765,Bridgestone *170/70-16 G722 RR,1,197,87-4573,SHINKO *170/70-16 777 RR,,129,500060,Labor - Mount & Balance RR^ on bike,,60,500002,Tire Disposal Fee,1,2.5,500015,Labor - Mount & Balance TL^ off bike,1,15,,,,,,,,,,,,,,,,,,,,,,Estimates valid for 10 days,,\""]
["\"11/1/2017 1:33:27 PM\",\"Ira Rogers\",\"920-737-4374\",\"2007 Road King\",\"USA\",\"Robert\",\"87-9773,Michelin *MU85B16 Commander II RR,,178,500050,Labor - Mount & Balance RR^ on bike,1,50,500002,Tire Disposal Fee,1,2.5,,Tubes^ Valves^ Brakes extra if required,,,87-4568,Shinko *MU85B16 R777 Reinforced RR,1,145,,,,,,,,,,,,,,,,,,,,,,,,,,Estimates valid for 10 days,,\""]
["\"11/6/2017 9:37:13 AM\",\"Ramiro\",\"956-429-1505\",\"Road King\",\"USA\",\"Robert\",\"87-9770,Michelin *MT90B16 Commander II FR,1,136,87-4585,Shinko *130/90B16 SR777 REINFORCED FR,,112,500045,Labor - Mount & Balance,1,45,,Tube,1,19,500002,Tire Disposal Fee,1,2.5,,,,,,,,,,,,,,,,,,,,,,,,,,Estimates valid for 10 days,,\""]
["\"11/6/2017 10:06:17 AM\",\"Edgar\",\"956-270-1660\",\"2015 XL883N\",\"USA\",\"Robert /                             \",\",Cust recently changed Air Filter & Spark Plugs,,,,Needs Full Service,,,,Wobble at 25mph plus^ Tire? Bearings?,,,,,,,,Deposit - Only $120 Cash paid,,120,,,,,,Quote FR Tire,,,,,,,,,,,,,,,,,,,,,,\""]
["\"11/6/2017 10:39:22 AM\",\"Daniel\",\"956-533-2324\",\"2012 V-Rod Muscle\",\"USA\",\"Robert\",\"500065,Labor - R&R Steering Head Bearings,4,65,22-2032,ALL BALLS  STEERING HEAD BEARINGS,1,28,,,,,,,,,,,,,,,,,,,,,,,,,,,,,,,,,,,,,,Estimates valid for 10 days,,\""]
["\"11/6/2017 11:06:30 AM\",\"Tony\",\"956-457-1713\",\"\",\"USA\",\"Robert /              \",\"500017,Labor - Mount & Balance TL^ Carry in,2,18.48,,,,,,Carry-in tires.,,,,Thanks,,,,,,,,,,,,,,,,,,,,,,,,,,,,,,,,,,\""]
["\"11/6/2017 1:39:05 PM\",\"Luz\",\"956-884-5745\",\"2001 Kaw VN750A Vulcan\",\"USA\",\"Robert\",\"87-4176,Shinko *150/90-15 R230 RR,1,109,87-4161,Shinko *100/90-19 F230 FR,1,89,500060,Labor - Mount & Balance RR^ on bike,1,60,500045,Labor - Mount & Balance FR^ on bike,1,45,500002,Tire Disposal Fee,2,2.5,,Valves^ Brakes extra if required,,,,,,,747586,Air Filter K&N (2 req),,89,78-9441,Air Filter Emgo (2 req),,15,,,,,,,,,,Estimates valid for 10 days,,\""]
["\"11/6/2017 2:55:59 PM\",\"Jorge\",\"956-342-3880\",\"2009 XL1200C\",\"USA\",\"Robert\",\"87-4597,Shinko *150/80B16 SR777 Reinf,1,129,87-4589,Shinko *80/90-21 F777 FR,1,79,500050,Labor - Mount & Balance RR^ on bike,1,50,500040,Labor - Mount & Balance FR^ on bike,1,40,87-0151,Tube 5.00/5.10-16 Ctr RR,1,20,87-0186,Tube 2.75/3.00 -21 FR,1,15,500002,Tire Disposal Fee,2,2.5,,,,,,,,,,,,,,,,,,Estimates valid for 10 days,,\""]
["\"11/6/2017 5:34:50 PM\",\"Cash Customer\",\"956-270-1176\",\"2005 Shadow  Aero 750\",\"USA\",\"Robert\",\"87-4572,Shinko *160/80-15 777 RR,1,129,500060,Labor - Mount & Balance RR^ on bike,1,60,,Tube160-170/80-15,1,22,500002,Tire Disposal Fee,,2.5,,,,,,,,,,,,,,,,,,,,,,,,,,,,,,Estimates valid for 10 days,,\""]
["\"11/7/2017 11:45:00 AM\",\"Steve\",\"269-760-8001\",\"2002 FXDWG\",\"USA\",\"Robert\",\"87-4594,Shinko *130/90-16 777 Reinf RR,1,119,87-4589,Shinko *80/90-21 F777 FR,1,86,500050,Labor - Mount & Balance RR^ on bike,1,50,500045,Labor - Mount & Balance FR^ on bike,1,45,500002,Tire Disposal Fee,2,2.5,,Tube RR 5.00/5.10-16 Ctr or OC,1,19,,Tube FR 2.75/3.00-21,1,15,,,,,,,,,,,,,,,,,,Estimates valid for 10 days,,\""]
["\"11/7/2017 12:14:29 PM\",\"Enrique Otero\",\"956-457-0632\",\"2008 Suzuki DR-Z400S\",\"#1176\",\"Robert\",\"500060,Labor - Carb / Fuel Valve R&R^ repair,3,60,226-1107,Carb Repair Kit All Balls,,34,780-0333,Air Filter Pro,,11,FS101-0137,Fuel Valve (Petcock) Fuel Star,,87,,(no addl parts ordered),,,,Lube & Adjust chain,,,,Check tire pressures,,,,Top off coolant,,,,,,,,,,,,,,,(BR200125),JS1SK43A37210318 (short one),,\""]
["\"11/7/2017 1:37:21 PM\",\"Rudy\",\"956-905-7219\",\"2001 XL883\",\"USA\",\"Robert\",\"87-4587,SHINKO *100/90-19 SR777  REINFORCED FR,1,79,500040,Labor - Mount & Balance FR^ on bike,1,45,,Tube 19in,1,18,500002,Tire Disposal Fee,1,2.5,,,,,,,,,,,,,,,,,,,,,,,,,,,,,,Estimates valid for 10 days,,\""]
["\"11/7/2017 2:34:42 PM\",\"Barajas\",\"620-795-4960\",\"2007 XL1200C\",\"USA\",\"Robert\",\"2112-0457,Stator Drag,1,125,74546-07,Regulator OEM HD,1,200,GR,Primary Gasket,1,39,531918,Primary Fluid,2,13,600065,Labor - R&R Stator & Regulator,3,65,Misc,Gaskets / Seals / Misc,1,15,,,,,,Must be ready by end of day Friday,,,,,,,,,,,,,,,,Estimates valid for 10 days,,\""]
["\"11/7/2017 5:58:38 PM\",\"Ronnie\",\"956-207-0234\",\"2008 Road King\",\"USA\",\"Robert\",\"87-4568,Shinko *MU85B16 R777 Reinforced RR,,142,500055,Labor - Mount & Balance,1,55,500002,Tire Disposal Fee,1,2.5,,,,20,87-4585,Shinko *130/90B16 SR777 REINFORCED FR,,110,500045,Labor - Mount & Balance,,45,,,,,314938,Dunlop D402 *MU85B16 SW RR ,1,209,,,,,,,,,,,,,,Estimates valid for 10 days,,\""]
["\"11/8/2017 11:35:19 AM\",\"Casos\",\"956-884-5745\",\"2001 Kaw 750 Vulcan\",\"USA\",\"Robert\",\"87-4476,SHINKO *150/80-15 SR734 RR,1,110,87-5920,IRC  TUBE 140-150/90-15,,20,500060,Labor - Mount & Balance RR on bike,1,60,500002,Tire Disposal Fee,1,2.5,,,,,,,,,,,,,,,,,,,,,,,,,,,,,,Estimates valid for 10 days,,\""]
["\"11/8/2017 11:52:10 AM\",\"Chris\",\"956-393-7969\",\"2009 Road King\",\"USA\",\"Robert\",\"87-9756,Michelin *180/65-16 Commander II RR,1,225,87-9742,Michelin *130/80-17 Commander II FR,,175,87-4566,Shinko *130/80-17 SR777 FR,1,113,500050,Labor - Mount & Balance RR^ on bike,1,50,500040,Labor - Mount & Balance FR^ on bike,1,40,500002,Tire Disposal Fee,2,2.5,,Tubes^ Valves^ Brakes extra if required,,,,,,,,,,,,,,,,,,,,Estimates valid for 10 days,,\""]
["\"11/8/2017 3:47:41 PM\",\"Sonny\",\"956-648-5950\",\"2012 Victory Cross Country\",\"USA\",\"Robert\",\"314469,Dunlop *180/60R16 Elite 4 RR,1,246,300769,Bridgestone *180/60-16 G704 RR,,220,500060,Labor - Mount & Balance RR^ on bike,,60,500002,Tire Disposal Fee,,2.5,,,,,,,,,,,,,,,,,,,,,,,,,,,,,,Estimates valid for 10 days,,\""]
["\"11/9/2017 2:07:09 PM\",\"Randy\",\"956-566-0651\",\"2016 Honda Dual Sport\",\"USA\",\"Robert\",\"87-4528,Shinko *90/90-21 Trail Master 705 FR,1,60,87-4521,Shinko *130/80-17 Trail Master 705 RR,1,85,500055,Labor - Mount & Balance RR^ on bike,1,45,500045,Labor - Mount & Balance FR^ on bike,1,30,374645,Tube 275/300-21 TR6 BM,1,12,87-0160,Tube 4.50/5.10-17 TR4,1,18,,,,,,,,,,,,,,,,,,,,,,Estimates valid for 10 days,,\""]
["\"11/9/2017 3:12:45 PM\",\"Ivan\",\"956-961-8260\",\"2005 GSX-R1000\",\"USA\",\"Robert\",\"248388,JT Sprocket RR JTR1800.46 ,1,41,249261,JT Sprocket JTF513.16T ,1,14,,,,,,,,,,,,,,,,,,,,,,,,,,,,,,,,,,16/46 530,,,,Estimates valid for 10 days,,\""]
["\"11/9/2017 5:11:11 PM\",\"Neil\",\"956-533-3903\",\"2017 Ninja 300\",\"USA\",\"Robert\",\"871-1130,PIRELLI *110/70R-17 Diablo Rosso II FR,1,120,871-1140,PIRELLI *140/70R-17 Diablo Rosso II RR,1,140,500030,Labor - Mount & Balance,2,30,500002,Tire Disposal Fee,,2.5,,,,,,,,,,,,,,,,,,,,,,,,,,,,,,Estimates valid for 10 days,,\""]
["\"11/11/2017 11:20:28 AM\",\"\",\"956-598-4208\",\"\",\"USA\",\"Marcus \",\"87-4462,Shinko *100/80-16 SR740 FR,1,59,500025,Labor - Mount & Balance FR^ on bike,1,25,500002,Tire Disposal Fee,1,2.5,,Valves^ Brakes extra if required,,,,,,,,,,,,,,,,,,,,,,,,,,,,,,,,Estimates valid for 10 days,,\""]
["\"11/11/2017 1:41:16 PM\",\"Paul\",\"251-260-1962\",\"2008 YZFR6\",\"USA\",\"Robert\",\"27-10413,Regulator / Rectifier Ricks,1,76,,,,,,ETA Wed 15th @ noon,,,,Thanks,,,,,,,,,,,,,,,,,,,,,,,,,,,,,,,,Estimates valid for 10 days,,\""]
["\"11/11/2017 4:00:15 PM\",\"Rene Soto\",\"956-460-4366\",\"2005 Heritage Softail\",\"USA\",\"Robert\",\",Carb^ Choke^ Sits^ Advise,,,,Dragon Key,,,,,,,,,,,,,,,,,,,,,,,,,,,,,,,,,,,,,,,,,,\""]
["\"11/11/2017 4:41:28 PM\",\"Javier\",\"956-598-4208\",\"2007 Ninja 250\",\"USA\",\"Marcus \",\"87-4462,Shinko *100/80-16 SR740 FR,1,59,500025,Labor - Mount & Balance FR^ on bike,1,25,500002,Tire Disposal Fee,1,2.5,,Valves^ Brakes extra if required,1,1,,,,,87-4509,Shinko *130/80-16 SR568 RR,,79,500030,Labor - Mount & Balance RR^ on bike,,30,,Tire Disposal Fee,,2.5,961131,BM Brake Pads (FA141),,24,500010,Labor - Brake Pad install w/tire Chg,,10,,Gas Cap Aftermarket w/Key,,25,,OTD w/Tax,,184.57\""]
["\"11/13/2017 11:24:10 AM\",\"Kirk\",\"956-624-4951\",\"2009 Yamaha Raider 1900\",\"USA\",\"Robert\",\"082204,Cobra Sissy Bar Mini,,249,082210,Cobra Sissy Bar Round Short^ w/oversized Pad,,269,,,,,557897,Windshield SwitchBack 08-14 XV19C,,225,557726,Mount Kit National Cycle,,100,,,,,,,,,,,,,,,,,,,,,,,,,,Estimates valid for 10 days,,\""]
["\"11/13/2017 5:07:20 PM\",\"Brant\",\"\",\"\",\"USA\",\"Robert\",\"87-4568,Shinko *MU85B16 R777 Reinforced RR,,120,87-4182,Shinko *90/90-21 SR777 FR,,65,,,,,,I normally sell for,,,,Shinko *MU85B16,,145,,Shinko *90/90-21,,85,,,,,,,,,,,,,,,,,,,,,,Estimates valid for 10 days,,\""]
["\"11/14/2017 2:09:16 PM\",\"David\",\"956-352-9127\",\"Custom\",\"USA\",\"Robert\",\"70-660158,Clutch Cable Motion Pro Armor Coat,,54,,,,,,,,,,,,,,,,,,,,,,,,,,,,,,,,,,,,,,,,,,Estimates valid for 10 days,,\""]
["\"11/14/2017 2:10:30 PM\",\"Carlos Gutierrez\",\"956-784-9439\",\"Resale in Monterey\",\"USA\",\"Robert\",\"73-8103M,Helmet Fly Street Blue M,,75,73-81032X,Helmet Fly Street Blue 2X,,75,,,,,,,,,,,,,,,,,,,,,,,,,,,,,,,,,,,,,,Estimates valid for 10 days,,\""]
["\"11/14/2017 2:39:05 PM\",\"Chris\",\"956-533-9379\",\"1997 GSXR600\",\"USA\",\"Robert\",\",Put Stator & Regulator^ had been advised,,,,were bad. Owned bike 2-3 weeks.,,,,Found used OEM Stator^ put in^ then 2 days,,,,later found regulator smoking. New Walmart,,,,battery. Origional (bad ?) OEM regulator under,,,,rear seat. New aftermarket relay in bike.,,,,,,,,,,,,,,,,,,,,,,,,X ____________________________,,\""]
["\"11/14/2017 6:07:42 PM\",\"Lem\",\"985-373-5852\",\"2017 Honda African Twin\",\"USA\",\"Robert / George\",\",1st Service,,,,Full Synthetic,,,,,,,,,,,,,,,,,,,,,,,,,,,,,,,,,,,,,,,,,,\""]
["\"11/15/2017 9:45:42 AM\",\"Rubin\",\"956-212-9967\",\"\",\"USA\",\"Robert\",\"87-4589,Shinko *80/90-21 F777 FR,1,79,500040,Labor - Mount & Balance FR^ on bike,1,40,500002,Tire Disposal Fee,1,2.5,,,,,,,,,,,,,,,,,,,,,,,,,,,,,,,,,,Estimates valid for 10 days,,\""]
["\"11/15/2017 11:14:39 AM\",\"Jose Arturo Sibaja\",\"jsibaja@cardone.com\",\"Yamaha V-Star 1100\",\"USA\",\"Robert\",\"87-4592,Shinko *170/80-15 SR777 Reinforced RR,1,129,87-4585,Shinko *130/90B16 SR777 Reinforced FR,1,109,500060,Labor - Mount & Balance RR^ on bike,,60,500040,Labor - Mount & Balance FR^ on bike,,40,500002,Tire Disposal Fee,,2.5,,Tubes^ Valves^ Brakes extra if required,,,,,,,,,,,,,,,,,,,,,,,,Estimates valid for 10 days,,\""]
["\"11/15/2017 1:23:27 PM\",\"Brandon\",\"956-325-6602\",\"2008 XL1200N\",\"USA\",\"Robert\",\"87-4597,Shinko *150/80B16 SR777 Reinf RR,1,129,500055,Labor - Mount & Balance RR^ on bike,1,55,,Tube - Ctr or OC Ctr,1,20,500002,Tire Disposal Fee,1,2.5,,,,,,,,,,,,,,,,,,,,,,,,,,,,,,Estimates valid for 10 days,,\""]
["\"11/15/2017 2:29:29 PM\",\"Ignacio\",\"956-715-3297\",\"2006 Road King\",\"USA\",\"Robert\",\"87-4595,Shinko *130/90B16 SR777 WWW Reinf ,1,129,,Tube - Ctr or OC,,20,500055,Labor - Mount & Balance RR^ on bike,,55,500002,Tire Disposal Fee,,2.5,,,,,,Invoice Tube & Labor to Ultimate Cycle,,,,,,,,,,,,,,,,,,,,,,,,,,\""]
["\"11/15/2017 3:53:42 PM\",\"Jesus\",\"\",\"2008 Ninja 250\",\"USA\",\"Robert\",\"87-4468,Shinko *130/70-17 SR741 RR,1,89,87-4460,Shinko *110/70-17 SR740 FR,1,69,,,,,,,,,,,,,,,,,,,,,,,,,,,,,,,,,,,,,,Estimates valid for 10 days,,\""]
["\"11/15/2017 4:42:17 PM\",\"Cash Customer\",\"\",\"\",\"USA\",\"Robert\",\"87-4597,SHINKO *150/80B16 SR777 A/B 77H REINFORCED,1,129,500050,Labor - Mount & Balance,1,50,500002,Tire Disposal Fee,2,2.5,,,,,87-4587,SHINKO *100/90-19 SR777  REINFORCED FR,1,69,,,1,40,,,,,,,,,,,,,,,,,,,,,,Estimates valid for 10 days,,\""]
["\"11/16/2017 10:38:27 AM\",\"Johnathan\",\"956-569-8427\",\"2006 GSX-R600\",\"USA\",\"Robert\",\"500065,Labor - Mount & Balance,4,65,27-21328,Ricks Stator Suz,1,149,27-10207,RICKS  REGULATOR / RECTIFIER SUZUKI,1,149,,Gasket,1,12,,,,,,,,,,,,,,,,,,,,,,,,,,,,,,Estimates valid for 10 days,,\""]
["\"11/16/2017 10:52:59 AM\",\"Cash Customer\",\"\",\"2001 Kaw Vulcan 750\",\"USA\",\"Bobbi\",\"828971,Cap-Assy-Pressure,1,35,,Shipping and handling,1,10,,,,,,,,,,,,,,,,,,,,,,,,,,,,,,,,,,,,,,Estimates valid for 10 days,,\""]
["\"11/16/2017 4:47:56 PM\",\"Romeo\",\"537-7238\",\"2009 Dyna Super Glide\",\"USA\",\"Robert\",\"87-4601,Shinko *160/70B17 SR777 Reinforced RR,1,144,310499,Dunlop *160/70B17 Am Elite BW RR,,219,500050,Labor - Mount & Balance RR^ on bike,,50,500002,Tire Disposal Fee,,2.5,,,,,,,,,,,,,,,,,,,,,,,,,,,,,,Estimates valid for 10 days,,\""]
["\"11/16/2017 5:07:26 PM\",\"Vince\",\"956-533-0933\",\"2014 Electra Glide Ltd\",\"USA\",\"Robert\",\"310474,AMER ELITE *130/80B17 NW FR,,185,310477,AMER ELITE *180/65B16 NW RR,,241,310470,AMERICAN *130/80B17 Elite FR,,180,310471,AMERICAN ELITE *180/65-16 RR ,,240,500050,Labor - Mount & Balance RR^ on bike,1,55,500040,Labor - Mount & Balance FR^ on bike,1,45,500002,Tire Disposal Fee,1,2.5,353252,Metzeler *180/65B16 ME880 WWW RR Reinfcd,1,239,353226,Metzeler *130/80B17 ME888 WWW FR,1,186,,He has speakers^ install in bike,,,,,,,,Estimates valid for 10 days,,\""]
["\"11/17/2017 10:21:24 AM\",\"Sergio\",\"956-639-6655\",\"4-Wheeler\",\"USA\",\"Robert / Randy\",\",Sitting & clogged carbs^ sitting 1 year,,,,New Walmart battery,,,,Working before sitting,,,,Change^ advise of issues Found,,,,,,,,,,,,,,,,,,,,,,,,,,,,,,,,,,\""]
["\"11/17/2017 5:47:38 PM\",\"Chris\",\"956-533-9379\",\"1997 GSXR600\",\"USA\",\"Robert\",\",Put Stator & Regulator^ had been advised,,,,were bad. Owned bike 2-3 weeks.,,,,Found used OEM Stator^ put in^ then 2 days,,,,later found regulator smoking. New Walmart,,,,battery. Origional (bad ?) OEM regulator under,,,,rear seat. New aftermarket relay in bike.,,,500065,Labor - R&R Regulator ^ repair electrical wiring,3,65,49-2269,Battery Maint Free CTX9-BS,1,55,27-10218,Regulator / Rectifier Ricks,1,120,,,,,,,,,,X ____________________________,,\""]
["\"11/18/2017 9:33:25 AM\",\"Robert\",\"956-532-1047\",\"2007 ZX14\",\"USA\",\"Robert\",\"500030,Labor - Mount & Balance RR^ on bike,1,45,500025,Labor - Mount & Balance FR^ on bike,1,40,,,,,,,,,,,,,,,,,,,,,,,,,,,,,,,,,,,,,,,,\""]
["\"11/18/2017 9:40:56 AM\",\"David\",\"956-929-0642\",\"2004 Fat Boy\",\"USA\",\"Robert\",\",Stor-Galore Fern & 3129 N McColl^ #33 ?,,,,,,,,,,,,,,,,,,,,,,,,,,,,,,,,,,,,,,,,,,,,,,\""]
["\"11/18/2017 10:25:49 AM\",\"Binay\",\"205-799-8251\",\"2007 Yamaha V-Star 1300\",\"USA\",\"Robert\",\",Engine Oil & Filter Chg^ fully synthetic,,,,Check Brakes etc^ adv,,,,,,,,,,,,,,,,,,,,,,,,,,,,,,,,,,,,,,,,Estimates valid for 10 days,,\""]
["\"11/18/2017 11:05:43 AM\",\"Ramio\",\"956-200-9818\",\"1998 Kaw Ninja\",\"USA\",\"Bobbi\",\"87-4017,Shinko Advance *190/50-17 R005 RR,1,130,87-4010,Shinko *120/70-17 F005 FR,1,81,,,,,,,,,,,,,,,,,,,,,,,,,,,,,,,,,,,,,,Estimates valid for 10 days,,\""]
["\"11/18/2017 1:33:25 PM\",\"Joe\",\"956-655-8520\",\"2006 HD FLHTCU\",\"USA\",\"Robert\",\"310493,Dunlop *MU85B16 Amer Elite BW RR,1,191,314937,Dunlop *MU85B16 D402 RR,,188,500050,Labor - Mount & Balance RR^ on bike,,50,500002,Tire Disposal Fee,,2.5,,Tubes^ Valves^ Brakes extra if required,,,,Tubes^ Valves^ Brakes extra if required,1,20,,,,,,,,,,,,,,,,,,,,,,Estimates valid for 10 days,,\""]
["\"11/18/2017 1:57:42 PM\",\"Gerry\",\"956-975-6148\",\"2009 CRF450\",\"USA\",\"Robert\",\"87-09861,Tube Mich 90/90-21 Ultra HD,1,32,87-5957,Tube 400/110-120/90-19,1,20,,,,,500045,Labor - Mount & Balance RR^ on bike,,45,500035,Labor - Mount & Balance FR^ on bike,,30,,w/Install $137.48,,,,,,,,Spark plugs^ foot-rest repair extra,,,,,,,,,,,,,,,,Estimates valid for 10 days,,\""]
["\"11/20/2017 10:00:13 AM\",\"Ron Dahl\",\"254-721-7429\",\"285 Avacado - Snow-to-Sun\",\"USA\",\"Robert\",\"871-5066,Tire *3.50-10 TT SC30 Scooter,1,47,500040,Labor - Mount & Balance RR^ on bike,1,40,500002,Tire Disposal Fee,1,2.5,,,,,,,,,,,,,,,,,,,,,,,,,,,,,,,,,,Estimates valid for 10 days,,\""]
["\"11/20/2017 10:28:14 AM\",\"David\",\"956-929-0642\",\"2004 Fat Boy\",\"Alt 451-0095 Jeremy\",\"Robert / Brant\",\",Stor-Galore Fern & 3129 N McColl^ #33 ?,1,40,,Fuel Tank Clean & Line,1,300,,Pepcock (Left Facing),1,29,,Carb R&R^ Cleaning (parts possible)^ Est,1,220,49-2273,Battery AGM CTX20L-BS WPS,1,89,,OEM HD Air Filter,1,39,,Full Service^ All Fluids^ Lube / Adj^ etc^ Est,1,400,,,,,,,,,,,,,,,,,,,,\""]
["\"11/20/2017 10:45:06 AM\",\"Peter\",\"210-401-9432\",\"Goldwing\",\"USA\",\"Robert\",\"314462,Dunlop Elite 4 *160/80B16,,233,300777,Bridgestone *160/80-16 G702 RR,1,214,353258,Metzeler *160/80-16 ME888 Marathon RR,,201,500060,Labor - Mount & Balance RR^ on bike,,60,500020,Labor - Mount & Balance TL^ off bike,1,20,,,,,,,,,,,,,,,,,,,,,,,,,,Estimates valid for 10 days,,\""]
["\"11/21/2017 8:57:51 AM\",\"David\",\"956-650-9264\",\"1984 Low Rider - Belt\",\"USA\",\"Robert\",\"49-1973,Yuasa Battery YTX20H-BS Sealed,1,119,,,,,,,,,,,,,,,,,,,,,,,,,,,,,,,,,,,,,,,,,,Estimates valid for 10 days,,\""]
["\"11/21/2017 12:47:42 PM\",\"Arnie\",\"956-519-2680\",\"\",\"USA\",\"Robert\",\"87-4566,Shinko *130/80-17 SR777 FR,1,112,500045,Labor - Mount & Balance FR^ on bike,1,45,500002,Tire Disposal Fee,1,2.5,,,,,310475,Dunlop *130/70B18 Am Elite BW FR,,172,,,,,,,,,,,,,,,,,,,,,,,,,,Estimates valid for 10 days,,\""]
["\"11/21/2017 4:11:38 PM\",\"Filo\",\"956-279-6301\",\"2004 Heritage Softail\",\"USA\",\"Robert\",\"87-4585,Shinko *130/90B16 SR777 Reinf FR,1,111,310480,Dunlop *MT90B16 Amer Elite BW FR,,156,500045,Labor - Mount & Balance FR^ on bike,1,45,,Tube - Ctr or OC,1,20,500002,Tire Disposal Fee,1,2.5,,,,,,,,,,,,,,,,,,,,,,,,,,Estimates valid for 10 days,,\""]
["\"11/21/2017 5:13:35 PM\",\"Joe Rangel\",\"956-279-7311\",\"Resale cert on file^ Emp Rates\",\"USA\",\"Robert\",\"862557 / 27-10205,Regulator / Rectifier Ricks 10-205,,82.99,,,,,,,,,,,,,,,,,,,,,,,,,,,,,,,,,,,,,,,,,,Estimates valid for 10 days,,\""]
["\"11/21/2017 5:43:40 PM\",\"Rene Soto\",\"956-460-4366\",\"Honda Shadow 750 ACE\",\"USA\",\"Robert\",\"500065,Labor - R&R Carbs^ Diagnose^ Repair,2.5,65,17950-MBB-000,Valve Set Float^ OEM,1,39,17256-MBA-000,Screw Set^ OEM,1,18,118-9348,K&L Carb Repair Kit Hon,2,29,,Needle & Seat Filter,,,,,,,,,,,,,,,,,,,,,,,,,,,(RM200080),,,\""]
["\"11/21/2017 6:02:32 PM\",\"Rene Soto\",\"956-460-4366\",\"Honda Shadow 750 ACE\",\"USA\",\"Robert\",\"500065,Labor - R&R Carbs^ Diagnose^ Repair,2.5,65,17950-MBB-000,Cable Choke^ OEM,1,46,17256-MBA-000,Screw Set / Floats OEM,1,18,118-9348,K&L Carb Repair Kit Hon,2,29,44625,Needle & Seat Filter,2,6,,,,,,Note - Fuel Pump incorrect^ can not be wired,,,,correctly. If problems increase^ Est $350 +,,,,repaire. Wiring extensively damaged.,,,,,,,,,,,(RM200080),,,\""]
["\"11/22/2017 1:53:07 PM\",\"Richard\",\"956-208-8048\",\"2014 Muscle\",\"USA\",\"Robert\",\",,,,87-9428,MICHELIN *240/40R18R SCORCHER 11,1,252,500050,Labor - Mount & Balance,1,50,500002,Tire Disposal Fee,1,2.5,,,,,,,,,,,,,,,,,,,,,,,,,,,,,,Estimates valid for 10 days,,\""]
["\"11/24/2017 1:48:52 PM\",\"Mauricio\",\"956-784-9493\",\"2014 FZ09\",\"USA\",\"Robert\",\"500045,Labor - Mount & Balance RR^ on bike,1,45,,,,,,,,,,,,,,,,,,,,,,,,,,,,,,,,,,,,,,,,,,Estimates valid for 10 days,,\""]
["\"11/24/2017 2:10:07 PM\",\"Rick\",\"210-347-9308\",\"2003 V-Star Classic 1100\",\"USA\",\"Robert\",\",Tow,1,40,,Tank,1,220,,,1,80,,Carbs,1,200,,Plugs,2,5,,Battery,1,90,,,,,,3906 Robin Ave^ 78504,,,,N or Ware^ Pass Dove^ on right,,,,,,,,,,,,Estimates valid for 10 days,,\""]
["\"11/24/2017 3:51:09 PM\",\"Sam\",\"\",\"\",\"USA\",\"Robert\",\"87-4182,Shinko *90/90-21 SR777 FR,1,89,,,,,,,,,,,,,,,,,,,,,,,,,,,,,,,,,,,,,,,,,,Estimates valid for 10 days,,\""]
["\"11/24/2017 5:25:57 PM\",\"Arnulfo\",\"956-961-2789\",\"2002 Honda 750 ACE\",\"Plumbing Work Avail Plumber\",\"Robert\",\"87-4562,Shinko *140/80-17 777 FR WWW,1,135,500045,Labor - Mount & Balance FR^ on bike,1,45,87-0160,4.50/5.10-17 TR4 Tube,1,15,500002,Tire Disposal Fee,1,2.5,,,,,,,,,,,,,,,,,,,,,,,,,,,,,,Estimates valid for 10 days,,\""]
["\"11/24/2017 5:31:50 PM\",\"Rick\",\"210-347-9308\",\"2003 V-Star Classic 1100\",\"USA\",\"Robert\",\",Tow,1,40,,Tank R&R Clean,1,220,,Electrical Wiring,1,80,,Carbs R&R^ Clean,1,200,,Spark Plugs,2,5,,Battery,1,90,,,,,,3608 Robin Ave^ 78504,,,,N or Ware^ Pass Dove^ on right,,,,Deposit Check no sooner than Mon night,,,,Pd Check 1004 $600.,,,,(3 to 4 weeks before back),,\""]
["\"11/25/2017 9:20:12 AM\",\"Aaron\",\"956-570-8842\",\"2006 SV650\",\"USA\",\"Robert\",\"85-4200,Ride-On 8oz Bottle Tire Bal/Sealant,1.1,20,Misc,Temp^ for Ride-on to distribute,1,5,,,,,,,,,,,,,,,,,,,,,,,,,,,,,,,,,,,,,,Estimates valid for 10 days,,\""]
["\"11/25/2017 10:59:20 AM\",\"Luis\",\"956-569-9687\",\"2013 GSX-R600\",\"USA\",\"Robert\",\"500045,Labor - Mount & Balance RR^ on bike,1,45,,Used tire carry-in,,,,,,,,Thanks,,,,,,,,,,,,,,,,,,,,,,,,,,,,,,,,,,\""]
["\"11/25/2017 11:29:06 AM\",\"Dennis\",\"517-304-9722\",\"2015 RoadKing\",\"USA\",\"Robert\",\"310478,Dunlop *180/65B16 Amer Elite WW RR,1,241,281112,Tube 180/65-16 TR-4 TP ,1,28,500025,Labor - Mount & Balance,1,25,500002,Tire Disposal Fee,1,2.5,,Ride-on,11,2.2,,,,,,,,,,,,,,,,,,,,,,,,,,Estimates valid for 10 days,,\""]
["\"11/25/2017 5:34:53 PM\",\"Rolando\",\"956-258-1607\",\"2003 GSX-R600\",\"USA\",\"Robert\",\"87-4016,Shinko *180/55-17 R005 RR,1,124,500030,Labor - Mount & Balance RR^ on bike,1,30,,,,,,Thanks,,,,,,,,,,,,,,,,,,,,,,,,,,,,,,,,Estimates valid for 10 days,,\""]
["\"11/27/2017 12:25:08 PM\",\"Luis\",\"956-929-4710\",\"2006 GXR600\",\"USA\",\"Robert\",\",180 RR,1,154,,RR Brakes,1,24,,FR Brakes,2,32,,Disp,1,2.5,,Brk R&R,3,10,,Forks,1,220,,,,,,,,,,,,,,,,,,,,,,Estimates valid for 10 days,,\""]
["\"11/27/2017 1:44:03 PM\",\"Lee\",\"832-642-3840\",\"2004 xl883\",\"USA\",\"Robert\",\"87-4589,Shinko *80/90-21 SR777 FR,1,82,87-0186,Tube 2.75/3.00-21 TR4,1,15,500045,Labor - Mount & Balance,1,45,500002,Tire Disposal Fee,1,2.5,,,,,,,,,,,,,,,,,,,,,,,,,,,,,,Estimates valid for 10 days,,\""]
["\"11/27/2017 1:56:00 PM\",\"Lee\",\"832-642-3840\",\"2004 xl883\",\"USA\",\"Robert\",\"87-4589,Shinko *80/90-21 SR777 FR,1,82,87-0186,Tube 2.75/3.00-21 TR4,1,15,500045,Labor - Mount & Balance,1,45,500002,Tire Disposal Fee,1,2.5,,,,,,,,,,,,,,,,,,,,,,,,,,,,,,Estimates valid for 10 days,,\""]
["\"11/27/2017 4:17:46 PM\",\"Ward\",\"956-682-9932\",\"1984 Honda V65 Sabor\",\"USA\",\"Robert\",\"87-4173,Shinko *130/90-17 230 RR,1,99,87-4162,Shinko *110/90-18 F230 FR,1,89,500060,Labor - Mount & Balance RR^ on bike,1,60,500040,Labor - Mount & Balance FR^ on bike,1,40,500002,Tire Disposal Fee,2,2.5,,Tubes^ Valves^ Brakes extra if required,,,,,,,,,,,,,,,,,,,,,,,,Estimates valid for 10 days,,\""]
["\"11/28/2017 11:39:57 AM\",\"Alan\",\"956-500-3730\",\"2016 Suz S40 650\",\"USA\",\"Robert\",\"353350,ME880 *140/80B15 RR,1,171,500060,Labor - Mount & Balance RR^ on bike,1,60,500002,Tire Disposal Fee,1,2.5,,Tubes^ Valves^ Brakes extra if required,,,,,,,,,,,,,,,,,,,,,,,,,,,,,,,,Estimates valid for 10 days,,\""]
["\"11/28/2017 12:06:29 PM\",\"Felipe\",\"956-373-7227 (text)\",\"2015 Vespa\",\"USA\",\"Robert\",\",6 to 12 mo's sitting,,,,Jumped from running vehicle,,,,,,,,Advise of major issues^ or repair,,,,,,,,,,,,,,,,,,,,,,,,,,,,,,,,X _________________________,,\""]
["\"11/28/2017 1:54:17 PM\",\"Cash Customer\",\"\",\"\",\"USA\",\"Robert\",\"87-4468,Shinko *130/70-17 SR741 RR,,84,500030,Labor - Mount & Balance,,30,87-4031,SHINKO *150/60R17 R006 PODIUM ,,116,,,,,,,,,,,,,,,,,,,,,,,,,,,,,,,,,,Estimates valid for 10 days,,\""]
["\"11/28/2017 2:17:18 PM\",\"Cash Customer\",\"956-330-0449\",\"2007 GSX-R750\",\"USA\",\"Robert\",\"692-6650,,1,125,965599,,1,12,965308,,1,40,,,,,,,,,,,,,,,,,,,,,,,,,,,,,,,,,,Estimates valid for 10 days,,\""]
["\"11/28/2017 4:52:50 PM\",\"Angel\",\"956-215-3904\",\"2014 FXDWG\",\"USA\",\"Robert\",\"314401,Dunlop *240/40-18 Elite 3 Radial RR,1,226,500015,Labor - Mount & Balance TT^ off bike,1,15,,,,,,,,,,,,,,,,,,,,,,,,,,,,,,,,,,,,,,Estimates valid for 10 days,,\""]
["\"11/29/2017 5:38:04 PM\",\"Marcos\",\"956-292-1863\",\"2006 ZZR600\",\"USA\",\"Robert\",\",Fork Seal R&R^ Forks^ Seals^ Labor,1,220,780708,AGM Battery MS12-12-BS BM,1,72,56-9905,Mirror - Emgo Left,1,27,500065,Labor - Mount & Balance,1,65,,,,,,,,,,,,,,,,,,,,,,,,,,,,,,Estimates valid for 10 days,,\""]
["\"11/30/2017 9:56:29 AM\",\"Harley\",\"Dirty Daves\",\"\",\"USA\",\"Robert\",\"87-4007,Shinko *180/55ZR17 R003 RR,1,103,87-4001,Shinko *120/70-17 F003 FR,1,72,,,,,,,,,,,,,,,,,,,,,,,,,,,,,,,,,,,,,,Estimates valid for 10 days,,\""]
["\"11/30/2017 2:51:51 PM\",\"Dave\",\"651-491-4048\",\"2004 Suz 800\",\"USA\",\"Robert\",\"287273,Kenda *170/80H-15 K673 KRUZ RR,1,144,287265,Kenda K673 130/90-16 Kruz FR,1,124,,Tube RR,1,22,,Tube FR,1,20,500060,Labor - Mount & Balance,,60,500040,Labor - Mount & Balance,1,40,500002,Tire Disposal Fee,2,2.5,,,,,,,,,,,,,,,,,,Estimates valid for 10 days,,\""]
["\"11/30/2017 5:31:18 PM\",\"Cash Customer\",\"\",\"2004 FXD Dyna Super Glide\",\"USA\",\"Robert\",\"500065,Labor - R&R Stator & Regulator^ Estimated,3,65,Misc,Oils^ Gaskets^ Seals^ Misc^ Estimated,1,100,,Battery 20BS WPS / TR,1,99,273-1224,Regulator Cycle Electric,1,209,273-1405,Stator Cycle Electric,1,119,498267,Regulator TwinPower,,159,,,,,,$350 deposit required,,,,,,,,,,,,VIN 1HD1GHV124K319415,,,,Estimates valid for 10 days,,\""]
["\"12/1/2017 9:11:01 AM\",\"Cash Customer\",\"\",\"2003 Honda Shadow 750 ACE\",\"USA\",\"Robert\",\"710364,Clutch Cable,,45,071253,Clutch Lever,,10,,,,,,JH2RC44653M705269,,,,,,,,,,,,,,,,,,,,,,,,,,,,,,,,Estimates valid for 10 days,,\""]
["\"12/1/2017 11:42:15 AM\",\"Johnathan\",\"956-616-7926\",\"2006 Shadow 750\",\"USA\",\"Robert\",\"500070,Labor - Mount & Balance RR^ on bike,1,70,500050,Labor - Mount & Balance FR^ on bike,1,50,87-0147,Tube 170/80-15 TR6,1,21,374644,Tube 100-110/90-19 BM,1,13,,,,,,,,,,,,,,,,,,,,,,,,,,,,,,Estimates valid for 10 days,,\""]
["\"12/1/2017 12:19:32 PM\",\"Aaron\",\"956-929-6573\",\"2006 Road King\",\"USA\",\"Robert\",\",Lights^ & Paint Speakers,,,,,,,,,,,,,,,,,,,,,,,,,,,,,,,,,,,,,,,,,,,,,,\""]
["\"12/1/2017 2:40:46 PM\",\"Belinda Fox\",\"956-975-1936\",\"2004 RoadKing\",\"USA\",\"Robert\",\"87-4569,Shinko *MU85B16 R777 WWW RR,,151,87-4595,Shinko *130/90B16 SR777 WWW Reinf RR,1,128,500055,Labor - Mount & Balance RR^ on bike,1,55,500002,Tire Disposal Fee,1,2.5,,Tube 5.00/5.10-16 Ctr or OC,,20,,,,,,,,,,,,,,,,,,,,,,,,,,Estimates valid for 10 days,,\""]
["\"12/2/2017 12:30:42 PM\",\"Cash Customer\",\"\",\"2001 YZFR6\",\"USA\",\"Robert\",\"70-5341,Throttle Pull,1,16,70-5342,Throttle Push,1,16,961444,RR Brake Pad,1,30,962032,RR Brake Rotor,1,110,22-51475,RR Wheel Bearings,1,60,,,,,,,,,,,,,,,,,,,,,,,,,,Estimates valid for 10 days,,\""]
["\"12/2/2017 1:48:35 PM\",\"Pablo\",\"956-929-0284\",\"2013 HD SwitchBack\",\"USA\",\"Chris\",\"87-9746,MICHELIN *130/70B18 COMMANDER II FR,,197,87-9758,MICHELIN COMMANDER II BIAS *160/70-17R RR,,209,310475,Dunlop *130/70B18 Am Elite BW FR,1,178,310499,Dunlop *160/70B17 Am Elite BW RR,1,218,500050,Labor - Mount & Balance RR^ on bike,1,50,500040,Labor - Mount & Balance FR^ on bike,1,40,500002,Tire Disposal Fee,2,2.5,,,,,820-2210,Quick Release,,110,820-2220,Bar,,82,,Pad,,80,,Estimates valid for 10 days,,\""]
["\"12/2/2017 2:09:06 PM\",\"Trevor\",\"956-379-5691\",\"2015 YZ250F\",\"USA\",\"Robert\",\"870-1008,100/90-19,1,79,870-1002,80/100-21,1,69,,,1,18,,,1,15,,,,,,,2,20,,,2,2.5,,,,,,,,,,,,,,,,,,Estimates valid for 10 days,,\""]
["\"12/4/2017 10:51:03 AM\",\"Efrain\",\"956-358-6349\",\"\",\"USA\",\"Robert\",\"87-9770,Michelin *MT90B16 Commander II FR,1,135,500045,Labor - Mount & Balance,1,45,500002,Tire Disposal Fee,1,2.5,,,,,,,,,,,,,,,,,,,,,,,,,,,,,,,,,,Estimates valid for 10 days,,\""]
["\"12/4/2017 10:54:37 AM\",\"Joshua\",\"956-378-1801\",\"2007 Ultra Classic\",\"USA\",\"Robert\",\"87-9770,Michelin *MT90B16 Commander II FR,1,135,500040,Labor - Mount & Balance on bike,1,40,500002,Tire Disposal Fee,1,2.5,,,,,,,,,,,,,,,,,,,,,,,,,,,,,,,,,,Estimates valid for 10 days,,\""]
["\"12/5/2017 8:24:48 AM\",\"Gary\",\"512-656-2270\",\"2009 Burgman 650\",\"USA\",\"Robert\",\"300514,Bridgestone *160/60R14 TH01R-M BRMN650 RR,1,159,87-9895,Michelin *160/60R14 Pilot Sport RR,,165,871-5029,Pirelli *160/60R14 Diablo RR,,161,500060,Labor - Mount & Balance RR^ on bike,1,60,500002,Tire Disposal Fee,1,2.5,,,,,,,,,,,,,,,,,,,,,,,,,,Estimates valid for 10 days,,\""]
["\"12/5/2017 8:31:24 AM\",\"OT DeLeon\",\"956-821-5537\",\"2007 V-Star 1300 (XVS1300)\",\"USA\",\"Robert\",\"87-4478,Shinko *160/80-16 R734 RR,,112,87-4165,Shinko *130/90-16 230 FR,1,79,500040,Labor - Mount & Balance RR^ on bike,,40,500025,Labor - Mount & Balance FR^ on bike,1,25,,,,,,,,,,,,,,,,,,,,,,,,,,,,,,Estimates valid for 10 days,,\""]
["\"12/5/2017 12:22:12 PM\",\"Ken\",\"956-377-1616\",\"2014 NC700X\",\"USA\",\"Robert\",\"290505,Continental *120/70R17 TKC70 Dual Sport FR,1,158,,,,,,,,,,,,,,,,,,,,,,,,,,,,,,,,,,,,,,,,,,Estimates valid for 10 days,,\""]
["\"12/5/2017 4:35:12 PM\",\"Kirk\",\"956-624-4951\",\"2009 Yamaha Raider 1900\",\"USA\",\"Robert\",\"300857,Bridgestone *210/40R18 G852-G RR,1,218,300856,Bridgestone *120/70-21 G721-G FR,1,162,500060,Labor - Mount & Balance RR^ on bike,1,60,500045,Labor - Mount & Balance FR^ on bike,1,45,500002,Tire Disposal Fee,2,2.5,,Tubes^ Valves^ Brakes extra if required,,,,,,,,,,,,,,,,,,,,,,,,Estimates valid for 10 days,,\""]
["\"12/5/2017 5:03:19 PM\",\"Albert\",\"956-223-0235 C / 781-7063 H\",\"2009 CBR600RR\",\"USA\",\"Robert\",\"69-6620,WPS 525 HSX - 120 Link X-Ring Chain,1,99,965288,Sprocket RR 525 42T BM,1,28,965608,Sprocket FR 525 16T BM,1,18,500085,Labor - R&R Chain & Sprockets,1,85,,,,,87-9821,Michelin *120/70ZR17 Pilot Pwr 3 FR,,121,500025,Labor - Mount & Balance FR^ on bike,,25,500015,Labor - Mount & Balance TL^ off bike,,15,,,,,,,,,,,,,,Estimates valid for 10 days,,\""]
["\"12/6/2017 10:11:48 AM\",\"Marvin\",\"956-400-3880 (451-4056 Leo - Bro)\",\"2002 Yamaha V-Star 650 Classic\",\"USA\",\"Robert / Chris M\",\"87-4477,Shinko *170/80-15 SR734 RR,1,142,314463,Dunlop *130/90-16 Elite 4 FR,1,155,500060,Labor - Mount & Balance RR^ on bike,1,60,500040,Labor - Mount & Balance FR^ on bike,1,40,374615,Tube 170-180/70-80-15 PV78 BM,1,21,87-0151,Tube 5.00/5.10-16 TR6 WPS,1,19,500002,Tire Disposal Fee,2,2.5,400006,Discount - Cash only,1,-26.3,,,,,,Thanks,,,,,,,,,,\""]
["\"12/6/2017 2:41:28 PM\",\"Rudy\",\"956-239-1259\",\"2006 Sportster\",\"USA\",\"Robert\",\"87-4597,Shinko *150/80B16 SR777 Reinf,1,131,500050,Labor - Mount & Balance RR^ on bike,1,50,,Tube 5.00/5.10-16 Ctr or OC,1,20,500002,Tire Disposal Fee,1,2.5,,Tubes^ Valves^ Brakes extra if required,,,,,,,310496,Dunlop *150/80B16 Amer Elite BW RR,,188,,,,,,,,,,,,,,,,,,Estimates valid for 10 days,,\""]
["\"12/7/2017 12:11:01 PM\",\"James Ind\",\"Resale cert on file\",\"956-638-1087\",\"USA\",\"Robert\",\"87-4597,Shinko *150/80B16 SR777 Reinf RR,1,104,87-9770,Michelin *MT90B16 Commander II FR,1,116,,,,,,Thanks,,,,,,,,,,,,,,,,,,,,,,,,,,,,,,,,,,\""]
["\"12/7/2017 5:55:18 PM\",\"Brant (Chema)\",\"956-279-0284 / 685-3691\",\"Resale\",\"USA\",\"Robert\",\"611713,Brake Pads EBC FA171,1,30,,,,,,,,,,,,,,,,,,,,,,,,,,,,,,,,,,,,,,,,,,Estimates valid for 10 days,,\""]
["\"12/8/2017 9:16:12 AM\",\"Lyndon\",\"715-579-9542\",\"1995 Triumph Thunderbird 900\",\"USA\",\"Robert\",\"300758,Bridgestone *110/80-18 BT45 Sport Touring FR,1,126,353154,Metzeler *110/80-18 Lazertec FR,,142,87-0168,Tube 325/350-18 WPS,1,13,500020,Labor - Mount & Balance TT^ off bike,1,20,500002,Tire Disposal Fee,1,2.5,,Brakes extra if required,,,,,,,,,,,,,,,,,,,,,,,,Estimates valid for 10 days,,\""]
["\"12/8/2017 10:56:08 AM\",\"Ulises\",\"786-314-1876 (or 785)\",\"2001 Suz 800 Intruder\",\"(Addl to Inv 24344 & 24382)\",\"Robert\",\"409286,Intake Performance Kit Dynojet,1,74.95,500065,Labor - R&R Carb^ Re-Jet (Estimated),3,65,,Bal Due - Inv 24382 (08-Dec-17),,411.01,,,,,,,,,,,,,,,,,,,,,,,,,,,,,,,,,,Estimates valid for 10 days,,\""]
["\"12/8/2017 4:17:06 PM\",\"Garth & Wendy Webb\",\"905-252-0500 Alt 956-271-8429 (Old 378-6438)\",\"2007 VTX1800\",\"USA\",\"Robert / Joe R\",\"500065,Labor - Fork Seal R&R^ Estimated,2.75,65,22-56139,Fork & Dust Seals All-Balls,1,29,,Fork Oil - TBD,1,12.25,,,,,,,,,,,,,,,,,,,,,,,,,,,,,,,,,,,,\""]
["\"12/8/2017 4:20:10 PM\",\"Michael\",\"956-789-7645\",\"\",\"USA\",\"Robert\",\",R&R Baffles,,,,Vance & Hines Big Radius 2 into 2,,,500065,Labor - R&R Baffles^ Estimated,,,,,,,,,,,,,,,,,,,,,,,,,,,,,,,,,,,,,,\""]
["\"12/9/2017 1:22:04 PM\",\"David\",\"2009 Heritage Classic\",\"719-205-5001\",\"USA\",\"Robert\",\"310496,Dunlop *150/80B16 Amer Elite BW RR,1,185,370500,Tube 5.00/5.10-16 TR6 OffSet,1,21,500060,Labor - Mount & Balance RR^ on bike,1,50,500002,Tire Disposal Fee,1,2.5,,,,,273-1223,HD Regulator,,195,273-1415,HD Stator,,165,Labor,Labor - R&R Reg & Stator Est,,260,Misc,Gaskets^ Fluids^ Est,,80,,,,,,Tax,,57.75,,Total Estimated,,757.75\""]
["\"12/9/2017 3:00:53 PM\",\"Eloy\",\"956-212-1890\",\"1999 XL\",\"USA\",\"Robert\",\"87-4587,SHINKO *100/90-19 SR777  REINFORCED FR,1,88,500045,Labor - Mount & Balance,1,45,500002,Tire Disposal Fee,1,2.5,,,,,,Quote Rear tire,,,,,,,,,,,,,,,,,,,,,,,,,,,,47816,,\""]
["\"12/9/2017 3:46:25 PM\",\"Cash Customer\",\"956-518-4711\",\"\",\"USA\",\"Robert\",\"87-4560,Shinko *120/90-17 777 FR,1,109,500040,Labor - Mount & Balance FR^ on bike,1,40,,Tube FR,1,15,500002,Tire Disposal Fee,2,2.5,,,,,87-4572,Shinko *160/80-15 777 RR,1,129,500060,Labor - Mount & Balance RR^ on bike,1,60,,Tube RR,1,21,,,,,,,,,,,,,,Estimates valid for 10 days,,\""]
["\"12/11/2017 12:06:12 PM\",\"Roger\",\"715-377-9339\",\"2007 XL883XC\",\"USA\",\"Robert\",\"87-4597,SHINKO *150/80B16 SR777 A/B 77H REINFORCED,,129,87-4587,SHINKO *100/90-19 SR777  REINFORCED FR,1,79,,Tube RR,,21,,Tube FR,1,15,500050,Labor - Mount & Balance RR^ on bike,,50,500040,Labor - Mount & Balance FR^ on bike,1,40,500002,Tire Disposal Fee,1,2.5,,,0,,,,,,,,,,,,,,,Estimates valid for 10 days,,\""]
["\"12/12/2017 2:08:49 PM\",\"George\",\"816-805-8033\",\"2002 Electra Glide FLHTC\",\"USA\",\"Chris\",\"87-9770,Michelin *MT90B16 Commander II FR,1,135,500045,Labor - Mount & Balance FR^ on bike,1,45,500002,Tire Disposal Fee,1,2.5,500035,Labor - Basic Eng Oil & Fltr chg^ cust sup parts,1,35,592361,BM Brake Pads FA400,2,27,500010,Labor - B rake Pad R&R w/tire chg.,2,10,,,,,,,,,,,,,,,,,,,,,,Estimates valid for 10 days,,\""]
["\"12/12/2017 3:31:37 PM\",\"Cash Customer\",\"956-607-5411\",\"2005 FatBoy FLSTF\",\"USA\",\"Robert\",\"87-9755,MICHELIN *150/80-16 Commander RR,,171,87-4597,SHINKO *150/80B16 SR777 A/B 77H REINFORCED,1,124,310496,Dunlop *150/80B16 Amer Elite BW RR,,181,500050,Labor - Mount & Balance,1,50,500002,Tire Disposal Fee,1,2.5,,,,,,,,,,,,,,,,,,,,,,,,,,Estimates valid for 10 days,,\""]
["\"12/13/2017 3:47:59 PM\",\"Roman\",\"956-518-4711\",\"2016 Shadow 750 Aero\",\"USA\",\"Robert\",\"87-4560,Shinko *120/90-17 777 FR,1,109,500040,Labor - Mount & Balance FR^ on bike,1,40,87-0160,Tube FR,1,15,500002,Tire Disposal Fee,2,2.5,,,,,87-4572,Shinko *160/80-15 777 RR,1,129,500060,Labor - Mount & Balance RR^ on bike,1,60,374615,Tube RR,1,21,,,,,,,,,,,,,,Estimates valid for 10 days,,\""]
["\"12/13/2017 5:07:56 PM\",\"Donald\",\"318-307-7919\",\"2003 Kaw Nomad 1500\",\"(#1168 10/14/17)\",\"Robert\",\"15-4455,EBC Redline Clutch Kit,1,125,PH6017A,Oil Filter Fram,1,8.95,532310,BM Oil 10W40 QT,5,6.95,92144-1188,Kaw OEM Spring Limiter,3,8,92144-1934,Kaw OEM Spring Clutch,1,24,92145-1243,Kaw OEM Spring,10,6,92022-1857,Kaw OEM Washer 25.3x56x2.0,1,10,92049-1165,Kaw OEM Seal-Oil Piston,1,13,43020-1055,Kaw OEM Piston Comp Brake Clu,1,32.8,49016-1044,Kaw OEM Cover Seal Master Cylinder,1,7,11061-1081,Kaw OEM Gasket Clutch Cover,1,29,Frt,Shipping,1,12\""]
["\"12/13/2017 5:59:42 PM\",\"Donald\",\"318-307-7919\",\"2003 Kaw Nomad 1500\",\"(#1168 10/14/17)\",\"Robert / George\",\",Addl to Inv,1,380.5,500065,Labor - See below,6.5,65,,Clutch Repair^ Ignition Coils R&R.,,,,Extra time required because in the past the,,,,clutch had been assembled incorrectly.,,,,R&R Clutch Plates^ rebuilt clutch Piston^,,,,rebuilt Master Cyclender and Clutch Basket.,,,,Engine Oil and Filter change^ and addl. Time,,,,was also required because of \"\"custom\"\",,,,exhaust.,,,,Thanks,,,(GR200385),(Pd $200 dep 10/13/17),,\""]
["\"12/14/2017 9:28:05 AM\",\"George\",\"816-805-8033\",\"2002 Electra Glide FLHTC\",\"USA\",\"Chris\",\"87-9770,Michelin *MT90B16 Commander II FR,1,135,500045,Labor - Mount & Balance FR^ on bike,1,45,500002,Tire Disposal Fee,1,2.5,500035,Labor - Basic Eng Oil & Fltr chg^ cust sup parts,1,35,592361,BM Brake Pads FA400,2,27,500010,Labor - B rake Pad R&R w/tire chg.,2,10,,Headband,1,20,,,,,,,,,,,,,,,,,,Estimates valid for 10 days,,\""]
["\"12/14/2017 5:10:15 PM\",\"Juan\",\"956-272-9106\",\"2006 Electra Glide Classic\",\"USA\",\"Robert\",\"310493,Dunlop *MU85B16 Am Elite BW RR,1,190,314937,Dunlop *MU85B16 D402 BW RR,,187,,,,,,,,,,,,,,,,,,,,,,,,,,,,,,,,,,,,,,Estimates valid for 10 days,,\""]
["\"12/14/2017 5:30:40 PM\",\"David\",\"2009 Heritage Classic\",\"719-205-5001\",\"USA\",\"Robert\",\"500040,Labor - Bearing R&R^ off bike,1,40,22-51368,Wheel Bearing / Seal Kit All Balls,1,32,,Credit - Ref Inv 24564^ carried in wheel,1,-30,,,,,,2nd bus day req for bearings.,,,,,,,,,,,,,,,,,,,,,,,,,,,,Estimates valid for 10 days,,\""]
["\"12/15/2017 11:35:31 AM\",\"Chevo\",\"956-472-7242 (old 345-6941)\",\"2001 Suz Int 1500LC \",\"USA\",\"Robert\",\"820-1205,Handlebar Z-Bar 1in Dimpled 10in (Inv 24309),1,69,TCB1001,Throttle Covers Blk Leather (Inv 24137),1,24.94,830-3024,Muffler 22.5in Fishtail (not Invoiced),2,140,500065,Labor - See below (not Invoiced),5.5,65,,Remove windshield & Spot Lights^ 1 hour,,,,Install exhaust^ Inc Welding & misc parts^ 3.5 hrs,,,,Swap handlebars^ custom notch new bars^ 1 hr,,,Detail,Bobbi - Detail,,,,Pending - Clutch repair (? Necessary ?),,,,Pending - Carb repair (leaking),,,,,,,,$250 deposit from balance due on Jessicas wheels,,\""]
["\"12/15/2017 12:34:55 PM\",\"Cash Customer\",\"956-650-4283\",\"\",\"USA\",\"Robert\",\"87-5738,IRC TIRE 3.00-12 45F M5B,1,40,,Tube,1,8,RS12,Rim Strip 12in,1,1.5,500040,Labor - Mount & Balance,1,40,,,,,,,,,,,,,,,,,,,,,,,,,,,,,,Estimates valid for 10 days,,\""]
["\"12/18/2017 1:20:46 PM\",\"Raymond\",\"956-780-8340\",\"HD Switchback\",\"USA\",\"Chris\",\"87-4601,Shinko *160/70B17 SR777 Reinf RR,1,144,500050,Labor - Mount & Balance RR^ on bike,1,50,500002,Tire Disposal Fee,1,2.5,,Tubes^ Valves^ Brakes extra if required,,,,,,,,,,,,,,,,,,,,,,,,,,,,,,,,Estimates valid for 10 days,,\""]
["\"12/18/2017 2:09:08 PM\",\"OT (friend)\",\"\",\"\",\"USA\",\"Robert\",\"870-1056,Sedona *110/90-19 MX880ST RR,1,85,870-1002,Sedona *80/100-21 Hard/Intermed MX8871T FR,1,60,374644,100-110/90-19 Bm tube,,13,87-0186,Tube 2.75/3.00-21 TR4,,15,87-09861,Tube Mich 90/90-21 ULTRA HD,,30,500040,Labor - Mount & Bal TT^ on bike (each),,40,500020,Labor - Mount & Bal TT^ off bike (each),,20,500002,Tire Disposal Fee (each),,2,,,,,,,,,,,,,,Estimates valid for 10 days,,\""]
["\"12/19/2017 1:48:02 PM\",\"Mel Medhus\",\"956-381-6584\",\"2004 Dyna Super Glide\",\"USA\",\"Robert / George\",\",Labor,1,100,,Seals^ Carb Boot,1,20,,,,,,Dropped off Tue 19th,,,,,,,,,,,,,,,,,,,,,,,,,,,,,,,,I owe George $120.,,\""]
["\"12/19/2017 2:09:35 PM\",\"Pedro\",\"361-571-3993\",\"2006 Kaw Vulcan 1600 Nomad\",\"USA\",\"Robert / Joe R\",\"500260,Labor - Fork Seal R&R^ Brk Pad R&R^ Carb Adj,1,260,87-4604,Shinko *150/80-16 F777 FR,1,125,500040,Labor - Mount & Balance FR^ on bike,1,40,500002,Tire Disposal Fee,1,2.5,961118,Brake Pads BM (FA229),2,29,22-56137,Fork Oil & Dust Seals - AllBalls,1,27,78-9915,Fork Oil 10w OEM^ 509-517 cm3 each,1.1,12,16021-1227,Screw- Throttle Stop (OEM^ 5 - 10 business days),,75,500060,Labor - R&R Throttle Stop,,60,400006,Discount - Cash only,1,-36.09,,,,,(JR200160),,,\""]
["\"12/19/2017 5:42:54 PM\",\"Cody\",\"956-566-2343\",\"1982  Suzuki GS850G\",\"USA\",\"Robert\",\"NU-2436,Uni Air Filter,1,22,,,,,,,,,,,,,,,,,,,,,,,,,,,,,,,,,,,,,,,,,,Estimates valid for 10 days,,\""]
["\"12/19/2017 6:00:29 PM\",\"Carlos Gutierrez\",\"956-784-9439\",\"Resale in Monterey\",\"USA\",\"Robert\",\"VH0238,Pro Pipe,,478,VH0263,Dresser Dual,,412,VH0265,Monster Round,,565,,,,,,,,,,,,,,,,,,,,,,,,,,,,,,,,,,Estimates valid for 10 days,,\""]
["\"12/20/2017 9:48:19 AM\",\"Luis\",\"956-587-2448\",\"Chinese Bike\",\"USA\",\"Robert\",\"500220,Tank - Clean and Line^ Firm price,1,220,,Carb Clean^ Estimated,1,90,,(Parts may be required^ may be extra),,,,,,,,,,,,,,,,,,,,,,,,,,,,,,,,,,,,Estimates valid for 10 days,,\""]
["\"12/20/2017 1:41:44 PM\",\"Martin\",\"956-358-9560\",\"2008 V-Star 1100 Classic\",\"USA\",\"Robert\",\"87-4586,Shinko *130/90B16 SR777 WWW FR,1,120,87-4593,SHINKO *170/80B15 SR777 WWW Reinforced,1,145,500065,Labor - Mount & Balance,1,65,500055,Labor - Mount & Balance,1,55,500002,Tire Disposal Fee,2,2.5,,,,,,,,,,,,,,,,,,,,,,,,,,Estimates valid for 10 days,,\""]
["\"12/20/2017 2:33:35 PM\",\"Agustine\",\"956-376-6124\",\"2010 Kaw Vulcan 900\",\"USA\",\"Robert\",\"87-4178,Shinko *180/70-15 R230 RR,1,119,87-4165,Shinko *130/90-16 230 FR,1,99,500060,Labor - Mount & Balance RR^ on bike,1,60,500040,Labor - Mount & Balance FR^ on bike,1,40,500002,Tire Disposal Fee,2,2.5,,Tube RR,1,24,,Tube FR,1,20,,,,,,,,,,,,,,,,,,Estimates valid for 10 days,,\""]
["\"12/20/2017 3:56:01 PM\",\"Agustine\",\"956-376-6124\",\"2010 Kaw Vulcan 900\",\"USA\",\"Robert\",\"87-4178,Shinko *180/70-15 R230 RR,1,119,87-4165,Shinko *130/90-16 230 FR,1,99,500060,Labor - Mount & Balance RR^ on bike,1,60,500040,Labor - Mount & Balance FR^ on bike,1,40,500002,Tire Disposal Fee,2,2.5,374615,Tube 170-180/15 BM,1,24,87-0151,Tube 5.00/5.10-15 WPS,1,20,49-2270,Battery^ Maint Free CTX12-BS,1,66,400006,Discount - Cash only,1,-26.53,,,,,,,,,,Estimates valid for 10 days,,\""]
["\"12/20/2017 4:29:55 PM\",\"Esequiel\",\"956-569-2255\",\"2002 Yamaha 225\",\"USA\",\"Robert\",\",Ref Inv 24570,,,500025,Labor - Mount & Balance TT^ Rim Lock^ off bike,1,25,,,,,,Note - Tire is unsafe to ride^ poor condition.,,,,Searched for all thorns^ possible some remain.,,,,,,,,Thanks,,,,,,,,,,,,,,,,,,,,,,\""]
["\"12/21/2017 1:08:22 PM\",\"Justin\",\"956-212-2969\",\"2013 ZX14\",\"USA\",\"Robert\",\"500050,Labor - Mount & Balance RR^ on bike,1,50,500045,Labor - Mount & Balance FR^ on bike,1,45,400005,Discount - Cash only,1,-7.24,,,,,,,,,,,,,,,,,,,,,,,,,,,,,,,,,,,,\""]
["\"12/22/2017 9:37:28 AM\",\"Erasmo\",\"956-460-8912\",\"2002 VTX1800C\",\"USA\",\"Chris M\",\"562-2213C,National Cycle Switchblade Windshield 2-UP (Clear),,220,305771,Avon *180/70R16 Cobra RR,1,213,353375,Metzeler *180/70R16 ME880 RR,,247,500060,Labor - Mount & Balance RR^ on bike,1,60,500002,Tire Disposal Fee,1,2.5,281112,Tube 180/65-16 TR-4 TP ,1,28,,,,,,,,,,,,,,,,,,,,,,Estimates valid for 10 days,,\""]
["\"12/23/2017 3:19:02 PM\",\"Ernest\",\"956-563-3169\",\"2013 Street Glide\",\"USA\",\"Robert\",\"87-9756,MICHELIN *180/65-16 Commander II RR,1,225,500055,Labor - Mount & Balance on the bike,1,55,500002,Tire Disposal Fee,1,2.5,,,,,,,,,,,,,,,,,,,,,,,,,,,,,,,,,,Estimates valid for 10 days,,\""]
["\"12/26/2017 1:31:40 PM\",\"Ken\",\"956-641-1691\",\"\",\"USA\",\"Robert\",\",Forks,1,220,,Tube,1,20,,Labor,1,35,,Carb,,170,,Truing,1,100,,Truing addl,1,60,,,,,,,,,,,,,,,,,,,,,,Estimates valid for 10 days,,\""]
["\"12/26/2017 2:09:25 PM\",\"Agustine\",\"956-376-6124\",\"2010 Kaw Vulcan 900\",\"USA\",\"Robert / Chris\",\"Tow,Tow - Mecedes to shop,1,30,CPR7EA-9,NGK Spark Plug CPR7EA-9,2,5,500065,Labor - Diagnose^ Clean Intake System,3,65,,,,,,Look  LED lighting^ Stereo^ advise.,,,,,,,,,,,,,,,,,,,,,,,,,,,,,,\""]
["\"12/27/2017 3:20:06 PM\",\"Joey\",\"956-651-9962\",\"2014 Ninja 300\",\"USA\",\"Robert / Joe R\",\",Addl to Inv 24571 (Bal Due),1,86.81,500065,Labor - R&R Water Pump^ Estimated,4,65,49044-0554,OEM Kaw Pump Water,1,207,92055-0736,OEM Kaw Ring-O 34.4x3.1,1,2.1,532313,BM Oil 20W50 QT,2,6.95,400006,Discount - Cash only (OTD CC $609.66),1,-32,,($34.66 savings cash),,,,,,,,,,,,,,,,,,,,,,\""]
["\"1/3/2018 11:10:44 AM\",\"Romero\",\"956-200-1188\",\"\",\"USA\",\"Robert\",\",180/65-16,,,310469,Dunlop *130/90B16 Amer Elite WW FR,1,189,500055,Labor - Mount & Balance RR^ on bike,,55,500045,Labor - Mount & Balance FR^ on bike,1,45,,Tube Ctr or OC 16in,1,20,500002,Tire Disposal Fee,1,2.5,,,,,,,,,,,,,,,,,,,,,,Estimates valid for 10 days,,\""]
["\"1/3/2018 12:54:41 PM\",\"Ruben\",\"956-878-7275\",\"\",\"USA\",\"Robert\",\"87-9756,Michelin *180/65-16 Commander II RR,1,229,500050,Labor - Mount & Balance RR^ on bike,1,50,500002,Tire Disposal Fee,1,2.5,,,,,,Full Sev Est,,400,,,,,,,,,,,,,,,,,,,,,,,,,,Estimates valid for 10 days,,\""]
["\"1/4/2018 10:36:54 AM\",\"Big Jon\",\"956-360-4890 (old 878-6271)\",\"2006 Road King\",\"USA\",\"Robert\",\"AIR-90-ANO-FLY,Avon Grips Blk Flyy,,60.00-65.00,50379-07B,Pass Floor Boards OEM (2005 RoadKing),,60.00-130.00,91971-98,Teardrop Mirrors OEM HD,,30.00-50.00,1905-1006,Danny Grey Short Hop 2-Up Flame 97-07 FLHR,,175.00-250.00,,,,,,,,,,,,,,,,,,,,,,,,,,,,,,,,\""]
["\"1/5/2018 10:17:05 AM\",\"Randy\",\"\",\"\",\"USA\",\"Robert\",\"490-2525,Battery Lithium HJTX20AH-FP-Q 12v/72wh 380CCA,,147,780827,Battery Lithium DLFP20L-BS BM,,167,781007,Battery Lithium DLFP20HL-BS-H TP,,177,423819,Battery Lithium 36AH 12V EQ L3 ,,257,,,,,,I like the most expensive one least.,,,,Retail is up to $329.95,,,,,,,,,,,,,,,,,,,,Estimates valid for 10 days,,\""]
["\"1/5/2018 10:47:54 AM\",\"Jon\",\"641-208-1121\",\"2003 Shadow 1100\",\"USA\",\"Robert\",\"87-4477,Shinko *170/80-15 RR SR737,1,109,500060,Labor - Mount & Balance RR^ on bike,1,60,500002,Tire Disposal Fee,1,2.5,,Tubes^ Valves^ Brakes extra if required,,,,,,,Tow,South Bridge^ Weslaco,1,30,,,,,,,,,,,,,,,,,,,,,,Estimates valid for 10 days,,\""]
["\"1/5/2018 4:08:05 PM\",\"Jose\",\"956-261-6972\",\"2008 HD \",\"USA\",\"Robert\",\",Basic Oil & Filter Change,1,69,,Battery Tender,1,42.95,,Addl for softail,1,20,,,,,,,,,,,,,,,,,,,,,,,,,,,,,,,,,,Estimates valid for 10 days,,\""]
["\"1/6/2018 9:44:49 AM\",\"Paul\",\"956-328-7558\",\"2008 Ninja 250R\",\"USA\",\"Robert\",\"87-4468,Shinko *130/70-17 SR741 RR,1,89,500030,Labor - Mount & Balance RR^ on bike,1,30,,,,,,,,,,,,,,,,,,,,,,,,,,,,,,,,,,,,,,,,\""]
["\"1/6/2018 10:47:00 AM\",\"Francisco\",\"956-532-7894\",\"2015 YZFR6\",\"USA\",\"Robert\",\"87-4016,Shinko *180/55-17 R005 RR,1,124,500030,Labor - Mount & Balance RR^ on bike,1,30,87-4010,Shinko *120/70-17 F005 FR,1,81,500025,Labor - Mount & Balance FR^ on bike,1,25,500002,Tire Disposal Fee,2,2.5,400008,Discount - Cash only,-1,20.2,,,,,,,,,,,,,,,,,,,,,,Estimates valid for 10 days,,\""]
["\"1/6/2018 11:12:19 AM\",\"Reme\",\"956-503-4663\",\"2002 VT11002C\",\"USA\",\"Robert\",\"30510-MCC-003,Coil Ignition w/wires,2,60,,,,,,Conf assy^ with cables,,,,,,,,,,,,,,,,,,,,,,,,,,,,,,,,,,,,Estimates valid for 10 days,,\""]
["\"1/6/2018 11:50:19 AM\",\"Alex\",\"MX #\",\"2006 Kaw Ninja 1400\",\"USA\",\"Robert\",\"612157,Brake Rotor EBC,1,149,692-5720,Chain FPX 530x120 X-Ring,1,99,,,,,,,,,,,,,,,,,,,,,,,,,,,,,,,,,,,,,,Estimates valid for 10 days,,\""]
["\"1/6/2018 11:58:33 AM\",\"Eloy\",\"956-435-2371\",\"2003 Yamaha 125\",\"USA\",\"Robert\",\"870-8059,90/100-16,1,71,870-8053,70/100-19,1,61,,Tubes,2,14,,Labor,2,35,,,,,,,,,,,,,,,,,,,,,,,,,,,,,,Estimates valid for 10 days,,\""]
["\"1/6/2018 2:11:24 PM\",\"Zeke\",\"956-588-8284\",\"2012 Triumph Daytona\",\"USA\",\"Robert\",\"290010,Continental *120/70-17 Attk-Hypersport FR,,106,290011,Continental *180/55-17 Attk-Hypersport RR,,136,290141,Continental *120/70-17 Conti-Motion FR,1,81,290146,Continental *180/55-17 Conti-Motion RR,1,124,500030,Labor - Mount & Balance,1,30,500025,Labor - Mount & Balance,1,25,500002,Tire Disposal Fee,2,2.5,,,,,,,,,,,,,,,,,,Estimates valid for 10 days,,\""]
["\"1/6/2018 3:10:06 PM\",\"Vince\",\"956-533-0933\",\"2014 Electra Glide Ltd\",\"USA\",\"Robert\",\"87-9740,MICHELIN  *130/90-16 Commander II FR,1,158,87-9756,MICHELIN *180/65-16 Commander II RR,1,229,500055,Labor - Mount & Balance RR on bike,1,55,500045,Labor - Mount & Balance FR on bike,1,45,500002,Tire Disposal Fee,2,2.5,,Brakes,3,27,500010,Labor - FR and RR brakes,3,10,,,,,,,,,,,,,,,,,,Estimates valid for 10 days,,\""]
["\"1/6/2018 4:31:15 PM\",\"Richard Lamph\",\"956-929-4125\",\"2012 Triumph 800\",\"USA\",\"Robert\",\"290512,CONTI *150/70R17 TKC70 TL RR,1,187,290171,CONTI *90/90-21 TKC80 TL FR,1,107,500035,Labor - Mount & Balance FR & RR^ on bike,2,35,500002,Tire Disposal Fee,2,2.5,,,,,,Tire ETA Thur 11th @ noon,,,,,,,,,,,,,,,,,,,,,,,,Estimates valid for 10 days,,\""]
["\"1/8/2018 10:18:36 AM\",\"Javier\",\"956-289-9155\",\"\",\"USA\",\"Robert / Chris M\",\"500020,Labor - Mount & Balance TT^ off bike,2,20,87-0126,Tube 225/250-14,1,10,87-0128,Tube 225/250-14              ,1,10,85-4200,Ride-On 8oz Bottle Tire Sealant^ 4 per whl,1,18.95,,,,,,,,,,,,,,,,,,,,,,,,,,,,,,,,\""]
["\"1/8/2018 12:15:00 PM\",\"Jorge\",\"956-503-2325\",\"2004 SV650\",\"USA\",\"Robert\",\",Basic Engine Oil & Filter Change,1,69,,Brake Master Cylinder Rebuild,1,50,292973,Brake Master Cyl Rebuild kit,1,23,,Brake res,1,20,,,,,,,,,,,,,,,,,,,,,,,,,,,,,,Estimates valid for 10 days,,\""]
["\"1/8/2018 12:31:03 PM\",\"Guillerno\",\"956-844-1535\",\"2007 RoadKing\",\"USA\",\"Robert\",\"87-4595,SHINKO *130/90B16 SR777 6PR W/W REINFORCED 73H,1,127,500055,Labor - Mount & Balance,1,55,500002,Tire Disposal Fee,1,2.5,,,,,,,,,,,,,,,,,,,,,,,,,,,,,,,,,,Estimates valid for 10 days,,\""]
["\"1/8/2018 2:21:04 PM\",\"Marcos\",\"956-684-6909\",\"\",\"USA\",\"Robert\",\"87-4007,Shinko *180/55ZR17 R003 RR,1,124,87-4001,Shinko *120/70-17 F003 FR,1,81,500015,Labor - Mount & Balance TL^ off nike,2,15,,,,,,,,,,,,,,,,,,,,,,,,,,,,,,,,,,Estimates valid for 10 days,,\""]
["\"1/8/2018 2:55:00 PM\",\"Tony\",\"956-463-3175 (old 463-8410)\",\"2007 Electra Glide Standard\",\"USA\",\"Robert\",\"87-4568,Shinko *MU85B16 R777 Reinforced RR,1,143,500050,Labor - Mount & Balance RR^ on bike,1,50,500002,Tire Disposal Fee,1,2.5,,,,,,,,,,,,,,,,,,,,,,,,,,,,,,,,,,Estimates valid for 10 days,,\""]
["\"1/8/2018 3:52:38 PM\",\"Ronnie\",\"956-583-1941\",\"2003 Burgman 650\",\"USA\",\"Robert\",\"300514,Bridgestone *160/60R14 TH01R-M BRMN650 RR,1,159,300513,Bridgestone *120/70R15 TH01F FR,1,129,500050,Labor - Mount & Balance RR^ on bike,1,50,500040,Labor - Mount & Balance FR^ on nike,1,40,500002,Tire Disposal Fee,2,2.5,,,,,,,,,,,,,,,,,,,,,,,,,,Estimates valid for 10 days,,\""]
["\"1/9/2018 9:52:26 AM\",\"Victor\",\"956-373-6398\",\"2014 Kaw Ninja 636\",\"USA\",\"Robert / Joe R\",\",Fork Seal R&R^ Seals^ Oil^ Labor,1,220,,,,,,Quote on lowering rear,,,,Advise when rear advance is coming in.,,,,,,,,,,,,,,,,,,,,,,,,,,,,,,,,,,\""]
["\"1/9/2018 12:07:08 PM\",\"Oscar\",\"956-686-9393 / 329-9975\",\"2007 Heritage Softail\",\"USA\",\"Robert\",\"87-4597,Shinko *150/80B16 SR777 Reinf RR,1,129,500050,Labor - Mount & Balance RR^ on bike,1,50,500002,Tire Disposal Fee,1,2.5,,Tube - 16in^ Ctr or OC,1,20,,Discount - Cash only,1,-14.9,,,,,,,,,,$202 cash,,,,,,,,,,,,,,,,Estimates valid for 10 days,,\""]
["\"1/9/2018 12:16:13 PM\",\"Heberto\",\"956-475-9925\",\"2003 Honda Shadow 750 ACE\",\"USA\",\"Robert / Randy\",\",Just put air intake on^ runs very poorly^,,,,Tank Clean inside.,,,,Often let sit for a month at a time.,,,,,,,,Pd $150. Square 1/9/18,,,,Thanks,,,,,,,,Quote on White Walls^ advise of issues found.,,,,,,,,,,,,,,,,,,\""]
["\"1/9/2018 12:50:46 PM\",\"Mario\",\"956-622-2343\",\"2003 HD Road Glide\",\"USA\",\"Robert\",\"353347,Metzeler *120/70B21 ME888 FR,1,187,500015,Labor - Mount & Balance TL^ off bike,1,15,500002,Tire Disposal Fee,1,2.5,,,,,,,,,,,,,,,,,,,,,,,,,,,,,,,,,,Estimates valid for 10 days,,\""]
["\"1/9/2018 1:01:56 PM\",\"Joe\",\"956-534-2340\",\"2007 Kaw Vulcan 1500\",\"USA\",\"Robert\",\"87-4597,SHINKO *150/80B16 SR777 A/B 77H REINFORCED,1,129,87-4585,Shinko *130/90B16 SR777 REINFORCED FR,1,109,500050,Labor - Mount & Balance RR^ on bike,1,50,500040,Labor - Mount & Balance FR^ on bike,1,40,500002,Tire Disposal Fee,2,2.5,,Tube - FR & RR,2,20,,,,,,RR only $201 + Tax,,,,,,,,,,,,13263 miles,,,,Estimates valid for 10 days,,\""]
["\"1/9/2018 2:04:13 PM\",\"Joey\",\"956-376-8834\",\"2007 GSX-R600\",\"USA\",\"Robert\",\"581-9061,Clutch Blk,1,62,581-9064,Brk Blk,1,62,,,,,,,,,,,,,,,,,,,,,,,,,,,,,,,,,,,,,,Estimates valid for 10 days,,\""]
["\"1/9/2018 3:43:09 PM\",\"Hector\",\"956-342-7421\",\"2006 Dyna Streetbob\",\"USA\",\"Robert\",\"273-1405,Stator Cycle Electric,1,100,,,,,,,,,,,,,,,,,,,,,,,,,,,,,,,,,,,,,,,,,,Estimates valid for 10 days,,\""]
["\"1/9/2018 4:09:43 PM\",\"Victor\",\"469-394-6965\",\"2007 Ninja 250\",\"USA\",\"Robert\",\"87-4509,Shinko *130/80-16 SR568 RR,1,79,87-4462,Shinko *100/80-16 SR740 FR,1,69,500030,Labor - Mount & Balance RR^ on bike,1,30,500025,Labor - Mount & Balance FR^ on bike,1,25,500002,Tire Disposal Fee,2,2.5,,Brakes^ Valves extra if required,,,,,,,,,,,,,,,,,,,,,,,,Estimates valid for 10 days,,\""]
["\"1/9/2018 5:51:45 PM\",\"Chris\",\"956-375-8042\",\"2008 GSX-R600\",\"USA\",\"Robert\",\"692-6620,Chain X-Ring 525x120 Fire Power,1,99,965307,Sprocket RR Steel BM 525x43,1,30,965598,Sprocket FR BikeMaster 525 16T,1,15,500085,Labor - Chain & Sprocket R&R,1,85,,,,,,,,,,,,,,,,,,,,,,,,,,,,,,Estimates valid for 10 days,,\""]
["\"1/9/2018 6:48:38 PM\",\"Joe Rangel\",\"956-279-7311^ Resale cert on file\",\"\",\"USA\",\"Robert\",\"87-4017,Shinko Advance *190/50-17 R005 RR,1,95,15-419HH,EBC Brake Pad FA419HH (RR),1,25.8,,,,,,,,,,,,,,,,,,,,,,,,,,,,,,,,,,,,,,Estimates valid for 10 days,,\""]
["\"1/9/2018 6:52:27 PM\",\"Victor\",\"956-373-6398\",\"2014 Kaw Ninja 636 (ZX6R)\",\"USA\",\"Robert / Joe R\",\",Fork Seal R&R^ Seals^ Oil^ Labor,1,220,,,,,,10wt^ 480cm ea.,,,,,,,,Adjusted Throttle^ Idel^ and Clutch,1,5,,,,,581-4753BK,Lowering Kit,1,59.95,500065,Labor,2,65,,,,,,,,,,,,,,(Owe Joe $120.),,\""]
["\"1/10/2018 11:22:49 AM\",\"Don \",\"314-807-2168\",\"2008 CVO\",\"USA\",\"Robert\",\"310494,Dunlop *MU85B16 Amer Elite NW RR,1,215,310481,Dunlop *MT90B16 Amer Elite NW FR,1,175,500055,Labor - Mount & Balance RR^ on bike,1,55,500045,Labor - Mount & Balance FR^ on bike,1,45,500002,Tire Disposal Fee,2,2.5,,,,,,,,,,,,,,,,,,,,,,,,,,Estimates valid for 10 days,,\""]
["\"1/10/2018 3:43:31 PM\",\"F&T\",\"\",\"\",\"USA\",\"Robert\",\"87-4154,SHINKO *140/90-15 712R RR,1,75,,,,,,,,,,,,,,,,,,,,,,,,,,,,,,,,,,,,,,,,,,Estimates valid for 10 days,,\""]
["\"1/10/2018 3:58:25 PM\",\"Daniel\",\"956-460-0442\",\"2007 Kaw Vulcan 900 Custom\",\"USA\",\"Robert\",\"87-4592,Shinko *170/80-15 SR777 Reinforced RR,1,134,500060,Labor - Mount & Balance RR^ on bike,1,60,500002,Tire Disposal Fee,1,2.5,,,,,49-2270,Battery Fire Power (X12-BS),,59,,,,,400007,Discount - Cash only,1,-13.59,,,,,,,,,,,,,,,,,,Estimates valid for 10 days,,\""]
["\"1/10/2018 5:14:05 PM\",\"Margarito\",\"956-363-2390\",\"2006 Softail Deluxe\",\"USA\",\"Robert\",\"87-4569,Shinko *MU85B16 R777 WWW RR,1,151,314939,Dunlop *MU85B16 RR WWW,,221,500055,Labor - Mount & Balance RR^ on bike,1,55,500002,Tire Disposal Fee,1,2.5,,Tube - 16in Ctr or OC,1,20,,,1,400,,,,,,,,,,,,,,,,,,,,,,Estimates valid for 10 days,,\""]
["\"1/10/2018 5:19:15 PM\",\"Jerue\",\"956-287-8822\",\"2013 HD '72\",\"USA\",\"Robert\",\"314511,Dunlop *150/80B16 D401 WWW RR,,184,500055,Labor - Mount & Balance RR^ on bike,,55,,Tube - 16in,,22,500002,Tire Disposal Fee,,2.5,87-4598,Shinko *150/80B16 SR777 WWW Reinforced,1,129,,,,,,,,,,,,,,,,,,,,,,,,,,Estimates valid for 10 days,,\""]
["\"1/11/2018 10:35:30 AM\",\"Lee Zarreto\",\"\",\"\",\"USA\",\"Robert\",\"87-4597,SHINKO *150/80B16 SR777 A/B 77H REINFORCED,1,119,500020,Labor - Mount & Balance whl carry in,1,20,500002,Tire Disposal Fee,1,2.5,,Addl w/bike,,30,,,,,310496,Dunlop *150/80B16 Amer Elite BW RR,,189,,,,,,$150 OTD cash,,,,$180 OTD cash w/bike,,,,,,,,,,,,Estimates valid for 10 days,,\""]
["\"1/11/2018 11:38:23 AM\",\"Luis\",\"956-784-9833\",\"\",\"USA\",\"Robert\",\"314511,Dunlop *150/80B16 D401 WWW RR,1,189,500055,Labor - Mount & Balance RR^ on bikr,1,55,,Tube Ctr or OC,1,22,500002,Tire Disposal Fee,1,2.5,,,,,,,,,,,,,,,,,,,,,,,,,,,,,,Estimates valid for 10 days,,\""]
["\"1/11/2018 1:22:59 PM\",\"Bob\",\"715-781-0090\",\"2016 Goldwing 1800 Trike\",\"USA\",\"Robert\",\"305753,Avon *130/70VR18 AV71 COBRA FR,1,182,500055,Labor - Mount & Balance,1,55,500002,Tire Disposal Fee,1,2.5,,,,,,,,,,,,,,,,,,,,,,,,,,,,,,,,,,Estimates valid for 10 days,,\""]
["\"1/11/2018 2:56:45 PM\",\"William Jones\",\"956-929-5172\",\"2009 XL1200L\",\"USA\",\"Robert\",\"314517,Dunlop *150/80-16 D401 RR,1,189,500055,Labor - Mount & Balance,1,55,500002,Tire Disposal Fee,1,2.5,,,,,,Warranty Co 800-527-1984,,,,(Alt 800-334-4841),,,,,,,,,,,,,,,,,,,,1HD1CX3199K440226,,,,Estimates valid for 10 days,,\""]
["\"1/12/2018 9:22:09 AM\",\"Carlos Gutierrez\",\"956-784-9439\",\"Resale in Monterey\",\"USA\",\"Robert\",\"633005,Cobra Air Cleaner for V-Twin Blk,,171,632998,Cobra Air Cleaner for V-Twin Swept Chrome,,171,,,,,,,,,,,,,,,,,,,,,,,,,,,,,,,,,,,,,,Estimates valid for 10 days,,\""]
["\"1/12/2018 10:29:43 AM\",\"Luis\",\"956-844-5816\",\"2013 HD Deluxe\",\"USA\",\"Robert\",\"500030,Labor - Mount & Balance TT^ off bike,1,30,87-0150,Tube 5.00/5.10-16 OC,1,22,500002,Tire Disposal Fee,,2.5,,,,,,,,,,,,,,,,,,,,,,,,,,,,,,,,,,Estimates valid for 10 days,,\""]
["\"1/12/2018 10:32:24 AM\",\"Jaime - Continental Power Sys\",\"956-227-7883\",\"Resale cert on file\",\"Leno\",\"Robert / Chris M\",\"500015,Labor - Mount & Balance TL^ off bike,2,15.24,,,,,,Customer tire & wheel carry-in,,,,Thanks,,,,,,,,,,,,,,,,,,,,,,,,,,,,,,,,,,\""]
["\"1/12/2018 11:31:06 AM\",\"Ismael\",\"956-240-3557\",\"2009 Roadking\",\"USA\",\"Robert\",\"500055,Labor - Mount & Balance RR^ on bike,1,55,281112,Tube 180/65-16 TR-4 TP ,1,28,400005,Discount - Cash only (OTD $85.),,-4.48,,,,,,,,,,,,,,,,,,,,,,,,,,,,,,,,,,Estimates valid for 10 days,,\""]
["\"1/12/2018 1:16:53 PM\",\"Carlos Gutierrez\",\"956-784-9439\",\"Resale in Monterey\",\"USA\",\"Robert\",\"VH0273,Vance & Hines Blk,,670,VH0271,Vance & Hines Chrome - BO'd till Feb,,670,,,,,,,,,,,,,,,,,,,,,,,,,,,,,,,,,,,,,,Estimates valid for 10 days,,\""]
["\"1/12/2018 1:55:40 PM\",\"Leo\",\"956-731-2626 (old 292-5157)\",\"2017 Softail / 2011 GSX-R\",\"USA\",\"Robert\",\"500045,Labor - Mount & Balance RR^ on bike,1,45,500040,Labor - Mount & Balance FR^ on bike,1,40,500015,Labor - RR Brake Install,1,15,500095,Labor - Chain & Sprockets R&R,1,95,,Customer parts carry-in,,,,Note - Labor still due if parts incorrect.,,,,,,,,,,,,,,,,,,,,,,,,Estimates valid for 10 days,,\""]
["\"1/13/2018 10:14:48 AM\",\"Rene Soto\",\"956-460-4366\",\"2005 Heritage Softail\",\"USA\",\"Robert\",\",Bal Due Inv 24355^ Cables & Install,,46.2,500065,Labor - See below,3.75,65,62900-01,Fuel Line OEM Tank to Intake,1,55,664XX-06-01,Fuel Line OEM w/Coupler,1,50,532313,BM Oil 20W50 QT,2,6.95,,,,,,Adj Rear strut & Fndr Spacing^ Milled mounts^,,,,Moved clutch cable^ found fuel lines leaking,,,,badly^ unsafe to ride. Replaced.,,,,Belt has wear^ but ok^ Est $500. R&R.,,,,Next if Full Service. Badly needed. $350 - $400.,,,,Thanks,,\""]
["\"1/13/2018 10:17:30 AM\",\"Jose\",\"956-627-3367 (old 560-7289)\",\"2012 Heritage Softail\",\"USA\",\"Robert\",\"314511,Dunlop *150/80B16 D401 WWW RR,1,189,500055,Labor - Mount & Balance RR^ on bike,1,55,,Tube Ctr or OC,1,20,500002,Tire Disposal Fee,1,2.5,,,,,,,,,,,,,,,,,,,,,,,,,,,,,,Estimates valid for 10 days,,\""]
["\"1/13/2018 11:16:54 AM\",\"Jose\",\"956-627-3367 (old 560-7289)\",\"2012 Heritage Softail\",\"USA\",\"Robert\",\"314511,Dunlop *150/80B16 D401 WWW RR,1,189,500055,Labor - Mount & Balance RR^ on bike,1,55,87-0151,Tube 5.00/5.10-16 Ctr BM,1,20,500002,Tire Disposal Fee,1,2.05,,,,,314902,Dunlop *MT90B16 D402 WWW FR,,179,500045,Labor - Mount & Balance FR^ on bike,,45,,,,,,,,,,,,,,,,,,,,\""]
["\"1/13/2018 11:20:46 AM\",\"Jose\",\"956-627-3367 (old 560-7289)\",\"2012 Heritage Softail\",\"USA\",\"Robert\",\"314511,Dunlop *150/80B16 D401 WWW RR,1,189,500055,Labor - Mount & Balance RR^ on bike,1,55,87-0151,Tube 5.00/5.10-16 Ctr BM,1,20,500002,Tire Disposal Fee,1,2.05,,,,,314902,Dunlop *MT90B16 D402 WWW FR,,179,500045,Labor - Mount & Balance FR^ on bike,,45,,,,,,,,,,,,,,,,,,,,\""]
["\"1/13/2018 12:15:12 PM\",\"Jose\",\"956-627-3367 (old 560-7289)\",\"2012 Heritage Softail\",\"USA\",\"Robert\",\"314511,Dunlop *150/80B16 D401 WWW RR,1,189,500055,Labor - Mount & Balance RR^ on bike,1,55,87-0151,Tube 5.00/5.10-16 Ctr BM,1,20,500002,Tire Disposal Fee,1,2.05,,,,,314902,Dunlop *MT90B16 D402 WWW FR,,179,500045,Labor - Mount & Balance FR^ on bike,,45,,,,,,,,,,,,,,,,,,,,\""]
["\"1/13/2018 1:22:35 PM\",\"David\",\"956-854-0240 Cell\",\"2000 Hayabusa\",\"USA\",\"Robert\",\",Addl to Inv 24691 ($420.15 due),,261.15,500065,Labor - Clean^ Blead^ Rebuild BR calipers,2,65,500040,Labor - Discount from 24691 Inv,-1,40,232-7390,K&L  Brake Caliper Rebuild Kit - FR,1,34.99,232-0751,K&L  Brake Caliper Rebuild Kit - RR,1,21.89,,,,,,Rebuild Kits at straight cost.,,,,Labor addl.,,,,Thanks,,,,,,,,,,,(JR200100),,,\""]
["\"1/13/2018 1:42:21 PM\",\"John\",\"956-358-0806\",\"2008 XL883L\",\"USA\",\"Robert\",\"87-4597,SHINKO *150/80B16 SR777 A/B 77H REINFORCED,1,132,500055,Labor - Mount & Balance,1,55,500002,Tire Disposal Fee,1,2.5,,,,,,,,,,,,,,,,,,,,,,,,,,,,,,,,,,Estimates valid for 10 days,,\""]
["\"1/13/2018 4:36:01 PM\",\"Luis\",\"956-784-9833\",\"\",\"USA\",\"Robert\",\"87-4597,Shinko *150/80B16 SR777 Reinf RR,1,129,87-4589,Shinko *80/90-21 F777 FR - Do not RO,1,79,,,,,,,,,,,,,,,,,,,,,,,,,,,,,,,,,,,,,,Estimates valid for 10 days,,\""]
["\"1/15/2018 10:36:55 AM\",\"Cash Customer\",\"\",\"\",\"USA\",\"Robert\",\"87-4468,Shinko *130/70-17 SR741 RR,1,89,500030,Labor - Mount & Balance,1,30,500002,Tire Disposal Fee,1,2.5,,,,,,,,,,,,,,,,,,,,,,,,,,,,,,,,,,Estimates valid for 10 days,,\""]
["\"1/15/2018 6:01:34 PM\",\"Joe Rangel\",\"956-279-7311^ Resale cert on file\",\"\",\"USA\",\"Robert\",\"11141-47H01,Head Gasket,1,59.11,,2012 GSX-R1000,,,,,,,11241-15h00,Cyl Gasket,1,33.99,11141-24f00,Cyl Gasket,1,63.35,11173-24f00,Cyl Gasket,1,33.99,11178-33f00,Cyl Gasket,4,4.15,09161-11008,Washer,1,2.95,,2006 Busa,,,,,,,,,,,,Estimates valid for 10 days,,\""]
["\"1/15/2018 6:24:59 PM\",\"Jaime\",\"956-460-6055\",\"\",\"USA\",\"Robert\",\",Jaime Paid,1,2000,,Donald Paid,1,400,,Bank Deposited,-1,320,,George Paid,-1,600,,Chris Pay,-1,65,,Big Jon Seat (of $250),-1,200,,,,,,Cash On-Hand,,1215,,,,,,,,,,,,,,Estimates valid for 10 days,,\""]
["\"1/16/2018 5:06:50 PM\",\"Mike\",\"956-975-1332\",\"2002 KTM EXC520\",\"USA\",\"Robert / \",\"322260,IRC *4.60S18 GP110 Tire RR,1,118,322210,IRC *2.75S21 GP110 Tire FR,1,78,500035,Labor - Mount & Balance Ea^ on bike,2,35,500002,Tire Disposal Fee,2,2.5,87-0174,Tube 4.50/5.10-18 TR4,1,20,87-0186,Tube 2.75/3.00-21 TR4,1,15,,,,,,(110/100-18 RR^ 80/100-21 FR),,,,,,,,,,,,,,,,Estimates valid for 10 days,,\""]
["\"1/16/2018 5:53:43 PM\",\"William\",\"956-561-7730\",\"2005 GSX-R600\",\"USA\",\"Robert\",\",Fuel Pump ?,,,,Used it^ next day wouldn't fire.,,,,,,,,,,,,,,,,,,,,,,,,,,,,,,,,,,,,,,,,Estimates valid for 10 days,,\""]
["\"1/18/2018 3:01:46 PM\",\"Robert\",\"613-922-2983\",\"2007 Electra Glide\",\"USA\",\"Robert\",\"87-4568,Shinko *MU85B16 R777 Reinf RR,,144,87-4585,Shinko *130/90B16 SR777 Reinf FR,,109,310493,Dunlop *MU85B16 Amer Elite BW RR,1,194,310480,Dunlop *MT90B16 Amer Elite BW FR,1,159,500050,Labor - Mount & Balance RR^ on bike,1,50,500040,Labor - Mount & Balance FR^ on bike,1,40,500002,Tire Disposal Fee,2,2.5,,,,,,,,,,,,,,,,,,Estimates valid for 10 days,,\""]
["\"1/19/2018 3:03:19 PM\",\"Johnathan\",\"956-569-8427\",\"2004 (?) Yamaha V-Star 650\",\"USA\",\"Robert\",\",Likely carb cleaning,,,,Coils recently replaced.,,,,Chk / Chg Battery,,,,Starts^ drives^ but throttle doesn't let go.,,,,Anything beyond carb R&R & clean^ advise.,,,,,,,,,,,,,,,,,,,,,,,,,,,,Estimates valid for 10 days,,\""]
["\"1/19/2018 3:33:57 PM\",\"Marco Alicea\",\"956-295-6599\",\"2013 XL883L\",\"USA\",\"Robert\",\"87-9418,Michelin *120/70ZR18 Scorcher 11 FR,1,176,500040,Labor - Mount & Balance FR^ on bike,1,40,500002,Tire Disposal Fee,1,2.5,400005,Discount - Cash Only,1,-8.8,,,,,,,,,,,,,,,,,,,,,,,,,,,,,,Estimates valid for 10 days,,\""]
["\"1/19/2018 4:42:50 PM\",\"Pedro Exelente Ibanez\",\"956-601-4132\",\"2009 Honda CBR600\",\"USA\",\"Robert\",\"49-2293,WPS MAIN FREE BATTERY CTZ10S-BS ,1,60,,,,,,,,,,,,,,,,,,,,,,,,,,,,,,,,,,,,,,,,,,Estimates valid for 10 days,,\""]
["\"1/19/2018 5:29:01 PM\",\"Oscar\",\"956-874-9077\",\"2007 GSX-R750\",\"USA\",\"Robert\",\"25-1276,ALL BALLS FRONT WHEEL BEARING/SEAL KIT,,24.95,25-1392,ALL BALLS REAR WHEEL BEARING KIT,1,44.95,500050,Labor - RR FR and RR wheel bearings,1,60,416282,Wheel Bearing Kirt 25-1276,,24.95,416158,WHEEL BEARING KIT 25-1392 AB,,44.95,,,,,,,,,,,,,,,,,,,,,,,,,,Estimates valid for 10 days,,\""]
["\"1/20/2018 11:05:07 AM\",\"Joe\",\"559-579-6951\",\"2000 Yamaha XV16 RoadStar\",\"USA\",\"Robert\",\"463964,Starter Repair Kit Arrowhead w/brush holder,1,19,,,,,,,,,,,,,,,,,,,,,,,,,,,,,,,,,,,,,,,,,,Estimates valid for 10 days,,\""]
["\"1/20/2018 11:28:09 AM\",\"Cash Customer\",\"\",\"2003 Ninja 500R\",\"USA\",\"Robert\",\"555280,Windshield,1,82,,,,,,Via Carlos G,,,,,,,,,,,,,,,,,,,,,,,,,,,,,,,,,,,,Estimates valid for 10 days,,\""]
["\"1/20/2018 4:36:52 PM\",\"David\",\"956-215-9801\",\"2009 Honda Rubicon\",\"USA\",\"Robert\",\"26-1222,Fire Power Starter Honda,,122,27-61195,Ricks Starter Honda,1,136,,,,,,,,,,,,,,,,,,,,,,,,,,,,,,,,,,,,,,Estimates valid for 10 days,,\""]
["\"1/20/2018 4:44:37 PM\",\"Estevan (Steve)\",\"956-445-3246\",\"2016 Honda CB300F\",\"USA\",\"Robert\",\"290180,Continental *130/80-17 TKC80 RR,1,138,290173,Continental *120/70-17 TKC80 FR,1,118,500035,Labor - Mount & Balance RR^ on bike,1,35,500025,Labor - Mount & Balance FR^ on bike,1,25,500002,Tire Disposal Fee,2,2.5,,Tubes^ Valves^ Brakes extra if required,,,,,,,,$200 dep required to order.,,,,,,,,,,,,,,,,Estimates valid for 10 days,,\""]
["\"1/20/2018 5:29:02 PM\",\"Brant\",\"\",\"\",\"USA\",\"Robert\",\",,,,,Inv 951417^ Brants to me,8,40,,Pd Cash Bobbi +/- 04-Jan,-1,100,,Cash 23-Jan,-1,52,,Inv 24762 Brant^ Clutch Pcs,-1,93,,Inv 24134 Chema^ advised given to Brant,-1,75,,,,,,1/20^ only $52 + Detail owed.,,,,Detail through Bobbi.,,,,,,,,,,,,,,\""]
["\"1/21/2018 12:11:59 PM\",\"J Hernandez\",\"956-445-3063\",\"2003 (?) HD XL883\",\"USA\",\"Robert\",\"87-4598,Shinko *150/80B16 SR777 WWW Reinforced,1,134,87-4588,Shinko *100/90-19 SR777 WWW Reinforced,1,89,500055,Labor - Mount & Balance,1,55,500045,Labor - Mount & Balance,1,45,,Tube RR,1,22,,Tube FR,1,16,500002,Tire Disposal Fee,2,2.5,,,,,,,,,,,,,,,,,,Estimates valid for 10 days,,\""]
["\"1/22/2018 8:52:14 AM\",\"Margarito\",\"956-363-2390\",\"2006 Softail Deluxe\",\"USA\",\"Robert\",\"87-4569,Shinko *MU85B16 R777 WWW RR,1,151,500055,Labor - Mount & Balance RR^ on bike,1,55,500002,Tire Disposal Fee,1,2.5,,Tube - 16in Ctr or OC,1,20,,Full Service^ Est @ $400,1,400,,,,,,Likely PU Tue 23rd,,,,,,,,,,,,,,,,,,,,,,\""]
["\"1/22/2018 9:14:14 AM\",\"Rodolfo\",\"956-651-7498\",\"2014 Ninja 300\",\"USA\",\"Robert\",\"692-5606,Chain Fire Power X-Ring 520x110,1,69,692-5810,Chain - O-Ring 520x110 FP,,59,965153,Sprocket RR 520 42T BM,1,26,965711,Sprocket FR 520 14T BM,1,11,500080,Labor - Chain & Sprocket R&R,1,80,,,,,961136,BM Brake Pads (FA215/2H),1,22,500010,Labor - Brake Pad Install,1,10,,Tax,,2.64,,Total,,34.64,,$60 parts deposit.,,,,Estimates valid for 10 days,,\""]
["\"1/22/2018 10:35:57 AM\",\"Edward\",\"956-438-6564 (alt Rick 227-7205)\",\"2011 Chinese 125\",\"USA\",\"Robert\",\"85-4200,Ride-On 8oz Bottle Tire Bal/Sealant,6,2.2,500005,Labor - Misc^ Hold for Ride-on,1,5,,,,,500045,Labor - R&R RR wheel,,45,500015,Labor - If breakdown possible,1,15,151414,Valve 90deg Chrome BM,1,7,,,,,,Max w/Tax $75.99,,,,Min w/Tax $43.52,,,,,,,,,,,,Estimates valid for 10 days,,\""]
["\"1/22/2018 3:45:10 PM\",\"Marco Torres\",\"956-588-8839\",\"2008 Yamaha Royal Star\",\"USA\",\"Robert\",\"87-4604,Shinko *150/80-16 F777 FR,1,121,500045,Labor - Mount & Balance FR^ on bike,1,45,500002,Tire Disposal Fee,1,2.5,,,,,,,,,,,,,,,,,,,,,,,,,,,,,,,,,,Estimates valid for 10 days,,\""]
["\"1/22/2018 5:30:50 PM\",\"Mike\",\"361-474-0623\",\"2000 Suz Maurader 800\",\"USA\",\"Robert\",\"87-4590,Shinko *150/90-15 R777 RR,1,129,87-4585,Shinko *130/90B16 SR777 Reinf FR,1,109,500060,Labor - Mount & Balance RR^ on bike,1,60,500045,Labor - Mount & Balance FR^ on bike,1,45,500002,Tire Disposal Fee,2,2.5,500015,Labor - Mount & Balance TL^ off bike (2 req),,15,,,,,,,,,,,,,,,,,,,,,,Estimates valid for 10 days,,\""]
["\"1/23/2018 11:16:24 AM\",\"Carlos G\",\"\",\"\",\"USA\",\"Robert\",\"PM3158,Performance Machine Mirrors Arrow Chrome,,58,RD3053,Roland Sands Lever Set - BO,,158,RD3075,Roland Sands Grips,,138,,,,,,2017 Softail^ Adj Lowering Kit,,,,,,,,,,,,,,,,,,,,,,,,,,,,Estimates valid for 10 days,,\""]
["\"1/23/2018 2:26:44 PM\",\"George - Revolution\",\"956-325-8325\",\"Resale Cert on file^ B2B Rates\",\"2011 Electra Glide\",\"Robert\",\"22-51571,AllBalls FR Wheel Bearing (25-1571),,10,22-51405,AllBalls RR Wheel Bearing (25-1405),,18.5,22-56132,Fork Oil & Dust Seal Kit (56-132),,22.5,,,,,305771,Avon *180/70R16 AV71 Cobra RR,,192,305768,Avon *130/60-23 AV71 Cobra FR,,165,,,,,,,,,,,,,,,,,,,,,,Estimates valid for 10 days,,\""]
["\"1/23/2018 4:19:31 PM\",\"Shannon\",\"956-618-4482\",\"Honda Fury (Friends)\",\"USA\",\"Robert\",\"87-4096,Shinko *200/50ZR18 R011 RR,1,152,500060,Labor - Mount & Balance RR^ on bike,1,60,500002,Tire Disposal Fee,1,2.5,,Tubes^ Valves^ Brakes extra if required,,,,,,,,,,,,,,,,,,,,,,,,,,,,,,,,Estimates valid for 10 days,,\""]
["\"1/24/2018 10:14:09 AM\",\"Bruno\",\"956-537-0716\",\"2014 HD Trike\",\"USA\",\"Robert\",\",Basic Engine Oil & Filter Chg Synthetic,1,69,,Kury LED RR Light,,,,,,,,,,,,,,,,,,,,,,,,,,,,,,,,,,,,,,,,Estimates valid for 10 days,,\""]
["\"1/24/2018 11:12:59 AM\",\"Cash Customer\",\"2015 BMW R1200GS\",\"\",\"USA\",\"Robert\",\"961142,Brake Pad BM FA363,1,22,500010,Labor - RR Pad install^ on bike,1,10,,,,,,,,,,,,,,,,,,,,,,,,,,,,,,,,,,,,,,,,\""]
["\"1/24/2018 1:26:42 PM\",\"Dante\",\"956-578-8390\",\"2011 KLR650\",\"USA\",\"Robert\",\",Started +/- 17^500 miles,,,,Acting like needs gas^ dies.,,,,Once driving highway speed.,,,,Never sits^ Internet said could be vacume.,,,,But checked. Some moisture in carb.,,,,Air filter changed.,,,,Changed spark plugs^ and exh gasket.,,,,Rattling when twist throttle.,,,,,,,,,,,,,,,,,,\""]
["\"1/24/2018 2:22:48 PM\",\"Fernando\",\"956-533-9010\",\"1999 Polaris 335\",\"USA\",\"Robert\",\",Oil change and lube,,,,,,,,,,,,,,,,,,,,,,,,,,,,,,,,,,,,,,,,,,,,Estimates valid for 10 days,,\""]
["\"1/25/2018 4:29:27 PM\",\"Larry's friend\",\"(816-289-5410)\",\"1983 / 84 Goldwing 1100\",\"USA\",\"Robert\",\"87-4596,Shinko *140/90-16 R777 Reinf RR,,126,87-4563,Shinko *120/90-18 777 FR,,106,310514,Dunlop D404 *140/90-16 D404 RR,1,126,310503,Dunlop *120/90-18 D404 FR,1,106,500075,Labor - Mount & Balance RR^ on bike,1,75,500045,Labor - Mount & Balance FR^ on bike,1,45,500002,Tire Disposal Fee,2,2.5,,Tubes^ Valves^ Brakes extra if required,,,,,,,,,,,,,,,,Estimates valid for 10 days,,\""]
["\"1/25/2018 4:54:14 PM\",\"Jim\",\"309-371-8576\",\"2003 Silverwing\",\"USA\",\"Robert\",\"871-5026,Pirelli *150/70-13 Diablo RR,1,99,500060,Labor - Mount & Balance RR^ on bike,1,60,500002,Tire Disposal Fee,1,2.5,,Tubes^ Valves^ Brakes extra if required,,,,,,,,,,,,,,,,,,,,,,,,,,,,,,,,Estimates valid for 10 days,,\""]
["\"1/26/2018 9:40:18 AM\",\"McAllen Border Patrol\",\"956-217-3866\",\"Unit V67668\",\"USA\",\"Robert\",\"318250,Dunlop *110/100-18 D739 AT DESERT RR,4,129,87-09751,Tube 100/100-18 Mich Ultra HD,10,30,87-09861,Tube Mich 90/90-21 ULTRA HD,4,28,,,,,,Tubes ETA Tue 30th,,,,Tires ETA Thur 1st,,,,,,,,,,,,,,,,,,,,,,,,,,\""]
["\"1/26/2018 12:06:29 PM\",\"Javier\",\"920-539-2756\",\"2014 HD Softial Deluxe\",\"USA\",\"Robert\",\"500045,Labor - FR on Bike,1,45,500035,Labor - RR on bike,1,70,500010,Labor - Installing new pully,1,10,,,,,,,,,,,,,,,,,,,,,,,,,,,,,,,,,,Estimates valid for 10 days,,\""]
["\"1/26/2018 12:07:39 PM\",\"William\",\"956-578-1434\",\"2007 GSXR600\",\"USA\",\"Robert\",\"500040,Labor - Mount & Balance,1,40,,,,,,,,,,,,,,,,,,,,,,,,,,,,,,,,,,,,,,,,,,Estimates valid for 10 days,,\""]
["\"1/26/2018 3:49:50 PM\",\"Geoff\",\"956-973-0158\",\"2007 Goldwing 1800\",\"USA\",\"Robert\",\",,,,,Check seized Caliper ,,,,,,,,,,,,,,,,,,,,,,,,,,,,,,,,,,,,,,,,,,\""]
["\"1/27/2018 10:38:33 AM\",\"Eric\",\"956-226-9009\",\"2010 FatBob\",\"USA\",\"Robert\",\"87-9756,MICHELIN *180/65-16 Commander II RR,1,228,87-9740,MICHELIN  *130/90-16 Commander II FR,1,154,500050,Labor - Mount & Balance RR^ on bike,1,50,500040,Labor - Mount & Balance FR^ on bike,1,40,500002,Tire Disposal Fee^ customer will take,,2.5,592364,BM FA457 Brake Pads,2,27,592365,BM FA458 Brake Pads,1,27,500010,Labor - Brake Pad R&R  w/tire Chg,3,10,,Tubes^ Valves^ Brakes extra if required,,,400005,Discount - Cash (Not debit or credit),1,-37.97,,Tire ETA Wed 31st,,,,Thanks,,\""]
["\"1/27/2018 10:39:51 AM\",\"Luis\",\"956-778-9057\",\"KLX140\",\"USA\",\"Robert\",\"500025,Labor - Mount & Balance,1,25,,Tube,1,,,,,,,SM carry-in tire,,,,,,,,,,,,,,,,,,,,,,,,,,,,,,,,Estimates valid for 10 days,,\""]
["\"1/27/2018 2:32:32 PM\",\"Jim\",\"204-641-1080 (old 956-532-7307)\",\"2007 RoadGlide\",\"USA\",\"Robert\",\"500025,Labor - Mount & Balance TL^ off bike,1,25,,Ride - On (Use Btl),9,2.2,500002,Tire Disposal Fee,1,2.5,,,,,,,,,,,,,,,,,,,,,,,,,,,,,,,,,,Estimates valid for 10 days,,\""]
["\"1/27/2018 5:10:31 PM\",\"Daniel\",\"956-884-0219\",\"2004 Honda VLX600 Shadow\",\"USA\",\"Robert\",\"87-4161,Shinko *100/90-19 F230 FR,1,75,500040,Labor - Mount & Balance FR^ on bike,1,45,,Tube BM 100/90-19,1,15,500002,Tire Disposal Fee,1,2.5,,,,,,,,,,,,,,,,,,,,,,,,,,,,,,Estimates valid for 10 days,,\""]
["\"1/29/2018 9:46:21 AM\",\"Joe\",\"956-581-6133\",\"2007 ElectraGlide Classic\",\"USA\",\"Robert\",\"87-9773,Michelin *MU85B16 Commander II RR,,178,87-4568,Shinko *MU85B16 R777 Reinforced RR,1,145,500050,Labor - Mount & Balance RR^ on bike,1,50,500002,Tire Disposal Fee,1,2.5,,Brakes^ Valves extra if required,,,,,,,,,,,,,,,,,,,,,,,,,,,,Estimates valid for 10 days,,\""]
["\"1/29/2018 12:23:45 PM\",\"James\",\"816-661-3151\",\"2009 Moto Guzzi Stelvio 1200\",\"USA\",\"Robert\",\"600371,MIRROR CNDYDROP STD W/TS BLK,1,85,,,,,,,,,,,,,,,,,,,,,,,,,,,,,,,,,,,,,,,,,,Estimates valid for 10 days,,\""]
["\"1/29/2018 1:24:27 PM\",\"Cash Customer\",\"227-1793\",\"Yamaha\",\"USA\",\"Robert\",\"87-4573,SHINKO *170/70-16 777 RR,1,133,,,,,,,,,,,,,,,,,,,,,,,,,,,,,,,,,,,,,,,,,,Estimates valid for 10 days,,\""]
["\"1/29/2018 4:29:50 PM\",\"Cash Customer\",\"956-358-0333\",\"325 Polaris\",\"USA\",\"Robert\",\"681369,CST 23x7-10,2,72,,,,,,,,,,,,,,,,,,,,,,,,,,,,,,,,,,,,,,,,,,Estimates valid for 10 days,,\""]
["\"1/29/2018 5:11:13 PM\",\"Rocky\",\"204-242-4585\",\"\",\"USA\",\"Robert\",\"87-9756,MICHELIN *180/65-16 Commander II RR,1,227,87-9742,MICHELIN *130/80-17F Commander II,1,178,500050,Labor - Mount & Balance RR^ on bike,1,50,500040,Labor - Mount & Balance FR^ on bike,1,40,500002,Tire Disposal Fee,2,2.5,,Tubes^ Valves^ Brakes extra if required,,,,,,,,,,405,,,,,,,,,,,,,,Estimates valid for 10 days,,\""]
["\"1/30/2018 12:10:47 PM\",\"Ben\",\"956-532-4830\",\"\",\"USA\",\"Robert\",\"87-4161,Shinko *100/90-19 F230 FR,1,89,374644,Tube 100-110/90-19 BM,1,13,500045,Labor - Mount & Balance FR^ on bike,1,45,500002,Tire Disposal Fee,1,2.5,,,,,,,,,,,,,,,,,,,,,,,,,,,,,,Estimates valid for 10 days,,\""]
["\"1/30/2018 1:27:18 PM\",\"Shannon\",\"956-618-4482\",\"2010 Honda Fury (Bro-in-law)\",\"USA\",\"Robert\",\"87-4096,Shinko *200/50ZR18 R011 RR,1,152,500060,Labor - Mount & Balance RR^ on bike,1,60,500002,Tire Disposal Fee,1,2.5,,Tubes^ Valves^ Brakes extra if required,,,961195,,,34,961195,,,34,,Basic Oil Change,1,69,500010,,,10,,90/90-21 FR,,,,,,,,,,,,Estimates valid for 10 days,,\""]
["\"1/30/2018 5:05:46 PM\",\"Jacob\",\"915-799-8259\",\"2017 XL883\",\"USA\",\"Robert\",\"87-9439,Michelin *150/80B16 Scorcher RR,1,195,500050,Labor - Mount & Balance RR^ on bike,1,50,500002,Tire Disposal Fee,1,2.5,,,,,,,,,,,,,,,,,,,,,,,,,,,,,,,,,,Estimates valid for 10 days,,\""]
["\"1/31/2018 3:16:44 PM\",\"Tim\",\"763-360-3581\",\"2008 Goldwing Trike\",\"USA\",\"Robert\",\"22-56139,Fork & Dust Seals All-Balls,1,32,500065,Labor - Mount & Balance,4.5,65,,,,,,,,,,,,,,,,,,,,,,,,,,,,,,,,,,,,,,Estimates valid for 10 days,,\""]
["\"2/1/2018 10:00:09 AM\",\"Mark\",\"214-405-1435\",\"2005 Dyna Low Rider\",\"USA\",\"Robert\",\"87-4597,SHINKO *150/80B16 SR777 Reinf RR,1,129,87-4587,SHINKO *100/90-19 SR777  Reinf FR,1,79,374625,Tube 130-150/90-16 PV78 BM,1,25,374644,Tube 100-110/90-19 BM,1,14,500050,Labor - Mount & Balance RR^ on bike,1,50,500040,Labor - Mount & Balance FR^ on bike,1,40,500002,Tire Disposal Fee,2,2.5,400005,Discount - Cash only,1,-18.67,,,,,,,,,,,,,,Estimates valid for 10 days,,\""]
["\"2/2/2018 9:14:45 AM\",\"Tony\",\"956-463-8410\",\"2007 Electra Glide Standard\",\"USA\",\"Robert\",\"87-4568,Shinko *MU85B16 R777 Reinforced RR,1,143,500050,Labor - Mount & Balance,1,50,500002,Tire Disposal Fee,1,2.5,,Tubes^ Valves^ Brakes extra if required,,,,,,,,,,,,,,,,,,,,,,,,,,,,,,,,Estimates valid for 10 days,,\""]
["\"2/2/2018 9:24:03 AM\",\"G Valdez\",\"956-246-5136\",\"Suzuki M109R\",\"USA\",\"Robert\",\"310489,Dunlop *240/40R18 Am Elite RR,1,253,314400,Dunlop *250/40-18 Elite 3 Radial RR,,229,500060,Labor - Mount & Balance RR^ on bike,1,60,500002,Tire Disposal Fee,1,2.5,,Tubes^ Valves^ Brakes extra if required,,,,,,,,,,,,,,,,,,,,,,,,,,,,Estimates valid for 10 days,,\""]
["\"2/2/2018 2:18:19 PM\",\"Eric\",\"956-961-2389\",\"\",\"USA\",\"Robert\",\"87-9770,Michelin *MT90B16 Commander II FR,,139,87-4165,Shinko *130/90-16 FR 230,1,99,,,1,45,,,1,2.5,,,,,,,,,,,,,,,,,,,,,,,,,,,,,,Estimates valid for 10 days,,\""]
["\"2/2/2018 3:07:53 PM\",\"Brad\",\"956-457-9095 (956-250-5899 Derek ) Son\",\"2004 Honda 750 Ace\",\"USA\",\"Robert\",\",Parked 6-8 months,,,,900 E. Vermont Apt.17101  78503,,,,Harstone apts.,,,, Gate codes: *9527 #9527,,,,,,,,Carbs^ Tank clean^ possible fuel pump.,,,,oil change^ check air filter and change pep,,,,cock,,,,,,,,,,,,,,,,Estimates valid for 10 days,,\""]
["\"2/2/2018 4:24:15 PM\",\"Ricardo\",\"956-975-4021 (old 325-5142)\",\"2005 YZFR1\",\"USA\",\"Robert\",\"87-4018,Shinko *200/50-17 R005 Advance RR,1,135,87-4010,Shinko *120/70-17 F005 Advance FR,1,81,500030,Labor - Mount & Balance RR^ on bike,1,30,500025,Labor - Mount & Balance FR^ on bike,1,25,400005,Discount - cash only,1,-14.95,500010,RR Brake R&R w/Tire Chg,1,10,311805,Key Yamaha Blk,1,4.62,,,,,56-137,Fork Seals^ Oil^ Labor^ $220,,,,,,,,,,,,Estimates valid for 10 days,,\""]
["\"2/3/2018 1:18:32 PM\",\"Ivan\",\"956-651-9971\",\"2001 CBR929\",\"USA\",\"Robert\",\"87-4008,Shinko *190/50-17 R003 RR,1,130,500030,Labor - Mount & Balance RR^ on bike,1,30,,,,,,,,,,,,,,,,,,,,,,,,,,,,,,,,,,,,,,Estimates valid for 10 days,,\""]
["\"2/3/2018 1:58:19 PM\",\"Cash Customer\",\"956-624-9787\",\"2016 Ninja ZX10R\",\"USA\",\"Robert\",\"300239,Bridgestone *190/55R17 RS10-L RR,1,199,300238,Bridgestone *120/70R17 RS10-L FR,1,139,500030,Labor - Mount & Balance RR^ on bike,1,30,500025,Labor - Mount & Balance FR^ on bike,1,25,,,,,,4th business day transit,,,,,,,,,,,,,,,,,,,,,,,,Estimates valid for 10 days,,\""]
["\"2/3/2018 4:18:40 PM\",\"Anthony\",\"956-579-4677\",\"50cc Chinese Scooter\",\"USA\",\"Robert\",\",Bike Turns over but doesn’t start.,,,,Bike is 5 months old.,,,,,,,,,,,,,,,,,,,,,,,,,,,,,,,,,,,,,,,,,,\""]
["\"2/3/2018 5:21:30 PM\",\"Eric\",\"956-226-9009\",\"2010 FatBob\",\"USA\",\"Robert\",\",,2,70,,,2,20,,,1,5,,,1,-14.1,,,,,,,,,,,,,,,,,,,,,,,,,,,,,,Estimates valid for 10 days,,\""]
["\"2/5/2018 3:24:19 PM\",\"Armando\",\"956-422-1668\",\"2012 GSXR1000\",\"USA\",\"Robert / Chris M\",\"500030,Labor - Mount & Balance TL^ off bike carry-in,1,30,500002,Tire Disposal Fee,,2.5,,,,,300818,Bridgestone *190/55ZR17 S21 RR,,162,500015,Labor - Mount & Balance TL^ off bike,,15,Vlv,Valve - Blk 908,,6,,Tax,,15.1,,Total,,198.1,,,,,,,,,,,,,,,,\""]
["\"2/5/2018 4:45:45 PM\",\"Jose\",\"956-530-3699\",\"2010 Kaw Concorse 1400\",\"USA\",\"Robert\",\"87-4017,Shinko Advance *190/50-17 R005 RR,1,130,87-4010,Shinko Advance *120/70-17 F005 FR,1,81,500030,Labor - Mount & Balance RR^ on bike,1,30,500025,Labor - Mount & Balance FR^ on bike,1,25,500002,Tire Disposal Fee,2,2.5,,Valves^ Brakes extra if required,,,,,,,,,,,,,,,,,,,,,,,,Estimates valid for 10 days,,\""]
["\"2/5/2018 5:08:33 PM\",\"Eric\",\"956-226-9009\",\"2010 FatBob\",\"USA\",\"Robert\",\"500070,Labor - Wheel Bearing R&R,2,70,416282,Bearing Kit 25-1276 All Balls,1,25,22-51571,Bearing Kit 25-1571 All Balls,1,20,400008,Discount - Cash only,1,-14.1,,Addl to Inv 24814,,,,,,,,Thanks,,,,,,,,,,,,,,,,,,,,,,\""]
["\"2/6/2018 11:58:05 AM\",\"Roberto\",\"361-227-1793\",\"2013 Yamaha 1300\",\"USA\",\"Robert\",\"87-4573,Shinko *170/70-16 777 RR,1,129,300765,Bridgestone *170/70-16 G722 RR,,206,,,,,,,,,,,,,,,,,,,,,,,,,,,,,,,,,,,,,,Estimates valid for 10 days,,\""]
["\"2/6/2018 12:01:38 PM\",\"Roy\",\"956-463-2610\",\"1987 Kaw custom trike car\",\"USA\",\"Robert\",\"87-4160,SHINKO *100/90-18 F230 FR,1,89,500045,Labor - Mount & Balance,,45,500002,Tire Disposal Fee,,2.5,,,,,,,,,,,,,,,,,,,,,,,,,,,,,,,,,,Estimates valid for 10 days,,\""]
["\"2/7/2018 12:45:37 PM\",\"Roger\",\"956-533-5623\",\"2005 Road King\",\"USA\",\"Robert\",\"314902,Dunlop *MT90B16 D402 WWW FR,,186,500045,Labor - Mount & Balance,1,45,500002,Tire Disposal Fee,2,2.5,,Tubes^ Valves^ Brakes extra if required,,,,,,,87-4586,Shinko *130/90B16 SR777 WWW FR,1,120,87-4569,Shinko *MU85B16 R777 WWW RR,1,153,500055,Labor - Mount & Balance,1,55,,,,,,,,,,,,,,Estimates valid for 10 days,,\""]
["\"2/7/2018 12:58:33 PM\",\"jaime\",\"956-414-8261\",\"2015 XL1200\",\"USA\",\"Robert\",\"500040,Labor - Mount & Balance,1,40,87-0150,Tube 5.00/5.10-16 OC,1,20,,,,,,,,,,,,,,,,,,,,,,,,,,,,,,,,,,,,,,,,\""]
["\"2/9/2018 3:03:11 PM\",\"Jason Garza\",\"2008 Road King\",\"361-474-5243\",\"USA\",\"Robert\",\"87-4569,Shinko *MU85B16 R777 WWW RR,1,153,500055,Labor - Mount & Balance,1,55,500002,Tire Disposal Fee,1,2.5,,,,,,,,,,,,,,,,,,,,,,,,,,,,,,,,,,Estimates valid for 10 days,,\""]
["\"2/10/2018 11:10:54 AM\",\"Adrain\",\"956-662-9223\",\"2007 Road King\",\"USA\",\"Robert\",\",Install Tires and new wheels and rotors,,,,on bike,,,87-4597,SHINKO *150/80B16 SR777 A/B 77H REINFORCED,,131,500055,Labor - Mount & Balance,,55,500045,Labor - Mount & Balance,,45,500005,Labor - Mount & Balance,,5,,,,,,,,,,,,,,,,,,,,,,Estimates valid for 10 days,,\""]
["\"2/12/2018 12:22:15 PM\",\"Romeo\",\"956-328-8349\",\"2002 VS800\",\"USA\",\"Robert\",\"87-4154,SHINKO *140/90-15 712R RR,1,99,87-5920,IRC  TUBE 140-150/90-15,1,20,500060,Labor - Mount & Balance,1,60,500002,Tire Disposal Fee,1,2.5,490-2227,WPS Battery Pack CB16B-A1,1,89,500180,Carb R&R Clean^ Est (close),1,180,,Clutch Cable - Estimated,1,70,500065,Labor - Cable and Battery Install^ Estimated,1,160,,,,,,Carb Rebuild kids if req.,,70,,Tank Clean and Line,,220,,Estimates valid for 10 days,,\""]
["\"2/12/2018 12:41:33 PM\",\"Herbert\",\"956-438-9765\",\"2006 Suz Blvd 800\",\"USA\",\"Robert\",\"87-4477,Shinko *170/80-15 RR SR737,1,125,500060,Labor - Mount & Balance RR^ on bike,1,60,374615,Tube 170-180/70-80-15 PV78 BM,1,22,400006,Discount - Cash only,1,-14.85,,,,,,,,,,,,,,,,,,,,,,,,,,,,,,Estimates valid for 10 days,,\""]
["\"2/12/2018 4:30:01 PM\",\"Miguel\",\"956-279-6310 (old 325-7466)\",\"2006 XL883\",\"USA\",\"Robert\",\",Carb R&R,1,180,,Air Filter - New,1,40,,Gas,1,3,,,,,,,,,,,,,,,,,,,,,,,,,,,,,,,,,,Estimates valid for 10 days,,\""]
["\"2/12/2018 5:06:50 PM\",\"Cash Customer\",\"\",\"\",\"USA\",\"Robert\",\"56357-02,Throttle 34in,,,56358-02,Throttle 38-3/8in,,,29461-99,Air Filter,,,38667-07,Clutch Cable 62-11/16in,,,43349-96B,Brake Line Assy,,,,,,,,,,,,,,,,,,,,,,,,,,,,Estimates valid for 10 days,,\""]
["\"2/12/2018 5:13:33 PM\",\"Adrian\",\"956-638-0668\",\"2014 XL883 Lo\",\"USA\",\"Robert\",\"552820,NAT CYCLE SPARTAN 17\"\" XL MODEL,1,159,558025,H/D SWITCHBLADE MOUNTING KIT,1,119,,,,,630999,FREEWAY BARS CHR 04-14 XL,,189,,,,,,,,,,,,,,,,,,,,,,,,,,,,,,Estimates valid for 10 days,,\""]
["\"2/14/2018 12:04:35 PM\",\"Border Patrol\",\"\",\"\",\"USA\",\"Robert\",\"49-2285,,5,44,,,,,90-1246,,5,16,,,,,,,,,,,,,,,,,,,,,,,,,,,,,,,,,,Estimates valid for 10 days,,\""]
["\"2/14/2018 12:10:27 PM\",\"Cash Customer\",\"612-986-1758\",\"\",\"USA\",\"Robert\",\"87-4587,SHINKO *100/90-19 SR777  REINFORCED FR,1,69,500040,Labor - Mount & Balance,,40,,,,13,500002,Tire Disposal Fee,,2.5,,,,,,,,,,,,,,,,,,,,,,,,,,,,,,Estimates valid for 10 days,,\""]
["\"2/14/2018 2:46:19 PM\",\"Imogene\",\"612-986-1758\",\"XL\",\"USA\",\"Robert\",\"87-4587,SHINKO *100/90-19 SR777  REINFORCED FR,1,69,500040,Labor - Mount & Balance,1,40,500002,Tire Disposal Fee,1,2.5,,,,,,,,,,Quote,,,87-4594,Shinko *130/90-16 777 Reinf RR,,119,500050,Labor - Mount & Balance,,50,5000O2,Tire Disposal Fee,,2.5,,Tax,,14.15,,Total,,185.65,,,,\""]
["\"2/14/2018 6:04:00 PM\",\"Carlos Gutierrez\",\"956-784-9439\",\"Resale in Monterey\",\"USA\",\"Robert\",\"300608,Bridgestone *120/70ZR19 Exedra Max FR^ 10620,,,300843,Bridgestone *180/55ZR18 G850 RR^ 12585,,,300132,Bridgestone *120/70ZR17 T30 Evo FR^ 10849,,,87-9627,Michelin *150/60R17 Pilot Street RR^ 10087,,,87-9742,Michelin *130/80-17F Commander II^ 13405,,,310493,Dunlop *MU85B16 Amer Elite BW RR^ 14520,,,,,,,,,,,,,,,,,,,,,,,,,,\""]
["\"2/15/2018 2:22:22 PM\",\"Carlos Gutierrez\",\"956-784-9439\",\"Resale in Monterey\",\"USA\",\"Robert\",\"478-10630,Terra Trek Pant Blk Sz 30,1,,477-2080S,Terra Trek 4 Jacket Blk S,1,,477-2080LT,Terra Trek 4 Jacket Blk L Tall,1,,361-98112,Milepost Boots Sz 12,1,,478-10634,Terra Trek Pant Blk Sz 34,1,,477-4056X,CoolPro Jacket Wht/Blk XL,1,,,,,,,,,,,,,,,,,,,,,,,Estimates valid for 10 days,,\""]
["\"2/15/2018 2:52:58 PM\",\"Cash Customer\",\"651-247-1359\",\"2007 Burgman\",\"USA\",\"Robert\",\"871-5029,PIRELLI *160/60R14 DIABLO RR,1,165,871-5007,PIRELLI *120/70R-15 Diablo FR,1,130,500045,Labor - Mount & Balance,2,45,500002,Tire Disposal Fee,2,2.5,,,,,300514,Bridgestone *160/60R14 TH01R-M BRMN650 RR,,163,300513,Bridgestone *120/70R15 TH01F FR,,130,,,,,,,,,,,,,,,,,,Estimates valid for 10 days,,\""]
["\"2/16/2018 8:14:16 AM\",\"Max\",\"956-888-6352\",\"2006 Aprilia tuono 1000\",\"USA\",\"Robert\",\",,,,,Hydraulic clutch cable ,,,,Oil & Filter change ,,,,Full service,,,,check electrical issue,,,,,,,,,,,,,,,,,,,,,,,,,,,,,,\""]
["\"2/16/2018 8:16:47 AM\",\"Matthew\",\"956-314-9075\",\"2009 YZ250F\",\"USA\",\"Robert\",\"500035,,1,35,,Tube,1,15,,,,,,New tire & Rim carry-in,,,,,,,,,,,,,,,,,,,,,,,,,,,,,,,,Estimates valid for 10 days,,\""]
["\"2/16/2018 9:32:06 AM\",\"Carlos Gutierrez\",\"956-784-9439\",\"Resale in Monterey\",\"USA\",\"Robert\",\"300608,Bridgestone *120/70ZR19 Exedra Max FR^ 10620,1,,300843,Bridgestone *180/55ZR18 G850 RR^ 12585,1,,300132,Bridgestone *120/70ZR17 T30 Evo FR^ 10849,1,101,87-9627,Michelin *150/60R17 Pilot Street RR^ 10087,1,116,87-9742,Michelin *130/80-17F Commander II^ 13405,1,144.5,310493,Dunlop *MU85B16 Amer Elite BW RR^ 14520,1,157,,,,,,,,,,,,,,,,,,,,,,,,\""]
["\"2/16/2018 9:55:01 AM\",\"Joel\",\"361-774-5853\",\"1993 CBR900\",\"USA\",\"Robert\",\"500045,Labor - Mount & Balance FR^ on bike,1,45,,,,,,Customer Tire Carry-in,,,,,,,,,,,,,,,,,,,,,,,,,,,,,,,,,,,,Estimates valid for 10 days,,\""]
["\"2/16/2018 10:18:57 AM\",\"Matthew\",\"956-314-9075\",\"2009 YZ250F\",\"USA\",\"Robert\",\"500035,,1,35,,Tube,1,15,,,,,,New tire & Rim carry-in,,,,,,,,,,,,,,,,,,,,,,,,,,,,,,,,Estimates valid for 10 days,,\""]
["\"2/16/2018 11:34:44 AM\",\"George\",\"956-435-4899\",\"\",\"USA\",\"Robert\",\"87-4589,Shinko *80/90-21 F777 FR,1,79,500040,Labor - Mount & Balance,1,20,500002,Tire Disposal Fee,1,2.5,,,,,,,,,,,,,,,,,,,,,,,,,,,,,,,,,,Estimates valid for 10 days,,\""]
["\"2/16/2018 1:32:28 PM\",\"Freddy\",\"956-369-1703\",\"\",\"USA\",\"Robert\",\"87-9770,Michelin *MT90B16 Commander II FR,1,138,500040,Labor - Mount & Balance ,1,40,500002,Tire Disposal Fee,1,2.5,,,,,,,,,,,,,,,,,,,,,,,,,,,,,,,,,,Estimates valid for 10 days,,\""]
["\"2/16/2018 2:31:59 PM\",\"Enrique\",\"956-907-6859\",\"2006 Heritage Softail\",\"USA\",\"Robert\",\"87-4598,Shinko *150/80B16 SR777 WWW Reinf RR,1,134,87-4586,Shinko *130/90B16 SR777 WWW Reinf FR,1,119,500055,Labor - Mount & Balance RR^ on bike,1,55,500045,Labor - Mount & Balance FR^ on bike,1,45,500010,Tire Sealant Clean-upMount & Balance,1,10,,Tube - Each 16in,2,20,500002,Tire Disposal Fee,2,2.5,,,,,,,,,,,,,,,,,,Estimates valid for 10 days,,\""]
["\"2/17/2018 9:50:18 AM\",\"Cash Customer\",\"437-7186\",\"2016 XL883\",\"USA\",\"Robert\",\"87-4587,SHINKO *100/90-19 SR777  REINFORCED FR,1,79,500045,Labor - Mount & Balance,1,45,500002,Tire Disposal Fee,1,2.5,,,,,,,,,,,,,,,,,,,,,,,,,,,,,,,,,,Estimates valid for 10 days,,\""]
["\"2/17/2018 11:02:19 AM\",\"Sid\",\"785-817-3087\",\"\",\"USA\",\"Robert\",\"300289,Bridgestone *150/70R17 BW502-G F800GS RR,1,169,300286,Bridgestone *110/80R19 BW501-G FR,1,139,500060,Labor - Mount & Balance RR^ on bike,1,60,500045,Labor - Mount & Balance FR^ on bike,1,45,500002,Tire Disposal Fee,2,2.5,,,,,,,,,,,,,,,,,,,,,,,,,,Estimates valid for 10 days,,\""]
["\"2/17/2018 11:11:52 AM\",\"Alejandro\",\"956-874-8968\",\"2012 BMW 1200GS\",\"USA\",\"Robert\",\"87-4530,Shinko *170/60R17 E705 RR,1,132,500040,Labor - Mount & Balance RR^ on bike,1,40,500002,Tire Disposal Fee,1,2.6,,,,,,,,,,,,,,,,,,,,,,,,,,,,,,,,,,Estimates valid for 10 days,,\""]
["\"2/17/2018 12:04:36 PM\",\"Alejandro\",\"956-874-8968\",\"2012 BMW 1200GS\",\"USA\",\"Robert\",\"87-4530,Shinko *170/60R17 E705 RR,1,132,500040,Labor - Mount & Balance RR^ on bike,1,40,500002,Tire Disposal Fee,1,2.6,,,,,87-4524,Shinko *120/70R19 E705 FR,,109,500O40,Labor - Mount & Balance FR^ on bike,,40,5000O2,Tire Disposal Fee,,2.6,,Tax,,12.51,,Total,,164.11,,,,,,,,,,Estimates valid for 10 days,,\""]
["\"2/17/2018 1:53:14 PM\",\"Marco\",\"956-821-2788\",\"2010 BMW R1200RT\",\"USA\",\"Robert\",\"87-9934,MICHELIN *180/55 ZR17 PILOT RD 4 GT,1,229,87-9938,MICHELIN *120/70 ZR17 PILOT RD 4 GT,1,179,500040,Labor - Mount & Balance EA^ on bike,2,40,500002,Tire Disposal Fee,2,2.5,,Valves & Brakes extra if required,,,,,,,,,,,,,,,,,,,,,,,,,,,,Estimates valid for 10 days,,\""]
["\"2/17/2018 2:01:54 PM\",\"Bob Miller\",\"2000 Honda Goldwing\",\"715-927-1463\",\"USA\",\"Robert\",\"314462,Dunlop Elite 4 *160/80B16,1,239,314451,Dunlop *130/70-18 Elite 4 FR,1,189,500065,Labor - Mount & Balance RR^ on bike,1,65,500045,Labor - Mount & Balance FR^ on bike,1,45,500002,Tire Disposal Fee,2,2.5,,Tubes^ Valves^ Brakes extra if required,,,,,,,,,,,,,,,,,,,,,,,,Estimates valid for 10 days,,\""]
["\"2/17/2018 4:50:08 PM\",\"Max\",\"956-888-6352\",\"2006 Aprilia Tuono 1000\",\"USA\",\"Robert\",\"500065,Labor - See below,3,65,036066,3/8in Crush Washer,1,1,Dot3/4,Brake / Clutch Fluid,1,6,225-9180,PR/Turn Signal Resistor Kit,1,15,,Repair Hyd Clutch Sys^ diagnosed Signal,,,,issues and repaired. Soldered. See est below.,,,,Oil filter ETA by Tue^ add Oil.,,,,Fork Seal R&R^ Labor^ Seals^ Oil,,220,27-10003,Ricks Regulator / Rectifier Aprilia,,120,27-21008,Ricks Stator Aprilia,,145,,Labor - R&R Reg & Stator^ Est @ $130 to $200,,,(JR200125),($685 + Tax still needed),,\""]
["\"2/17/2018 5:03:33 PM\",\"Jaime\",\"956-460-6055\",\"XL (Friends)\",\"USA\",\"Robert\",\"87-4597,Shinko *150/80B16 SR777 A/B 77H Reinf RR,1,125,87-4589,Shinko *80/90-21 F777 FR,1,75,500050,Labor - Mount & Balance RR^ on bike,1,50,500040,Labor - Mount & Balance FR^ on bike,1,40,500002,Tire Disposal Fee,2,2.5,,Tubes^ Valves^ Brakes extra if required,,,500150,Labor - Carb R&R^ Clean^ Jet^ Parts addl.,,150,500300,Tank - Clean and line^ if req. (Max),,300,,Battery - Est^ if required,,60,,Air Filter^ Fuel Pump^ Petcock ??,,,,,,,,Estimates valid for 10 days,,\""]
["\"2/19/2018 12:05:09 PM\",\"Cash Customer\",\"\",\"\",\"USA\",\"Robert\",\"87-4587,SHINKO *100/90-19 SR777  REINFORCED FR,1,79,500045,Labor - Mount & Balance FR^ on bike,1,45,500002,Tire Disposal Fee,1,2.5,,Tube,1,13,,,,,310298,Dunlop *140/80B15 K555 RR,,171,87-4476,SHINKO *150/80-15 SR734 RR,,109,,,,,,,,,,,,,,,,,,Estimates valid for 10 days,,\""]
["\"2/19/2018 12:45:00 PM\",\"Dave\",\"2000 Titan Geko\",\"956-202-7493\",\"USA\",\"Robert\",\"31553-94,Starter - DB Harley Chrome,1,170,Tow,,1,100,500,Labor - $50 to $100,,,,,,,,,,,,,,,,,,,,,,,,,,,,,,,,,,,,Estimates valid for 10 days,,\""]
["\"2/19/2018 1:04:23 PM\",\"Carlos\",\"2004 Yamaha V-Star 1100\",\"210-857-8902\",\"USA\",\"Robert\",\"562-26602,,1,90,562-2651C,,1,125,,,,,,,,,,,,,,,,,,,,,,,,,,,,,,,,,,,,,,Estimates valid for 10 days,,\""]
["\"2/19/2018 1:40:11 PM\",\"Joe\",\"956-451-2029\",\"2005 FXDWG\",\"USA\",\"Robert\",\"87-9439,Michelin *150/80B16 Scorcher RR,1,195,87-9755,Michelin *150/80-16 Commander RR,,180,500050,Labor - Mount & Balance RR^ on bike,1,50,,Tube,1,20,500002,Tire Disposal Fee,1,2.5,,,,,,,,,,,,,,,,,,,,,,,,,,Estimates valid for 10 days,,\""]
["\"2/19/2018 1:52:28 PM\",\"Joel\",\"956-319-4652\",\"2016 K1600GT BMW\",\"USA\",\"Robert\",\"87-9930,Michelin *190/55ZR-17 PR4 GT RR,1,239,87-9685,Michelin *190/50ZR17 Pilot Rd 2 RR,,189,500040,Labor - Mount & Balance,1,40,500002,Tire Disposal Fee,1,2.5,,Tubes^ Valves^ Brakes extra if required,,,,,,104.5,,,,95,,,,,,,,,,,,,,,,,,Estimates valid for 10 days,,\""]
["\"2/19/2018 2:07:58 PM\",\"Carlos G\",\"\",\"\",\"USA\",\"Robert\",\",,,,,Kuryakyn Cup Holder Black,,,,Kuryakyn Cup Passenger Chrome 14 & up,,,,Kuryakyn Passenger Arm Rest,,,,,,,,,,,,,,,,,,,,,,,,,,,,,,,,Estimates valid for 10 days,,\""]
["\"2/19/2018 2:53:19 PM\",\"Antonio\",\"956-929-1250\",\"2004 Honda Shadow 750 Sp\",\"USA\",\"Robert\",\"387291,Engine Guard MC,1,210,,,,,,,,,,,,,,,,,,,,,,,,,,,,,,,,,,,,,,,,,,Estimates valid for 10 days,,\""]
["\"2/20/2018 10:51:32 AM\",\"Ramiro Zamora\",\"\",\"2003 Yamaha V-Star 650 Classic\",\"USA\",\"Robert\",\"310554,Dunlop *130/90-16 D404 FR,1,109,310512,Dunlop *170/80-15 D404 RR,1,129,500060,Labor - Mount & Balance RR^ on bike,,60,500045,Labor - Mount & Balance FR^ on bike,,45,500002,Tire Disposal Fee,,2.5,,Tube RR,1,24,,Tube FR,1,20,,,,,,,,,,,,,,,,,,Estimates valid for 10 days,,\""]
["\"2/20/2018 11:09:52 AM\",\"Joe\",\"956-221-2389\",\"2016 CFR250\",\"USA\",\"Robert / Chris M\",\"500035,Labor - DisMount & Mount RR^ on bike,1,35,87-09751,Tube 100/100-18 Mich Ultra HD,1,34,531700B,Ride-On TPS M/C - Bulk,7,2.4,500002,Tire Disposal Fee,1,2.5,,,,,500025,Labor - Basic Oil & Filter Change,1,25,83-0448,Castrol Synthetic Oil 10w40 Qt,1.9,14.95,550-0112,Oil Filter HiFlo HF112,1,4.95,Disp,Clnr^ Rags^ Oil Disp,1,3,,,,,,,,,,,,\""]
["\"2/20/2018 1:48:37 PM\",\"Romeo\",\"956-328-8349\",\"2002 VS800\",\"USA\",\"Robert\",\",Handlebars,1,70,,Clutch & Brake Line,2,70,,Throttle Cable,1,65,,Labor,1,350,,DOT Brk & Clutch Fluid,1,8,,,,,,,,,,,,,,,,,,,,,,,,,,Estimates valid for 10 days,,\""]
["\"2/20/2018 1:52:36 PM\",\"Derrel\",\"501-984-3048\",\"Suz Burgman\",\"USA\",\"Robert\",\"301237,Bridgestone 120/70HR15 TMAX FRT,1,124,500050,Labor - Mount & Balance,1,50,500002,Tire Disposal Fee,1,2.5,,Tubes^ Valves^ Brakes extra if required,,,,,,,,,,15,,,,,,,,,,,,,,,,,,,,,,Estimates valid for 10 days,,\""]
["\"2/21/2018 12:41:33 PM\",\"Albert\",\"956-310-2683\",\"1977 (?) Honda Trail 70\",\"USA\",\"Robert\",\"322107,IRC *4.00-10 FR/RR Offroad,2,48,500035,Labor - Mount & Balance^ on bike,2,35,,Tubes^ Valves^ Brakes extra if required,,,,,,,,,,,,,,,,,,,,,,,,,,,,,,,,,,,,Estimates valid for 10 days,,\""]
["\"2/21/2018 1:05:21 PM\",\"Jose Arango\",\"956-215-9869\",\"2014 BMW NineT 1200\",\"USA\",\"Robert\",\"961142,BRAKE PAD BM FA363,1,24,500035,Labor - Brake Pad R&R^ Test,1,39,,,,,,,,,,,,,,,,,,,,,,,,,,,,,,,,,,,,,,Estimates valid for 10 days,,\""]
["\"2/22/2018 2:21:57 PM\",\"Jimmy\",\"956-445-3063\",\"2003 XL Sportster\",\"USA\",\"Robert\",\"87-4594,Shinko *130/90-16 777 Reinf RR,1,119,87-4587,Shinko *100/90-19 SR777  Reinf FR,1,79,,,1,20,,,1,13,500050,Labor - Mount & Balance,1,50,500040,Labor - Mount & Balance,1,40,500002,Tire Disposal Fee,2,2.5,,,,,,,,,,,,,,,,,,Estimates valid for 10 days,,\""]
["\"2/22/2018 2:57:41 PM\",\"Cash Customer\",\"956-342-1535\",\"2004 GSX-R1000\",\"USA\",\"Robert\",\"692-5710,Chain Fire Power X-Ring 530x110,1,89,965405,Sprocket RR BM 42T Blk,1,32,965645,Front Sprocket 530 17 T,1,14,,,1,80,,,,,,,,,,,,,,,,,,,,,,,,,,,,,,Estimates valid for 10 days,,\""]
["\"2/22/2018 3:56:24 PM\",\"Javier\",\"956-821-1739\",\"2005 XL1200C\",\"USA\",\"Robert\",\"500070,Labor - Mount & Balance RR^ on bike,1,70,500055,Labor - Mount & Balance FR^ on bike,1,55,500002,Tire Disposal Fee,2,2.5,87-0176,Tube 500/510-18,1,15,,,,,,Tire carry-in,,,,,,,,,,,,,,,,,,,,,,,,Estimates valid for 10 days,,\""]
["\"2/22/2018 4:07:49 PM\",\"Javier\",\"956-821-1739\",\"2005 XL1200C\",\"USA\",\"Robert\",\"87-4597,Shinko *150/80B16 SR777 Reinf RR,1,124,87-4589,Shinko *80/90-21 F777 Reinf FR,1,75,500050,Labor - Mount & Balance RR^ on bike,1,50,500040,Labor - Mount & Balance FR^ on bike,1,40,500002,Tire Disposal Fee,2,2.5,87-0176,Tube 500/510-18,1,15,,,,,,,,,,,,,,,,,,,,,,Estimates valid for 10 days,,\""]
["\"2/22/2018 5:25:35 PM\",\"Lorenzo\",\"956-503-9509\",\"2003 V-Star 650 Classic\",\"USA\",\"Robert\",\"87-4477,Shinko *170/80-15 RR SR737,1,116,87-4165,Shinko *130/90-16 FR 230,1,81,500060,Labor - Mount & Balance RR^ on bike,1,60,500045,Labor - Mount & Balance FR^ on bike,1,45,,Tube RR,1,22,,Tube FR,1,20,500002,Tire Disposal Fee,2,2.5,,Tubes^ Valves^ Brakes extra if required,,,,,,,,,,,,,,,,Estimates valid for 10 days,,\""]
["\"2/22/2018 5:55:46 PM\",\"Jamie\",\"956-460-6055\",\"2007 Electra Glide Ultra Classic\",\"USA\",\"Robert\",\"820-52004,Fender HD FR Touring,1,91,820-54672,Saddle Bag Support Kit Blk '85-'08 FLH/FLT,1,51,2202-0070,Dash Panel,1,28,,,,,,,,,,,,,,,,,,,,,,,,,,,,,,,,,,Estimates valid for 10 days,,\""]
["\"2/22/2018 7:14:24 PM\",\"Brandon\",\"956-815-8209 (old 789-9222)\",\"2008 CBR1000RR\",\"USA\",\"Robert\",\"310867,Dunlop *190/50ZR17 Sportmax Q3+ RR,,179,310861,Dunlop *120/70ZR17 Sportmax Q3+ FR,1,125,,,,,310854,Dunlop *200/50ZR17 Q3 RR,1,199,500010,Labor - Mount & Balance TL^ off bike,2,10,,,,,,,,,,,,,,,,,,,,,,,,,,Estimates valid for 10 days,,\""]
["\"2/23/2018 11:16:41 AM\",\"Rolando Mendez\",\"956-655-3473 (old 821-4870)\",\"2005 V-Star 1100 Silverado\",\"USA\",\"Robert\",\"87-4165,Shinko *130/90-16 FR 230,1,89,500045,Labor - Mount & Balance,1,45,500002,Tire Disposal Fee,1,2.5,BPR7ES,Spark Plug BPR7ES NGK,2,3,,,,,,Oil Change,1,69,,,,,,,,,,,,,,,,,,,,,,Estimates valid for 10 days,,\""]
["\"2/23/2018 1:39:45 PM\",\"Cash Customer\",\"956-310-2313 / 847-8582\",\"2016 Ninja 300\",\"USA\",\"Robert\",\"500030,Labor - Basic Oil & Filter Change (2.32),1,30,550-0303,HiFlo Oil Filter (Blk),1,8.95,532313,BM Oil 20W50 QT,3,6.95,DISP,Oil Disposal Fee^ Clnrs^ Rags,1,2.2,500008,Lube & Adj Chain,1,7,,,,,,Thanks,,,,,,,,,,,,,,,,,,,,JKAEX8B17GDA31218 / 3048 miles,,\""]
["\"2/24/2018 10:13:40 AM\",\"Cesar\",\"832-784-1237\",\"\",\"USA\",\"Robert\",\"500040,,1,40,,,,15,,Labor & Standard Tube,,59.54,,,,,,,1,34,,Labor & HD Tube,,80.11,,,,,,,7,2.2,,Suggested,,96.78,,,,,,,,,,Estimates valid for 10 days,,\""]
["\"2/24/2018 10:22:25 AM\",\"Juan\",\"956-960-6544\",\"2000 HD Roadking\",\"USA\",\"Robert\",\"87-4595,SHINKO *130/90B16 SR777 6PR W/W REINFORCED 73H,1,129,314942,Dunlop *MT90B16 RR WWW,,213,500055,Labor - Mount & Balance,1,55,87-0150,Tube 5.00/5.10-16 OC,1,20,500002,Tire Disposal Fee,1,2.5,500030,Labor - Changing Gear oil,1,30,58-5202,Lucas 75-140 V-Twin Gear Oil QT,1,19.95,,,,,,,,,,,,,,,,,,Estimates valid for 10 days,,\""]
["\"2/26/2018 8:50:45 AM\",\"Frank\",\"956-233-9812\",\"2007 XL883 Low\",\"USA\",\"Robert\",\"87-4597,Shinko *150/80B16 SR777 Reinf RR,1,124,87-4587,Shinko *100/90-19 SR777  Reinf FR,1,79,500050,Labor - Mount & Balance RR^ on bike,1,50,500040,Labor - Mount & Balance FR^ on bike,1,40,500002,Tire Disposal Fee,2,2.5,,,,,,,,,,,,,,,,,,,,,,,,,,Estimates valid for 10 days,,\""]
["\"2/26/2018 1:09:35 PM\",\"Juan\",\"956-648-7014\",\"1999 Honda Magna 750\",\"USA\",\"Robert\",\"87-5543,IRC *1502/80-15 WF920 RR,,129,87-5520,IRC *120/80-17 WF920 FR,1,109,500050,Labor - Mount & Balance RR^ on bike,,50,500045,Labor - Mount & Balance FR^ on bike,1,45,500002,Tire Disposal Fee,1,2.5,,Tubes^ Valves^ Brakes extra if required,,,,,,,,OTD FR & RR $365.89,,,,,,,,,,,,,,,,Estimates valid for 10 days,,\""]
["\"2/26/2018 1:14:14 PM\",\"Josh\",\"904-885-4491\",\"2002 YZF-R6\",\"USA\",\"Robert\",\"965659,Sprocket FR 530 16T BM,1,15,965410,Sprocket RR 530 48T BM,1,38,692-6220,Chain FPO 530x120 O-Ring,1,75,500080,Labor - R&R Chain & Sprockets,1,80,,,,,,,,,,,,,,,,,,,,,,,,,,,,,,Estimates valid for 10 days,,\""]
["\"2/26/2018 2:22:20 PM\",\"Sam\",\"956-651-9620 C\",\"2007 Kaw Vul 1500 Mean Streak\",\"USA\",\"Robert\",\"300613,Bridgestone *170/60ZR17 EXEDRA RR,1,185,300605,Bridgestone *130/70ZR17 EXEDRA FR,,140,500050,Labor - Mount & Balance RR^ on bike,1,50,500045,Labor - Mount & Balance FR^ on bike,,45,500002,Tire Disposal Fee,1,2.5,,,,,,,,,,,,,,,,,,,,,,,,,,Estimates valid for 10 days,,\""]
["\"2/26/2018 4:23:50 PM\",\"Moises\",\"2006 (?) TTR125\",\"956-445-7692\",\"(No Key)\",\"Robert / Randy\",\",Carb,,,,Clutch Lever,,,,Chain,,,,,,,,Advise on Choke,,,,FR Brake (Master cyl),,,,,,,,Deposit $50 cash paid,,,,,,,,,,,,,,,,,,\""]
["\"2/27/2018 10:38:27 AM\",\"Joe\",\"956-562-1306\",\"1989 Sportster\",\"USA\",\"Robert\",\"87-4152,SHINKO *130/90-16 712R RR,1,95,500050,Labor - Mount & Balance RR^ on bike,1,50,500002,Tire Disposal Fee,1,2.5,,Tubes^ Valves^ Brakes extra if required,,,,,,,,,,,,,,,,,,,,,,,,,,,,,,,,Estimates valid for 10 days,,\""]
["\"2/27/2018 3:49:16 PM\",\"Joe\",\"956-270-3441 (354-1787)\",\"2006 Honda Shadow 750 Aero\",\"USA\",\"Robert\",\"87-4477,Shinko *170/80-15 RR SR737,1,115,87-4168,Shinko *120/90-17 F230 FR,1,79,500060,Labor - Mount & Balance,1,60,500045,Labor - Mount & Balance,1,45,963013,BM BRAKE SHOES 343,,44,500010,Labor - Mount & Balance,,10,,Tube RR,1,22,,Tube FR,1,16,500002,Tire Disposal Fee,2,2.5,,,1,-21.45,,,,,,Estimates valid for 10 days,,\""]
["\"2/27/2018 5:07:36 PM\",\"Marcelo\",\"956-522-1300\",\"2017 Tiger 800\",\"USA\",\"Robert\",\"87-9848,MICHELIN *150/70R17V Anakee III RR,1,199,87-9834,MICHELIN  *110/80R19V Anakee III FR,1,169,500040,Labor - Mount & Balance EA^ on bike,2,40,500002,Tire Disposal Fee,2,2.5,,,,,,,,,,,,,,,,,,,,,,,,,,,,,,Estimates valid for 10 days,,\""]
["\"2/28/2018 10:21:49 AM\",\"George - Revolution\",\"956-325-8325\",\"Resale Cert on file^ B2B Rates\",\"USA\",\"Robert\",\"773000,Burly Brand Cable & Brake Line Kit 12in,1,180,,,,,,,,,,,,,,,,,,,,,,,,,,,,,,,,,,,,,,,,,,Estimates valid for 10 days,,\""]
["\"2/28/2018 12:15:09 PM\",\"Albert\",\"956-310-2683\",\"1970 (?) Honda Trail CT70\",\"USA\",\"Robert\",\"490-2016,Battery Fire Power 6N2A-2C,1,25,87-0117,Tube Sedona 300/325-10,2,10,500010,Labor - Addl^ Tube Type,2,10,,,,,,Addl to Inv 24976,,,,,,,,,,,,,,,,,,,,,,,,,,,,Estimates valid for 10 days,,\""]
["\"2/28/2018 4:50:47 PM\",\"Josh\",\"904-885-4491\",\"2002 YZF-R6\",\"USA\",\"Robert\",\"965659,Sprocket FR 530 16T BM,1,15,965410,Sprocket RR 530 48T BM,1,38,692-6220,Chain FPO 530x120 O-Ring,,75,500080,Labor - R&R Chain & Sprockets,1,80,,,,,197677,Chain BM 530x120 X-Ring,,95,693-9620BU,Chain EK 530x120 MVXZ2 X-Ring Blue,1,110,,,,,,,,,,,,,,,,,,Estimates valid for 10 days,,\""]
["\"3/1/2018 10:23:35 AM\",\"Manuel\",\"956-821-7546\",\"2005 Shadow 1100\",\"USA\",\"Robert\",\"87-4592,Shinko *170/80-15 SR777 Reinf RR,1,128,87-4563,Shinko *120/90-18 F777 FR,,103,500060,Labor - Mount & Balance RR^ on bike,1,60,500045,Labor - Mount & Balance FR^ on bike,,45,500002,Tire Disposal Fee,1,2.5,,Tubes^ Valves^ Brakes extra if required,,,,Cash discount,1,-10.36,,Both OTD $369.13,,,,His internet price,,185,,My price,,231,,Advised $20 each per tire addl carry-in,,,,Estimates valid for 10 days,,\""]
["\"3/1/2018 1:40:31 PM\",\"Ray\",\"956-237-0413\",\"\",\"USA\",\"Robert\",\"87-4566,Shinko *130/80-17 SR777 FR,,109,500045,Labor - Mount & Balance RR^ on bike,1,45,500002,Tire Disposal Fee,1,2.5,87-0160,4.50/5.10-17 TR4 Tube,1,15,,,,,87-4520,Shinko *120/90-17 E705 64H TT,1,89,,,,,,,,,,,,,,,,,,,,,,Estimates valid for 10 days,,\""]
["\"3/1/2018 2:57:11 PM\",\"Phil\",\"956-271-2123\",\"\",\"USA\",\"Robert\",\"87-4569,Shinko *MU85B16 R777 WWW RR,1,149,87-4586,Shinko *130/90B16 SR777 WWW FR,1,119,500055,Labor - Mount & Balance RR^ on bike,1,55,500045,Labor - Mount & Balance FR^ on bike,1,45,500002,Tire Disposal Fee,2,2.5,,Valves brakes extra if required,,,,,,,,,,,,,,,,,,,,,,,,Estimates valid for 10 days,,\""]
["\"3/2/2018 12:45:40 PM\",\"Cash Customer\",\"\",\"\",\"USA\",\"Robert\",\"87-4202,Shinko *2.50-10 SR 520,1,29.88,87-0110,Tube 250/275-10,1,8,500035,Labor - Mount & Balance RR^ on bike,,35,,,,,,,,,,,,,,,,,,,,,,,,,,,,,,,,,,Estimates valid for 10 days,,\""]
["\"3/2/2018 12:53:19 PM\",\"Len\",\"248-321-0409\",\"2009 HD\",\"USA\",\"Robert\",\"87-9756,MICHELIN *180/65-16 Commander II RR,1,229,87-9742,MICHELIN *130/80-17F Commander II,1,179,500050,Labor - Mount & Balance RR^ on bike,1,50,500045,Labor - Mount & Balance FR^ on bike,1,45,500002,Tire Disposal Fee,2,2.5,,Tubes^ Valves^ Brakes extra if required,,,,,,,87-4599,SHINKO *180/65B16 SR777 REINFORCED,,142,87-4566,Shinko *130/80-17 SR777 FR,,112,,OTD Shinko,,383.21,,,,,,Estimates valid for 10 days,,\""]
["\"3/2/2018 12:57:07 PM\",\"Adrain\",\"956-900-7700\",\"2008 GSXR600\",\"USA\",\"Robert\",\"87-4016,Shinko *180/55-17 R005 RR,1,124,500030,Labor - Mount & Balance RR on bike,1,30,500002,Tire Disposal Fee,1,2.5,49-2261,BATTERY FA SEALED CT12A-BS FACTORY ACT,1,69,x,Tubes^ Valves^ Brakes extra if required,,,,cash discount ,1,-13.03,,,,,,,,,,,,,,,,,,,,,,Estimates valid for 10 days,,\""]
["\"3/2/2018 2:22:22 PM\",\"Cash Customer\",\"956-354-4193\",\"\",\"USA\",\"Robert\",\"87-4616,Shinko *130/70B18 F777 FR,1,109,500040,Labor - Mount & Balance FR^ on bike,1,40,500002,Tire Disposal Fee,1,2.5,,,,,,,,,,,,,,,,,,,,,,,,,,,,,,,,,,Estimates valid for 10 days,,\""]
["\"3/2/2018 2:58:43 PM\",\"Carlos\",\"956-998-9865\",\"Honda VTX1300\",\"USA\",\"Robert\",\"87-9751,Michelin *170/80-15 Commander II RR,1,195,87-9763,Michelin *140/80-17 Commander II FR,1,195,,Tube RR^ Straight valve,1,21,,Tube FR,1,17,500060,Labor - Mount & Balance RR^ on bike,1,60,500045,Labor - Mount & Balance FR^ on bike,1,45,500002,Tire Disposal Fee,2,2.5,,,,,,,1,-29.92,,,,,,,,,,Estimates valid for 10 days,,\""]
["\"3/2/2018 5:11:02 PM\",\"Sonny\",\"512-923-5964\",\"2010 Honda Fury ABS\",\"USA\",\"Robert\",\"314437,Dunlop *200/50R18 Elite 3 RR,1,238,500060,Labor - Mount & Balance RR^ on bike,1,60,500002,Tire Disposal Fee,1,2.5,,Tubes^ Valves^ Brakes extra if required,,,,,,,314413,Dunlop *90/90-21 Elite 3 FR,1,148,500045,Labor - Mount & Balance FR^ on bike,1,45,,,,,,Basic Eng Oil Change,1,69,,,,,400005,Discount - Cash only (not Debit)^ OTD $570.,,-35.94,,Estimates valid for 10 days,,\""]
["\"3/3/2018 3:57:31 PM\",\"Randy\",\"\",\"2000 GSX600F\",\"USA\",\"Robert\",\"692-5720,Chain FPX 530x120 X-Ring,1,96,965373,Sprocket 530 47T RR,1,35,965643,Sprocket 530 15T FR,1,14,500070,Labor - Installed on bike,1,70,,,,,,,,,,,,,,,,,,,,,,,,,,,,,,Estimates valid for 10 days,,\""]
["\"3/5/2018 8:50:36 AM\",\"Steven\",\"2006 VTX1300\",\"956-258-8292\",\"USA\",\"Robert\",\"87-4592,Shinko *170/80-15 SR777 Reinforced RR,1,133,500060,Labor - Mount & Balance RR^ on bike,1,60,500002,Tire Disposal Fee,2,2.5,,,,,87-4561,SHINKO *140/80-17 777 FR,1,119,500045,Labor - Mount & Balance FR^ on bike,1,45,,,,,,,,,,,,,,,,,,,,,,Estimates valid for 10 days,,\""]
["\"3/5/2018 9:51:50 AM\",\"Joe\",\"956-581-6133\",\"2006 Electra Glide Classic\",\"USA\",\"Robert\",\"87-4568,Shinko *MU85B16 R777 Reinforced RR,1,145,500050,Labor - Mount & Balance RR^ on bike,1,50,500002,Tire Disposal Fee,1,2.5,,Tubes^ Valves^ Brakes extra if required,,,400006,Discount - Cash only,1,-12.74,,,,,,,,,,,,,,,,,,,,,,,,,,Estimates valid for 10 days,,\""]
["\"3/5/2018 1:39:15 PM\",\"Don Veach\",\"563-607-3964\",\"2012 Honda Shadow 750 Aero\",\"USA\",\"Robert\",\"87-4572,Shinko *160/80-15 777 RR,1,132,500055,Labor - Mount & Balance RR^ on bike,1,55,370461,170/80-15 PV78 Tube BM,1,22,500002,Tire Disposal Fee,2,2.5,,,,,,Likely install Tue AM,,,,,,,,,,,,,,,,,,,,,,,,Estimates valid for 10 days,,\""]
["\"3/5/2018 3:36:52 PM\",\"Norberto\",\"956-309-9557\",\"1998 GSX-R600\",\"USA\",\"Robert\",\"500220,Labor - Tank Clean^ Line,1,220,064192,Cable Throttle Pull MP,1,20,064226,Cable Throttle Push MP,1,22,,,,,,$120 deposit required,,,,Possible acid damage to tank^ we do our best.,,,,,,,15100-34E00,Pump Fuel Assy,,510,15170-34E00,Strainer Fuel Pump,,55,,,,,,,,,,Estimates valid for 10 days,,\""]
["\"3/6/2018 3:00:03 PM\",\"Noe\",\"956-378-0732\",\"2010 Ultra Classic\",\"USA\",\"Robert\",\"87-9756,MICHELIN *180/65-16 Commander II RR,1,229,500015,Labor - Mount & Balance,1,15,500002,Tire Disposal Fee,1,2.5,,,,,,,,,,,,,,,,,,,,,,,,,,,,,,,,,,Estimates valid for 10 days,,\""]
["\"3/6/2018 4:35:35 PM\",\"Greg\",\"956-789-4361\",\"2003 Suz Burgman 650\",\"USA\",\"Robert\",\"300514,Bridgestone *160/60R14 TH01R-M BRMN650 RR,1,158,500045,Labor - Mount & Balance RR^ on bike,1,45,500002,Tire Disposal Fee,1,2.5,,,,,,,,,,,,,,,,,,,,,,,,,,,,,,,,,,Estimates valid for 10 days,,\""]
["\"3/6/2018 5:59:59 PM\",\"Jarrett\",\"956-321-9162\",\"2007 Suz VZ800 M50 Marauder\",\"USA\",\"Robert\",\",Check Battery,,,,Check Charging System,,,,Rode it 5 miles in,,,,Here 6 weeks^ gone 2 weeks,,,,Install Stereo System,,,,,,,,,,,,,,,,,,,,,,,,,,,,Estimates valid for 10 days,,\""]
["\"3/7/2018 1:07:19 PM\",\"Danny Soto\",\"956-867-9318\",\"1998 Honda Magna 750\",\"USA\",\"Robert\",\"87-4461,Shinko *110/80-17 SR740 FR,,79,328746,120/80-17 * FR IRC,,117,,,,,692-5720,Chain FPX 530x120 X-Ring,,105,965392,Sprocket 530 40T BM,,39,965651,Sprocket 530 17T FR BM,,25,,,,,500040,Labor - Mount & Balance FR^ on bike,,40,500002,Tire Disposal Fee,,2.5,,,,,,,,,,Estimates valid for 10 days,,\""]
["\"3/7/2018 1:48:54 PM\",\"Adrain\",\"816-405-2955\",\"2007 Heritage Deluxe\",\"USA\",\"Robert\",\"87-4598,Shinko *150/80B16 SR777 WWW Reinforced,1,135,500055,Labor - Mount & Balance RR^ on bike,1,55,,Tube 500/510-16 Ctr or OC,1,21,500002,Tire Disposal Fee,1,2.5,,Tubes^ Valves^ Brakes extra if required,,,,,,,,,,,,,,,,,,,,,,,,,,,,Estimates valid for 10 days,,\""]
["\"3/7/2018 4:36:57 PM\",\"Felix\",\"630-742-1202\",\"2007 V-Star 650\",\"USA\",\"Robert\",\"87-4585,Shinko *130/90B16 SR777 Reinf FR,1,109,500045,Labor - Mount & Balance FR^ on bike,1,45,,Tube,1,20,500002,Tire Disposal Fee,1,2.5,,,,,,,,,,,,,,,,,,,,,,,,,,,,,,Estimates valid for 10 days,,\""]
["\"3/7/2018 5:38:35 PM\",\"Joe Rangel\",\"956-279-7311^ Resale cert on file\",\"2015 Busa\",\"USA\",\"Robert\",\"693-2250BK,EK 530x150 Blk / Gld,,158,965638,Sprocket 530 17T FR BM,,12,,SuperSprox RR Red (Estimated),,120,,,,,87-4008,Shinko 190 R003,,99,87-4001,Shinko 120 F003,,66,,,,,,,,,,,,,,,,,,,,,,Estimates valid for 10 days,,\""]
["\"3/7/2018 5:39:18 PM\",\"Emory\",\"956-256-9765\",\"2003 XL883C\",\"USA\",\"Robert\",\"438879,1-1/8in FALCON BELT 128 TOOTH,1,161,,,,,,,,,,,,,,,,,,,,,,,,,,,,,,,,,,,,,,,,,,Estimates valid for 10 days,,\""]
["\"3/7/2018 5:47:37 PM\",\"Joe Rangel\",\"956-279-7311^ Resale cert on file\",\"2015 Busa\",\"USA\",\"Robert\",\"693-2250BK,EK 530x150 Blk / Gld,,158,965638,Sprocket 530 17T FR BM,,12,,SuperSprox RR Red (Estimated),,120,,,,,87-4008,Shinko 190 R003,,99,87-4001,Shinko 120 F003,,66,,,,,035921,21in Clear Coated SS Hose,,19,,Banjo Bolt Straight,,9,,Banjo Bolt 35*,,11,,,,,,Estimates valid for 10 days,,\""]
["\"3/7/2018 6:30:54 PM\",\"Brandon\",\"\",\"\",\"USA\",\"Robert\",\"370950,ITP 20x11-10 Holeshot H-D Bias RR 4-Ply,,86,370926,ITP 22x7-10 Holeshot H-D Bias FR 6-Ply,,92,,,,,608973,QuadBoss 20x11-10 QBT700 Bias RR 4-Ply,2,59,608996,QuadBoss 22x7-10 QBT700 Bias FR 4-Ply,2,46,,,,,,,,,,,,,,,,,,,,,,,,,,Estimates valid for 10 days,,\""]
["\"3/8/2018 11:19:54 AM\",\"Mateo Solorsano\",\"956-601-3681 (old 354-7954)\",\"2005 Heritage Softail FLST\",\"USA\",\"Robert\",\"87-4598,Shinko *150/80B16 SR777 WWW Reinf RR,1,134,500055,Labor - Mount & Balance RR^ on bike,1,55,500002,Tire Disposal Fee,1,2.5,,Tube,1,20,,,,,,,,,,,,,,,,,,,,,,,,,,,,,,Estimates valid for 10 days,,\""]
["\"3/8/2018 11:44:16 AM\",\"Catherine\",\"956-250-9992\",\"2017 HD Softail Slim S\",\"USA\",\"Robert\",\"482103,LED Kit Blue Tooth 16million Color 10pd 8 Strp,1,250,500065,Labor - Mount & Balance,1.5,65,,,,,,,,,,,,,,,,,,,,,,,,,,,,,,,,,,,,,,,,\""]
["\"3/8/2018 1:12:02 PM\",\"Del\",\"956-200-4954\",\"2003 XL883\",\"USA\",\"Robert\",\"87-4594,Shinko *130/90-16 777 Reinf RR,1,119,500020,Labor - Mount & Balance TL^ off bike,1,20,500002,Tire Disposal Fee,1,2.5,400007,Discount - Cash only,1,-8.47,,,,,,Likely install Fri AM,,,,Thanks,,,,,,,,,,,,,,,,,,,,Estimates valid for 10 days,,\""]
["\"3/9/2018 9:37:55 AM\",\"Oscar\",\"956-533-4555\",\"2004 XL1200C\",\"USA\",\"Robert\",\"500070,Labor - Mount & Balance RR^ on bike,1,70,500055,Labor - Mount & Balance FR^ on bike,1,55,87-0186,Tube - 21in,1,15,RS21,Rim Strip 21in,1,1.5,500002,Tire Disposal Fee,,2.5,,,,,,,,,,,,,,,,,,,,,,,,,,Estimates valid for 10 days,,\""]
["\"3/9/2018 11:07:42 AM\",\"Francisco\",\"552-098-1770\",\"2009 Suz C50\",\"USA\",\"Robert\",\"87-4585,Shinko *130/90B16 SR777 REINFORCED FR,1,109,Used,Used Bridgestone FR,,40,,Tube,1,21,500040,Labor - Mount & Balance FR^ on bike,1,40,500002,Tire Disposal Fee,1,2.5,,,,,,$108.74 OTD Used,,,,,,,87-4165,Shinko *130/90-16 FR 230,,97,,,,,,,,,,Estimates valid for 10 days,,\""]
["\"3/9/2018 1:48:23 PM\",\"Orin\",\"651-269-7672\",\"2008 Electra Glide Ultra \",\"USA\",\"Robert\",\"314937,Dunlop *MU85B16 D402 RR,,194,87-4568,Shinko *MU85B16 R777 Reinforced RR,1,142,500050,Labor - Mount & Balance RR^ on bike,1,50,,Tube,1,21,500002,Tire Disposal Fee,1,2.5,,RR Brakes,1,27,,Labor - Brakes,1,10,,,,,,,,,,,,,,,,,,Estimates valid for 10 days,,\""]
["\"3/9/2018 3:34:56 PM\",\"Jorge Hermandez\",\"(Monterey MX)\",\"PU Sat 10th\",\"USA\",\"Robert\",\"87-4586,Shinko *130/90B16 SR777 WWW FR,1,114,500045,Labor - Mount & Balance FR^ on bike,,45,500002,Tire Disposal Fee,,2.5,,Tubes^ Valves^ Brakes extra if required,,,,,,,,,,,,,,,,,,,,,,,,,,,,,,,,Estimates valid for 10 days,,\""]
["\"3/10/2018 11:46:37 AM\",\"Matthew\",\"956-789-6937\",\"2006 Yamaha V-Star 1100\",\"USA\",\"Robert\",\"87-4593,SHINKO *170/80B15 SR777 WWW Reinforced,1,139,500065,Labor - Mount & Balance RR^ on bike,1,65,500002,Tire Disposal Fee,1,2.5,,,,,87-4586,Shinko *130/90B16 SR777 WWW FR,,119,500045,Labor - Mount & Balance FR^ on bike,,45,5000O2,Tire Disposal Fee,,2.5,,Tax,,13.74,,Total,,180.24,,,,,,,,,,Estimates valid for 10 days,,\""]
["\"3/10/2018 12:02:23 PM\",\"Jair\",\"956-239-1780\",\"2003 Honda VTX1300\",\"USA\",\"Robert\",\"531700B,Ride-On TPS M/C - Bulk,19,2.2,,,,,,,,,,,,,,,,,,,,,,,,,,,,,,,,,,,,,,,,,,Estimates valid for 10 days,,\""]
["\"3/10/2018 4:15:41 PM\",\"Carlos\",\"956-844-4235\",\"2004 FatBoy\",\"USA\",\"Robert\",\"314902,Dunlop *MT90B16 D402 WWW FR,,178.29,87-4586,Shinko *130/90B16 SR777 WWW FR,1,117,Tube,Tube 5.00-5.10/16 Ctr,,181,500015,Labor - Mount & Balance TL^ off bike,2,14.99,,Dunlop OTD $193,,,,Shinko OTD $127,,,,,,,87-4598,Shinko *150/80B16 SR777 WWW Reinforced,1,132,,Rear OTD $142^ Back ordered,,,,,,,,,,,,Estimates valid for 10 days,,\""]
["\"3/12/2018 1:25:24 PM\",\"Orin\",\"651-269-7672\",\"2008 Electra Glide Ultra \",\"USA\",\"Robert\",\",,,,87-4568,Shinko *MU85B16 R777 Reinforced RR,1,142,500050,Labor - Mount & Balance RR^ on bike,1,50,87-0151,Tube 5.00/5.10-16 TR6,1,21,500002,Tire Disposal Fee,1,2.5,,,,,22-51692,AllBalls Rear Wheel Bearing Kit ABS,1,49,500080,Labor - R&R RR Wheel Bearings,1,60,,,,,,,,,,,,,,Estimates valid for 10 days,,\""]
["\"3/12/2018 2:04:10 PM\",\"Jose\",\"956-309-9971\",\"2006 Kaw Vulcan 500\",\"USA\",\"Robert\",\"500020,,1,20,,Tube,1,15,,,,,,,,,,,,,,,,,,,,,,,,,,,,,,,,,,,,,,Estimates valid for 10 days,,\""]
["\"3/12/2018 3:06:03 PM\",\"Ignacio\",\"956-715-3297\",\"2006 Road King\",\"USA\",\"Robert\",\"87-4595,SHINKO *130/90B16 SR777 6PR W/W REINFORCED 73H,1,129,310492,Dunlop *MT90B16 Amer Elite WWW RR,,215,87-0151,Tube 5.00/5.10-16 TR6,,20,500055,Labor - Mount & Balance,1,55,500002,Tire Disposal Fee,1,2.5,,,,,,,,,,,,,,,,,,,,,,,,,,Estimates valid for 10 days,,\""]
["\"3/12/2018 4:20:11 PM\",\"Jorge\",\"956-530-9081\",\"1995 Shadow 1100\",\"USA\",\"Robert\",\",,,,87-4617,Shinko *130/70B19 F777 WWW FR,1,119,87-0172,Tube 4.00/4.50-18 TR4,1,16,500045,Labor - Mount & Balance FR^ on bike,1,45,500002,Tire Disposal Fee,1,2.5,,,,,,Fork Seal R&R^ Parts & Labor,,220,,,,,87-4593,SHINKO *170/80B15 SR777 WWW Reinforced,,142,,Tube & Labor,,89,,Total w/Tax $252.76,,,,Estimates valid for 10 days,,\""]
["\"3/13/2018 11:56:12 AM\",\"Derekk\",\"956-342-6328\",\"2013 YZ450\",\"USA\",\"Robert\",\"87-9259,Michelin *120/80-19R StarCross Soft,1,118,500025,Labor - Mount & Balance,1,25,500002,Tire Disposal Fee,1,2.5,,Tube,1,32,,,,,,,,,,,,,,,,,,,,,,,,,,,,,,Estimates valid for 10 days,,\""]
["\"3/13/2018 1:22:54 PM\",\"ESG Customs\",\"956-687-6565\",\"\",\"USA\",\"Robert\",\"960-2503,Yoshimura Race R-77 Full System Exhaust,1,489.25,550-0138,Hi Flo Oil Filter HF138,1,5.49,,Dash Ext Panel,1,-24.9,,,,,,,,,,,,,,,,,,,,,,,,,,,,,,,,,,,,\""]
["\"3/13/2018 2:22:17 PM\",\"Leo\",\"956-451-4056\",\"2014 FXDF\",\"USA\",\"Robert\",\",180/70-16,,,314450,130/90-16,1,172,,D427,,,,,1,45,,,1,2.5,,,,,,,,,,,,,,,,,,,,,,,,,,Estimates valid for 10 days,,\""]
["\"3/14/2018 10:33:22 AM\",\"Adrian\",\"956-569-3550\",\"\",\"USA\",\"Robert\",\"811-11009 or 11010,Drive Belt,,179,500065,Labor Estimated - $250 to $300,,,,Misc Oils^ Gaskets,,,,,,,,,,,,,,,,,,,,,,,,,,,,,,,,,,,,Estimates valid for 10 days,,\""]
["\"3/14/2018 10:38:16 AM\",\"Oscar\",\"956-686-9393 / 329-9975\",\"2007 Heritage Softail\",\"USA\",\"Robert\",\"87-4597,Shinko *150/80B16 SR777 Reinf RR,1,129,500020,Labor - Mount & Balance RR^ off bike,1,20,,Tube 16in Ctr or OC,1,20,500002,Tire Disposal Fee,1,2.5,Tow,Tow - McAllen to Shop,,30,,,,,,,,,,,,,,,,,,,,,,,,,,Estimates valid for 10 days,,\""]
["\"3/14/2018 11:25:07 AM\",\"Hugo\",\"956-281-2059\",\"\",\"USA\",\"Robert\",\"87-4568,Shinko *MU85B16 R777 Reinf RR,1,143,87-4585,Shinko *130/90B16 SR777 Reinf FR,1,109,500050,Labor - Mount & Balance RR^ on bike,1,50,500040,Labor - Mount & Balance FR^ on bike,1,40,500002,Tire Disposal Fee,2,2.5,,,,,,,,,,,,,,,,,,,,,,,,,,Estimates valid for 10 days,,\""]
["\"3/14/2018 11:53:02 AM\",\"Rocky\",\"956-648-0674\",\"Dyna\",\"USA\",\"Robert\",\"500070,Labor - Mount & Balance RR^ on bike carry-in,,70,500055,Labor - Mount & Balance FR^ on bike carry-in,,55,281121,160-180/70-17 Tube Center TP,1,34,87-0186,Tube 2.75/3.00-21 TR4,1,15,,,,,871-2173,Pirelli *180/60-17 Night Dragon RR,1,223,871-2147,Pirelli *MH90-21 Night Dragon FR,1,138,500050,Labor - Mount & Balance RR^ on bike,1,50,500040,Labor - Mount & Balance FR^ on bike,1,40,,Valves^ Brakes^ Tubes extra if required,,,,,,,,Estimates valid for 10 days,,\""]
["\"3/14/2018 1:00:02 PM\",\"George - Revolution\",\"956-325-8325\",\"Resale Cert on file^ B2B Rates\",\"USA\",\"Robert\",\"85-0450,Valve Stem Chrome,2,,151948,Valve Stem Alum SIL BM,1,,152103,Valve Stem Alum BLK BM,1,,,,,,,,,,,,,,,,,,,,,,,,,,,,,,,,,,,Estimates valid for 10 days,,\""]
["\"3/14/2018 1:18:36 PM\",\"Randy\",\"956-363-5575\",\"2000 GSX600F\",\"USA\",\"Robert\",\"11511-26E01,Oil Pan OEM,1,229,11489-27A21,Gasket OEM Oil Pan,1,19,09248-16012,Plug Oil OEM,2,5,09168-16002,Gasket OEM Oil Plug,2,2,Frt,Shipping,1,12,,,,,,,,,,,,,,,,,,,,,,,,,,Estimates valid for 10 days,,\""]
["\"3/14/2018 2:11:20 PM\",\"Mario\",\"956-533-6929\",\"Suzuki S40\",\"USA\",\"Robert\",\"49-2282,Battery FP CTX14AHL-NS for Suzuki S40,1,69,Core,Core Chg (if required),,4,,,,,,,,,,,,,,,,,,,,,,,,,,,,,,,,,,,,,,Estimates valid for 10 days,,\""]
["\"3/14/2018 2:57:46 PM\",\"Carlos\",\"956-998-9865\",\"Honda VTX1300\",\"USA\",\"Robert\",\"314460,Dunlop *170/80B15 Elite 4 RR,1,199,500060,Labor - Mount & Balance RR^ on bike,1,60,,Tube 15in,1,24,500002,Tire Disposal Fee,1,2.5,,Brakes extra if required,,,,,,,,,,,,,,,,,,,,,,,,,,,,Estimates valid for 10 days,,\""]
["\"3/14/2018 3:09:50 PM\",\"William\",\"956-478-8775\",\"2013 Suzuki M90\",\"USA\",\"Robert\",\"300076,G852-G *200/50ZR17 M90 RR,1,209,500060,Labor - Mount & Balance RR^ on bike,1,60,500002,Tire Disposal Fee,1,2.5,,Tubes^ Valves^ Brakes extra if required,,,,,,,,,,,,,,,,,,,,,,,,,,,,,,,,Estimates valid for 10 days,,\""]
["\"3/14/2018 5:29:03 PM\",\"Abran\",\"956-274-2253\",\"2002 Suz VS1400\",\"USA\",\"Robert\",\"500180,Labor - Mount & Balance,,180,22-56129,ALL BALLS FORK & DUST SEAL WIPER KIT,1,28,,,,,15-2309,EBC Redline Clutch Kit,1,70,15-1791,EBC Clutch Springs,1,10,14-515,RR Brakes,1,60,15-179,FR Brakes,1,34,,,,,,,,,,,,,,,,,,Estimates valid for 10 days,,\""]
["\"3/15/2018 1:31:03 PM\",\"Don\",\"956-226-6363\",\"2014 Stratoliner Tour Deluxe\",\"USA\",\"Robert\",\"500080,Labor - Mount & Balance RR^ on bike,1,80,500060,Labor - Mount & Balance FR^ on bike,1,60,550-0204,Basic Oil & Filter Change^ Disp.,1,69,771906,K&N Air,1,70,,Estimate - Inspection,1,40,,Addl Syn Oil,1,25,500002,Tire Disposal Fee,2,2.5,,Tubes^ Valves^ Brakes extra if required,,,,Customer tire carry-in,,,,,,,,,,,,Estimates valid for 10 days,,\""]
["\"3/16/2018 10:27:54 AM\",\"Daniel\",\"956-438-0020\",\"Kaw Vulcan\",\"USA\",\"Robert\",\",Carb Clean,,,,Advise ?,,,,,,,,,,,,,,,,,,,,,,,,,,,,,,,,,,,,,,,,Estimates valid for 10 days,,\""]
["\"3/16/2018 10:40:23 AM\",\"Cash Customer\",\"\",\"\",\"USA\",\"Robert\",\"87-4586,Shinko *130/90B16 SR777 WWW FR,1,108,87-4460,Shinko *110/70-17 SR740 FR,1,75,500030,Labor - Mount & Balance,1,30,500025,Labor - Mount & Balance,1,25,500002,Tire Disposal Fee,2,2.5,,,,,,,,,,,,,,,,,,,,,,,,,,Estimates valid for 10 days,,\""]
["\"3/16/2018 2:27:40 PM\",\"Oscar\",\"956-393-1296\",\"\",\"USA\",\"Robert\",\"87-4016,Shinko *180/55-17 R005 RR,,124,87-4010,Shinko *120/70-17 F005 FR,,81,87-9684,Michelin *180/55ZR17 Pilot Road 2 RR,1,169,87-9678,Michelin *120/70ZR17 Pilot Rd 2 FR,1,139,500030,Labor - Mount & Balance,1,30,500025,Labor - Mount & Balance,1,25,,,,,,Shinko OTD $281.45,,,,,,,,,,,,,,,,Estimates valid for 10 days,,\""]
["\"3/17/2018 10:16:51 AM\",\"Carlos\",\"2006 Yamaha V-Star 1100\",\"210-857-8902\",\"USA\",\"Robert\",\"87-4477,Shinko *170/80-15 RR SR737,1,119,87-4165,Shinko *130/90-16 FR 230,,94,500060,Labor - Mount & Balance RR^ on bike,1,60,500040,Labor - Mount & Balance FR^ on bike,,40,500002,Tire Disposal Fee,1,2.5,,Tubes^ Valves^ Brakes extra if required,,,,,,,400005,Discount - Cash only (OTD @ $322.),,-18.04,,Return owe $97.43,,,,Used Handlebars - No tax,,70,,,,,,Estimates valid for 10 days,,\""]
["\"3/17/2018 10:44:06 AM\",\"Cash Customer\",\"956-460-2921\",\"2008 Dyna Low Rider\",\"USA\",\"Robert\",\"87-4602,SHINKO *160/70B17 SR777 WWW REINFORCED RR,,149,87-4588,SHINKO *100/90-19 SR777  WWW REINFORCED FR,1,89,500050,Labor - Mount & Balance,,55,500045,Labor - Mount & Balance,1,45,500002,Tire Disposal Fee,1,2.5,,,1,14,,,,26,,,,,,,,,,,,,,,,,,Estimates valid for 10 days,,\""]
["\"3/17/2018 11:33:53 AM\",\"Saul\",\"956-460-2921\",\"2008 Dyna Low Rider\",\"USA\",\"Robert\",\"87-4602,Shinko *160/70B17 SR777 WWW Reinf RR,1,149,87-4588,Shinko *100/90-19 SR777 WWW Reinf FR,1,89,500050,Labor - Mount & Balance RR^ on bike,1,55,500045,Labor - Mount & Balance FR^ on bike,1,50,500002,Tire Disposal Fee,2,2.5,,Tube FR,1,14,,Tube RR,1,26,87-4601,Shinko *160/70B17 SR777 Reinf RR,,142,87-4587,Shinko *100/90-19 SR777  Reinf FR,,79,,,1,-24.03,,,,,,Estimates valid for 10 days,,166.6\""]
["\"3/17/2018 11:44:22 AM\",\"Cash Customer\",\"956-735-7426\",\"2015 Indian Roadmaster\",\"USA\",\"Robert\",\"314469,180/60R16,1,243,314450,130/90-16,1,173,,,1,60,,,1,50,,,2,2.5,,,,,,,,291.2,,,,,,,,,,,,,,,,,,Estimates valid for 10 days,,\""]
["\"3/17/2018 1:20:14 PM\",\"Rene\",\"956-451-0191\",\"2009 Heritage Softail\",\"USA\",\"Robert\",\"87-4585,Shinko *130/90B16 SR777 REINFORCED FR,1,109,500020,Labor - Mount & Balance TT^ off bike,1,20,,Tube Ctr or OC,1,20,500002,Tire Disposal Fee,1,2.5,,,,,,,,,,,,,,,,,,,,,,,,,,,,,,Estimates valid for 10 days,,\""]
["\"3/17/2018 4:05:42 PM\",\"Manuel\",\"956-821-7546\",\"2005 Shadow 1100\",\"USA\",\"Robert\",\"87-4592,Shinko *170/80-15 SR777 Reinf RR,,128,87-4563,Shinko *120/90-18 F777 FR,,103,500060,Labor - Mount & Balance RR^ on bike,1,75,500045,Labor - Mount & Balance FR^ on bike,1,60,500002,Tire Disposal Fee,2,2.5,,Tubes^ Valves^ Brakes extra if required,,,,Cash discount,1,-10.67,,Carry-in Price,,,,,,,,,,,,,,,,Estimates valid for 10 days,,\""]
["\"3/17/2018 5:04:34 PM\",\"Nahaliel\",\"956-358-2602\",\"1972 Honda SL100\",\"USA\",\"Robert\",\"70-3038,Clutch Cable Motion Pro Blk Vinyl,1,19,C01008,Throttle Cable 39in Honda,1,19,,,,,,,,,,,,,,,,,,,,,,,,,,,,,,,,,,,,,,Estimates valid for 10 days,,\""]
["\"3/19/2018 2:04:38 PM\",\"Cash Customer\",\"2005 Roadking\",\"\",\"USA\",\"Robert\",\",,1,70,,,1,45,87-9773,Michelin *MU85B16 Commander II RR,,179,87-9770,Michelin *MT90B16 Commander II FR,,142,500050,Labor - Mount & Balance,,50,500040,Labor - Mount & Balance,,40,,,,,,Carry-in Commanders,,,,,,,,,,,,,,,,Estimates valid for 10 days,,\""]
["\"3/19/2018 3:16:09 PM\",\"Adrian\",\"956-638-0668\",\"2014 XL883\",\"USA\",\"Robert\",\"87-9424,Michelin *150/60ZR17 Scorcher 11 RR,1,187,500050,Labor - Mount & Balance RR^ on bike,1,50,500002,Tire Disposal Fee,1,2.5,,,,,,,,,,,,,,,,,,,,,,,,,,,,,,,,,,Estimates valid for 10 days,,\""]
["\"3/20/2018 9:31:59 AM\",\"Randy\",\"956-363-5575\",\"2000 GSX600F\",\"USA\",\"Robert\",\",FA 63 RR Brakes,,25,,FA229 FR Brakes,,29,,FA231 FR Brakes,,29,,56-132 Fork Seals,,32,,Fork Oil 10wt (499 cm3 each),,12,,Engine Oil (4.01 req),,6.95,,,,,,,,,,,,,,,,,,,,,,Estimates valid for 10 days,,\""]
["\"3/20/2018 10:18:24 AM\",\"David\",\"830-212-2732\",\"2004 GSXR600\",\"USA\",\"Robert\",\",120/70 FR,1,106,,180/55 RR,1,154,,Tire ,2,2.5,,Discount - Cash,1,-23.11,,Fork Seal R&R,1,220,,,,,,,,,,,,,,,,,,,,,,,,,,Estimates valid for 10 days,,\""]
["\"3/20/2018 1:31:12 PM\",\"Gabriel\",\"956-226-8773\",\"2002 FXDWG SwitchBlade\",\"USA\",\"Robert\",\"310473,Dunlop *200/55R17 Amer Elite RR (Softail),1,207,498318,Regulator / Rectifier Cycle Electric,,159,498320,Stators Cycle Electric,,125,509133,Sunglasses Shield II Blk/Amber,1,19,,Sunglasses Bobster Blk/Amber,1,19,27A,PKCell Alkaline Battery,1,2,,,,,,,,,,,,,,,,,,,,,,Estimates valid for 10 days,,\""]
["\"3/20/2018 1:36:22 PM\",\"Matthew\",\"956-381-2011\",\"2014 Softail Deluxe\",\"USA\",\"Robert\",\"87-4598,Shinko *150/80B16 SR777 WWW Reinforced,1,135,500055,Labor - Mount & Balance,1,55,87-0151,Tube 5.00/5.10-16 TR6,1,20,500002,Tire Disposal Fee,1,2.5,,,,,,,,,,,,,,,,,,,,,,,,,,,,,,Estimates valid for 10 days,,\""]
["\"3/20/2018 3:15:50 PM\",\"Roberto\",\"956-252-5382\",\"2005 Burgman 400\",\"USA\",\"Robert\",\"87-4502,SHINKO *130/70-13 SR658 RR,1,50,500045,Labor - Mount & Balance RR^ on bike,1,45,500002,Tire Disposal Fee,1,2.5,,Tubes^ Valves^ Brakes extra if required,,,,,,,,,,,,,,,,,,,,,,,,,,,,,,,,Estimates valid for 10 days,,\""]
["\"3/21/2018 12:02:06 PM\",\"David\",\"956-789-4389\",\"2011 Ultra Classic Limited FLHTK\",\"\",\"Robert\",\"87-4566,Shinko *130/80-17 SR777 FR,1,111,87-9756,MICHELIN *180/65-16 Commander II RR,1,238,500045,Labor - Mount & Balance,1,45,500055,Labor - Mount & Balance,1,55,500002,Tire Disposal Fee,2,2.5,87-4599,SHINKO *180/65B16 SR777 REINFORCED,,143,,,,,,,,,,,,,,,,,,,,,,Estimates valid for 10 days,,\""]
["\"3/21/2018 12:40:29 PM\",\"Adolfo\",\"956-400-4547\",\"1998 Yamaha Royal Star 1300\",\"USA\",\"Robert\",\"87-4605,Shinko *150/80-16 F777 WWW FR ,1,128,87-4598,Shinko *150/80B16 SR777 WWW Reinforced,1,135,500065,Labor - Mount & Balance RR on bike,1,65,500050,Labor - Mount & Balance FR on bike,1,50,87-0151,Tube 5.00/5.10-16 TR6,,20,87-5920,IRC  TUBE 140-150/90-15,,22,500002,Tire Disposal Fee,2,2.5,,,,,,,,,,,,,,,,,,Estimates valid for 10 days,,\""]
["\"3/21/2018 1:31:30 PM\",\"Bernard\",\"956-780-6250\",\"2005 Honda Shadow Aero\",\"USA\",\"Robert\",\"87-4560,Shinko *120/90-17 777 FR,1,107,500020,Labor - Mount & Balance TT^ off bike,1,20,87-0160,4.50/5.10-17 TR4 Tube,1,16,500002,Tire Disposal Fee,1,2.5,400007,Discount - Cash only,1,-9.7,,,,,,,,,,,,,,,,,,,,,,,,,,Estimates valid for 10 days,,\""]
["\"3/21/2018 4:25:13 PM\",\"George\",\"956-239-0643\",\"2001 DRZ400\",\"USA\",\"Robert / Randy\",\",Clean Carb,,,,Re-assemble bike,,,,Replace Fuel & Vacum lines,,,,Missing Fuel Petcock,,,,Advise if other parts found missing,,,,,,,,3 to 4 hrs (@$65)^ Petcock ($25?)^ fuel lines ($15?),,,,,,,,,,,,,,,,,,,,,,\""]
["\"3/22/2018 9:41:17 AM\",\"Mike\",\"956-322-9960\",\"\",\"USA\",\"Robert\",\"87-4106,Shinko *MT90B16 WWW RR,1,104,87-4101,Shinko *MT90-16 250 WWW FR,1,94,500050,Labor - Mount & Balance RR^ on bike,1,50,500040,Labor - Mount & Balance FR^ on bike,1,40,500002,Tire Disposal Fee (if left)^ each,,2.5,,Brakes extra if required,,,,Tubes 16in Ctr or OC,2,20,,,,,,Labor - Purchased on-line,,130,,,,,,,,,,Estimates valid for 10 days,,\""]
["\"3/22/2018 2:26:49 PM\",\"Charles\",\"956-219-3633\",\"2013 Ninja 650\",\"USA\",\"Robert\",\"87-9146,Mich *120/70ZR17 2CT Pilot Pwer FR,1,127,500025,Labor - Mount & Balance FR^ on bike,1,25,500002,Tire Disposal Fee,1,2.5,,,,,,Tire ETA 2nd Business day,,,,Thanks,,,,,,,,,,,,,,,,,,,,,,,,Estimates valid for 10 days,,\""]
["\"3/22/2018 3:16:08 PM\",\"Biggie\",\"956-854-0625\",\"2011 Road Glide\",\"USA\",\"Robert\",\"87-4616,Shinko *130/70B18 F777 FR,1,107,500045,Labor - Mount & Balance FR^ on bike,1,45,500002,Tire Disposal Fee,1,2.5,,Tubes^ Valves^ Brakes extra if required,,,400010,Discount - Cash only,1,-15.93,,,,,,,,,,,,,,,,,,,,,,,,,,Estimates valid for 10 days,,\""]
["\"3/22/2018 3:25:10 PM\",\"Obeb\",\"956-274-4092\",\"2001 Shadow Spirit 750\",\"USA\",\"Robert\",\"87-4572,SHINKO *160/80-15 777 RR,1,129,87-4587,SHINKO *100/90-19 SR777  FR,1,79,500060,Labor - Mount & Balance RR^ on bike,1,60,500045,Labor - Mount & Balance FR^ on bike,1,45,500002,Tire Disposal Fee,2,2.5,,Tube RR,1,24,,Tube FR,1,13,,,,,,,,88,,,,90,,,,,,Estimates valid for 10 days,,\""]
["\"3/22/2018 5:45:20 PM\",\"Abraham Tanus\",\"956-650-0414\",\"2008 F650GS\",\"USA\",\"Robert\",\"300687,Bridgestone *130/80R17 TW152 RR,,178,300686,Bridgestone *100/90-19 TW101 FR,,138,290510,Conti TKC70 *130/80-17 TL RR,2,175,290500,Conti TKC70 *100/90R19 FR,2,120,500040,Labor - Mount & Balance TL^ off bike,4,40,500002,Tire Disposal Fee,4,2.5,,,,,,,,,,,,,,,,,,,,,,Estimates valid for 10 days,,\""]
["\"3/22/2018 5:59:03 PM\",\"Abraham Tanus\",\"956-650-0414\",\"2012(?) Yamaha Super Tenere 1200\",\"USA\",\"Robert\",\"290512,Conti TKC70 *150/70R17 TL RR,1,198,290501,Conti TKC70 *110/80R19 TL FR,1,158,500040,Labor - Mount & Balance TL^ on bike,1,40,500002,Tire Disposal Fee,1,2.5,531700B,Ride-On TPS M/C - Bulk,16,2.2,,Tubes^ Valves^ Brakes Extra if required,,,,,,,,,,,,,,,,,,,,,,,,Estimates valid for 10 days,,\""]
["\"3/22/2018 6:02:29 PM\",\"Abraham Tanus\",\"956-650-0414\",\"2008 F650GS\",\"USA\",\"Robert\",\"290510,Conti TKC70 *130/80-17 TL RR,2,175,290500,Conti TKC70 *100/90R19 FR,2,120,500040,Labor - Mount & Balance TL^ off bike,4,40,500002,Tire Disposal Fee,4,2.5,531700B,Ride-On TPS M/C - Bulk,28,2.2,,,,,,,,,,,,,,,,,,,,,,,,,,Estimates valid for 10 days,,\""]
["\"3/23/2018 9:49:52 AM\",\"Gilbert\",\"956-560-1412\",\"2005 Roadking\",\"USA\",\"Robert\",\",Carry-in Mich Commanders,,,500070,Labor - Mount & Balance RR^ on bike,1,70,500050,Labor - Mount & Balance FR^ on bike,1,50,,,,,,,,,,,,,,,,,,,,,,,,,,,,,,,,,,Estimates valid for 10 days,,\""]
["\"3/23/2018 9:59:01 AM\",\"Gilbert\",\"956-560-1412\",\"2005 Roadking\",\"USA\",\"Robert\",\",Carry-in Mich Commanders,,,500070,Labor - Mount & Balance RR^ on bike,1,70,500050,Labor - Mount & Balance FR^ on bike,1,50,,,,,,,,,,,,,,,,,,,,,,,,,,,,,,,,,,Estimates valid for 10 days,,\""]
["\"3/23/2018 11:55:54 AM\",\"Ociel\",\"811-313-2729\",\"2014 Street Glide\",\"USA\",\"Robert\",\"87-4599,SHINKO *180/65B16 SR777 REINFORCED,1,144,87-4606,Shinko *130/60-19 F777 FR,1,129,500050,Labor - Mount & Balance,1,50,500045,Labor - Mount & Balance,1,45,500002,Tire Disposal Fee,2,2.5,,Tubes^ Valves^ Brakes extra if required,,,310467,Dunlop *130/60B19 Amer Elite BW FR,,150,310471,AMERICAN ELITE *180/65-16 RR ,,244,,Dunlop Tires only with Tax $426.51,,,,Shinko Tires only $295.52,,,,,,,,Estimates valid for 10 days,,\""]
["\"3/23/2018 2:20:25 PM\",\"Esequiel\",\"956-522-6641\",\"2015 Street Bob\",\"USA\",\"Robert\",\"87-9758,MICHELIN COMMANDER II BIAS *160/70-17R RR,1,219,87-4601,SHINKO *160/70B17 SR777 REINFORCED RR,,141,87-09551,TUBE 150/70-17 130/90-17 ,1,29,500050,Labor - Mount & Balance RR^ on bike,1,50,500002,Tire Disposal Fee,1,2.5,,Brakes extra if required,,,,,,,,,,,,,,,,,,,,,,,,Estimates valid for 10 days,,\""]
["\"3/23/2018 2:42:39 PM\",\"Gilbert\",\"956-250-5050\",\"2012 Switchback\",\"USA\",\"Robert\",\"87-9742,MICHELIN *130/80-17F Commander II,1,185,500045,Labor - Mount & Balance,1,45,500002,Tire Disposal Fee,1,2.5,,,,,,,,,,,,,,,,,,,,,,,,,,,,,,,,,,Estimates valid for 10 days,,\""]
["\"3/24/2018 11:52:45 AM\",\"Joe\",\"956-279-6698\",\"2013 CRF110F\",\"USA\",\"Robert\",\"500030,Labor - Mount & Balance TT^ on bike,1,30,87-0119,Tube 2.50/2.75-12 TR4,1,8,531700B,Ride-On TPS M/C - Bulk (4 oz),4,2.2,,,,,,,,,,,,,,,,,,,,,,,,,,,,,,,,,,,,\""]
["\"3/24/2018 5:05:31 PM\",\"Don\",\"956-226-6363\",\"2014 Yamaha Stratoliner Deluxe\",\"USA\",\"Robert\",\"500065,Labor - Estimated Air Fltr & Spk Plug R&R,4.5,65,771906,Air Filter K&N YA-1906,1,70,DPR8EA-9,NGK SPARK PLUG - TR380065,4,3.5,,,,,279-0002,Speed-Way Shelter Touring,,400,,,,,,,,,,,,,,,,,,,,,,,,,,Estimates valid for 10 days,,\""]
["\"3/26/2018 9:06:08 AM\",\"Jarrett\",\"956-321-9162\",\"2007 Suz VZ800 M50 Marauder\",\"USA\",\"Robert\",\"154-2019,KG Pro Clutch Disk Kit,,75,21441-37400,Plate Drive No 1,6,14,21451-14A00,Plate Driven,6,9,21442-37401,Plate Clutch Drive No2,1,15,,,,,,,,,,,,,,,,,,,,,,,,,,,,,,Estimates valid for 10 days,,\""]
["\"3/26/2018 9:07:32 AM\",\"Adrian\",\"956-648-0334\",\"2010 Dyna Fat Bob\",\"USA\",\"Robert\",\",Not started in year,,,Tow,3206 Joycee Dr.^ Mission 78573,,,,,,,,,,,,,,,,,,,,,,,,,,,,,,,,,,,,,,,,Estimates valid for 10 days,,\""]
["\"3/26/2018 9:16:54 AM\",\"Juan\",\"956-393-0680\",\"2003 Nighttrain\",\"USA\",\"Robert\",\"87-9771,Michelin *MH90-21 Commander II FR,,141,500040,Labor - Mount & Balance FR^ on bike,1,40,500002,Tire Disposal Fee,1,2.5,310476,Dunlop *MH90H21 American Elite BW FR,1,141,87-4589,Shinko *80/90-21 F777 FR,,79,,,,,,,,,,,,,,,,,,,,,,,,,,Estimates valid for 10 days,,\""]
["\"3/26/2018 9:28:23 AM\",\"Albert\",\"956-250-0286 (old 479-353-2280)\",\"2007 HD Electra Clasic\",\"USA\",\"Robert\",\"500027,Labor - Basic Oil Change,1,27,550-0171C,HIFLO Oil Filter Chrome ,1,11.95,MCSQT,AmsOil Synthetic SAE 60 MC Oil,4,12.8,Disp,Oil & Filter Disposal^ Clnr^ Rags,1,2.23,,,,,,,,,,,,,,,,,,,,,,,,,,,,,,Estimates valid for 10 days,,\""]
["\"3/26/2018 2:44:25 PM\",\"Chris\",\"956-888-0439 (Old 358-5683^ 205-3683)\",\"FKHR\",\"USA\",\"Robert\",\"310493,Dunlop *MU85B16 Amer Elite BW RR,1,189,310480,Dunlop *MT90B16 Amer Elite BW FR,1,159,500050,Labor - Mount & Balance RR^ on bike,1,50,500045,Labor - Mount & Balance FR^ on bike,1,45,500002,Tire Disposal Fee,2,2.5,,Tubes^ Valves^ Brakes extra if required,,,,,,,,,,,,,,,,,,,,,,,,Estimates valid for 10 days,,\""]
["\"3/26/2018 3:12:06 PM\",\"Chris\",\"956-888-0439 (Old 358-5683^ 205-3683)\",\"FKHR\",\"USA\",\"Robert\",\"310493,AMER ELITE *MU85B16 BW RR,,189,310480,Dunlop *MT90B16 Amer Elite BW FR,,159,500050,Labor - Mount & Balance,1,50,500045,Labor - Mount & Balance,,45,500002,Tire Disposal Fee,1,2.5,,Tubes^ Valves^ Brakes extra if required,,,,,,,310490,Dunlop *MT90B16 Amer Elite RR,1,185,,,,,,,,,,,,,,Estimates valid for 10 days,,\""]
["\"3/26/2018 5:46:54 PM\",\"Brenda\",\"956-212-6918\",\"\",\"USA\",\"Robert\",\"310861,Dunlop *120/70ZR17 Sportmax Q3+ FR,1,134,500025,Labor - Mount & Balance,1,25,,,,,,,,,,,,,,,,,,,,,,,,,,,,,,,,,,,,,,Estimates valid for 10 days,,\""]
["\"3/27/2018 8:50:31 AM\",\"Lino\",\"956-\",\"1985 K100LT\",\"USA\",\"Robert\",\"87-4153,Shinko  *130/90-17 712 RR,1,84,87-4140,Shinko *100/90-18 712 FR,1,59,,,,,,ETA Thur 29th @ noon,,,,,,,,,,,,,,,,,,,,,,,,,,,,,,,,Estimates valid for 10 days,,\""]
["\"3/27/2018 8:57:05 AM\",\"Jim\",\"417-849-1469\",\"2005 Silverwing\",\"USA\",\"Robert\",\"87-4284,SHINKO *120/80-14 SR567 FR,1,64,500015,Labor - Mount & Balance TL^ off bike,1,15,151414,Valve 90deg Chrome BM,1,7.95,500002,Tire Disposal Fee,1,2.5,,,,,300539,B03 *120/80-14 HOOP SIL WING FR,,106,,,,,,,,,,,,,,,,,,,,,,Estimates valid for 10 days,,\""]
["\"3/27/2018 12:47:46 PM\",\"Douglas Young\",\"2010 Honda NT700\",\"956-240-4299\",\"USA\",\"Robert\",\"500035,Labor - Basic Engine Oil & Fltr Chg^ Disposal,1,35,140204,HiFlo HF204 Oil Filter,1,8.95,532325,Synthetic MC Oil 20w-50,3.3,12.95,Disp,Engine Oil & Filter Disposal^ Rags^ Clnrs,1,2.11,Misc,Detail^ Inspection,1,100,,,,,,,,,,,,,,,,,,,,,,,,,,Estimates valid for 10 days,,\""]
["\"3/27/2018 1:04:40 PM\",\"Richard\",\"915-920-9611\",\"\",\"USA\",\"Robert\",\"57-5644,ITP Mud Lite 25x10-12,2,92,57-5648,ITP Mud Lite 25x8-12,2,77,,,,,,,,,,,,,,,,,,,,,,,,,,,,,,,,,,,,,,Estimates valid for 10 days,,\""]
["\"3/27/2018 3:38:08 PM\",\"Carlos Gutierrez\",\"956-784-9439\",\"Resale in Monterey\",\"USA\",\"Robert\",\"300606,Bridgestone *120/70ZR18 Exefra Max FR,,115,353322,Metzeler *120/70R18 ME880 FR,,161,87-4082,Shinko *120/70-18 F011 FR,,78,,,,,,,,,,,,,,,,,,,,,,,,,,,,,,,,,,Estimates valid for 10 days,,\""]
["\"3/27/2018 5:21:25 PM\",\"Alberto\",\"956-732-9666\",\"2005 Busa\",\"USA\",\"Robert\",\",Labor,1,177,,Seals,1,29,,Fork Oil,1,12,,Brakes,2,31,,,,,,,,,,,,,,,,,,,,,,,,,,,,,,Estimates valid for 10 days,,\""]
["\"3/28/2018 12:39:55 PM\",\"Gary\",\"956-802-9992\",\"2014 Honda Valkrey 1800\",\"USA\",\"Robert\",\"310499,Dunlop *160/70B17 Am Elite BW RR,1,224,310467,Dunlop *130/60B19 Amer Elite BW FR,1,150,500040,Labor - Mount & Balance EA^ on bike,2,40,500002,Tire Disposal Fee,2,2.5,,,,,,If rear wheel is single sided,,,,,,,,,,,,,,,,,,,,,,,,Estimates valid for 10 days,,\""]
["\"3/28/2018 1:04:43 PM\",\"Jon\",\"956-403-1513 (Alt 407-8712)\",\"2010 HD Dyna\",\"USA\",\"Robert\",\"87-4601,SHINKO *160/70B17 SR777 REINFORCED RR,1,143,500055,Labor - Mount & Balance RR^ on bike,1,55,87-09551,TUBE 150/70-17 130/90-17 ,1,29,500002,Tire Disposal Fee,1,2.5,,,,,,,,,,,,,,,,,,,,,,,,,,,,,,Estimates valid for 10 days,,\""]
["\"3/28/2018 2:16:50 PM\",\"Andrew\",\"512-663-2096\",\"2006 Heritage Softail\",\"USA\",\"Robert\",\"500035,Labor - Mount & Balance TT^ off bike,2,35,500045,Labor - Bearing R&R,2,45,22-51368,Wheel Bearing / Seal Kit All Balls,2,28,,,,,,,,,,,,72,,,,81,,,,,,,,,,,,,,,,,,Estimates valid for 10 days,,\""]
["\"3/28/2018 2:20:31 PM\",\"Jaime - Continental Power Sys\",\"956-227-7883\",\"Resale cert on file\",\"Big Dog\",\"Robert\",\"87-4589,Shinko *80/90-21 F777 FR,1,61,500015,Labor - Mount & Balance TL^ off bike,1,15,,Valves extra if required,,,,,,,,,,,,,,,,,,,,,,,,,,,,,,,,,,,,Estimates valid for 10 days,,\""]
["\"3/29/2018 11:55:35 AM\",\"Robert\",\"956-457-6212\",\"2011 GSX-R600\",\"USA\",\"Robert\",\"56-132,Fork Seal R&R,1,220,,Basic Eng Oil Chg,1,69,,Chain Lube & Adj,1,8,,,,,,Monday 2nd,,,,,,,,Take FR Lowering Strap off,,,,,,,,,,,,,,,,,,,,Estimates valid for 10 days,,\""]
["\"3/30/2018 12:03:52 PM\",\"Fernando\",\"956-821-9430\",\"2002 FLHR RoadKing\",\"USA\",\"Robert\",\"273-1218,CYCLE ELECTRIC  REGULATOR,1,201,273-1402,CYCLE ELECTRIC  STATOR,1,146,500065,Labor - R&R Stator and Regulator,4.5,65,,,,,,,,,,,,,,,,,,,,,,,,,,,,,,,,,,Estimates valid for 10 days,,\""]
["\"3/30/2018 12:35:48 PM\",\"Roberto\",\"956-867-0562\",\"2008 V-Star 1100 Silverado\",\"USA\",\"Robert\",\"49-2131,Battery CT14B-4 Factory Activated Sealed,1,69,,,,,87-4477,Shinko *170/80-15 RR SR737,,119,87-4165,Shinko *130/90-16 FR 230,,99,500060,Labor - Mount & Balance RR^ on bike,,60,500045,Labor - Mount & Balance FR^ on bike,,45,500002,Tire Disposal Fee (2 req),,2.5,,Tubes^ Valves^ Brakes extra if required,,,,Tax,,27.06,,Total,,355.06,,,,,,Estimates valid for 10 days,,\""]
["\"3/30/2018 4:41:20 PM\",\"Victor\",\"956-252-6683\",\"2007 Vulcan 900 classic\",\"USA\",\"Robert\",\"49-2270,Battery Maint Free CTX12-BS,1,69,56-1129,Battery Tender 12v,1,42.95,,,,,,,,,,,,,,,,,,,,,,,,,,,,,,,,,,,,,,Estimates valid for 10 days,,\""]
["\"3/31/2018 12:42:28 PM\",\"Eddie\",\"956-330-2456\",\"2011 DRZ400\",\"USA\",\"Robert\",\"682174,Maxxis Maxxcross-IT *80/100-21 FR,1,92,682185,Maxxis Maxxcross-IT *120/100-18 RR,1,107,87-09861,Tube Mich 80-90/90-21 Ultra HD,1,29,87-09751,Tube Mich 100-120/100-18 Ultra HD,1,29,500035,Labor - Mount & Balance EA^ on bike,2,35,500002,Tire Disposal Fee,2,2.5,,,,,,,,,,,,,,,,,,,,,,Estimates valid for 10 days,,\""]
["\"3/31/2018 12:58:14 PM\",\"Cash Customer\",\"\",\"2004 XL1200C\",\"USA\",\"Robert\",\"273-1210,Cycle Electric Regulator,1,149,273-1429,Cycle Electric Stator,1,99,GR,Primary Gasket,1,39,58-5203,Primary Fluid Lucas,2,13,600065,Labor - R&R Stator & Regulator,3.5,65,MISC,Gaskets / Seals / Misc,1,15,,,,,,,,,,,,,,,,,,,,,,Estimates valid for 10 days,,\""]
["\"3/31/2018 1:27:14 PM\",\"Ivar\",\"956-502-3250\",\"2004 XL1200C\",\"(Auto Body Shop)\",\"Robert\",\"273-1210,Cycle Electric Regulator,1,149,273-1429,Cycle Electric Stator,1,99,GR,Primary Gasket,1,39,58-5203,Primary Fluid Lucas,2,13,600065,Labor - R&R Stator & Regulator,3.5,65,MISC,Gaskets / Seals / Misc,1,15,,,,,,,,,,,,,,,,,,,,,,Estimates valid for 10 days,,\""]
["\"3/31/2018 2:27:32 PM\",\"Ricardo Trevinio\",\"\",\"Honda Shadow\",\"USA\",\"Robert\",\"87-4572,SHINKO *160/80-15 777 RR,1,127,,WPS RR Tube,1,20.81,,,,,,Cash only^ Thanks,,,,,,,,,,,,,,,,,,,,,,,,,,,,,,,,Estimates valid for 10 days,,\""]
["\"3/31/2018 3:46:03 PM\",\"Jerardo         \",\"956-735-0435\",\"2009 CRF450R\",\"USA\",\"Robert\",\"870-1056,Sedona *110/90-19 MX880ST RR,1,79,500040,Labor - Mount & Balance,1,40,500035,Labor - Mount & Balance,1,35,500002,Tire Disposal Fee,1,2.5,,,,,,,,,,,,,,,,,,,,,,,,,,,,,,Estimates valid for 10 days,,\""]
["\"4/3/2018 10:59:32 AM\",\"Cash Customer\",\"956-245-1900\",\"\",\"USA\",\"Robert\",\"87-9756,MICHELIN *180/65-16 Commander II RR,1,236,87-9742,MICHELIN *130/80-17F Commander II,1,186,500050,Labor - Mount & Balance,1,50,500040,Labor - Mount & Balance,1,40,500006,Labor - Mount & Balance,4,6,x,Tubes^ Valves^ Brakes extra if required,,,,,,,,,,,,,,,,,,,,,,,,Estimates valid for 10 days,,\""]
["\"4/3/2018 12:07:38 PM\",\"Oscar\",\"956-532-1395\",\"\",\"USA\",\"Robert\",\"87-4616,Shinko *130/70B18 F777 FR,1,112,,,,,,Thanks,,,,,,,,,,,,,,,,,,,,,,,,,,,,,,,,,,,,Estimates valid for 10 days,,\""]
["\"4/3/2018 12:48:26 PM\",\"Ramiro\",\"956-207-6847\",\"2008 XL883\",\"USA\",\"Robert\",\"87-4597,Shinko *150/80B16 SR777 Reinf RR,1,129,500050,Labor - Mount & Balance RR^ on bike,1,50,500002,Tire Disposal Fee,1,2.5,22-51571,Bearing / Seal Kit All-Balls,1,19,500045,Labor - Bearing R&R w/tire chg.,1,45,592360,BM Brake Pads (FA387),1,31,500010,Labor - Brake Pad R&R w/tire chg.,1,10,,Est^ Seal / Shaft repair (GR200300),1,350,,,,,,,,,,,,,,Estimates valid for 10 days,,\""]
["\"4/4/2018 2:48:27 PM\",\"Jesus\",\"956-478-3923\",\"2008 GSX-R600\",\"USA\",\"Robert\",\",,,,197358,Chain BM 525x150 Blk/Gld,,143,197356,525X150 BMXR XRing Chain,1,128,965307,Sprocket RR Steel BM 525x43,1,35,965598,Sprocket FR BikeMaster 525 16T,1,14,500085,Labor - Chain & Sprocket R&R,1,85,,,,,290146,Continental *180/55-17 Conti-Motion RR,1,124,290141,Continental *120/70-17 Conti-Motion FR,1,81,500030,Labor - Mount & Balance RR^ on bike,1,30,500025,Labor - Mount & Balance FR^ on bike,1,25,,Estimates valid for 10 days,1,-10\""]
["\"4/4/2018 2:54:16 PM\",\"Call-in Monterey MX\",\"\",\"\",\"USA\",\"Robert\",\"681335,Tire 16x8-7 CST C9314 RR,2,40,285132,Tire 18x7-7 Kenda K530 FR,2,54,,,,,,ETA 2nd Business day,,,,Thanks,,,,,,,,,,,,,,,,,,,,,,,,,,,,Estimates valid for 10 days,,\""]
["\"4/5/2018 10:33:58 AM\",\"Jose\",\"956-373-4969\",\"2009 XVZ1300 Yamaha\",\"USA\",\"Robert\",\"87-4590,Shinko *150/90-15 R777 RR,,135,500060,Labor - Mount & Balance,1,60,500002,Tire Disposal Fee,1,2.5,x,Tubes^ Valves^ Brakes extra if required,,,,,,,87-4476,SHINKO *150/80-15 SR734 RR,1,109,,,,,,,,135,,,,128,,,,,,,,,,Estimates valid for 10 days,,\""]
["\"4/5/2018 11:44:50 AM\",\"Jack\",\"641-529-6578 (old 529-2270)\",\"2012 RT1200 (?? this bike)\",\"USA\",\"Robert\",\"87-9934,Michelin *180/55 ZR17 Pilot Rd 4 GT,1,207,87-9938,Michelin *120/70 ZR17 Pilot Rd 4 GT,1,167,531700B,Ride-On TPS M/C - Bulk              ,,2.2,,,,,,,,,,,,,,,,,,,,,,,,,,,,,,,,,,Estimates valid for 10 days,,\""]
["\"4/5/2018 12:39:36 PM\",\"Jose\",\"956-373-4969\",\"2006 Yamaha Royal Star Midnight Venture\",\"USA\",\"Robert\",\"314471,Dunlop *150/90B15 Elite 4 RR,1,204,314415,Dunlop *150/80-16 Elite 3 FR,1,174,500065,Labor - Mount & Balance RR^ on bike,1,65,500045,Labor - Mount & Balance FR^ on bike,1,45,500002,Tire Disposal Fee,2,2.5,,Valves^ Brakes extra if required,,,,,,,,,,,,,,,,,,,,,,,,Estimates valid for 10 days,,\""]
["\"4/5/2018 12:44:31 PM\",\"Luciano\",\"956-929-9869\",\"1998 XL\",\"USA\",\"Robert\",\"87-4594,Shinko *130/90-16 777 Reinf RR,1,119,500055,Labor - Mount & Balance RR^ on bike,1,55,,Tube^ advised mag type wheel,,20,500002,Tire Disposal Fee,1,2.5,,,,,,,,,,,,,,,,,,,,,,,,,,,,,,Estimates valid for 10 days,,\""]
["\"4/5/2018 3:34:33 PM\",\"Kent\",\"956-292-8298\",\"2007 YZ250\",\"USA\",\"Robert / Chris M\",\"500025,Labor - DisMount & Mount TT^ off bike,1,25,870-1056,Shinko Hard/Intermed *110/100-18 MX8871T RR,1,89,531700B,Ride-On TPS M/C - Bulk (8 RR / 6 FR),14,2.2,,Tube - If Required,1,14,,,,,,Check and tighten spokes. Check Bearings,,,,,,,,,,,,,,,,,,,,,,,,,,\""]
["\"4/6/2018 10:34:10 AM\",\"Cash Customer\",\"956-897-5004\",\"2008 ElectraGlide\",\"USA\",\"Robert\",\"314939,Dunlop *MU85B16 RR WWW,,219,314902,Dunlop *MT90B16 D402 WWW FR,,186,87-4569,Shinko *MU85B16 R777 WWW RR,1,153,87-4586,Shinko *130/90B16 SR777 WWW FR,1,119,500055,Labor - Mount & Balance RR^ on bike,,55,500045,Labor - Mount & Balance FR^ on bike,,45,500002,Tire Disposal Fee,2,2.5,500015,Labor - Mount & Balance TL^ off bike,2,15,,,,,,,,,,,,,,Estimates valid for 10 days,,\""]
["\"4/6/2018 1:21:44 PM\",\"Alfonso\",\"956-867-9225\",\"2002 Ninja 250R\",\"USA\",\"Robert\",\"87-4462,Shinko *100/80-16 SR740 FR,1,62,87-4467,Shinko *130/80-16 SR741 RR,1,86,500030,Labor - Mount & Balance,1,30,500025,Labor - Mount & Balance,1,25,500002,Tire Disposal Fee,2,2.5,,,,,,,,,,,,,,,,,,,,,,,,,,Estimates valid for 10 days,,\""]
["\"4/7/2018 10:50:22 AM\",\"Vince\",\"956-252-4965\",\"2003 FatBoy\",\"USA\",\"Robert\",\"500020,Labor - DisMount & Mount TL^ off bike,1,20,22-51368,Wheel Bearing / Seal Kit All Balls,1,29,500030,Labor - Bearing Install only^ new rim,1,30,596944,Valve MC Chrome,1,8,,,,,,,,,,,,,,,,,,,,,,,,,,,,,,Estimates valid for 10 days,,\""]
["\"4/7/2018 2:36:32 PM\",\"Luis\",\"956-500-1344\",\"2007 V-Star 1300\",\"USA\",\"Robert\",\"311535,Dunlop *170/70B16 K555 RR,,249,300634,Bridgestone *170/70HB16 Exedra Max RR,1,209,500060,Labor - Mount & Balance RR^ on bike,1,60,500002,Tire Disposal Fee,1,2.5,,Valves^ Brakes extra if required,,,418620,License Plate Frame Chrome LED,1,65,500065,Labor - Lice Frame Install^ Est.,1,65,,,,,,,,,,,,,,,,,,Estimates valid for 10 days,,\""]
["\"4/9/2018 10:50:56 AM\",\"Javier\",\"831-240-5736\",\"2014 Victory Cross Country\",\"USA\",\"Robert / \",\"500045,Labor - Basic Oil & Filter Chg,1,45,MISC,Gasket & Bolt (?),,0.5,DISP,Oil Disposal Fee,1,2.5,,,,,,Air & Oil Filter cleanable,,,,Check Belt^ Pads^ Lube cables^ etc.,,,,,,,,,,,,,,,,,,,,,,,,,,\""]
["\"4/10/2018 1:12:58 PM\",\"Pete\",\"956-463-1194\",\"2007 Dyna Street Bob\",\"USA\",\"Robert\",\"87-4601,Shinko *160/70B17 SR777 Reinf RR,1,143,87-4587,Shinko *100/90-19 SR777  Reinf FR,1,83,87-09551,Tube - RR,1,29,374644,Tube - FR,1,14,500050,Labor - Mount & Balance RR^ on bike,1,50,500045,Labor - Mount & Balance FR^ on bike,1,45,500002,Tire Disposal Fee,2,2.5,,Tubes^ Valves^ ,,,,,,,,,,,,,,,,Estimates valid for 10 days,,\""]
["\"4/11/2018 12:26:00 PM\",\"Cash Customer\",\"956-346-7986\",\"2007 Softail\",\"USA\",\"Robert\",\"87-4568,Shinko *MU85B16 R777 Reinforced RR,1,144,,,,,500050,Labor - Mount & Balance RR^ on bike,1,50,,,,,500002,Tire Disposal Fee,1,2.5,,Tube 5.00/5.10-16 Ctr or OC,1,20,,,,,,,,,,,,,,,,,,,,,,Estimates valid for 10 days,,\""]
["\"4/11/2018 5:45:27 PM\",\"Armando\",\"956-534-3439\",\"2004 Yamaha RoadStar\",\"USA\",\"Robert\",\"300633,Bridgestone *150/80HB16 Exedra RR,,192,300032,Bridgestone *150/80-16 G702-N RR,,211,87-9755,Michelin *150/80-16 Commander RR,1,188,300620,Bridgestone *130/90HB16 Exedra FR,,165,300031,Bridgestone *130/90-16 G703-N FR,,162,87-9740,Michelin  *130/90-16 Commander II FR,1,163,500060,Labor - Mount & Balance RR^ on bike,1,60,500045,Labor - Mount & Balance FR^ on bike,1,45,500002,Tire Disposal Fee,2,2.5,x,Tubes^ Valves^ Brakes extra if required,,,,,,,,Estimates valid for 10 days,,\""]
["\"4/12/2018 9:53:52 AM\",\"Raudy\",\"956-844-3891 / 256-7289 C\",\"2004 Duece\",\"USA\",\"Robert\",\"500070,Labor - Mount & Balance RR^ on bike,1,70,500060,Labor - Mount & Balance FR^ on bike,1,60,531700B,Ride-On TPS M/C - Bulk,24,2.1,,,,,,Customer tire carry-in,,,,,,,305778,RR Avon Installed,,266,305764,FR Avon Installed,,194,314473,RR Dunlop Installed,,281,314402,FR Dunlop Installed,,209,,,,,,Estimates valid for 10 days,,\""]
["\"4/12/2018 12:19:42 PM\",\"Gabrial\",\"956-998-6262\",\"2007 Softail Deluxe\",\"USA\",\"Robert\",\"310495,Dunlop *MU85B16 Amer Elite WWW RR,1,229,500055,Labor - Mount & Balance,1,55,,Tube CTR or OC,1,20,500002,Tire Disposal Fee,1,2.5,,,,,,,,,,,,,,,,,,,,,,,,,,,,,,Estimates valid for 10 days,,\""]
["\"4/12/2018 12:53:34 PM\",\"Adrain\",\"956-662-9223\",\"2007 Road King\",\"USA\",\"Robert\",\"87-4568,Shinko *MU85B16 R777 Reinforced RR,1,143,500050,Labor - Mount & Balance RR^ on bike,1,50,,Tube Ctr or OC 16in,,20,500002,Tire Disposal Fee,1,2.5,531700B,Ride-On TPS M/C - Bulk,9,2.2,,,,,,,,,,,,,,,,,,,,,,,,,,Estimates valid for 10 days,,\""]
["\"4/12/2018 2:32:55 PM\",\"Cash Customer\",\"\",\"\",\"USA\",\"Robert\",\"314940,Dunlop *MT90B16 D402 HD RR,1,188,500055,Labor - Mount & Balance,1,55,,Tubes,2,20,500002,Tire Disposal Fee,1,2.5,314900,Dunlop *MT90B16 D402 FR,1,160,500045,Labor - Mount & Balance,1,45,,,,,,,,,,,,,,,,,,,,,,Estimates valid for 10 days,,\""]
["\"4/12/2018 2:37:35 PM\",\"Albert\",\"830-734-3041\",\"2008 Softail Custom\",\"USA\",\"Robert\",\"87-9771,Michelin *MH90-21 Commander II FR,1,140,500045,Labor - Mount & Balance,1,45,500002,Tire Disposal Fee,2,2.5,87-9759,Michelin *200/55-R17 Commander II RR,1,214,500055,Labor - Mount & Balance,1,55,,,,,,,,,,,,,,,,,,,,,,,,,,Estimates valid for 10 days,,\""]
["\"4/13/2018 8:37:57 AM\",\"Rey\",\"956-601-9164\",\"2006 ZX10\",\"USA\",\"Robert\",\"692-6650,Chain Fire Power X-Ring 525x150,1,115,965746,Sprocket BM 525 40T Blk,1,31,965616,Sprocket BM 525 17T Natural,1,16,500085,Labor - Chain & Sprocket R&R,1,85,,,,,,,,,,,,,,,,,,,,,,,,,,,,,,Estimates valid for 10 days,,\""]
["\"4/13/2018 8:39:51 AM\",\"David\",\"956-648-1334\",\"2008 Yamaha Roadstar 1700\",\"USA\",\"Robert\",\"87-4598,SHINKO *150/80-16 777 WWW RR,1,141,87-4586,SHINKO *130/90-16 777 WWW FR,1,119,500060,Labor - Mount & Balance RR^ on bike,1,60,500030,Labor - Mount & Balance FR^ on bike,1,40,500002,Tire Disposal Fee,,2.5,,Tubes^ Valves^ Brakes extra if required,,,400005,Discount - Cash only,1,-18.2,,Thanks,,,,,,,,Quoted $130 carry-in tires^ no discount.,,,,,,,,Estimates valid for 10 days,,\""]
["\"4/13/2018 8:55:03 AM\",\"Juan\",\"956-445-4856\",\"2005 Fatboy\",\"USA\",\"Robert\",\"87-4597,Shinko *150/80B16 SR777 REINFORCED,1,129,500050,Labor - Mount & Balance RR^ on bike,1,50,500002,Tire Disposal Fee,1,2.5,,,,,,,,,,,,,,,,,,,,,,,,,,,,,,,,,,Estimates valid for 10 days,,\""]
["\"4/13/2018 9:00:16 AM\",\"Pete\",\"956-250-9021\",\"\",\"USA\",\"Robert\",\"87-9756,Michelin *180/65-16 Commander II RR,1,239,500050,Labor - Mount & Balance RR^ on bike,,50,500002,Tire Disposal Fee,,2.5,,,,,,,,,,,,,,,,,,,,,,,,,,,,,,,,,,Estimates valid for 10 days,,\""]
["\"4/13/2018 10:51:55 AM\",\"Oscar\",\"956-393-1296\",\"2006 Kaw 636\",\"USA\",\"Robert\",\"500045,Labor - Mount & Balance RR^ on bike,1,45,500040,Labor - Mount & Balance FR^ on bike,1,40,Vlv,Valve - Rubber,2,1,500008,Addl - Slime in FR tire,1,5.38,,,,,,Customer tire carry-in,,,,Thanks,,,,,,,,,,,,,,,,,,,,,,\""]
["\"4/13/2018 1:23:45 PM\",\"Albert\",\"956-605-1637\",\"2001 XL1200C\",\"USA\",\"Robert\",\"87-4594,Shinko *130/90-16 777 Reinf RR,,119,310490,Dunlop *MT90B16 Amer Elite RR,1,192,500050,Labor - Mount & Balance,1,50,500002,Tire Disposal Fee,1,2.5,,Tubes^ Valves^ Brakes extra if required,,,,,,,,,,,,,,,,,,,,,,,,,,,,Estimates valid for 10 days,,\""]
["\"4/13/2018 3:50:07 PM\",\"Trinidad\",\"956-793-7443\",\"2007 Softail Deluxe\",\"USA\",\"Robert\",\"314939,Dunlop *MU85B16 RR WWW,,221,87-4569,Shinko *MU85B16 R777 WWW RR,1,151,500055,Labor - Mount & Balance RR^ on bike,1,55,,Tube 5.00/5.10 - 16 Ctr or OC,1,20,500002,Tire Disposal Fee,1,2.5,,Tubes^ Valves^ Brakes extra if required,,,,,,,,,,,,,,,,,,,,,,,,Estimates valid for 10 days,,\""]
["\"4/13/2018 3:55:54 PM\",\"Hector\",\"956-342-7421\",\"\",\"USA\",\"Robert\",\"310499,Dunlop *160/70B17 Am Elite BW RR,1,222,500020,Labor - Mount & Balance TT^ off bike,1,20,281121,160-180/70-17 Tube Center TP,1,34,500002,Tire Disposal Fee,1,2.5,,,,,,,,,,,,,,,,,,,,,,,,,,,,,,Estimates valid for 10 days,,\""]
["\"4/14/2018 10:24:21 AM\",\"Eduardo\",\"956-624-4973\",\"2007 Shadow Spirit 1100\",\"USA\",\"Robert\",\"87-4564,SHINKO  *110/90-19 777 FR,1,101,87-4592,Shinko *170/80-15 SR777 Reinforced RR,1,136,500060,Labor - Mount & Balance,1,60,500045,Labor - Mount & Balance,1,45,500002,Tire Disposal Fee,2,2.5,,,,,,,,,,Full service EST. 150$,,,,,,,,,,,,,,,,Estimates valid for 10 days,,\""]
["\"4/14/2018 3:07:01 PM\",\"Fernado\",\"956-537-6996\",\"2008 Suzuki\",\"USA\",\"Robert\",\"87-4477,Shinko *170/80-15 RR SR737,1,121,87-4165,Shinko *130/90-16 FR 230,,91,500060,Labor - Mount & Balance RR^ on bike,1,60,500045,Labor - Mount & Balance FR^ on bike,,45,500002,Tire Disposal Fee,1,2.5,Vlv,Valve - Rubber,1,1,,Brakes extra if required,,,,,,,,,,,,,,,,,,,,Estimates valid for 10 days,,\""]
["\"4/16/2018 8:19:21 AM\",\"Alejandro (Alex)\",\"956-862-7332\",\"2003 Honda CBR600 F4I\",\"USA\",\"Robert\",\"500020,Labor - DisMount^ Clean & Mount,1,20,Misc,Temp plug for Ride-On dispersment,1,5,531700B,Ride-On TPS M/C - Bulk (10 req),,2.2,,,,,,,,,,,,,,,,,,,,,,,,,,,,,,,,,,Estimates valid for 10 days,,\""]
["\"4/16/2018 10:27:28 AM\",\"Aaron\",\"956-241-2542\",\"2017 YZR3\",\"USA\",\"Robert\",\"878382,Speed & Strength Men's Rust & Redmption Jeans 32x32,1,127,,,,,,,,,,,,,,,,,,,,,,,,,,,,,,,,,,,,,,,,,,Estimates valid for 10 days,,\""]
["\"4/16/2018 2:59:15 PM\",\"Ramiro\",\"956-429-1505\",\"2004 Road King\",\"USA\",\"Robert\",\"87-4568,Shinko *MU85B16 R777 Reinforced RR,1,139,87-4585,Shinko *130/90B16 SR777 Reinforced FR,1,109,500050,Labor - Mount & Balance RR^ on bike,1,50,500045,Labor - Mount & Balance FR^ on bike,1,45,500002,Tire Disposal Fee,2,2.5,87-015,Tube 5.00/5.10-16 Ctr or OC,2,20,592361,BM Brake Pads FA400,1,27,500010,Labor - Brake install w/tire chg,1,10,532313,BM Oil 20W50 QT,4,6.95,500030,Labor - Basic Eng. Oil & Fltr chg.,1,30,Disp,Oil & Filter Disp^ Clnrs^ Rags,1,3.2,,Thanks,,\""]
["\"4/16/2018 3:44:46 PM\",\"Eleazar\",\"956-373-0297\",\"2006 V-Star 650\",\"USA\",\"Robert\",\"87-4593,Shinko *170/80B15 SR777 WWW Reinf RR,1,139,87-4586,Shinko *130/90B16 SR777 WWW FR,1,119,,Tube - RR,1,24,,Tube - FR,1,20,500065,Labor - Mount & Balance RR^ on bike,1,65,500045,Labor - Mount & Balance FR^ on bike,1,45,500002,Tire Disposal Fee,2,2.5,,,,,,,,,,,,,,,,,,Estimates valid for 10 days,,\""]
["\"4/16/2018 5:40:14 PM\",\"Revolution\",\"\",\"\",\"USA\",\"Robert\",\"87-4602,SHINKO *160/70B17 SR777 WWW REINFORCED,,129,87-4588,Shinko *100/90-19 SR777 WWW Reinforced,,75,,,,204,,,,,314513,Dunlop *160/70-17 D401 WWW RR,1,219,314682,Dunlop *100/90-19 D401 WWW FR,1,139,,,,,,,,,,,,,,,,,,,,,,Estimates valid for 10 days,,\""]
["\"4/16/2018 5:50:36 PM\",\"Jonathan\",\"956-403-1513\",\"2010 Dyna Superglide\",\"USA\",\"Robert\",\"273-1226,Regulator - Cycle Electric,1,199,273-1415,Stator - Cycle Electric,1,159,500065,Labor - Est Labor,3.5,65,25416-99C,Derby Gasket OEM HD,1,14,60539-94B,Primary Gasket OEM HD,1,27,60391-04,Drain Bolt OEM HD,1,12,60567-90C,Insp Cover Gasket OEM HD,1,8,Misc,Clnr^ Rags^ Grease^ Misc,1,8,531918,Primary Oil Qt TP,1,12,820-60116,Possible $109 Regulator^ alt brand Harddrive,,,,($580 Est alt Reg^ and Cash),-1,40,,Estimates valid for 10 days,,\""]
["\"4/17/2018 10:08:02 AM\",\"Gabriel\",\"956-329-0871\",\"\",\"USA\",\"Robert\",\"87-4584,Shinko *120/70-21 SR777 WWW Reinforced FR,1,108,500015,Labor - Mount & Balance TL on bike,1,15,531700B,Ride-On TPS M/C - Bulk,9,2.2,,,,,,,,,,,,,,,,,,,,,,,,,,,,,,,,,,Estimates valid for 10 days,,\""]
["\"4/17/2018 10:48:06 AM\",\"Doug\",\"605-237-3328 / Alt 237-0041\",\"2004 Ultra Classic\",\"USA\",\"Robert\",\"310490,Dunlop *MT90B16 Amer Elite RR,,192,500050,Labor - Mount & Balance RR^ on bike,1,50,500002,Tire Disposal Fee,1,2.5,,Tube 5.00/5.10-16 Ctr or OC,1,20,87-4594,Shinko *130/90-16 777 Reinf RR,1,132,,,,,,,,,,,,,,,,,,,,,,,,,,Estimates valid for 10 days,,\""]
["\"4/17/2018 11:36:04 AM\",\"Cash Customer\",\"956-393-7895\",\"2007 Super Glide\",\"USA\",\"Robert\",\"87-4092,Shinko *170/60-17 R011 RR,1,139,87-4122,Shinko *MH90-21 SR611 FR,1,89,500050,Labor - Mount & Balance RR^ on bike,1,50,500045,Labor - Mount & Balance FR^ on bike,1,45,500002,Tire Disposal Fee,2,2.5,,Tubes^ Valves^ Brakes extra if required,,,49-2273,Battery AGM CTX20L-BS WPS,1,99,56-1129,Battery Tender 12v,1,42.95,,Eng^ Tranny^ Primary Fluid Change Fluids,1,42,500065,Labor - Fluid Change,1,65,550-0171C,Oil Filter - HF171 Chrome,1,11.95,Disp,Oil & Filter Disposal^ Clnrs^ Rags,1,3.25\""]
["\"4/17/2018 3:18:34 PM\",\"Jaime\",\"956-460-6055\",\"2004 XL 1200c\",\"USA\",\"Robert / Joe R\",\"500060,Labor -Fork Seal R&R,1,135,78-9918,Ea/Max Fork Oil 15W Liter (.33 qts ea),1,12.95,22-56125,Fork & Dist Seal Kit AllBalls,1,29,Disp,Disp - Oil Disposal^ Brk Clnr,1,3.05,,,,,,,,,,,,,,,,,,,,,,,,,,,,,,,,\""]
["\"4/17/2018 5:46:31 PM\",\"Jaime\",\"956-460-6055\",\"2004 XL 1200c\",\"USA\",\"Robert / Joe R\",\"500060,Labor -Fork Seal R&R,1,135,78-9918,Ea/Max Fork Oil 15W Liter (.33 qts ea),1,12.95,22-56125,Fork & Dist Seal Kit AllBalls,1,29,Disp,Disp - Oil Disposal^ Brk Clnr,1,3.05,666766,BM Blk Fork Boots,1,40,,,,,,,,,,,,,,,,,,,,,,,,,,,,\""]
["\"4/18/2018 8:27:35 AM\",\"Jason\",\"956-258-0645\",\"2003 Katana 750\",\"USA\",\"Robert\",\"290141,Continental *120/70-17 Conti-Motion FR,1,81,500025,Labor - Mount & Balance FR^ on bike,1,25,,Valves^ Brakes extra if required,,,,,,,,,,,,,,,,,,,,,,,,,,,,,,,,,,,,Estimates valid for 10 days,,\""]
["\"4/18/2018 1:13:59 PM\",\"Tony\",\"956-463-3175 (old 463-8410)\",\"2007 Electra Glide Standard\",\"USA\",\"Robert\",\"87-4585,Shinko *130/90B16 SR777 Reinf FR,1,114,500045,Labor - Mount & Balance FR^ on bike,1,45,500002,Tire Disposal Fee,1,2.5,,Tubes^ Valves^ Brakes extra if required,,,,,,,,,,,,,,,,,,,,,,,,,,,,,,,,Estimates valid for 10 days,,\""]
["\"4/18/2018 1:35:37 PM\",\"Tony Zaragoza\",\"956-975-4665\",\"1996 XLH883\",\"USA\",\"Robert\",\"87-4125,Shinko *MT90B16 SR718 RR,1,109,87-4121,SHINKO *MM90-19 611 FR,1,98,500050,Labor - Mount & Balance RR^ on bike,1,50,500045,Labor - Mount & Balance FR^ on bike,1,45,,Tube 5.00/5.10 Ctr or OC,1,20,374644,100-110/90-19 BM Tube,1,14,500002,Tire Disposal Fee,2,2.5,400005,5% Discount,1,-17.05,,,,,,,,,,,,,,Estimates valid for 10 days,,\""]
["\"4/18/2018 2:01:13 PM\",\"Burns Motors\",\"956-429-2714\",\"2000 Road King\",\"USA\",\"Robert\",\"314945,D402 *MT90B16 SW RR,1,205,314905,D402 *MT90B16 SW FR,1,180,500055,Labor - Mount & Balance,1,55,500045,Labor - Mount & Balance,1,45,500002,Tire Disposal Fee,2,2.5,,Tubes^ Valves^ Brakes extra if required,,,,,,,87-4594,Shinko *130/90-16 777 Reinf RR,,122,87-4585,Shinko *130/90B16 SR777 REINFORCED FR,,111,,,,,,,,,,Estimates valid for 10 days,,\""]
["\"4/18/2018 2:08:25 PM\",\"Cash Customer\",\"\",\"2008 Super Glide\",\"USA\",\"Robert\",\"87-4601,SHINKO *160/70B17 SR777 REINFORCED RR,1,142,500050,Labor - Mount & Balance,1,50,500002,Tire Disposal Fee,1,2.5,,,,,,,,,,,,,,,,,,,,,,,,,,,,,,,,,,Estimates valid for 10 days,,\""]
["\"4/18/2018 2:54:25 PM\",\"JJ\",\"956-534-2924\",\"1998 Suz Intruder 800\",\"USA\",\"Robert\",\"87-4590,Shinko *150/90-15 R777 RR,1,134,500055,Labor - Mount & Balance,1,55,,Tube ,1,20,500002,Tire Disposal Fee,1,2.5,,,,,,,,,,,,,,,,,,,,,,,,,,,,,,Estimates valid for 10 days,,\""]
["\"4/18/2018 4:09:14 PM\",\"Erasmo\",\"956-961-2660\",\"2006 HD FXDWGI\",\"USA\",\"Robert\",\",Oil 20/50 Synthetic,3,12.95,,Chrome Filter,1,11.95,,Labor,1,30,,Labor,1,50,,Disp,1,2.5,,O-Ring,1,1,,Cash,1,-9.59,,,,,,,,,,,,,,,,,,Estimates valid for 10 days,,\""]
["\"4/19/2018 8:43:06 AM\",\"Jerry\",\"956-756-5977\",\"2007 ZX6R\",\"USA\",\"Robert\",\"692-5814,Chain O-Ring 520x114 Fire Power,1,59,965148,Sprockets RR 520x43 Blk,1,29,55-153616,Sprocket FR 520x16 Nat,1,25,500085,Labor - Chain & Sprocket R&R,1,85,,,,,,Confirm FR Sprocket,,,,520x112 16/43,,,,Rivit Link Only,,,,,,,,,,,,,,,,Estimates valid for 10 days,,\""]
["\"4/19/2018 9:48:55 AM\",\"David - Burns Motors\",\"956-429-2714\",\"2000 Road King\",\"USA\",\"Robert / \",\"314945,D402 *MT90B16 SW RR,,205,314905,D402 *MT90B16 SW FR,,180,500055,Labor - Mount & Balance RR^ on bike,1,55,500045,Labor - Mount & Balance FR^ on bike,1,45,500002,Tire Disposal Fee,,2.5,,Tubes^ Valves^ Brakes extra if required,,,,,,,87-4594,Shinko *130/90-16 777 Reinf RR,1,122,87-4585,Shinko *130/90B16 SR777 REINFORCED FR,1,111,,,,,,,,,,Estimates valid for 10 days,,\""]
["\"4/19/2018 2:18:34 PM\",\"Edward\",\"2012 HD Street Bob\",\"956-252-5969^ old 534-2945\",\"USA\",\"Robert\",\"592364,BM Brake Pad  #44082-08 (FA457),1,27,592365,BM Brake Pad (FA458H) #42298-08,1,27,,,,,,Thanks,,,,,,,,,,,,,,,,,,,,,,,,,,,,,,,,Estimates valid for 10 days,,\""]
["\"4/19/2018 4:15:13 PM\",\"Erasmo\",\"956-961-2660\",\"2006 HD FXDWGI\",\"USA\",\"Robert\",\"87-4589,Shinko *80/90-21 F777 FR,1,70,500040,Labor - Mount & Balance FR^ on bike,1,40,87-0186,Tube 2.75/3.00-21 TR4,1,15,500002,Tire Disposal Fee,1,2.5,400006,Discount - Cash only,1,-7.41,,,,,,,,,,,,,,,,,,,,,,,,,,Estimates valid for 10 days,,\""]
["\"4/19/2018 5:28:16 PM\",\"Erasmo\",\"956-961-2660\",\"2006 HD FXDWGI\",\"USA\",\"Robert\",\"774513,Shocks Heavy-Duty Chrome Progressive 412,,326,500020,Labor - Shock R&R,,20,,,,,87-4601,Shinko *160/70B17 SR777 Reinf RR,,145,87-09551,Tube 150/70-17 130/90-17 ,,29,500050,Labor - Mount & Balance RR^ on bike,,50,500002,Tire Disposal Fee,,2.5,,,,,,Shocks installed cash OTD $350.,,-22.67,,RR Tire installed cash OTD $229.,,-14.95,,,,,,Estimates valid for 10 days,,\""]
["\"4/20/2018 10:02:33 AM\",\"Gilbert\",\"956-250-5050\",\"2012 Switchback\",\"USA\",\"Robert\",\"87-9758,MICHELIN COMMANDER II BIAS *160/70-17R RR,1,222,500050,Labor - Mount & Balance RR^ on bike,,50,500002,Tire Disposal Fee,,2.5,400006,Discount - Cash only,1,-14.15,,,,,,,,,,,,,,,,,,,,,,,,,,,,,,Estimates valid for 10 days,,\""]
["\"4/20/2018 11:14:01 AM\",\"Cash Customer\",\"956-862-5490\",\"\",\"USA\",\"Robert\",\"87-4572,SHINKO *160/80-15 777 RR,,129,87-4560,Shinko *120/90-17 777 FR,,109,374615,Tube 170-180/70-80-15 PV78 BM,1,22,,,1,18,500060,Labor - Mount & Balance,1,60,500045,Labor - Mount & Balance,1,45,500002,Tire Disposal Fee,2,2.5,,,1,20,,,1,15,,,,,,,,,,Estimates valid for 10 days,,\""]
["\"4/20/2018 1:58:18 PM\",\"Thomas\",\"361-720-1420\",\"2012 Dyna FXDWG\",\"USA\",\"Robert\",\"87-9435,MICH TIRE *80/90-21 FR SCORCHER 31 54H,1,147,97-9442,MICH  TIRE *180/60B17 RR SCORCHER 31 75V,1,229,500055,Labor - Mount & Balance,1,55,500045,Labor - Mount & Balance,1,45,500002,Tire Disposal Fee,2,2.5,,Front Tube,1,15,,Rear Tube,1,32,,,,,,,,,,,,,,,,,,Estimates valid for 10 days,,\""]
["\"4/20/2018 4:20:43 PM\",\"Derick\",\"956-532-8194\",\"TWT - Resale Cert on file\",\"USA\",\"Robert\",\"300256,Bridgestone *180/60-17 Battlecruise H50 RR,,195,300229,Bridgestone *80/90-21 Battlecruise H50 FR,,125,500100,Labor - Mount & Balance FR & RR^ on bike,,100,,Tubes^ Valves^ Brakes extra if required,,,,,,,87-4589,Shinko *80/90-21 F777 FR,,69,,,,,,,,,,,,,,,,,,,,,,Estimates valid for 10 days,,\""]
["\"4/20/2018 5:33:10 PM\",\"Aaron\",\"956-241-2542\",\"2017 YZF-R3\",\"USA\",\"Robert\",\"692-5620,Chain X-Ring 520x120 FP,1,79,930096,Sprocket Aluminum 46T,1,69,500050,Labor - Chain & Sprocket R&R,1,50,,,,,,,,,,,,,,,,,,,,,,,,,,,,,,,,,,Estimates valid for 10 days,,\""]
["\"4/20/2018 6:34:36 PM\",\"Thomas\",\"361-720-1420\",\"2012 Dyna FXDWG\",\"USA\",\"Robert\",\"87-4601,Shinko *160/70B17 SR777 Reinf RR,1,137,87-4589,Shinko *80/90-21 F777 FR,1,79,500050,Labor - Mount & Balance RR^ on bike,1,50,500045,Labor - Mount & Balance FR^ on bike,1,45,500002,Tire Disposal Fee,2,2.5,281121,Tube 160-180/70-17 BM,1,32,87-0186,Tube 2.75/3.00-21 TR4,1,15,,,,,,Tire ETA Wed 25th^ likely install Mon 30th,,,,(Still avail Mon 23rd^ can he come in),,,,,,,,Estimates valid for 10 days,,\""]
["\"4/21/2018 9:36:08 AM\",\"Jorge\",\"956-537-7576\",\"2015(?) Kaw 250\",\"USA\",\"Robert\",\"500035,Labor - Mount & Balance RR^ on bike,1,35,87-09751,Tube 100/100-18 Mich Ultra HD,1,34,,,,,,,,,,,,,,,,,,,,,,,,,,,,,,,,,,,,,,Estimates valid for 10 days,,\""]
["\"4/21/2018 11:29:07 AM\",\"Jose\",\"956-862-3232\",\"2013 Street Glide\",\"USA\",\"Robert\",\"87-9756,MICHELIN *180/65-16 Commander II RR,1,235,87-9742,MICHELIN *130/80-17F Commander II,1,185,500050,Labor - Mount & Balance RR^ on bike,1,50,500040,Labor - Mount & Balance FR^ on bike,1,40,500002,Tire Disposal Fee,2,2.5,,,,,,,,,,,,,,,,,,,,,,,,,,Estimates valid for 10 days,,\""]
["\"4/21/2018 2:29:02 PM\",\"Rudy\",\"956-270-6821\",\"2008 Yamaha Midnight Warrior\",\"1700cc\",\"Robert\",\"5PX-83320-20-00,FRONT FLASHER LIGHT ASSY 2,2,72,,One rear,1,93,Frt,,1,12,,,,,,Conf #'s,,,,,,,,,,,,,,,,,,,,,,,,,,,,Estimates valid for 10 days,,\""]
["\"4/23/2018 11:59:18 AM\",\"Rolando\",\"956-854-5001\",\"\",\"USA\",\"Robert\",\"87-4082,Shinko *120/70-18 F011 FR,1,109,87-9418,Michelin *120/70ZR18 Scorcher 11 FR,,185,500045,Labor - Mount & Balance FR^ on bike,1,45,500002,Tire Disposal Fee,1,2.5,,Tubes^ Valves^ Brakes extra if required,,,,,,,,,,,,,,,,,,,,,,,,,,,,Estimates valid for 10 days,,\""]
["\"4/23/2018 3:41:25 PM\",\"Jorge\",\"956-373-4175\",\"2006 Kaw Vulcan 750\",\"USA\",\"Robert\",\",Carb Clean^ rebuild. Advise parts req.,,,,Left Mon 4/23/18,,,,,,,,,,,,,,,,,,,,,,,,,,,,,,,,,,,,,,,,,,\""]
["\"4/24/2018 9:26:41 AM\",\"Cash Customer\",\"956-793-4914\",\"\",\"USA\",\"Robert\",\"87-9756,MICHELIN *180/65-16 Commander II RR,1,238,500050,Labor - Mount & Balance,1,50,500002,Tire Disposal Fee,1,2.5,,,,,310471,AMERICAN ELITE *180/65-16 RR ,,248,,,,,,,,,,,,,,,,,,,,,,,,,,Estimates valid for 10 days,,\""]
["\"4/24/2018 10:25:31 AM\",\"Francisco\",\"956-330-8267\",\"2005 Road Star\",\"USA\",\"Robert\",\",Chk electrical system,,,,With charged battery made it 5+ miles.,,,,,,,,If simple then K&N Air Filter,,,,,,,,,,,,,,,,,,,,,,,,,,,,,,,,,,\""]
["\"4/24/2018 11:09:42 AM\",\"Cash Customer\",\"956-778-7777\",\"\",\"USA\",\"Robert\",\"314469,Dunlop *180/60R16 Elite 4 RR,1,241,314468,Dunlop *130/70R18 Elite 4 FR,1,201,300769,Bridgestone *180/60-16 G704 RR,,235,300768,Bridgestone *130/70-18 G709 FR,,185,,,2,40,,,2,2.5,,,,,,,,,,,,,,,,,,,,,,Estimates valid for 10 days,,\""]
["\"4/25/2018 11:03:06 AM\",\"Daniel\",\"956-207-7183 (friend) / Alt 215-9998\",\"2011 HD XL\",\"USA\",\"Robert\",\"87-4585,Shinko *130/90B16 SR777 Reinf FR,1,109,500050,Labor - Mount & Balance FR^ on bike,1,50,500002,Tire Disposal Fee,1,2.5,,FR Brakes,1,31,500010,Labor - Brake Pad install w/tire change,1,10,,Valves^ Tubes^ extra if required,,,,Basic Engine Oil & Filter Change,1,69,,,,,,,,,,,,,,,,,,Estimates valid for 10 days,,\""]
["\"4/25/2018 2:10:02 PM\",\"Francisco\",\"956-330-8267\",\"2007 RoadStar 1700 Silverado\",\"USA\",\"Robert\",\",JYAVP17E17A024042,,,27-21419H,Stator Ricks H/O,1,160,864276,Regulator/Rectifier^ Kaw,1,110,500065,Labor - R&R Stator & Regulator^ Estimated,3.5,65,,Gaskets - Estimated,1,30,,Engine Oil & Filter Change^ Disposal,1,69,400006,Discount - Cash only ($610 OTD),,-32.99,,,,,,,,,,,,,,,,,,Estimates valid for 10 days,,\""]
["\"4/26/2018 9:48:00 AM\",\"Alberto Diaz\",\"956-222-2888\",\"2003 Yamaha V-Star 1100\",\"USA\",\"Robert / Chris M / Joe R\",\"87-4477,Shinko *170/80-15 RR SR737,1,119,87-4165,Shinko *130/90-16 FR 230,1,98,500105,Labor - Mnt & Bal FR (45) & RR (60)^ on bike,1,105,500002,Tire Disposal Fee,2,2.5,500065,Labor - Repair Throttle Cables & Fuel Line,2.5,65,40-4410C,Avon Air Cushioned Grips (Chrome),1,65,120041,Premium Fuel Line Blk 1/4in (per ft),2,6.95,500032,Labor - Eng Oil & Filter Chg^ w/Exh removal,1,90,532325,BM Full Synthetic Oil 20W50 QT (3.27),4,14.95,171625,BM Oil Filter Yam 1625 HF145,1,5.95,Disp,Oil & Filter Disposal Fee^ Rags^ Clnr,1,3.25,(JR200100),(See Addl Inv #,,\""]
["\"4/26/2018 11:36:57 AM\",\"Alberto Diaz\",\"956-222-2888\",\"2003 Yamaha V-Star 1100\",\"USA\",\"Robert / Chris M / Joe R\",\",(Addl to Inv   ^ total due $1^140.85),1,727.4,530654,Maxima Gear Oil 80w90,1,14,500065,Labor - Manifold & Plugs R&R^ Carb Rebuild,3,65,111-6090,Carb / Boot Holder K&L,2,55,BPR7ES,Spark Plug BPR7ES NGK,2,3.75,,,,,,Brake Fluid good^ does not need flushed.,,,,Slight backfiring due to bored out exhaust.,,,,,,,,Discount - Cash only ($1^060.),,-74.68,,Thanks,,,(GR200140),,,\""]
["\"4/26/2018 12:00:54 PM\",\"Roy\",\"956-735-3341\",\"2012 Heritage Softail Classic\",\"USA\",\"Robert\",\"87-4597,SHINKO *150/80B16 SR777 A/B 77H REINFORCED,1,129,87-4585,Shinko *130/90B16 SR777 REINFORCED FR,1,109,500050,Labor - Mount & Balance,1,50,500045,Labor - Mount & Balance,1,45,500002,Tire Disposal Fee,2,2.5,,Tubes,2,20,,,,,,,,,,,,,,,,,,,,,,Estimates valid for 10 days,,\""]
["\"4/26/2018 5:01:00 PM\",\"JJ\",\"956-534-2924\",\"1998 Suz Intruder 800\",\"USA\",\"Robert\",\"87-4589,Front Tire^ Tube^ Labor & Tax,,147.76125,56-125,Fork Seal Parts^ Labor & Tax,,238.15,,,,,,,,,,,,,,,,,,,,,,,,,,,,,,,,,,,,,,Estimates valid for 10 days,,\""]
["\"4/26/2018 5:42:41 PM\",\"Adam\",\"512-745-5188\",\"2017 Dyna Low Rider S\",\"USA\",\"Robert\",\"310468,Dunlop *100/90-19 Amer Elite BW FR,,148,87-4587,Shinko *100/90-19 SR777  Reinf FR,1,69,500045,Labor - Mount & Balance FR^ on bike,1,45,500002,Tire Disposal Fee,1,2.5,,,,,,,,,,,,,,,,,,,,,,,,,,,,,,Estimates valid for 10 days,,\""]
["\"4/26/2018 5:54:00 PM\",\"Cut\",\"956-472-4523\",\"2004 XL1200\",\"USA\",\"Robert / Chris M\",\"87-4597,Shinko *150/80B16 SR777 Reinf RR,1,129,500050,Labor - Mount & Balance RR^ on bike,1,50,500002,Tire Disposal Fee,1,2.5,,,,,,Grips and cable if we can,,,,,,,,,,,,,,,,,,,,,,,,,,,,,,\""]
["\"4/26/2018 6:02:38 PM\",\"JJ\",\"956-534-2924\",\"1998 Suz Intruder 800\",\"USA\",\"Robert\",\"87-4589,Shinko *80/90-21 F777 FR,1,79,500045,Labor - Mount & Balance,1,45,500002,Tire Disposal Fee,1,2.5,,Tube,1,15,56-125,Fork Seals,1,210,,,,,,Mon 7th,,,,,,,,,,,,,,,,,,,,Estimates valid for 10 days,,\""]
["\"4/26/2018 6:33:34 PM\",\"Cut\",\"956-472-4523\",\"2004 XL1200\",\"USA\",\"Robert / Chris M\",\"87-4597,Shinko *150/80B16 SR777 Reinf RR,1,129,500050,Labor - Mount & Balance RR^ on bike,1,50,500002,Tire Disposal Fee,1,2.5,,,,,,Grips and cable if we can,,,,,,,,,,,,,,,,,,,,,,,,,,,,,,\""]
["\"4/27/2018 9:59:32 AM\",\"Ken\",\"810-814-1447\",\"1984 Goldwing 1200\",\"USA\",\"Robert\",\"87-4590,Shinko *150/90-15 R777 RR,1,129,87-4585,Shinko *130/90B16 SR777 Reinf FR,1,109,314471,Dunlop *150/90B15 Elite 4 RR,,199,314450,Dunlop *130/90B16 Elite 4 FR,,169,500075,Labor - Mount & Balance RR^ on bike,1,75,500050,Labor - Mount & Balance FR^ on bike,1,50,500002,Tire Disposal Fee,2,2.5,,Shinko OTD $368. Cash only,,-28.05,,Dunlop OTD $500. Cash only,,-36.11,,Brakes^ Valves extra if required,,,,,,,,Estimates valid for 10 days,,\""]
["\"4/27/2018 11:58:53 AM\",\"Donald\",\"956-844-9511\",\"2012 HD SwitchBack\",\"USA\",\"Robert\",\"87-4616,Shinko *130/70B18 F777 FR,1,112,500020,Labor - Mount & Balance FR off Bike,1,20,,,,,,,,,,,,,,,,,,,,,,,,,,,,,,,,,,,,,,Estimates valid for 10 days,,\""]
["\"4/27/2018 3:09:03 PM\",\"George\",\"956-239-0643\",\"2001 DRZ400\",\"USA\",\"Robert / George\",\"500065,Labor - Clean Carb & re-assemble bike,3.25,65,609-0451,OS Fuel Shut Off               ,1,25,030071,Fuel & Vacum lines,3,6.95,,,,,,,,,,,,,,,,,,,,,,,,,,,,,,,,,(GR200150),,,\""]
["\"4/28/2018 9:31:48 AM\",\"Victor\",\"956-252-6683\",\"2007 GSX-R600\",\"USA\",\"Robert\",\"27-21328,Ricks Stator Suz,,139,27-10207,Ricks  Regulator / Rectifier Suzuki,,139,,,,,,,,,,,,,,,,,,,,,,,,,,,,,,,,,,,,,,Estimates valid for 10 days,,\""]
["\"4/28/2018 2:07:34 PM\",\"Noe\",\"956-309-3160\",\"2008 YZF-R1\",\"USA\",\"Robert\",\"87-4017,Shinko Advance *190/50-17 R005 RR,1,130,87-4010,Shinko *120/70-17 F005 FR,1,83,500030,Labor - Mount & Balance,1,30,500025,Labor - Mount & Balance,1,25,,,,,,,,,,,,,,,,,,,,,,,,,,,,,,Estimates valid for 10 days,,\""]
["\"4/30/2018 8:18:50 AM\",\"Jerry\",\"956-624-9787\",\"2016 Ninja ZX10R\",\"USA\",\"Robert\",\"87-4008,SHINKO *190/50-17 R003 RR,1,130,87-4001,Shinko *120/70-17 F003 FR,,81,500030,Labor - Mount & Balance,1,30,500025,Labor - Mount & Balance,,25,500002,Tire Disposal Fee,1,2.5,,,,,,,,,,,,,,,,,,,,,,,,,,Estimates valid for 10 days,,\""]
["\"4/30/2018 9:29:44 AM\",\"Javier\",\"956-240-5004\",\"2006 Honda Shadow 750 Spirit\",\"USA\",\"Robert\",\"692-6630,FIRE POWER X-RING CHAIN 525X130,1,115,965610,BikeMaster FR Sprockets for Street 525 17t,1,19,965284,BikeMaster RR Steel Sprockets for Street 525 42T,1,32,500080,Labor - Mount & Balance,1,80,,RR Fork Seals,1,220,,,,,,,,,,,,,,,,,,,,,,,,,,Estimates valid for 10 days,,\""]
["\"4/30/2018 9:41:44 AM\",\"Ernest\",\"956-405-2692\",\"2007 GSXR1000\",\"USA\",\"Robert\",\"692-5714,FPX Chain 530x114 X-ring ,1,110,965645,Front Sprocket 530 17 T,1,13,965406,Rear Sprocket  530 43T,1,35,500080,Labor - Mount & Balance,1,,,,,,,,,,,,,,,,,,,,,,,,,,,,,,,Estimates valid for 10 days,,\""]
["\"4/30/2018 9:47:30 AM\",\"Armando\",\"956-534-3439\",\"2004 Yamaha RoadStar\",\"USA\",\"Robert\",\"300633,Bridgestone *150/80HB16 Exedra RR,,192,300032,Bridgestone *150/80-16 G702-N RR,,211,87-9755,Michelin *150/80-16 Commander RR,1,188,300620,Bridgestone *130/90HB16 Exedra FR,,165,300031,Bridgestone *130/90-16 G703-N FR,,162,87-9740,Michelin  *130/90-16 Commander II FR,1,163,500060,Labor - Mount & Balance RR^ on bike,1,60,500045,Labor - Mount & Balance FR^ on bike,1,45,500002,Tire Disposal Fee,2,2.5,x,Tubes^ Valves^ Brakes extra if required,,,,,,,,Estimates valid for 10 days,,\""]
["\"4/30/2018 1:47:51 PM\",\"Alfonso\",\"956-867-9225\",\"2005 Road King\",\"USA\",\"Robert\",\"87-4568,Shinko *MU85B16 R777 Reinforced RR,1,144,500055,Labor - Mount & Balance,1,55,87-4585,Shinko *130/90B16 SR777 REINFORCED FR,1,112,500045,Labor - Mount & Balance,1,45,500002,Tire Disposal Fee,2,2.5,,,,,,,,,,,,,,,,,,,,,,,,,,Estimates valid for 10 days,,\""]
["\"4/30/2018 8:04:27 PM\",\"Rey\",\"956-601-9164\",\"2006 ZX10\",\"USA\",\"Robert\",\"500065,Labor - Fixing Rear Caliper ,1.5,65,15-192H,EBC Brake Pads FA192hh,1,42,,RR Caliper Bracket & Caliper Pin,1,15,x,Discount - Cash,1,-11.31,,,,,,,,,,,,,,,,,,,,,,,,,,,,,,Estimates valid for 10 days,,\""]
["\"5/1/2018 1:00:56 PM\",\"Dan\",\"956-342-1858\",\"2018 Vulcan 900 Classic LT\",\"USA\",\"Robert\",\",Full Synthic oil change,,,,,,,,,,,,,,,,,,,,,,,,,,,,,,,,,,,,,,,,,,,,Estimates valid for 10 days,,\""]
["\"5/1/2018 1:10:19 PM\",\"Andres\",\"\",\"2010 Can-Am\",\"USA\",\"Robert\",\"371656,MUDLITE XL25X8-12,2,101,371681,MUDLITE XL26X10-12,2,116,,225/55-8,2,65,,,,,,,,,,,,,,,,,,,,,,,,,,,,,,,,,,Estimates valid for 10 days,,\""]
["\"5/1/2018 2:10:49 PM\",\"Felepe\",\"\",\"2009 Suzuki C50\",\"USA\",\"Robert\",\"310512,Dunlop *170/80-15 D404 RR,,143,310554,Dunlop *130/90-16 D404 FR,,113,87-9740,MICHELIN  *130/90-16 Commander II FR,1,163,87-9751,MICHELIN *170/80-15R Commander II,1,203,87-4585,Shinko *130/90B16 SR777 REINFORCED FR,,111,87-4592,Shinko *170/80-15 SR777 Reinforced RR,,136,,,,,,,,,,,,,,,,,,,,,,,,\""]
["\"5/2/2018 12:51:18 PM\",\"Isreal\",\"956-560-6028\",\"2004 V-Star 650 Custom\",\"USA\",\"Robert\",\"87-4587,SHINKO *100/90-19 SR777  REINFORCED FR,1,89,500025,Labor - Mount & Balance,1,25,374644,100-110/90-19 Bm tube,1,14,500002,Tire Disposal Fee,1,2.5,,,,,,,,,,,,,,,,,,,,,,,,,,,,,,Estimates valid for 10 days,,\""]
["\"5/3/2018 8:32:05 AM\",\"Oscar\",\"956-532-1395\",\"2005 Softail Deluxe\",\"USA\",\"Robert\",\"87-4612,SHINKO  *150/70B18 R777 RR,,127,353340,Metzeler *150/70B18 ME888 RR,,222,500055,Labor - Mount & Balance,,55,500002,Tire Disposal Fee,,2.5,,,,,,,,,,,,,,,,,,,,,,,,,,,,,,Estimates valid for 10 days,,\""]
["\"5/3/2018 12:40:17 PM\",\"Alberto\",\"956-706-9798\",\"2014 Ninja 650\",\"USA\",\"Robert\",\"290141,Continental *120/70-17 Conti-Motion FR,1,81,500025,Labor - Mount & Balance,1,25,290145,Continental *160/60ZR17 Motion RR,1,112,500030,Labor - Mount & Balance,1,30,,Front Brake pads,1,29,500010,Labor - Mount & Balance,1,10,500002,Tire Disposal Fee,2,2.5,,,,,,,,,,,,,,,,,,Estimates valid for 10 days,,\""]
["\"5/3/2018 3:55:39 PM\",\"Raymond\",\"956-624-0591\",\"\",\"USA\",\"Robert\",\"87-4157,Shinko *3.00-18 712R RR,1,69,87-0164,Tube 2.50/2.75-18,1,11,500045,Labor - Mount & Balance,1,45,500002,Tire Disposal Fee,,2.5,400005,5% Discount,,-7.41,,,,,,,,,,,,,,,,,,,,,,,,,,Estimates valid for 10 days,,\""]
["\"5/3/2018 5:02:23 PM\",\"Vincent\",\"956-225-6806\",\"2006 Kaw Vulcan 900\",\"USA\",\"Robert\",\"49-2270,Battery Maint Free CTX12-BS,1,65,,,,,,,,,,,,,,,,,,,,,,,,,,,,,,,,,,,,,,,,,,Estimates valid for 10 days,,\""]
["\"5/4/2018 9:05:02 AM\",\"Hugo\",\"956-422-0133\",\"2010 Heritage Softail\",\"USA\",\"Robert\",\"87-4586,Shinko *130/90B16 SR777 WWW FR,1,119,87-4598,Shinko *150/80B16 SR777 WWW Reinforced,1,136,500060,Labor - Mount & Balance,,60,500050,Labor - Mount & Balance,,50,500002,Tire Disposal Fee,,2.5,,,,,,,,,,,,,,,,,,,,,,,,,,Estimates valid for 10 days,,\""]
["\"5/4/2018 11:54:38 AM\",\"David\",\"956-352-9127\",\"Chopper\",\"USA\",\"Robert\",\"305778,Avon *250/40R18 AV72 COBRA RR,1,234,500060,Labor - Mount & Balance RR on bike,1,60,500002,Tire Disposal Fee,1,2.5,,,,,,,,,,,,,,,,,,,,,,,,,,,,,,,,,,Estimates valid for 10 days,,\""]
["\"5/4/2018 12:10:17 PM\",\"Frank\",\"956-667-9911\",\"2012 HD Deluxe\",\"USA\",\"Robert\",\"820-1126C,H-Bar Z-Bar 1 1/4\"\" 16\"\" rise,1,115.47,,,,,,,,,,,,,,,,,,,,,,,,,,,,,,,,,,,,,,,,,,Estimates valid for 10 days,,\""]
["\"5/4/2018 5:00:08 PM\",\"Jorge\",\"956-777-0647 (956-451-6918)\",\"2014 Sportster 48\",\"USA\",\"Robert\",\"87-9439,Michelin *150/80B16 Scorcher RR,1,197,,,,,,,,,,,,,,,,,,,,,,,,,,,,,,,,,,,,,,,,,,Estimates valid for 10 days,,\""]
["\"5/7/2018 11:04:58 AM\",\"Joe Rangel\",\"956-279-7311\",\"Resale cert on file\",\"USA\",\"Robert\",\"290145,Continental *160/60ZR17 Motion RR,1,,87-4000,Shinko *120/60-17 F003 FR,1,,87-4008,SHINKO *190/50-17 R003 RR,2,,87-4017,Shinko Advance *190/50-17 R005 RR,1,,87-4651,SHINKO *190/50ZR17 R003A HOOK-UP DRAG ,1,,531700B,Ride-On TPS M/C - Bulk,13,,87-4010,Shinko *120/70-17 F005 FR,1,,78-9914,MAXIMA FORK OIL 5W Ltr (TR530604),1,,22-561331,All Balls Fork & Dust Seal Wiper Kit,1,,15-447H,EBC Brakes FA447H,1,,78-9933,MAXIMA  CHAIN GUARD 14oz,1,,78-9944,SC1 Clear Coat (use TR),1,\""]
["\"5/7/2018 11:07:00 AM\",\"Sam\",\"956-570-9951\",\"2011 Streetbob\",\"USA\",\"Robert\",\"87-4601,SHINKO *160/70B17 SR777 REINFORCED RR,1,133.95,,,,,,,,,,,,,,,,,,,,,,,,,,,,,,,,,,,,,,,,,,Estimates valid for 10 days,,\""]
["\"5/7/2018 12:47:59 PM\",\"William\",\"956-519-7560 (old 956-566-2427 )\",\"2007  HD FLSTC\",\"USA\",\"Robert\",\"87-4586,Shinko *130/90B16 SR777 WWW FR,1,119,87-4598,Shinko *150/80B16 SR777 WWW Reinf RR,1,136,500055,Labor - Mount & Balance RR^ on bike,1,55,500045,Labor - Mount & Balance FR^ on bike,1,45,87-0150,Tube 5.00/5.10-16 OC,2,20,500002,Tire Disposal Fee,2,2.5,,,,,,,,,,,,,,,,,,,,,,Estimates valid for 10 days,,\""]
["\"5/7/2018 1:46:01 PM\",\"George - Revolution\",\"956-325-8325\",\"Resale Cert on file^ B2B Rates\",\"USA\",\"Robert\",\"310513,Dunlop *130/90-16 D404 RR,,92,310504,Dunlop *100/90-19 D404 FR,,72,87-4594,Shinko *130/90-16 777 Reinf RR,,95,87-4587,SHINKO *100/90-19 SR777  REINFORCED FR,,64,,,,,,,,,,,,,,,,,,,,,,,,,,,,,,Estimates valid for 10 days,,\""]
["\"5/7/2018 2:02:10 PM\",\"Victor\",\"956-221-2159\",\"2003 FXDWG\",\"USA\",\"Robert\",\"482813,Tank,1,350,,Pet cock,1,24,,Pump,1,120,500065,Labor - Estimated,3.5,65,,,,,,Stator^ Reg & Installed,,,,,,,,,,,,,,,,,,,,,,,,Estimates valid for 10 days,,\""]
["\"5/7/2018 4:50:07 PM\",\"George - Revolution\",\"956-325-8325\",\"Resale Cert on file^ B2B Rates\",\"USA\",\"Robert\",\"310513,Dunlop *130/90-16 D404 RR,1,92,310504,Dunlop *100/90-19 D404 FR,1,72,87-4594,Shinko *130/90-16 777 Reinf RR,,95,87-4587,SHINKO *100/90-19 SR777  REINFORCED FR,,64,87-9753,MICHELIN *130/90-16R Commander II RR,,164,87-9744,MICHELIN *100/90-19 Commander II FR,,134,,,,,,,,,,,,,,,,,,,,,,Estimates valid for 10 days,,\""]
["\"5/7/2018 5:20:50 PM\",\"Eric\",\"956-451-6793\",\"2009 Ninja 250\",\"USA\",\"Robert\",\"35063-0385-18R,STAY^STEP HOLDER^FR^LH^BLACK,1,84,Frt,Freight,1,12,,,,,,,,,,,,,,,,,,,,,,,,,,,,,,,,,,,,,,Estimates valid for 10 days,,\""]
["\"5/9/2018 9:39:10 AM\",\"Vincent\",\"956-225-6806\",\"2006 Kaw Vulcan 900\",\"USA\",\"Robert\",\"49-2270,Battery Maint Free CTX12-BS,,63,MS12B-4,Battery Maint Free MS12B-4 Mainstream,,66,,,,,,,,,,,,,,,,,,,,,,,,,,,,,,,,,,,,,,Estimates valid for 10 days,,\""]
["\"5/9/2018 9:43:00 AM\",\"Joe\",\"956-821-3914\",\"2007 FLHTC Electric Glide \",\"USA\",\"Chris M / Johnny\",\"500030,Labor - Basic Oil Change^ Disposal,1,30,531805,Oil BM Perf M/C 20w50 Quart,4,6.95,550-0171C,Oil Filter HiFlo HF171C,1,11.2,,,,,,Check Brake Switch^ Handle,,,,Voltage meter jumps to top,,,,Check tires^ advise.,,,,Other issues.,,,,,,,,,,,,,,,,,,\""]
["\"5/9/2018 2:21:42 PM\",\"Leo\",\"408-307-3735\",\"2013 Ninja 300\",\"USA\",\"Robert\",\"87-4686,Shinko *140/70ZR17 SR881 RR,1,109,87-4681,Shinko SR880 110/70ZR17,1,89,,RR Installed,1,30,,FR Installed,1,25,,Disposal,2,2.5,,Oil & Filter Chg,1,69,,,,,,,,,,,,,,,,,,,,,,Estimates valid for 10 days,,\""]
["\"5/9/2018 3:01:51 PM\",\"Alfonso\",\"956-867-9225\",\"2005 Roadking\",\"USA\",\"Robert\",\"87-4569,Shinko *MU85B16 R777 WWW RR,1,153,87-4586,Shinko *130/90B16 SR777 WWW FR,1,119,314939,Dunlop *MU85B16 RR WWW,,221,314902,Dunlop *MT90B16 D402 WWW FR,,186,500055,Labor - Mount & Balance RR^ on bike,1,55,500050,Labor - Mount & Balance FR^ on bike,1,50,500002,Tire Disposal Fee,2,2.5,,Tubes^ Valves^ Brakes extra if required,,,,,,,,Shinko Out-the-Door,,413.52,,Dunlop Out-the-Door,,559.65,,Estimates valid for 10 days,,\""]
["\"5/9/2018 4:11:11 PM\",\"Robert (Juan Garcia)\",\"956-429-9422 (263-0055 Juan)\",\"2013 Victory\",\"USA\",\"Robert\",\"87-4586,Shinko *130/90B16 SR777 WWW FR,1,119,500050,Labor - Mount & Balance FR^ on bike,1,50,500002,Tire Disposal Fee,1,2.5,,Tubes^ Valves^ Brakes extra if required,,,,,,,,ETA Mon 14th @ noon,,,,,,,,,,,,,,,,,,,,,,,,Estimates valid for 10 days,,\""]
["\"5/10/2018 3:02:55 PM\",\"Margarito\",\"956-378-5239\",\"2007 Shadow Spirit 750\",\"USA\",\"Robert\",\"87-4592,Shinko *170/80-15 SR777 Reinforced RR,1,134,87-4182,Shinko *90/90-21 SR777 FR,1,79,87-4589,Shinko *80/90-21 F777 FR,,75,,Tube Rear,1,24,,Tube Front,1,15,500060,Labor - Mount & Balance RR^ on bike,1,60,500045,Labor - Mount & Balance FR^ on bike,1,45,500002,Tire Disposal Fee,2,2.5,,,,,,,,,,,,,,Estimates valid for 10 days,,\""]
["\"5/11/2018 9:02:46 AM\",\"Joe R\",\"\",\"\",\"USA\",\"Robert\",\"27-10213,RICKS REGULATOR/RECTIFIER 10-213,,83.75,,,,,,,,,,,,,,,,,,,,,,,,,,,,,,,,,,,,,,,,,,Estimates valid for 10 days,,\""]
["\"5/11/2018 4:36:27 PM\",\"Alberto\",\"956-706-9798\",\"2014 V-Star 650\",\"USA\",\"Robert\",\"87-4477,Shinko *170/80-15 RR SR737,1,121,87-4161,SHINKO *100/90-19 F230 FR,1,90,500060,Labor - Mount & Balance,1,60,500045,Labor - Mount & Balance,1,45,500002,Tire Disposal Fee,2,2.26,,Tube RR,1,24,,Tube FR,1,15,,FA179,1,25,,Brk Install,1,9,,,,,,,,,,Estimates valid for 10 days,,\""]
["\"5/11/2018 5:00:18 PM\",\"Raymond\",\"956-624-0591\",\"2008 Yam V-Star 250\",\"USA\",\"Robert / Joe R\",\"429119,Fork Seal Labor^ Seals^ Oil,1,220,,Brake Pad FA199 BM,1,33,,Labor - Brake Pad R&R w/Seal Replacement,1,10,,,,,,Parts ETA Wed 16th,,,,Likely Install Thur or Fri^ will advise,,,,,,,,Thanks,,,,,,,,Paid in full 5/11/18,,,,,,,,,,\""]
["\"5/12/2018 1:47:57 PM\",\"Cash Customer\",\"\",\"2017 Roadglide\",\"USA\",\"Robert\",\"310471,AMERICAN ELITE *180/65-16 RR ,1,246,500050,Labor - Mount & Balance,1,50,500002,Tire Disposal Fee,1,2.5,,,,,87-4599,SHINKO *180/65B16 SR777 REINFORCED,,145,,,,,,,,,,,,,,,,,,,,,,,,,,Estimates valid for 10 days,,\""]
["\"5/12/2018 2:54:15 PM\",\"Joe R\",\"\",\"\",\"USA\",\"Robert\",\"692-5720,Chain FPX 530x120 X-Ring,1,85,965371,Sprocket 530 45T RR,1,26,965643,Sprocket 530 15T FR,1,14,,,,,,,,,,,,,,,,,,,,,,,,,,,,,,,,,,Estimates valid for 10 days,,\""]
["\"5/14/2018 5:15:40 PM\",\"Jacob\",\"956-735-8892\",\"2004 XL1200C\",\"USA\",\"Robert\",\"310476,Dunlop *MH90H21 American Elite BW FR,,139,310496,Dunlop *150/80B16 Amer Elite BW RR,,189,500050,Labor - Mount & Balance RR^ on bike,,50,500045,Labor - Mount & Balance FR^ on bike,,45,500002,Tire Disposal Fee,2,2.5,,Tube FR 15,1,15,RS21,Rim Strip 21in,1,1.5,500020,Labor - Mount & Balance TT^ off bike,1,20,500015,Labor - Mount & Balance TL^ off bike,1,15,87-4604,Shinko *150/80-16 777 RR,1,128,87-4589,Shinko *80/90-21 777 FR,1,79,,Estimates valid for 10 days,,\""]
["\"5/14/2018 6:11:23 PM\",\"Joe\",\"956-270-3441 (354-1787)\",\"2006 Honda Shadow 750 Aero\",\"USA\",\"Robert\",\"49-2294,Battery CTZ12S-BS AGM Fire Power,1,66,49-2287,Battery CTZ12S AGM Sealed Fire Power,,79,780709,Battery MS12-12ZS AGM Sealed BM,,78,,,,,,,,,,,,,,,,,,,,,,,,,,,,,,,,,,Estimates valid for 10 days,,\""]

{"sheet":"May-18","index":4,"n_rows":141,"n_cols":11,"rows_kept":141,"cut":false,"hidden":false,"merged":[]}
["Invoice",null,{"$f":"SUM(C3:C313)","v":11422.928950000005},{"$f":"SUM(D3:D313)","v":735.7489499999997},null,null,null,{"$f":"TODAY()","v":"2018-05-14"}]
["Number","Date","Amount","Tax","Terms"]
[25544,"2018-05-01",44.38,3.38]
[25545,"2018-05-01",1.62,0.12]
[25546,"2018-05-01",396.2,30.2,"Square"]
[25547,"2018-05-01",48.660000000000004,3.71]
[25548,"2018-05-01",111.23,8.48,"Visa"]
[25549,"2018-05-01",21.65,1.65,"Visa",{"$f":"+C7+C8","v":132.88},{"$f":"+F8*0.97831","v":129.9978328},"$396.2 Square"]
[25550,"2018-05-02",100,7.62,null,0,{"$f":"+F9*0.97831","v":0}]
[25551,"2018-05-03",21.65,1.65,"Visa"]
[25552,"2018-05-03",659.07,50.23,"Visa"]
[25553,"2018-05-03",135.31,10.31,"Square"]
[25554,"2018-05-03",33.799999999999997,2.79,"Visa, Border Patrol"]
[25555,"2018-05-03",245.73,18.73,"Due"]
[25556,"2018-05-03",35.18,2.68,"Due",{"$f":"+C11+C10-500+C13","v":214.52000000000004},{"$f":"+F15*0.97831","v":209.86706120000005},"$135.31 Square"]
[25557,"2018-05-04",125,9.5299999999999994]
[25558,"2018-05-04",48,3.66]
[25559,"2018-05-04",30.259999999999998,2.31,"Visa"]
[25560,"2018-05-04",10.229999999999999,0.78,"Visa"]
[25561,"2018-05-04",43.3,3.3,"Visa",{"$f":"+C20+C19+C18","v":83.789999999999992},{"$f":"+F20*0.97831","v":81.97259489999999},"$0.00 Square"]
[25562,"2018-05-05",35.67,2.72,"Square"]
[25563,"2018-05-05",14.02,1.07,"AmEx"]
[25564,"2018-05-05",12.99,0.99,"Visa"]
[25565,"2018-05-05",47.63,3.63,"Visa"]
[25566,"2018-05-05",16.239999999999998,1.24,"Visa"]
[25567,"2018-05-05",138.61000000000001,10.56,"MC"]
[25568,"2018-05-05",92.01,7.01,"Visa"]
[25569,"2018-05-05",14.02,1.07,"AM"]
[25570,"2018-05-05",54.13,4.13,"Visa"]
[25571,"2018-05-05",48.71,3.71,"Due"]
[25572,"2018-05-05",371.5,null,"Due",{"$f":"+C27+C25+C24+C23+C26+C22","v":321.5},{"$f":"+F31*0.97831","v":314.52666499999998},"$35.67 / $30.05 Square"]
[25573,"2018-05-07",269.75,20.56,"Visa"]
[25574,"2018-05-07",2.71,0.21]
[25575,"2018-05-07",433,33,"$373. due"]
[25576,"2018-05-07",11,0.84]
[25577,"2018-05-07",54.13,4.13,"Visa"]
[25578,"2018-05-07",390,29.72,"$190. due"]
[25579,"2018-05-07",356,27.13,"$6. due"]
[25580,"2018-05-07",95,null,"J.Rangel - resale"]
[25581,"2018-05-07",65.5,null,"J.Rangel - resale"]
[25582,"2018-05-07",110,null,"J.Rangel - resale"]
[25583,"2018-05-07",88,null,"J.Rangel - resale"]
[25584,"2018-05-07",164.75,null,"J.Rangel - resale"]
[25585,"2018-05-07",147,null,"Due, J.Rangel - resale"]
[25586,"2018-05-07",176,null,"Due, J.Rangel - resale"]
[25587,"2018-05-07",33.299999999999997,null,"J.Rangel - resale"]
[25588,"2018-05-07",145,11.05]
[25589,"2018-05-07",164,null,"Due, Revolution - resale"]
[25590,"2018-05-07",79.195700000000016,6.0357000000000012,"Visa",{"$f":"+C32+C36+259.8+C29+C49","v":717.00570000000005},705.43,"$249.03 / $209.81 Square"]
[25591,"2018-05-08",15,null,"Due"]
[25592,"2018-05-08",21.65,1.65]
[25593,"2018-05-08",31.34,2.39,"Due"]
[25594,"2018-05-08",194.85,14.85,"Discover"]
[25595,"2018-05-08",33.56,2.56]
[25596,"2018-05-08",31.39,2.39]
[25597,"2018-05-08",15,null,"McAllen MS - resale"]
[25598,"2018-05-08",305.37325000000004,23.273250000000004,"$280.37 Due",{"$f":"+C53","v":194.85},189.99]
[25599,"2018-05-09",206.22,15.72,"Visa, $81.22 due"]
[25600,"2018-05-09",9.74,0.74]
[25601,"2018-05-09",303.10000000000002,23.1,"Visa"]
[25602,"2018-05-09",98.51,7.51,"Visa"]
[25603,"2018-05-09",49,null,"Due, Carlos G"]
[25604,"2018-05-09",0,0]
[25605,"2018-05-09",400,30.48]
[25606,"2018-05-09",353.98,26.98,"Square ($125), $228.98 due"]
[25607,"2018-05-09",72.53,5.53,"Square"]
[25608,"2018-05-09",255.47,19.47,"Due"]
[25609,"2018-05-09",141.70000000000002,10.8,"Visa",{"$f":"125+C60+C61","v":526.61},{"$f":"+F68*0.97831","v":515.18782910000004},"$197.53 / $166.42 Square"]
[25610,"2018-05-10",40.049999999999997,3.05,"Visa"]
[25611,"2018-05-10",26.1,null,"Visa"]
[25612,"2018-05-10",181.5,null,"Due, ESG - resale"]
[25613,"2018-05-10",30.75,null,"Due, Carlos G",{"$f":"+C69+C68+C70","v":207.85},{"$f":"+F72*0.97831","v":203.3417335}]
[25614,"2018-05-11",130,9.91]
[25615,"2018-05-11",43.3,3.3,"Visa"]
[25616,"2018-05-11",31.61,2.41,"Due"]
[25617,"2018-05-11",46.55,3.55,"MC"]
[25618,"2018-05-11",355.06,27.06]
[25619,"2018-05-11",122,9.3000000000000007]
[25620,"2018-05-11",232.74,17.739999999999998,null,{"$f":"+C74+C76","v":89.85},{"$f":"+F79*0.97831","v":87.901153499999992}]
[25621,"2018-05-12",67.12,5.12,"Square"]
[25622,"2018-05-12",23.82,1.82,"Square"]
[25623,"2018-05-12",402.69,30.69,"Visa, $252.69 due"]
[25624,"2018-05-12",167.79,12.79,"Est $67.79 due"]
[25625,"2018-05-12",438.40999999999997,33.409999999999997,"Visa"]
[25626,"2018-05-12",141.81,10.81,"Square"]
[25627,"2018-05-12",5.41,0.41]
[25628,"2018-05-12",8.66,0.66,"Visa"]
[25629,"2018-05-12",14.07,1.07,"Visa"]
[25630,"2018-05-12",30,2.2799999999999998]
[25631,"2018-05-12",284.7,21.7,"Check",{"$f":"150+C84+C87+C88+65","v":676.14},{"$f":"+F90*0.97831","v":661.47452339999995},"$313.96 Square"]
[25632,"2018-05-14",40,null,"Used Tank, of $220 pd."]
[25633,"2018-05-14",67.12,5.12]
[25634,"2018-05-14",103.92,7.92]
[25635,"2018-05-14",14.02,1.07,"MC"]
[25636,"2018-05-14",94.18,7.18]
[2000,"2018-05-14",null,null,null,{"$f":"31.34+C94","v":45.36},{"$f":"+F96*0.97831","v":44.376141599999997},"$0.00 Square"]
[]
[]
[]
[]
[]
[]
[]
[]
[]
[]
[]
[]
[]
[]
[]
[]
[]
[]
[]
[]
[]
[]
[]
[]
[]
[]
[]
[]
[]
[]
[]
[null,null,null,null,null,null,null,null,{"$f":"H1-WEEKDAY(H1,3)-7","v":"2018-05-07"},{"$f":"SUMIF(INDIRECT(TEXT(I128,\"'mmm-yy'\")&\"!B3:B400\"),I128,INDIRECT(TEXT(I128,\"'mmm-yy'\")&\"!C3:C400\"))","v":2784.3357000000005}]
[null,null,null,null,null,null,null,null,{"$f":"I128+1","v":"2018-05-08"},648.16325000000006]
[null,null,null,null,null,null,null,null,"2018-05-09",1890.2500000000002]
[null,null,null,null,null,null,null,null,"2018-05-10",278.39999999999998]
[null,null,null,null,null,null,null,null,{"$f":"I131+1","v":"2018-05-11"},961.26]
[null,null,null,null,null,null,null,null,"2018-05-12",1584.48]
[null,null,null,null,null,null,null,null,"2018-05-13",0,{"$f":"SUM(J128:J134)","v":8146.8889500000005}]
[null,null,null,null,null,null,null,null,"2018-05-14",319.24]
[null,null,null,null,null,null,null,null,"2018-05-15",0]
[null,null,null,null,null,null,null,null,"2018-05-16",0]
[null,null,null,null,null,null,null,null,"2018-05-17",0]
[null,null,null,null,null,null,null,null,"2018-05-18",0]
[null,null,null,null,null,null,null,null,"2018-05-19",0]
[null,null,null,null,null,null,null,null,"2018-05-20",0,{"$f":"SUM(J135:J141)","v":319.24}]

{"sheet":"Apr-18","index":5,"n_rows":275,"n_cols":11,"rows_kept":275,"cut":false,"hidden":false,"merged":[]}
["Invoice",null,{"$f":"SUM(C3:C411)","v":27547.411875000013},{"$f":"SUM(D6:D411)","v":1824.3818750000016},null,null,null,{"$f":"TODAY()","v":"2018-05-14"}]
["Number","Date","Amount","Tax","Terms"]
[25296,"2018-04-02",40,null,"Square, Used - No Tax"]
[25297,"2018-04-02",233.82,17.82,"Due"]
[25298,"2018-04-02",201.99,15.39,"Visa, $23.38 due"]
[25299,"2018-04-02",133,10.14]
[25300,"2018-04-02",344.995,30.995000000000001,"Visa",{"$f":"29.8+178.61+C7","v":553.40499999999997},547.44000000000005,"$40.00 / $38.90 Square"]
[25301,"2018-04-03",423.26,32.26,"$223.26 due"]
[25302,"2018-04-03",101.76,7.76]
[25303,"2018-04-03",14.02,1.07]
[25304,"2018-04-03",-18.459999999999997,-1.41,"Cln Up"]
[25305,"2018-04-03",216.25,null,"Due, Carlos G - MX resale"]
[25306,"2018-04-03",8.25,0.63,"Visa"]
[25307,"2018-04-03",75,null,"Due, J.Rangel - resale"]
[25308,"2018-04-03",40,null,"Due, J.Rangel - resale"]
[25309,"2018-04-03",43.84,3.34,"Visa",{"$f":"+C13","v":8.25},7.96,"$96.83 / $81.58 Square"]
[25310,"2018-04-04",10,0.76,"Visa"]
[25311,"2018-04-04",368.05,28.05,"Due"]
[25312,"2018-04-04",167.79,12.79]
[25313,"2018-04-04",16.18,1.23,"Square"]
[25314,"2018-04-04",114.75,8.75,"Square",{"$f":"+C17+C16","v":53.84},53.02,"$130.93 / $110.31 Square"]
[25315,"2018-04-05",29.8,null,"Visa, Border Patrol"]
[25316,"2018-04-05",190,14.48]
[25317,"2018-04-05",63.87,4.87,"Square"]
[25318,"2018-04-05",10,0.76]
[25319,"2018-04-05",471.97,35.97,"Due"]
[25320,"2018-04-05",195,null,"Revolution - Resale"]
[25321,"2018-04-05",0,0]
[25322,"2018-04-05",283.62,21.62,"$83.62 Due"]
[25323,"2018-04-05",3,0.23]
[25324,"2018-04-05",41.14,3.14,"MC",{"$f":"+C22","v":29.8},28.77,"$189.03 / $159.26 Square"]
[25325,"2018-04-06",2.06,0.16]
[25326,"2018-04-06",10.83,0.83]
[25327,"2018-04-06",44.38,3.38]
[25328,"2018-04-06",1,0.08]
[25329,"2018-04-06",-1.08,-0.08]
[25330,"2018-04-06",40.489999999999995,3.09,"Square"]
[25331,"2018-04-06",173.2,13.2]
[25332,"2018-04-06",40.049999999999997,3.05]
[25333,"2018-04-06",211,16.079999999999998,"$111 due"]
[25334,"2018-04-06",173.52,13.22,"MC"]
[25335,"2018-04-06",64.95,4.95,"MC"]
[25336,"2018-04-06",124,null,"Due, Carlos G - MX resale"]
[25337,"2018-04-06",71.39,5.44]
[25338,"2018-04-06",99.48,7.58]
[25339,"2018-04-06",242.48,18.48,"Due, Busa Seals",{"$f":"+C31+C41+C42","v":279.61},272.97000000000003,"$274.31 / $231.11 Square"]
[25340,"2018-04-07",15.16,1.1599999999999999]
[25341,"2018-04-07",27.06,2.06]
[25342,"2018-04-07",33.340000000000003,2.54,"Square"]
[25343,"2018-04-07",51.910000000000004,3.96]
[25344,"2018-04-07",84.44,6.44,"Square"]
[25345,"2018-04-07",434.62,33.119999999999997,"Visa, $160. Due"]
[25346,"2018-04-07",15.16,1.1599999999999999]
[25347,"2018-04-07",136.29000000000002,10.39,"MC"]
[25348,"2018-04-07",21.599999999999998,1.65]
[25349,"2018-04-07",343.69,26.19,"Due, Triumph"]
[25350,"2018-04-07",43.3,3.3,"Visa"]
[25351,"2018-04-07",145,11.05,null,{"$f":"274.62+C54+C57","v":454.21000000000004},447.43,"$141.04 / $118.82 Square"]
[25352,"2018-04-09",57.37,4.37,"MC, $28.50 due"]
[25353,"2018-04-09",12.99,0.99]
[25354,"2018-04-09",33.5,null,"Due, Carlos G - MX resale"]
[25355,"2018-04-09",129.47,9.8699999999999992,"Square"]
[25356,"2018-04-09",27,null,"Due, George - Revolution resale"]
[25357,"2018-04-09",329.08,25.08,"Visa"]
[25358,"2018-04-09",27.06,2.06]
[25359,"2018-04-09",102.78,7.83,"$100. Warranty"]
[25360,"2018-04-09",149.93,11.43,"Square ($182.40)"]
[25361,"2018-04-09",10,0.76]
[25362,"2018-04-09",31,null,"Due",{"$f":"28.87+C64+2.78","v":360.72999999999996},353.4,"$311.87 / $262.75 Square"]
[25363,"2018-04-10",12.99,0.99,"MC"]
[25364,"2018-04-10",5.14,0.39,"Due"]
[25365,"2018-04-10",22.73,1.73]
[25366,"2018-04-10",61,null,"Due, Carlos G - MX resale"]
[25367,"2018-04-10",20,1.52]
[25368,"2018-04-10",397.49,30.29,"Visa"]
[25369,"2018-04-10",149.43,26.63,"Due, BMW F650GS",{"$f":"+C70+C75","v":410.48},408.38]
[25370,"2018-04-11",264.67,20.170000000000002,"MC, $164.67 due"]
[25371,"2018-04-11",540.11,41.16,"Visa"]
[25372,"2018-04-11",29.8,null,"Visa, Border Patrol"]
[25373,"2018-04-11",143,null,"Due, Carlos G - MX resale"]
[25374,"2018-04-11",32,null,"Due, Revolution - resale"]
[25375,"2018-04-11",31.75,null,"Due, J.Rangel - resale"]
[25376,"2018-04-11",425.42,32.42,"Square"]
[25377,"2018-04-11",169.41,12.91,"Visa, addl to Inv 25371"]
[25378,"2018-04-11",94.25,null,"Due, Carlos G - MX resale"]
[25379,"2018-04-11",7.58,0.57999999999999996]
[25380,"2018-04-11",65,4.95,"Visa"]
[25381,"2018-04-11",51.96,3.96,"Visa, addl to Inv 25371"]
[25382,"2018-04-11",55,null,"Due, Carlos G - MX resale",{"$f":"100+C79+C87+C88+C84+C78","v":956.28},942.31,"$425.42 / $358.42 Square"]
[25383,"2018-04-12",47.63,3.63,"MC"]
[25384,"2018-04-12",130,null,"Due, Revolution - resale"]
[25385,"2018-04-12",34.64,2.64,"Due, LEDs"]
[25386,"2018-04-12",17.86,1.36]
[25387,"2018-04-12",52.08,null,"Visa"]
[25388,"2018-04-12",124.22,9.4700000000000006,"Visa"]
[25389,"2018-04-12",7,0.53]
[25390,"2018-04-12",3.25,0.25,"Visa"]
[25391,"2018-04-12",39.78,3.03]
[25392,"2018-04-12",227.76,17.36]
[25393,"2018-04-12",154.5,null,"Due, Carlos G - MX resale"]
[25394,"2018-04-12",267.38,20.38,"Visa, $147.38 due",{"$f":"+C90+C94+C95+C97+120","v":347.18},344.15]
[25395,"2018-04-13",15.16,1.1599999999999999,"Due"]
[25396,"2018-04-13",105,8,"Due"]
[25397,"2018-04-13",10.83,0.83]
[25398,"2018-04-13",258.72000000000003,19.72,"MC"]
[25399,"2018-04-13",17.86,1.36]
[25400,"2018-04-13",16.239999999999998,1.24]
[25401,"2018-04-13",247.35,18.850000000000001,"Visa, $147.35 due"]
[25402,"2018-04-13",21.65,1.65]
[25403,"2018-04-13",43.3,3.3]
[25404,"2018-04-13",358.03687500000001,27.286875000000002,"Due, XL caliper & bearings","Forgot to run Thur"]
[25405,"2018-04-13",74.69,5.69,null,{"$f":"+C105+100","v":358.72},356.7]
[25406,"2018-04-14",322.58999999999997,24.59,"$100 cash, $222.59 Square"]
[25407,"2018-04-14",373,null,"Due, Carlos G - MX resale"]
[25408,"2018-04-14",140.72999999999999,10.73]
[25409,"2018-04-14",128.82,9.82,"Square"]
[25410,"2018-04-14",40.049999999999997,3.05,"Visa"]
[25411,"2018-04-14",5.36,0.41,"Visa"]
[25412,"2018-04-14",20,1.52]
[25413,"2018-04-14",70.36,5.36,"Visa",{"$f":"70+C118+C117+C120","v":185.76999999999998},183.86,"$459.25 / $386.91 Square"]
[25414,"2018-04-16",119,9.07,"MC"]
[25415,"2018-04-16",245.67,18.72,"Square"]
[25416,"2018-04-16",73,5.56]
[25417,"2018-04-16",29.23,2.23]
[25418,"2018-04-16",7.58,0.57999999999999996,"Visa"]
[25419,"2018-04-16",526.1,40.1,"Visa"]
[25420,"2018-04-16",20,1.52,"Visa"]
[25421,"2018-04-16",20,1.52]
[25422,"2018-04-16",39.78,3.03,"Due, Ernest"]
[25423,"2018-04-16",22,null,"Due, Revolution - resale",{"$f":"+C121+160+C125+C126+C127","v":832.68000000000006},815.49,"$245.67 / $206.97 Square"]
[25424,"2018-04-17",217,16.54]
[25425,"2018-04-17",82.27,6.27,"AmExp"]
[25426,"2018-04-17",641.00000000000011,48.85,"Square, $341 Due"]
[25427,"2018-04-17",29.8,null,"Visa"]
[25428,"2018-04-17",70.25,null,"Due, Carlos G - MX resale"]
[25429,"2018-04-17",87.5,null,"Due, Carlos G - MX resale"]
[25430,"2018-04-17",58.46,4.46,"MC"]
[25431,"2018-04-17",51.69,3.94,"Visa"]
[25432,"2018-04-17",48.660000000000004,3.71]
[25433,"2018-04-17",259.8,19.8,"Due, Jaime - Forks"]
[25434,"2018-04-17",10,null,"MC",{"$f":"+C132+C134+C137+25+C141+C138","v":257.22000000000003},250.92,"$300.00 / $252.75 Square"]
[25435,"2018-04-18",114.75,8.75]
[25436,"2018-04-18",30.1,null,"Visa"]
[25437,"2018-04-18",24.999999999999996,1.9]
[25438,"2018-04-18",9.74,0.74,"Visa"]
[25439,"2018-04-18",131.52000000000001,10.02,"Due"]
[25440,"2018-04-18",164,12.5,"MC"]
[25441,"2018-04-18",243.56,18.559999999999999,"Square"]
[25442,"2018-04-18",18.399999999999999,1.4,"Square"]
[25443,"2018-04-18",8,null,"Square"]
[25444,"2018-04-18",74.69,5.69]
[25445,"2018-04-18",11.91,0.91,null,{"$f":"+C145","v":9.74},9.39,"$269.96 / $227.44 Square"]
[25446,"2018-04-19",68.2,5.2]
[25447,"2018-04-19",13,null,"Visa"]
[25448,"2018-04-19",269.76,20.56,"Square"]
[25449,"2018-04-19",21.65,1.65,"Visa"]
[25450,"2018-04-19",5,0.38]
[25451,"2018-04-19",42.25,null,"Visa, ESG Customs"]
[25452,"2018-04-19",16.18,1.23]
[25453,"2018-04-19",182.4,13.9]
[25454,"2018-04-19",7,0.53]
[25455,"2018-04-19",154,11.74]
[25456,"2018-04-19",53.04,4.04,"Due",{"$f":"+C143+C154+C156+C158","v":107},104.54,"$293.14 / $246.97  Square"]
[25457,"2018-04-20",13.25,null,"Visa, ESG - resale"]
[25458,"2018-04-20",27.06,2.06]
[25459,"2018-04-20",156.96,11.96]
[25460,"2018-04-20",0,0]
[25461,"2018-04-20",225,17.149999999999999,"$125 due"]
[25462,"2018-04-20",20.57,1.57,"Visa"]
[25463,"2018-04-20",228.95,17.45]
[25464,"2018-04-20",199.72,15.22]
[25465,"2018-04-20",299.85000000000002,22.85,"Due, XL Belt"]
[25466,"2018-04-20",291,null,"Due, Carlos G - MX resale",{"$f":"+C169","v":20.57},20.04]
[25467,"2018-04-21",87.68,6.68,"Visa"]
[25468,"2018-04-21",96.34,7.34]
[25469,"2018-04-21",41.14,3.14,"Visa"]
[25470,"2018-04-21",16.239999999999998,1.24]
[25471,"2018-04-21",5,0.38]
[25472,"2018-04-21",392.95,29.95,"MC"]
[25473,"2018-04-21",10,0.76,"Visa",{"$f":"+C174+C176+196.47+C180","v":335.28999999999996},328.84]
[25474,"2018-04-23",200.15,15.25]
[25475,"2018-04-23",249,null,"Due, Revolution - resale"]
[25476,"2018-04-23",146.13999999999999,11.14,"Square"]
[25477,"2018-04-23",6,0.46]
[25478,"2018-04-23",77.94,5.94,"Square"]
[25479,"2018-04-23",360.47,27.47,"Square"]
[25480,"2018-04-23",14.02,1.07,"Square"]
[25481,"2018-04-23",144,null,"Due, J.Rangel - resale"]
[25482,"2018-04-23",128.82,9.82,"Visa",{"$f":"345.91+C189","v":474.73},466.78,"$238.10 / $200.60 Square"]
[25483,"2018-04-24",77.94,5.94]
[25484,"2018-04-24",160,12.19]
[25485,"2018-04-24",29.77,2.27,"Visa"]
[25486,"2018-04-24",53.04,4.04,"Due"]
[25487,"2018-04-24",9.5,0.72,"MC"]
[25488,"2018-04-24",35.18,2.68,"Visa"]
[25489,"2018-04-24",108.25,8.25,"MC"]
[25490,"2018-04-24",6.5,0.5]
[25491,"2018-04-24",137.47999999999999,10.48]
[25492,"2018-04-24",16.18,1.23,"MC"]
[25493,"2018-04-24",21.5,null,"Due, Carlos G - MX resale",{"$f":"+C194+C195+C196+C147+C199","v":333.11},324.77999999999997,"$360.47 / $303.70 Square"]
[25494,"2018-04-25",143.91999999999999,7.92,"Visa"]
[25495,"2018-04-25",102.84,7.84,"Visa"]
[25496,"2018-04-25",21.65,1.65,"Visa"]
[25497,"2018-04-25",13.52,null,"Visa, ESG Customs"]
[25498,"2018-04-25",200,null,"Visa"]
[25499,"2018-04-25",34.64,2.64]
[25500,"2018-04-25",52,null,"$32 due, J.Rangel - resale"]
[25501,"2018-04-25",56.29,4.29,null,{"$f":"+C201+C202+C203+C192+C204+C164+C205","v":524.94999999999993},516.89]
[25502,"2018-04-26",33,null,"Due, Revolution - resale"]
[25503,"2018-04-26",45.089999999999996,3.44,"MC"]
[25504,"2018-04-26",110,8.3800000000000008,"Visa"]
[25505,"2018-04-26",23.27,1.77]
[25506,"2018-04-26",21.65,1.65]
[25507,"2018-04-26",787.41,60.01]
[25508,"2018-04-26",272.58999999999997,20.77]
[25509,"2018-04-26",30.1,null,"Visa, Border Patrol"]
[25510,"2018-04-26",32.26,2.46,"Visa"]
[25511,"2018-04-26",10,null,"Continental - resale"]
[25512,"2018-04-26",293.89999999999998,22.4]
[25513,"2018-04-26",7.5200000000000005,0.56999999999999995]
[25514,"2018-04-26",314.47000000000003,23.97,"Visa"]
[25515,"2018-04-26",10.83,0.83,null,{"$f":"+C210+C211+46.4+C217+C221+C216+131.52+C222","v":720.67000000000007},710.06]
[25516,"2018-04-27",40.049999999999997,3.05,"Visa"]
[25517,"2018-04-27",21.65,1.65]
[25518,"2018-04-27",115.83,8.83,"Visa"]
[25519,"2018-04-27",231.11,17.61,"Visa"]
[25520,"2018-04-27",148.30000000000001,11.3,"MC"]
[25521,"2018-04-27",278.31,21.21,"Due"]
[25522,"2018-04-27",189.98,14.48,"Visa, $89.98 due"]
[25523,"2018-04-27",16.239999999999998,1.24,"AmExp"]
[25524,"2018-04-27",11.91,0.91,"Visa",{"$f":"+C223+47.35+C225+C226+C227+100+C230+C231","v":710.79000000000008},{"$f":"+F231*0.97831","v":695.37296490000006}]
[25525,"2018-04-28",59.54,4.54,"Visa"]
[25526,"2018-04-28",44.38,3.38,"Visa"]
[25527,"2018-04-28",109.87,8.3699999999999992,"Square"]
[25528,"2018-04-28",108.25,8.25]
[25529,"2018-04-28",35,null,"Due, Revolution - resale"]
[25530,"2018-04-28",300.94,22.94]
[25531,"2018-04-28",12.34,0.94,"Square"]
[25532,"2018-04-28",290.11,22.11]
[25533,"2018-04-28",175,13.34]
[25534,"2018-04-28",27,null,"Due, Revolution - resale",{"$f":"+C232+C233+300","v":403.92},{"$f":"+F241*0.97831","v":395.15897520000004},"$122.21 Square"]
[25535,"2018-04-30",69.23,5.28,"Visa"]
[25536,"2018-04-30",499.03,38.03,"Square"]
[25537,"2018-04-30",5.41,0.41,"MC"]
[25538,"2018-04-30",7.58,0.57999999999999996,"Visa"]
[25539,"2018-04-30",160,12.19]
[25540,"2018-04-30",33.799999999999997,2.79,"Visa, Border Patrol"]
[25541,"2018-04-30",26.1,2.15,"Visa, Border Patrol"]
[25542,"2018-04-30",5,0.38]
[25543,"2018-04-30",155,11.81,"Due",{"$f":"+C242+C244+C245","v":82.22},{"$f":"+F250*0.97831","v":80.436648199999993},"$499.03 Square"]
[]
[]
[]
[]
[]
[]
[]
[]
[]
[]
[]
[null,null,null,null,null,null,null,null,{"$f":"H1-WEEKDAY(H1,3)-7","v":"2018-05-07"},{"$f":"SUMIF(INDIRECT(TEXT(I262,\"'mmm-yy'\")&\"!B3:B400\"),I262,INDIRECT(TEXT(I262,\"'mmm-yy'\")&\"!C3:C400\"))","v":2784.3357000000005}]
[null,null,null,null,null,null,null,null,{"$f":"I262+1","v":"2018-05-08"},648.16325000000006]
[null,null,null,null,null,null,null,null,"2018-05-09",1890.2500000000002]
[null,null,null,null,null,null,null,null,"2018-05-10",278.39999999999998]
[null,null,null,null,null,null,null,null,"2018-05-11",961.26]
[null,null,null,null,null,null,null,null,"2018-05-12",1584.48]
[null,null,null,null,null,null,null,null,"2018-05-13",0,{"$f":"SUM(J262:J268)","v":8146.8889500000005}]
[null,null,null,null,null,null,null,null,"2018-05-14",319.24]
[null,null,null,null,null,null,null,null,"2018-05-15",0]
[null,null,null,null,null,null,null,null,"2018-05-16",0]
[null,null,null,null,null,null,null,null,"2018-05-17",0]
[null,null,null,null,null,null,null,null,"2018-05-18",0]
[null,null,null,null,null,null,null,null,"2018-05-19",0]
[null,null,null,null,null,null,null,null,"2018-05-20",0,{"$f":"SUM(J269:J275)","v":319.24}]

{"sheet":"Logo","index":6,"n_rows":0,"n_cols":0,"rows_kept":0,"cut":false,"hidden":false,"merged":[]}

{"sheet":"Mar-18","index":7,"n_rows":330,"n_cols":11,"rows_kept":330,"cut":false,"hidden":false,"merged":[]}
["Invoice",null,{"$f":"SUM(C7:C484)","v":30485.794525000016},{"$f":"SUM(D7:D484)","v":1909.5745250000014},null,null,null,{"$f":"TODAY()","v":"2018-05-14"}]
["Number","Date","Amount","Tax","Terms"]
[25022,"2018-03-01",11,0.84]
[25023,"2018-03-01",32.479999999999997,2.48,"Due"]
[25024,"2018-03-01",1255,null,"Due, Carlos G - MX"]
[25025,"2018-03-01",8.1199999999999992,0.62,"Visa"]
[25026,"2018-03-01",60,4.58,null,{"$f":"61.29+C6","v":69.41},{"$f":"+F7*0.97831","v":67.9044971}]
[25027,"2018-03-02",230,17.53]
[25028,"2018-03-02",25.98,1.98]
[25029,"2018-03-02",378.88,28.88]
[25030,"2018-03-02",40.999999999999993,3.12]
[25031,"2018-03-02",27.06,2.06]
[25032,"2018-03-02",129.9,9.9]
[25033,"2018-03-02",18,null,"Visa, BBG - resale",{"$f":"+C14","v":18},{"$f":"+F14*0.97831","v":17.609580000000001}]
[25034,"2018-03-03",34.589999999999996,2.64,"AmEx"]
[25035,"2018-03-03",403.77,30.77,"Visa"]
[25036,"2018-03-03",53.04,4.04]
[25037,"2018-03-03",147.49,11.24]
[25038,"2018-03-03",178.61,13.61,"Visa"]
[25039,"2018-03-03",107.17,8.17,"Visa"]
[25040,"2018-03-03",38.75,2.95]
[25041,"2018-03-03",129.9,9.9,"MC"]
[25042,"2018-03-03",21.65,1.65,"Visa"]
[25043,"2018-03-03",333,25.38,"Square",{"$f":"+C15+200+C19+C20+C22+C23+40","v":711.92},{"$f":"+F24*0.97831","v":696.47845519999998},"$390.19 Square"]
[25044,"2018-03-05",9.69,0.74,"Visa"]
[25045,"2018-03-05",100,7.62]
[25046,"2018-03-05",158.05000000000001,12.05]
[25047,"2018-03-05",24,null,"Due, Revolution - resale"]
[25048,"2018-03-05",238,18.14]
[25049,"2018-03-05",7.58,0.57999999999999996]
[25050,"2018-03-05",46,3.51,"Visa"]
[25051,"2018-03-05",29.23,2.23]
[25052,"2018-03-05",84.44,6.44]
[25053,"2018-03-05",20.57,1.57]
[25054,"2018-03-05",80,null,"Due, J.Rangel - resale"]
[25055,"2018-03-05",19.12,null,"Due, J.Rangel - resale",{"$f":"+C25+C31","v":55.69},{"$f":"+F36*0.97831","v":54.482083899999999}]
[25056,"2018-03-06",128.82,9.82,"Square"]
[25057,"2018-03-06",89.52,6.52,"Square"]
[25058,"2018-03-06",45,3.43]
[25059,"2018-03-06",231.66,17.66,"Check"]
[25060,"2018-03-06",26.1,null,"Square, Border Patrol"]
[25061,"2018-03-06",242.48,18.48,"Square ($100), $142.48 due"]
[25062,"2018-03-06",130.97999999999999,9.98,"Square"]
[25063,"2018-03-06",40,3.05,"Square"]
[25064,"2018-03-06",5,0.38,"Square"]
[25065,"2018-03-06",9.9599999999999991,0.76,null,0,{"$f":"+F46*0.97831","v":0},"$520.42 Square"]
[25066,"2018-03-07",5,0.38]
[25067,"2018-03-07",266,20.27,"Due"]
[25068,"2018-03-07",9.69,0.74,"Square"]
[25069,"2018-03-07",51,null,"Due, J.Rangel - resale"]
[25070,"2018-03-07",86.6,6.6]
[25071,"2018-03-07",58.239999999999995,4.4400000000000004]
[25072,"2018-03-07",96.34,7.34,"Square"]
[25073,"2018-03-07",150.47,11.47,"Due"]
[25074,"2018-03-07",0,0]
[25075,"2018-03-07",7.5,null,"Due, J.Rangel - resale",0,{"$f":"+F56*0.97831","v":0},"$372.03 Square"]
[25076,"2018-03-08",289.44967499999996,22.059674999999999]
[25077,"2018-03-08",205.13,15.63,"Square"]
[25078,"2018-03-08",48.71,3.71,"Square"]
[25079,"2018-03-08",75.78,5.78,"Due, HD Cables"]
[25080,"2018-03-08",62,null,"Trade, Revolution - resale ($2 due)"]
[25081,"2018-03-08",163.46,12.46]
[25082,"2018-03-08",375.63,28.63,"$255.63 due"]
[25083,"2018-03-08",87.2,null,"Due, Carlos G - MX"]
[25084,"2018-03-08",103,null,"Due, Carlos G - MX"]
[25085,"2018-03-08",298,null,"Due, Carlos G - MX"]
[25086,"2018-03-08",63.8,null,"Due, Carlos G - MX",0,{"$f":"+F67*0.97831","v":0},"$362.10 Square"]
[25087,"2018-03-09",42.65,3.25,"Square"]
[25088,"2018-03-09",8.66,0.66]
[25089,"2018-03-09",15,1.1399999999999999]
[25090,"2018-03-09",144,10.97]
[25091,"2018-03-09",457.36,34.86,"Square"]
[25092,"2018-03-09",232.74,17.739999999999998,"Due, Randy's friend"]
[25093,"2018-03-09",9.69,0.74]
[25094,"2018-03-09",153.16999999999999,11.67,"Square"]
[25095,"2018-03-09",17.32,1.32,"Due",0,{"$f":"+F76*0.97831","v":0},"$653.18 Square"]
[25096,"2018-03-10",43.25,3.3,"Square"]
[25097,"2018-03-10",11.85,0.9]
[25098,"2018-03-10",33.5,2.5499999999999998,"$7.52 due"]
[25099,"2018-03-10",42,3.2]
[25100,"2018-03-10",21.599999999999998,1.65]
[25101,"2018-03-10",227.32999999999998,17.329999999999998,"Square"]
[25102,"2018-03-10",3.1900000000000004,0.24]
[25103,"2018-03-10",31.39,2.39,"Due"]
[25104,"2018-03-10",45,3.43,"Square"]
[25105,"2018-03-10",264.13,20.13,"Square"]
[25106,"2018-03-10",14.5,null,"Due, Revolution - resale"]
[25107,"2018-03-10",9.74,0.74,"Square",0,{"$f":"+F88*0.97831","v":0},"$1126.17 Square"]
[25108,"2018-03-12",32.479999999999997,2.48]
[25109,"2018-03-12",97.31,7.41,"Square"]
[25110,"2018-03-12",240.86,18.36,"Square"]
[25111,"2018-03-12",125.5,null,"Due, Revolution - resale"]
[25112,"2018-03-12",23.82,1.82]
[25113,"2018-03-12",10,null,"Due, Revolution - resale"]
[25114,"2018-03-12",55.5,null,"Due, J.Rangel - resale"]
[25115,"2018-03-12",40,null,"J.Rangel - resale"]
[25116,"2018-03-12",40,null,"Due, J.Rangel - resale"]
[25117,"2018-03-12",25,null,"Due"]
[25118,"2018-03-12",44,3.35,"Due, J.Rangel - resale"]
[25119,"2018-03-12",16.899999999999999,null,"J.Rangel - resale"]
[25120,"2018-03-12",118.9,null,"Due, Carlos G - MX",0,{"$f":"+F101*0.97831","v":0},"$338.17 Square"]
[25121,"2018-03-13",30.31,2.31,"Square"]
[25122,"2018-03-13",469.84000000000003,null,"Square"]
[25123,"2018-03-13",63.87,4.87,"Square"]
[25124,"2018-03-13",50.82,3.87,"Square"]
[25125,"2018-03-13",-15.16,-1.1599999999999999]
[25126,"2018-03-13",67.87,4.87,"$7.87 Square"]
[25127,"2018-03-13",40.92,3.12,"Inv 25125"]
[25128,"2018-03-13",63.87,4.87,"Square"]
[25129,"2018-03-13",156.36999999999998,11.92,"Square"]
[25130,"2018-03-13",17.21,1.31,null,0,{"$f":"+F111*0.97831","v":0},"$842.95 Square"]
[25131,"2018-03-14",45.5,null,"Due, Revolution - resale"]
[25132,"2018-03-14",235,null,"Revolution - resale, $135 due"]
[25133,"2018-03-14",185.65,14.15]
[25134,"2018-03-14",10.83,0.83]
[25135,"2018-03-14",43.6,3.32]
[25136,"2018-03-14",74.69,5.69,"Check"]
[25137,"2018-03-14",565,43.06,"$305 due"]
[25138,"2018-03-14",96.34,7.34,"Square"]
[25139,"2018-03-14",96.34,7.34,"Square"]
[25140,"2018-03-14",23.82,1.82]
[25141,"2018-03-14",69.599999999999994,null,"Due, J.Rangel - resale"]
[25142,"2018-03-14",10.77,0.82,"Square",0,{"$f":"+F123*0.97831","v":0},"$289.10 Square"]
[25143,"2018-03-15",8.66,0.66,"Square"]
[25144,"2018-03-15",3.03,0.23]
[25145,"2018-03-15",40.489999999999995,3.09,"Due"]
[25146,"2018-03-15",47.63,3.63,"Square"]
[25147,"2018-03-15",15.16,1.1599999999999999]
[25148,"2018-03-15",40,null,"Square, Used"]
[25149,"2018-03-15",63.87,4.87]
[25150,"2018-03-15",14,null,"Due"]
[25151,"2018-03-15",-2.17,-0.17]
[25152,"2018-03-15",11.91,0.91]
[25153,"2018-03-15",41.24,1.24]
[25154,"2018-03-15",389,null,"Due, Carlos G - MX",0,{"$f":"+F135*0.97831","v":0},"$96.29 Square"]
[25155,"2018-03-16",201.89,15.39]
[25156,"2018-03-16",21.639999999999997,1.65]
[25157,"2018-03-16",423.26,32.26,"Square, $323.26 due"]
[25158,"2018-03-16",541.25,41.25,"Square"]
[25159,"2018-03-16",64.84,4.9400000000000004]
[25160,"2018-03-16",28.15,2.15]
[25161,"2018-03-16",56.29,4.29,"Square"]
[25162,"2018-03-16",40.590000000000003,3.09,"Due, OT"]
[25163,"2018-03-16",9,null,"Due, Revolution - resale"]
[25164,"2018-03-16",40.590000000000003,3.09,"Square",1,{"$f":"+F145*0.97831","v":0.97831000000000001},"$420.52 / $354.28 Square"]
[25165,"2018-03-17",-97.43,-7.43]
[25166,"2018-03-17",129.9,9.9,"Visa"]
[25167,"2018-03-17",199.72,15.22,"Visa",{"$f":"+C147+C148","v":329.62},321.52999999999997]
[25168,"2018-03-19",81.19,6.19,"Visa"]
[25169,"2018-03-19",75,5.72,"Visa"]
[25170,"2018-03-19",287.95,21.95,"Square"]
[25171,"2018-03-19",84.11,6.11]
[25172,"2018-03-19",491.46,37.46,"Visa"]
[25173,"2018-03-19",18.349999999999998,1.4,"Visa"]
[25174,"2018-03-19",50,null,"Used - 12in Apes, Mags"]
[25175,"2018-03-19",8.66,0.66]
[25176,"2018-03-19",500,38.11,"$300 Due"]
[25177,"2018-03-19",49.8,3.8]
[25178,"2018-03-19",8.66,0.66]
[25179,"2018-03-19",27.06,2.06,"Square"]
[25180,"2018-03-19",37,2.82]
[25181,"2018-03-19",207.84,15.84,"Square, $107.84 due",{"$f":"+C149+C150+33.87+C153+C154+7","v":706.87},693.09,"$415.01 / $349.65 Square"]
[25182,"2018-03-20",336.12,25.62,"Due"]
[25183,"2018-03-20",195,null,"J.Rangel - resale"]
[25184,"2018-03-20",250,19.05,"$50 due"]
[25185,"2018-03-20",31.1,null,"Visa, Border Patrol"]
[25186,"2018-03-20",29.8,null,"Visa, Border Patrol"]
[25187,"2018-03-20",204,null,"Due, Carlos G - MX"]
[25188,"2018-03-20",238.15,18.149999999999999,"Visa",323.26,321.83999999999997,"$336.12 / $283.18 Square"]
[25189,"2018-03-21",5,0.38]
[25190,"2018-03-21",117.99,8.99]
[25191,"2018-03-21",225.16,17.16,"Visa, $125.16 Due"]
[25192,"2018-03-21",74.69,5.69,"Due"]
[25193,"2018-03-21",147,11.2]
[25194,"2018-03-21",24.84,1.89,"MC"]
[25195,"2018-03-21",15,1.1399999999999999]
[25196,"2018-03-21",8.66,0.66]
[25197,"2018-03-21",137.47999999999999,10.48,"Due, Randy's friend"]
[25198,"2018-03-21",126.5,null,"Due, Carlos G - MX"]
[25199,"2018-03-21",158.19999999999999,null,"Due, Carlos G - MX",{"$f":"+C166+C167+C169+100+C175","v":423.89},416.11]
[25200,"2018-03-22",214.28,16.329999999999998,"Square"]
[25201,"2018-03-22",464.39,35.39,"MC, $264.39 due"]
[25202,"2018-03-22",13.38,null,"Square"]
[25203,"2018-03-22",102.84,7.84,"Visa"]
[25204,"2018-03-22",414.6,31.6,"$314.60 Due"]
[25205,"2018-03-22",11.91,0.91]
[25206,"2018-03-22",7,null,"Due, Revolution - resale"]
[25207,"2018-03-22",36.81,2.81,"Square"]
[25208,"2018-03-22",39,null,"Due, J.Rangel - resale",{"$f":"200+C184+7.52","v":310.36},305.39999999999998,"$50.19 / $42.28 Square"]
[25209,"2018-03-23",469.99985000000004,35.819850000000002]
[25210,"2018-03-23",810,61.73]
[25211,"2018-03-23",27,2.06]
[25212,"2018-03-23",347,26.45,"$147 due"]
[25213,"2018-03-23",129.9,9.9,"Visa"]
[25214,"2018-03-23",150,11.43,null,{"$f":"50+C194","v":179.9},176.87,"$555.53 / $468.04 Square"]
[25215,"2018-03-24",321.25,null,"Due, Carlos G - MX"]
[25216,"2018-03-24",100,7.62,"Visa"]
[25217,"2018-03-24",-35.75,null,"Due, J.Rangel - resale"]
[25218,"2018-03-24",0,null,"J.Rangel - ref only"]
[25219,"2018-03-24",206,null,"Due, J.Rangel - resale"]
[25220,"2018-03-24",45.47,3.47,"MC"]
[25221,"2018-03-24",43.3,3.3,"Square"]
[25222,"2018-03-24",218,16.61,"$100 due"]
[25223,"2018-03-24",296.61,22.61,"Visa"]
[25224,"2018-03-24",54.13,4.13,"MC"]
[25225,"2018-03-24",56.069999999999993,4.2699999999999996]
[25226,"2018-03-24",15.05,1.1499999999999999,"Square",{"$f":"+C197+C201+C205+C204","v":496.21000000000004},490.27,"$58.35 / $49.16 Square"]
[25227,"2018-03-26",21,1.6,"Visa"]
[25228,"2018-03-26",100.00000000000001,7.62,"Visa"]
[25229,"2018-03-26",559.65,42.65,"Visa"]
[25230,"2018-03-26",21.599999999999998,1.65,"Visa"]
[25231,"2018-03-26",175.5,null,"Due, Carlos G - MX"]
[25232,"2018-03-26",10.83,0.83]
[25233,"2018-03-26",2,0.15]
[25234,"2018-03-26",-10.28,-0.78]
[25235,"2018-03-26",49.8,3.8,"Due, Busa"]
[25236,"2018-03-26",74.69,5.69]
[25237,"2018-03-26",39,null,"Due, J.Rangel - resale"]
[25238,"2018-03-26",195.93,14.93,"Visa"]
[25239,"2018-03-26",34.64,2.64]
[25240,"2018-03-26",24.84,1.89]
[25241,"2018-03-26",368,null,"Due, Carlos G - MX",{"$f":"+C208+C209+C210+C211+C219+C173","v":972.87000000000012},956.94]
[25242,"2018-03-27",96.83,7.38,"Visa"]
[25243,"2018-03-27",196.13000000000002,7.33,"Due, Douglass"]
[25244,"2018-03-27",8.66,0.66]
[25245,"2018-03-27",275.5,21,"$100 Visa, $175.50 due"]
[25246,"2018-03-27",31.39,2.39]
[25247,"2018-03-27",26.52,2.02,"Visa"]
[25248,"2018-03-27",7.5,0.56999999999999995]
[25249,"2018-03-27",387.54,29.54,"Discover"]
[25250,"2018-03-27",15.16,1.1599999999999999,"Visa"]
[25251,"2018-03-27",172.12,13.12,"$79.12 Visa"]
[25252,"2018-03-27",107,8.16]
[25253,"2018-03-27",62.79,4.79,null,{"$f":"+C223+100+C228+C224+20+C230+79.12+C231","v":921.3},903.66]
[25254,"2018-03-28",106,null,"Due, Carlos G - MX"]
[25255,"2018-03-28",57.1,4.3499999999999996]
[25256,"2018-03-28",134,null,"Due, J.Rangel - resale"]
[25257,"2018-03-28",426.505,32.505000000000003]
[25258,"2018-03-28",382,29.11,"$232 AmExp, Bal Cash",232,227.42]
[25259,"2018-03-29",0,0]
[25260,"2018-03-29",5,0.38,"MC"]
[25261,"2018-03-29",272.2,null,"J.Rangel - resale (Pd 292.20)"]
[25262,"2018-03-29",16.5,1.26,"Visa"]
[25263,"2018-03-29",74.69,5.69,"Visa"]
[25264,"2018-03-29",0,0]
[25265,"2018-03-29",424,32.31,"AmExp (Addl to 25209, 25210)"]
[25266,"2018-03-29",31.39,2.39,"Visa"]
[25267,"2018-03-29",200,null,"AmExp"]
[25268,"2018-03-29",87.68,6.68,"Square"]
[25269,"2018-03-29",21.599999999999998,1.65,"Square"]
[25270,"2018-03-29",76,null,"MC"]
[25271,"2018-03-29",273,20.81,"Due"]
[25272,"2018-03-29",7.58,0.57999999999999996,"Square",{"$f":"264.39+C241+C243+C244+C247+C248+C246+C251","v":1091.97},1070.1099999999999,"$116.86 / $98.45 Square"]
[25273,"2018-03-30",167,12.73]
[25274,"2018-03-30",59.54,4.54]
[25275,"2018-03-30",15.7,1.2,"Square"]
[25276,"2018-03-30",29.8,null,"Due, Border Patrol",null,"`"]
[25277,"2018-03-30",126.11,9.61,"Due"]
[25278,"2018-03-30",27.06,2.06,"Due"]
[25279,"2018-03-30",52.769999999999996,4.0199999999999996,"Square"]
[25280,"2018-03-30",76.86,5.86]
[25281,"2018-03-30",-21.599999999999998,-1.65]
[25282,"2018-03-30",18.399999999999999,1.4,"Square"]
[25283,"2018-03-30",70.25,5.35,"Square"]
[25284,"2018-03-30",21.599999999999998,1.65,"Square"]
[25285,"2018-03-30",48.71,3.71,"Square",0,{"$f":"+F266*0.97831","v":0},"$227.43 Square"]
[25286,"2018-03-31",71.45,5.45,"Square"]
[25287,"2018-03-31",223.54,17.04,"Visa"]
[25288,"2018-03-31",10.83,0.83]
[25289,"2018-03-31",21.65,1.65]
[25290,"2018-03-31",129.9,9.9]
[25291,"2018-03-31",246.81,18.809999999999999,"Visa"]
[25292,"2018-03-31",19.43,1.48,"MC"]
[25293,"2018-03-31",368,28.05,"Square"]
[25294,"2018-03-31",167.5,13.5]
[25295,"2018-03-31",12.99,0.99,null,{"$f":"+C268+C272+175.5+C273","v":665.28},{"$f":"+F276*0.97831","v":650.85007680000001},"$371.45 Square"]
[]
[]
[]
[]
[]
[]
[]
[]
[]
[]
[]
[]
[]
[]
[]
[]
[]
[]
[]
[]
[]
[]
[]
[]
[]
[]
[]
[]
[]
[]
[]
[]
[]
[]
[]
[]
[]
[]
[]
[]
[null,null,null,null,null,null,null,null,{"$f":"H1-WEEKDAY(H1,3)-7","v":"2018-05-07"},{"$f":"SUMIF(INDIRECT(TEXT(I317,\"'mmm-yy'\")&\"!B3:B400\"),I317,INDIRECT(TEXT(I317,\"'mmm-yy'\")&\"!C3:C400\"))","v":2784.3357000000005}]
[null,null,null,null,null,null,null,null,{"$f":"I317+1","v":"2018-05-08"},648.16325000000006]
[null,null,null,null,null,null,null,null,"2018-05-09",1890.2500000000002]
[null,null,null,null,null,null,null,null,"2018-05-10",278.39999999999998]
[null,null,null,null,null,null,null,null,"2018-05-11",961.26]
[null,null,null,null,null,null,null,null,"2018-05-12",1584.48]
[null,null,null,null,null,null,null,null,"2018-05-13",0,{"$f":"SUM(J317:J323)","v":8146.8889500000005}]
[null,null,null,null,null,null,null,null,"2018-05-14",319.24]
[null,null,null,null,null,null,null,null,"2018-05-15",0]
[null,null,null,null,null,null,null,null,"2018-05-16",0]
[null,null,null,null,null,null,null,null,"2018-05-17",0]
[null,null,null,null,null,null,null,null,"2018-05-18",0]
[null,null,null,null,null,null,null,null,"2018-05-19",0]
[null,null,null,null,null,null,null,null,"2018-05-20",0,{"$f":"SUM(J324:J330)","v":319.24}]

{"sheet":"Feb-18","index":8,"n_rows":195,"n_cols":11,"rows_kept":195,"cut":false,"hidden":false,"merged":[]}
["Invoice",null,{"$f":"SUM(C3:C362)","v":20468.959999999995},{"$f":"SUM(D3:D361)","v":1277.7200000000003},null,{"$f":"SUM(F3:F1351)","v":6036.7800000000016},{"$f":"SUM(G3:G1351)","v":5905.8422418000009},{"$f":"TODAY()","v":"2018-05-14"}]
["Number","Date","Amount","Tax","Terms"]
[24845,"2018-02-01",238.15,18.149999999999999,"Mayhem Handlebars"]
[24846,"2018-02-01",116.37,8.8699999999999992,"Visa"]
[24847,"2018-02-01",350,26.67]
[24848,"2018-02-01",250,19.05]
[24849,"2018-02-01",115.54,null,"Due, J.Rangel - Resale"]
[24850,"2018-02-01",392,29.87,"$180 cash, $212 Visa",{"$f":"+C4+212","v":328.37},{"$f":"+F8*0.97831","v":321.2476547}]
[24851,"2018-02-02",250.27,18.77,"Due, Vespa"]
[24852,"2018-02-02",352.35,26.85,"MC"]
[24853,"2018-02-02",2.7,0.21]
[24854,"2018-02-02",14.07,1.07]
[24855,"2018-02-02",57.21,1.31]
[24856,"2018-02-02",54,4.12,"Visa"]
[24857,"2018-02-02",293,22.33]
[24858,"2018-02-02",9,0.69,"Visa",{"$f":"+C10+C14+C16","v":415.35},{"$f":"+F16*0.97831","v":406.34105850000003}]
[24859,"2018-02-03",320.95999999999998,24.46,"$200 cash, $120.96 Square"]
[24860,"2018-02-03",272.25,20.75,"Square"]
[24861,"2018-02-03",43.3,3.3,"Visa"]
[24862,"2018-02-03",48.71,3.71,"Visa"]
[24863,"2018-02-03",-25,-1.91]
[24864,"2018-02-03",165,12.58]
[24865,"2018-02-03",168.87,12.87,"Visa",{"$f":"+C19+C20+C23","v":260.88},{"$f":"+F23*0.97831","v":255.2215128},"$747.76 Square"]
[24866,"2018-02-05",32.479999999999997,2.48,"Due"]
[24867,"2018-02-05",94.18,7.18,"Square"]
[24868,"2018-02-05",56.29,4.29]
[24869,"2018-02-05",31.65,null,"Due, Carlos G - MX"]
[24870,"2018-02-05",32.479999999999997,2.48]
[24871,"2018-02-05",185,14.1,"Due",0,{"$f":"+F29*0.97831","v":0},"$184.70 Square"]
[24872,"2018-02-06",-28.15,-2.15]
[24873,"2018-02-06",139.63999999999999,10.64]
[24874,"2018-02-06",96.34,7.34,"Visa"]
[24875,"2018-02-06",8.61,0.66]
[24876,"2018-02-06",515,39.25,"$415 due"]
[24877,"2018-02-06",176.99,13.49,"Due"]
[24878,"2018-02-06",285,21.72,"Due, Mark - Dyna"]
[24879,"2018-02-06",58.46,4.46,"Square",{"$f":"136.84+C32","v":233.18},{"$f":"+F37*0.97831","v":228.1223258},"$58.46 Square"]
[24880,"2018-02-07",357.77,27.27,"Square"]
[24881,"2018-02-07",17.5,null,"Due, George - Revolution"]
[24882,"2018-02-07",185.65,14.15,"Due"]
[24883,"2018-02-07",31.39,2.39,"Due"]
[24884,"2018-02-07",20,1.52]
[24885,"2018-02-07",64.95,4.95,"Square"]
[24886,"2018-02-07",75.78,5.78,"Square",0,{"$f":"+F44*0.97831","v":0},"$498.50 Square"]
[24887,"2018-02-08",70.36,5.36,"Square"]
[24888,"2018-02-08",85]
[24889,"2018-02-08",null,null,"Ref only - No charge"]
[24890,"2018-02-08",16.239999999999998,1.24,"Visa",{"$f":"+C48+85+135.58","v":236.82},{"$f":"+F48*0.97831","v":231.6833742},"$70.36 Square"]
[24891,"2018-02-09",null,null,"Dup to Inv 24891"]
[24892,"2018-02-09",29.95,null,"Visa, Border Patrol",{"$f":"+C50+176.99","v":206.94},{"$f":"+F50*0.97831","v":202.4514714}]
[24893,"2018-02-10",70.36,5.36,"Square"]
[24894,"2018-02-10",140.72999999999999,10.73]
[24895,"2018-02-10",21.599999999999998,1.65,"Visa",{"$f":"+C53","v":21.599999999999998},{"$f":"+F53*0.97831","v":21.131495999999999},"$70.36 Square"]
[24896,"2018-02-12",32.479999999999997,2.48,"Square"]
[24897,"2018-02-12",70.36,5.36,"Square"]
[24898,"2018-02-12",208,15.85]
[24899,"2018-02-12",88,null,"Due, Carlos G - MX"]
[24900,"2018-02-12",6.3900000000000006,0.49]
[24901,"2018-02-12",28,null,"Due, Carlos G - MX"]
[24902,"2018-02-12",null,null,"$400 deposit only"]
[24903,"2018-02-12",107.17,8.17,"Square"]
[24904,"2018-02-12",-70.36,-5.36,"Square"]
[24905,"2018-02-12",34.56,2.63,"Square",0,{"$f":"+F63*0.97831","v":0},"$67.04 Square"]
[24906,"2018-02-13",15.16,1.1599999999999999]
[24907,"2018-02-13",27,2.06,null,250.27,{"$f":"+F65*0.97831","v":244.84164370000002}]
[24908,"2018-02-14",227.87,17.37,"Square"]
[24909,"2018-02-14",108.25,8.25,"Due"]
[24910,"2018-02-14",156.96,11.96,"Due, Triumph"]
[24911,"2018-02-14",161.29,12.29,"Visa, $61.29 due"]
[24912,"2018-02-14",39.999999999999993,3.05]
[24913,"2018-02-14",20.509999999999998,1.56]
[24914,"2018-02-14",107.17,8.17,"Visa"]
[24915,"2018-02-14",117.19,5.69,"Square"]
[24916,"2018-02-14",175,13.34]
[24917,"2018-02-14",64,null,"Due, Carlos G - MX"]
[24918,"2018-02-14",124.97,9.52,null,{"$f":"100+185.65+C72","v":392.82},{"$f":"+F76*0.97831","v":384.29973419999999},"$1045.19 Square"]
[24919,"2018-02-15",67.12,5.12]
[24920,"2018-02-15",408.1,31.1,"Visa"]
[24921,"2018-02-15",25.98,1.98]
[24922,"2018-02-15",173.2,13.2,"Square"]
[24923,"2018-02-15",34.96,null,"Due, Border Patrol"]
[24924,"2018-02-15",48.71,3.71,"Visa"]
[24925,"2018-02-15",810,null,"Due, Carlos G - MX",{"$f":"50+C82","v":98.710000000000008},{"$f":"+F83*0.97831","v":96.568980100000005},"$173.20 Square"]
[24926,"2018-02-16",70,null,"Used Part"]
[24927,"2018-02-16",51.96,3.96,"Due, YZF250R"]
[24928,"2018-02-16",43.3,3.3,"Visa"]
[24929,"2018-02-16",21.65,1.65,"Visa"]
[24930,"2018-02-16",210,16.010000000000002]
[24931,"2018-02-16",256,19.510000000000002]
[24932,"2018-02-16",27.06,2.06]
[24933,"2018-02-16",58.400000000000006,4.45,"Visa"]
[24934,"2018-02-16",21.13,1.61,"Square"]
[24935,"2018-02-16",131.52000000000001,10.02,"Visa"]
[24936,"2018-02-16",31.39,2.39,"MC"]
[24937,"2018-02-16",777,null,"Due, Carlos G - MX",{"$f":"+C87+C91+C93+C94+C86","v":286.26000000000005},{"$f":"+F95*0.97831","v":280.05102060000007},"$249.00 / $209.78 Square"]
[24938,"2018-02-17",195.39,14.89,"Visa"]
[24939,"2018-02-17",8.61,0.66,"Visa"]
[24940,"2018-02-17",533.66999999999996,40.67,"AmExp"]
[24941,"2018-02-17",189,14.4,"Visa"]
[24942,"2018-02-17",51.96,3.96,"Visa"]
[24943,"2018-02-17",5,0.38]
[24944,"2018-02-17",10.77,0.82]
[24945,"2018-02-17",266.83999999999997,20.34,"Visa"]
[24946,"2018-02-17",10,null,"Used Part"]
[24947,"2018-02-17",49.8,3.8,"MC"]
[24948,"2018-02-17",51,null,"Due, George - Revolution",{"$f":"+C96+C98+C99+C100+C103+C97+C105","v":1295.2699999999998},{"$f":"+F106*0.97831","v":1267.1755936999998}]
[24949,"2018-02-19",299.31,22.81,"Visa"]
[24950,"2018-02-19",9.69,0.74,"Visa"]
[24951,"2018-02-19",5,null,"Used Part"]
[24952,"2018-02-19",8,null,"Used Part"]
[24953,"2018-02-19",70,5.34,"Visa"]
[24954,"2018-02-19",99.59,7.59]
[24955,"2018-02-19",212,15.15]
[24956,"2018-02-19",0,0,"MC"]
[24957,"2018-02-19",177.75,null,"J.Rangel - Resale"]
[24958,"2018-02-19",20.25,null,"J.Rangel - Resale",{"$f":"+C107+C108+C111+359","v":738},{"$f":"+F116*0.97831","v":721.99278000000004}]
[24959,"2018-02-20",11.91,0.91]
[24960,"2018-02-20",304.72000000000003,23.22,"Square"]
[24961,"2018-02-20",29,null,"Visa"]
[24962,"2018-02-20",162.75,12.4,"Visa"]
[24963,"2018-02-20",10.83,0.83]
[24964,"2018-02-20",118,null,"Due, Carlos G - MX"]
[24965,"2018-02-20",12.99,0.99]
[24966,"2018-02-20",151.55000000000001,11.55,"Visa"]
[24967,"2018-02-20",274.95999999999998,20.96,"Due",{"$f":"34.96+C119+C120+C124","v":378.26},{"$f":"+F125*0.97831","v":370.05554059999997}]
[24968,"2018-02-21",384,null,"Due, Carlos G - MX"]
[24969,"2018-02-21",22,null,"MC, Continental Power"]
[24970,"2018-02-21",82.27,6.27,"Visa"]
[24971,"2018-02-21",7.58,0.57999999999999996]
[24972,"2018-02-21",234.9,17.899999999999999]
[24973,"2018-02-21",363.1,27.67,"$198 Bal Due"]
[24974,"2018-02-21",21,null,"Due, George - Revolution",{"$f":"+C127+C128","v":104.27},{"$f":"+F132*0.97831","v":102.0083837}]
[24975,"2018-02-22",163.46,12.46]
[24976,"2018-02-22",179.7,13.7,"Visa"]
[24977,"2018-02-22",106.35,null,"Due, J.Rangel - Resale"]
[24978,"2018-02-22",16.239999999999998,1.24,"MC"]
[24979,"2018-02-22",180,null,"Due, Carlos G - MX"]
[24980,"2018-02-22",184.03,14.03,"Due, Jaime"]
[24981,"2018-02-22",110,8.3800000000000008,"Trade, Brandon"]
[24982,"2018-02-22",105,8,"Visa",{"$f":"70+C136+C140","v":191.24},{"$f":"+F140*0.97831","v":187.09200440000001},"$304.72 Square"]
[24983,"2018-02-23",17,null,"Due, George - Revolution"]
[24984,"2018-02-23",60,4.57]
[24985,"2018-02-23",110.04,8.39]
[24986,"2018-02-23",-43.3,-3.3,"Ref Inv 24940"]
[24987,"2018-02-23",36.53,2.78,"Discover"]
[24988,"2018-02-23",58.46,4.46,null,null,null,null,{"$f":"70000*0.0825","v":5775},"gross"]
[24989,"2018-02-23",34.589999999999996,2.64,null,null,null,null,{"$f":"+I146/2","v":2887.5},"less labor"]
[24990,"2018-02-23",105.53999999999999,8.0399999999999991,null,null,null,null,{"$f":"+I147*0.75","v":2165.625},"less tax free"]
[24991,"2018-02-23",5,0.38]
[24992,"2018-02-23",74.69,5.69,null,null,null,null,17155,"gross"]
[24993,"2018-02-23",1,0.08,null,{"$f":"+C145","v":36.53},{"$f":"+F151*0.97831","v":35.737664299999999},null,{"$f":"+I150*0.71","v":12180.05},"taxable",{"$f":"17155-12180","v":4975}]
[24994,"2018-02-24",59.54,4.54,null,null,null,null,{"$f":"+I151*0.0825","v":1004.854125},"due"]
[24995,"2018-02-24",9.74,0.74]
[24996,"2018-02-24",40,3.05,"Due"]
[24997,"2018-02-24",34,null,"Due, George - Revolution"]
[24998,"2018-02-24",-25.98,-1.98,"Hold for credit"]
[24999,"2018-02-24",16.239999999999998,1.24]
[25000,"2018-02-24",93.1,7.1,"MC",{"$f":"+C158+40","v":133.1},{"$f":"+F158*0.97831","v":130.21306099999998}]
[25001,"2018-02-26",60,null,"Visa, Owe $100 to cust."]
[25002,"2018-02-26",131.42000000000002,10.02,"Square"]
[25003,"2018-02-26",48.6,3.7,"Discover"]
[25004,"2018-02-26",5,0.38]
[25005,"2018-02-26",178.56,13.61,null,{"$f":"160+C161","v":208.6},{"$f":"+F163*0.97831","v":204.07546600000001},"$131.42 Square"]
[25006,"2018-02-27",331.79,25.29,"$131.79 due"]
[25007,"2018-02-27",174,13.26,"Due"]
[25008,"2018-02-27",62.68,4.78,"Square"]
[25009,"2018-02-27",208,15.85]
[25010,"2018-02-27",682,51.98,"$580 due"]
[25011,"2018-02-27",5,0.38]
[25012,"2018-02-27",200,15.24]
[25013,"2018-02-27",45.47,3.47,"Square"]
[25014,"2018-02-27",27,2.06]
[25015,"2018-02-27",114.75,8.75,"Visa",{"$f":"+C173","v":114.75},{"$f":"+F173*0.97831","v":112.2610725},"$105.15 Square"]
[25016,"2018-02-28",33.56,2.56,"Discover"]
[25017,"2018-02-28",30,null,"Used - No Tax"]
[25018,"2018-02-28",72,5.49,"Visa"]
[25019,"2018-02-28",180,null,"Revolution - Resale"]
[25020,"2018-02-28",85.52,6.52]
[25021,"2018-02-28",120,9.15,null,{"$f":"+C174+C176","v":105.56},{"$f":"+F179*0.97831","v":103.27040360000001}]
[]
[]
[null,null,null,null,null,null,null,null,{"$f":"H1-WEEKDAY(H1,3)-7","v":"2018-05-07"},{"$f":"SUMIF(INDIRECT(TEXT(I182,\"'mmm-yy'\")&\"!B3:B400\"),I182,INDIRECT(TEXT(I182,\"'mmm-yy'\")&\"!C3:C400\"))","v":2784.3357000000005}]
[null,null,null,null,null,null,null,null,{"$f":"I182+1","v":"2018-05-08"},648.16325000000006]
[null,null,null,null,null,null,null,null,{"$f":"I183+1","v":"2018-05-09"},1890.2500000000002]
[null,null,null,null,null,null,null,null,"2018-05-10",278.39999999999998]
[null,null,null,null,null,null,null,null,"2018-05-11",961.26]
[null,null,null,null,null,null,null,null,"2018-05-12",1584.48]
[null,null,null,null,null,null,null,null,"2018-05-13",0,{"$f":"SUM(J182:J188)","v":8146.8889500000005}]
[null,null,null,null,null,null,null,null,"2018-05-14",319.24]
[null,null,null,null,null,null,null,null,"2018-05-15",0]
[null,null,null,null,null,null,null,null,"2018-05-16",0]
[null,null,null,null,null,null,null,null,"2018-05-17",0]
[null,null,null,null,null,null,null,null,"2018-05-18",0]
[null,null,null,null,null,null,null,null,"2018-05-19",0]
[null,null,null,null,null,null,null,null,"2018-05-20",0,{"$f":"SUM(J189:J195)","v":319.24}]

{"sheet":"Jan-18","index":9,"n_rows":196,"n_cols":11,"rows_kept":196,"cut":false,"hidden":false,"merged":[]}
["Invoice",null,{"$f":"SUM(C3:C366)","v":21389.819999999996},{"$f":"SUM(D3:D366)","v":1217.78},null,{"$f":"SUM(F3:F1191)","v":5185.75},{"$f":"SUM(G3:G1191)","v":5072.0713683999993},{"$f":"TODAY()","v":"2018-05-14"}]
["Number","Date","Amount","Tax","Terms"]
[24667,"2018-01-02",7.5200000000000005,0.56999999999999995]
[24668,"2018-01-02",9.74,0.74]
[24669,"2018-01-02",232,null,"Due, Carlos G - resale MX",0,{"$f":"+F5*0.97831","v":0}]
[24670,"2018-01-03",22,null,"Due, Revolution - Resale"]
[24671,"2018-01-03",173.2,13.2]
[24672,"2018-01-03",30,null,"Due, Carlos G - resale MX",0,{"$f":"+F8*0.97831","v":0}]
[24673,"2018-01-04",29.96,null,"Square, Border Patrol"]
[24674,"2018-01-04",97,7,"Square, Border Patrol"]
[24675,"2018-01-04",69.23,5.28]
[24676,"2018-01-04",55,4.1900000000000004]
[24677,"2018-01-04",8.66,0.66]
[24678,"2018-01-04",25.98,1.98]
[24679,"2018-01-04",6.5,0.5,"Due"]
[24680,"2018-01-04",96.34,7.34,"Square",0,{"$f":"+F16*0.97831","v":0},"$223.30 Square"]
[24681,"2018-01-05",198.04,15.09,"Square"]
[24682,"2018-01-05",19.38,1.48]
[24683,"2018-01-05",2.7,0.21]
[24684,"2018-01-05",19.43,1.48]
[24685,"2018-01-05",444.84999999999997,33.9,"Square, $104.85 due"]
[24686,"2018-01-05",30.63,null,"Due, ESG Customs",0,{"$f":"+F22*0.97831","v":0},"$340.00 / $286.45 Square"]
[24687,"2018-01-06",198.64,15.14,"Square, $98.64 due"]
[24688,"2018-01-06",129.9,9.9]
[24689,"2018-01-06",267,20.36]
[24690,"2018-01-06",14.02,1.07]
[24691,"2018-01-06",461.15,35.15,"$261.15 due",0,{"$f":"+F27*0.97831","v":0},"$298.04 / $251.09 Square"]
[24692,"2018-01-08",500,38.11,"Check, $200. due"]
[24693,"2018-01-08",260,19.82,"$120. due"]
[24694,"2018-01-08",21.599999999999998,1.65]
[24695,"2018-01-08",65,4.95,"Square"]
[24696,"2018-01-08",87.09,6.64,"Square"]
[24697,"2018-01-08",24.9,1.9]
[24698,"2018-01-08",255.47,19.47,"Square"]
[24699,"2018-01-08",-6.910000000000001,-0.53,"Trade, Chevo"]
[24700,"2018-01-08",128.82,9.82,"Square",0,{"$f":"+F36*0.97831","v":0},"$600.87 / $506.24 Square"]
[24701,"2018-01-09",27,2.06]
[24702,"2018-01-09",8.66,0.66]
[24703,"2018-01-09",143.97,10.97,"Square"]
[24704,"2018-01-09",30.31,2.31,"Square"]
[24705,"2018-01-09",219.21,16.71,"Check"]
[24706,"2018-01-09",11,0.84]
[24707,"2018-01-09",238.15,18.149999999999999,"Square"]
[24708,"2018-01-09",32,2.44,"Square"]
[24709,"2018-01-09",8.66,0.66]
[24710,"2018-01-09",63,4.8]
[24711,"2018-01-09",48.71,3.71,"Due"]
[24712,"2018-01-09",5.41,0.41]
[24713,"2018-01-09",10.77,0.82,"Square"]
[24714,"2018-01-09",89.63,6.83,"Square",0,{"$f":"+F50*0.97831","v":0},"$1231.33 / $1037.39 Square"]
[24715,"2018-01-10",101.76,7.76,"Square"]
[24716,"2018-01-10",248.98,18.98,"Visa"]
[24717,"2018-01-10",38.97,2.97,"Square"]
[24718,"2018-01-10",108.25,8.25,"Due"]
[24719,"2018-01-10",134.22999999999999,10.23,"Visa"]
[24720,"2018-01-10",8.66,0.66,"Square"]
[24721,"2018-01-10",272.30999999999995,20.76,"Square (from $580 on 8th)",{"$f":"+C55+C52","v":383.21},375.55,"$149.39 / $125.85 Square"]
[24722,"2018-01-11",29.23,2.23]
[24723,"2018-01-11",80.11,6.11,"Visa"]
[24724,"2018-01-11",28.69,2.19,"Visa"]
[24725,"2018-01-11",57.37,4.37,"Visa"]
[24726,"2018-01-11",274.41000000000003,20.91,"Square"]
[24727,"2018-01-11",262.08999999999997,15.59,"Visa, Warranty"]
[24728,"2018-01-11",6.5,0.5,"Due"]
[24729,"2018-01-11",145.06,11.06]
[24730,"2018-01-11",56,null,"Due, Carlos G - resale MX",{"$f":"+C59+C60+98.64+C61+C63","v":526.9},513.62,"$200.00 / $168.50 Square"]
[24731,"2018-01-12",26.1,null,"Due, Border Patrol"]
[24732,"2018-01-12",105.53999999999999,8.0399999999999991,"Visa"]
[24733,"2018-01-12",8,0.61]
[24734,"2018-01-12",56.29,4.29,"Visa"]
[24735,"2018-01-12",12,0.91,"MC"]
[24736,"2018-01-12",46,1.91,"MC"]
[24737,"2018-01-12",204.59,15.59,"MC"]
[24738,"2018-01-12",85,6.48]
[24739,"2018-01-12",35,null,"Continental Power - resale"]
[24740,"2018-01-12",32,null,"Due, Revolution - Resale"]
[24741,"2018-01-12",162.38,12.38,"MC"]
[24742,"2018-01-12",120.8,null,"Due, J.Rangel - Resale"]
[24743,"2018-01-12",392.57,29.92,"Visa",{"$f":"+C68+C70+C71+C72+C73+C77","v":586.79999999999995},{"$f":"+F79*0.97831","v":574.07230799999991}]
[24744,"2018-01-13",5.41,0.41]
[24745,"2018-01-13",8.61,0.66,"Square"]
[24746,"2018-01-13",424.34000000000003,32.340000000000003,"Square"]
[24747,"2018-01-13",25,1.91,"Square"]
[24748,"2018-01-13",159,12.12]
[24749,"2018-01-13",385,29.34,"Square"]
[24750,"2018-01-13",17.32,1.32,"Visa"]
[24751,"2018-01-13",225.16,17.16,"Visa"]
[24752,"2018-01-13",24.9,1.9,null,{"$f":"438.77+C86+C87","v":681.25},{"$f":"+F88*0.97831","v":666.47368749999998},"$842.95 / $710.18 Square"]
[24753,"2018-01-15",344.24,26.24,"MC"]
[24754,"2018-01-15",2000,null,"Deposit Only"]
[24755,"2018-01-15",25,1.91,"MC"]
[24756,"2018-01-15",218.17,16.8,"PayPal, Sjon Clinton",{"$f":"+C89+C91","v":369.24},{"$f":"+F92*0.97831","v":361.23118440000002}]
[24757,"2018-01-16",247.35,18.850000000000001,"Due"]
[24758,"2018-01-16",243,18.52,"Due"]
[24759,"2018-01-16",32,null,"Visa"]
[24760,"2018-01-16",596,null,"Due, Carlos G - resale MX"]
[24761,"2018-01-16",47.63,3.63,"Check"]
[24762,"2018-01-16",93,null,"Due, Brant",{"$f":"+C95","v":32},{"$f":"+F98*0.97831","v":31.30592}]
[24763,"2018-01-17",46,null,"Due, Carlos G - resale MX",0,{"$f":"+F99*0.97831","v":0}]
[24764,"2018-01-18",18.940000000000001,1.44,"MC"]
[24765,"2018-01-18",10.83,0.83]
[24766,"2018-01-18",16.239999999999998,1.24]
[24767,"2018-01-18",442.74,33.74,"Due",{"$f":"+C100","v":18.940000000000001},{"$f":"+F103*0.97831","v":18.529191400000002}]
[24768,"2018-01-19",9.69,0.74,"MC"]
[24769,"2018-01-19",189.38,14.43,"Square"]
[24770,"2018-01-19",21.599999999999998,1.65,"MC"]
[24771,"2018-01-19",0,0,"Ref Only, J.Rangel",{"$f":"+C104+39.38+C106","v":70.67},{"$f":"+F107*0.97831","v":69.137167700000006}]
[24772,"2018-01-20",52.99,4.04,"Visa"]
[24773,"2018-01-20",14.07,1.07,"Visa"]
[24774,"2018-01-20",70.36,5.36,"Visa"]
[24775,"2018-01-20",34.589999999999996,2.64]
[24776,"2018-01-20",55.3,3.3,"Due"]
[24777,"2018-01-20",113.61,8.66,"$63.61 due"]
[24778,"2018-01-20",59.54,4.54,"Visa"]
[24779,"2018-01-20",394.03,30.03,"Due, GSX-R750"]
[24780,"2018-01-21",13.53,1.03,null,{"$f":"+C108+74.41+C109+300+C110+C114","v":571.37},{"$f":"+F116*0.97831","v":558.9769847}]
[24781,"2018-01-22",43.52,3.32,"Visa"]
[24782,"2018-01-22",10,0.76]
[24783,"2018-01-22",69.000000000000014,5.26]
[24784,"2018-01-22",11,0.84,null,{"$f":"+C117-0.01","v":43.510000000000005},{"$f":"+F120*0.97831","v":42.566268100000002}]
[24785,"2018-01-23",89,null,"Due, Carlos G - resale MX"]
[24786,"2018-01-23",14,null,"Due, Revolution - Resale"]
[24787,"2018-01-23",29.96,null,"Due, Border Patrol",0,{"$f":"+F123*0.97831","v":0}]
[24788,"2018-01-24",101.4,null,"Due, Carlos G - resale MX"]
[24789,"2018-01-24",20,1.52]
[24790,"2018-01-24",21.65,1.65]
[24791,"2018-01-24",96.56,7.36,"Discover"]
[24792,"2018-01-24",21.65,1.65,"Visa"]
[24793,"2018-01-24",86.199999999999989,6.57]
[24794,"2018-01-24",null,null,"Due, Carlos G - resale MX"]
[24795,"2018-01-24",50,null,"Due, Revolution - Resale",{"$f":"+C127+C128+C123+C67","v":174.27},{"$f":"+F131*0.97831","v":170.49008370000001}]
[24796,"2018-01-25",3,null,"Due, Revolution - Resale"]
[24797,"2018-01-25",48,null,"Due, Revolution - Resale"]
[24798,"2018-01-25",96.34,7.34]
[24799,"2018-01-25",48.71,3.71]
[24800,"2018-01-25",138,null,"Due, Carlos G - resale MX"]
[24801,"2018-01-25",21.5,null,"Due, Carlos G - resale MX"]
[24802,"2018-01-25",43.3,3.3,"AmExp"]
[24803,"2018-01-25",20.509999999999998,1.56]
[24804,"2018-01-25",115.97,8.84]
[24805,"2018-01-25",266.83999999999997,20.34,"Visa, $136.84 due"]
[24806,"2018-01-25",173.2,13.2,"AmExp"]
[24807,"2018-01-25",75,null,"Due",{"$f":"+C138+130+C142","v":346.5},{"$f":"+F143*0.97831","v":338.98441500000001}]
[24808,"2018-01-26",174.82,13.32,"MC"]
[24809,"2018-01-26",37.89,2.89,"Visa"]
[24810,"2018-01-26",165.62,12.62,"Visa"]
[24811,"2018-01-26",107.17,8.17,"Visa"]
[24812,"2018-01-26",43.3,3.3]
[24813,"2018-01-26",114.75,8.75]
[24814,"2018-01-26",590,44.97,"$290 Due"]
[24815,"2018-01-26",80,6.1,null,{"$f":"+C144+C145+C146+C147","v":485.5},{"$f":"+F151*0.97831","v":474.96950500000003}]
[24816,"2018-01-27",50.88,3.88]
[24817,"2018-01-27",38.97,2.97,"Due, Dirt Bike Whl"]
[24818,"2018-01-27",535.84,40.840000000000003,"Square"]
[24819,"2018-01-27",15.16,1.1599999999999999]
[24820,"2018-01-27",37.89,2.89,"Visa"]
[24821,"2018-01-27",31,null,"Due, J.Rangel - Resale"]
[24822,"2018-01-27",25,1.91]
[24823,"2018-01-27",12.5,0.95,"Square"]
[24824,"2018-01-27",10.83,0.83]
[24825,"2018-01-27",208.16000000000003,15.86,null,{"$f":"+C156+43.61+51.08","v":132.57999999999998},{"$f":"+F161*0.97831","v":129.70433979999999},"$548.34 Square"]
[24826,"2018-01-29",21.599999999999998,1.65,"AmExp"]
[24827,"2018-01-29",264.67,20.170000000000002,"Check"]
[24828,"2018-01-29",85.52,6.52,"Visa"]
[24829,"2018-01-29",150.47,11.47,"Visa"]
[24830,"2018-01-29",96.34,7.34,"MC"]
[24831,"2018-01-29",40.049999999999997,3.05,"Visa"]
[24832,"2018-01-29",7.5,0.56999999999999995]
[24833,"2018-01-29",14.02,1.07,"Visa"]
[24834,"2018-01-29",318,null,"Due, Carlos G - resale MX"]
[24835,"2018-01-29",null,null,"Due, Carlos G - resale MX"]
[24836,"2018-01-29",928,null,"Due"]
[24837,"2018-01-29",29.96,null,"Border Patrol - No tax, Visa",{"$f":"+C162+C164+C165+C166+C167+C169","v":407.99999999999994},{"$f":"+F173*0.97831","v":399.15047999999996}]
[24838,"2018-01-30",40.590000000000003,3.09]
[24839,"2018-01-30",190.52,14.52,"$90.52 Due"]
[24840,"2018-01-30",161.83000000000001,12.33]
[24841,"2018-01-30",22.65,null,"Due, J.Rangel - Resale"]
[24842,"2018-01-30",225.05,17.149999999999999,"Due",100,{"$f":"+F178*0.97831","v":97.831000000000003}]
[24843,"2018-01-31",16.18,1.23]
[24844,"2018-01-31",38,null,"Due, J.Rangel - Resale",{"$f":"+C178+C173","v":255.01000000000002},{"$f":"+F180*0.97831","v":249.47883310000003}]
[]
[]
[null,null,null,null,null,null,null,null,{"$f":"H1-WEEKDAY(H1,3)-7","v":"2018-05-07"},{"$f":"SUMIF(INDIRECT(TEXT(I183,\"'mmm-yy'\")&\"!B3:B400\"),I183,INDIRECT(TEXT(I183,\"'mmm-yy'\")&\"!C3:C400\"))","v":2784.3357000000005}]
[null,null,null,null,null,null,null,null,{"$f":"I183+1","v":"2018-05-08"},648.16325000000006]
[null,null,null,null,null,null,null,null,{"$f":"I184+1","v":"2018-05-09"},1890.2500000000002]
[null,null,null,null,null,null,null,null,"2018-05-10",278.39999999999998]
[null,null,null,null,null,null,null,null,"2018-05-11",961.26]
[null,null,null,null,null,null,null,null,"2018-05-12",1584.48]
[null,null,null,null,null,null,null,null,"2018-05-13",0,{"$f":"SUM(J183:J189)","v":8146.8889500000005}]
[null,null,null,null,null,null,null,null,"2018-05-14",319.24]
[null,null,null,null,null,null,null,null,"2018-05-15",0]
[null,null,null,null,null,null,null,null,"2018-05-16",0]
[null,null,null,null,null,null,null,null,"2018-05-17",0]
[null,null,null,null,null,null,null,null,"2018-05-18",0]
[null,null,null,null,null,null,null,null,"2018-05-19",0]
[null,null,null,null,null,null,null,null,"2018-05-20",0,{"$f":"SUM(J190:J196)","v":319.24}]

{"sheet":"Dec-17","index":10,"n_rows":166,"n_cols":11,"rows_kept":166,"cut":false,"hidden":false,"merged":[]}
["Invoice",null,{"$f":"SUM(C3:C334)","v":18646.323374999996},{"$f":"SUM(D3:D333)","v":1346.1133750000001},null,{"$f":"SUM(F3:F976)","v":8308.2381249999999},{"$f":"SUM(G3:G976)","v":8143.436586168752},{"$f":"TODAY()","v":"2018-05-14"}]
["Number","Date","Amount","Tax","Terms"]
[24516,"2017-12-01",796.18,60.68,"MC, $46.18 due (12/15)"]
[24517,"2017-12-01",88.77,6.77]
[24518,"2017-12-01",156.41999999999999,11.92]
[24519,"2017-12-01",260,19.809999999999999,"Visa"]
[24520,"2017-12-01",143.97,10.97,"Square"]
[24521,"2017-12-01",63.87,4.87,"Square"]
[24522,"2017-12-01",129.9,9.9,"Square"]
[24523,"2017-12-01",58.35,4.45,"Square"]
[24524,"2017-12-01",35,null,"Continental - resale",{"$f":"250+C6","v":510},501.29,"$252.12 / $212.41 Square"]
[24525,"2017-12-02",131.52000000000001,10.02,"Due"]
[24526,"2017-12-02",10,0.76]
[24527,"2017-12-02",64.95,4.95,"Visa"]
[24528,"2017-12-02",21.599999999999998,1.65]
[24529,"2017-12-02",24,null,"Visa"]
[24530,"2017-12-02",299.85000000000002,22.85,"MC"]
[24531,"2017-12-02",15.75,null,"Due",{"$f":"+C14+C16+C17","v":388.8},381.77,"$143.97 / $121.29 Square"]
[24532,"2017-12-04",233.28,17.78,"Visa"]
[24533,"2017-12-04",259.69,19.79,"Square"]
[24534,"2017-12-04",122.32,9.32,"MC"]
[24535,"2017-12-04",20,1.52]
[24536,"2017-12-04",16,1.22]
[24537,"2017-12-04",245.99812500000002,18.748125000000002,"Visa",{"$f":"+C19+C21+C24","v":601.59812499999998},{"$f":"+F24*0.97831","v":588.54946166875004},"$483.77 / $407.58 Square"]
[24538,"2017-12-05",112.58,8.58,"Due, Oscar"]
[24539,"2017-12-05",40,3.04]
[24540,"2017-12-05",67.12,5.12]
[24541,"2017-12-05",9.69,0.74]
[24542,"2017-12-05",14,1.07]
[24543,"2017-12-05",40,3.05]
[24544,"2017-12-05",86.55,6.6,"Visa"]
[24545,"2017-12-05",37.89,2.89,"Due",{"$f":"217.17+C31","v":303.71999999999997},{"$f":"+F32*0.97831","v":297.1323132},"$243.00 / $204.73 Square"]
[24546,"2017-12-06",56.29,4.29,"Visa"]
[24547,"2017-12-06",25.8,null,"Visa, Border Patrol"]
[24548,"2017-12-06",14,1.07]
[24549,"2017-12-06",450,34.299999999999997,"Due"]
[24550,"2017-12-06",10,0.76,"Visa"]
[24551,"2017-12-06",288,null,"Due, Revolution - resale"]
[24552,"2017-12-06",40.5,null,"Due, Revolution - resale"]
[24553,"2017-12-06",100,7.62,"Visa"]
[24554,"2017-12-06",5,0.38]
[24555,"2017-12-06",60,null,"Due, Carlos G - MX Resale",{"$f":"+C33+C34+C37+C40","v":192.09},{"$f":"+F42*0.97831","v":187.92356789999999}]
[24556,"2017-12-07",8.66,0.66,"Visa",{"$f":"+C32+C43","v":46.55},{"$f":"+F43*0.97831","v":45.540330499999996}]
[24557,"2017-12-08",48.6,3.7,"Square"]
[24558,"2017-12-08",-17.32,-1.32,"Due"]
[24559,"2017-12-08",172.12,13.12,"Visa",90,{"$f":"+F46*0.97831","v":88.047899999999998},"$48.60 Square"]
[24560,"2017-12-09",51.96,3.96]
[24561,"2017-12-09",29.23,2.23,"Visa"]
[24562,"2017-12-09",43.3,3.3,"Visa"]
[24563,"2017-12-09",16.239999999999998,1.24,"Visa"]
[24564,"2017-12-09",281.45,21.45,"MC"]
[24565,"2017-12-09",null,null,"Refunded"]
[24566,"2017-12-09",96.34,7.34,"Square"]
[24567,"2017-12-09",146.68,11.18,"Visa",{"$f":"+C48+C49+139.7+C54","v":358.90999999999997},{"$f":"+F54*0.97831","v":351.12524209999998},"$96.34 Square"]
[24568,"2017-12-11",164.54,12.54,"$77.12 due"]
[24569,"2017-12-11",10,0.76]
[24570,"2017-12-11",16.239999999999998,1.24,"Visa"]
[24571,"2017-12-11",246.81,18.809999999999999,"$160. Square",{"$f":"388.13+C57","v":404.37},{"$f":"+F58*0.97831","v":395.5992147},"$160.00 Square"]
[24572,"2017-12-12",137.47999999999999,10.48,"Visa"]
[24573,"2017-12-12",149,null,"Due, Revolution - resale"]
[24574,"2017-12-12",8.66,0.66,"Visa"]
[24575,"2017-12-12",64.900000000000006,4.95,"Square",{"$f":"+C59+C61","v":146.13999999999999},{"$f":"+F62*0.97831","v":142.97022339999998},"$64.90 Square"]
[24576,"2017-12-13",232.11,17.690000000000001,"Visa"]
[24577,"2017-12-13",31.75,null,"Due, Revolution - resale"]
[24578,"2017-12-13",5,0.38,"Visa"]
[24579,"2017-12-13",542.33000000000004,41.33,"Visa"]
[24580,"2017-12-13",531.51,40.51,"$231.51 Square"]
[24581,"2017-12-13",9.9599999999999991,0.76,"AmExp"]
[24582,"2017-12-13",20,null,"McAllen MS - Resale"]
[24583,"2017-12-13",51.910000000000004,3.96,"Visa",{"$f":"+C63+C65+153.85+C66+C68+C70","v":995.16000000000008},{"$f":"+F70*0.97831","v":973.57497960000012}]
[24584,"2017-12-14",480.09000000000003,36.590000000000003,"Due (Total $752.60)"]
[24585,"2017-12-14",472.51,36.01,"$200 Check (see 24584)"]
[24586,"2017-12-14",428,32.619999999999997,"Due, Honda Shadow"]
[24587,"2017-12-14",29.23,2.23,"Visa"]
[24588,"2017-12-14",21.65,1.65]
[24589,"2017-12-14",74.69,5.69,"Due (Kyle, I owe him)"]
[24590,"2017-12-14",257.08999999999997,19.59,"Visa"]
[24591,"2017-12-14",60.46,4.6100000000000003,"Visa"]
[24592,"2017-12-14",60,null,"MC, Xtreem - resale"]
[24593,"2017-12-14",96.34,7.34,"Visa",{"$f":"82.12+C74+C77+C78+500+C80","v":1025.24},{"$f":"+F80*0.97831","v":1003.0025444}]
[24594,"2017-12-15",238.15,18.149999999999999,"Due"]
[24595,"2017-12-15",56.29,4.29,"MC"]
[24596,"2017-12-15",4.0052500000000002,0.30525000000000002]
[24597,"2017-12-15",386.45,29.45,"Visa, $166.45 due",{"$f":"+C82+220","v":276.29000000000002},274.22000000000003]
[24598,"2017-12-16",415.68,31.68]
[24599,"2017-12-16",35.67,2.72]
[24600,"2017-12-16",73,5.56,"MC",{"$f":"+C87+C79","v":133},129.81,"$231.51 / $195.04 Square"]
[24601,"2017-12-18",5.41,0.41]
[24602,"2017-12-18",96.34,7.34,"Visa"]
[24603,"2017-12-18",234.9,17.899999999999999]
[24604,"2017-12-18",27.06,2.06,"Visa"]
[24605,"2017-12-18",22.57,1.72,"Visa"]
[24606,"2017-12-18",212.71,16.21,"Visa"]
[24607,"2017-12-18",11.91,0.91]
[24608,"2017-12-18",265.10000000000002,20.2,"Visa"]
[24609,"2017-12-18",16.239999999999998,1.24]
[24610,"2017-12-18",205,null,"Due, J.Rangel - resale",{"$f":"+C89+C91+C92+C93+200","v":558.68000000000006},551.69000000000005]
[24611,"2017-12-19",24.88,1.9,"Visa"]
[24612,"2017-12-19",276.47000000000003,21.07,"Visa"]
[24613,"2017-12-19",31.39,2.39,"Discover"]
[24614,"2017-12-19",44.38,3.38]
[24615,"2017-12-19",32.479999999999997,2.48]
[24616,"2017-12-19",25.8,null,"Due, Border Patrol"]
[24617,"2017-12-19",530,40.39]
[24618,"2017-12-19",156.96,11.96,"Due"]
[24619,"2017-12-19",8.85,null,"J.Rangel - resale",{"$f":"+C98+C100+135","v":191.26999999999998},188.98]
[24620,"2017-12-20",23.82,1.82,"Visa"]
[24621,"2017-12-20",92,null,"Due, Carlos G - MX Resale"]
[24622,"2017-12-20",21.65,1.65,"Visa"]
[24623,"2017-12-20",335.58,25.58,"Visa, $135.58 (Est) Due"]
[24624,"2017-12-20",24.999999999999996,1.9,"Visa"]
[24625,"2017-12-20",936.36,71.36,"Trade ($200 or $250), Chevo"]
[24626,"2017-12-20",440,33.53,"Est $280 due"]
[24627,"2017-12-20",252.76,19.260000000000002,"Visa"]
[24628,"2017-12-20",27.06,2.06,null,{"$f":"+C107+C103+C109+200+C111+120","v":416.27},407.18]
[24629,"2017-12-21",51.36,null,"Visa, ESG Customs - resale"]
[24630,"2017-12-21",20.55,1.57,"Visa"]
[24631,"2017-12-21",42.160000000000004,3.21]
[24632,"2017-12-21",95,7.24,"Due"]
[24633,"2017-12-21",152,11.58,"$97 Due",{"$f":"+C116+C117+C99","v":348.38},341.93]
[24634,"2017-12-22",13.860000000000001,1.06]
[24635,"2017-12-22",16.18,1.23]
[24636,"2017-12-22",123,9.3699999999999992]
[24639,"2017-12-22",269.53999999999996,20.54]
[24640,"2017-12-22",72.47,5.52,"Square",434.69,{"$f":"+F125*0.97831","v":425.26157390000003},"$269.54 / $227.09 Square"]
[24641,"2017-12-23",35,2.67,"Due",0,{"$f":"+F126*0.97831","v":0}]
[24642,"2017-12-26",200,15.24]
[24643,"2017-12-26",240,18.29,"Due"]
[24644,"2017-12-26",35.72,2.72,"MC"]
[24645,"2017-12-26",25.8,null,"Due, Border Patrol"]
[24646,"2017-12-26",29.4,null,"Due, Border Patrol",{"$f":"+C129","v":35.72},{"$f":"+F131*0.97831","v":34.945233199999997}]
[24647,"2017-12-27",0,null,"Save"]
[24648,"2017-12-27",4.67,null,"Due, ESG Customs - resale",{"$f":"+C130+C131+190","v":245.2},{"$f":"+F133*0.97831","v":239.88161199999999},"($180 Big Jon)"]
[24649,"2017-12-28",5.41,0.41]
[24650,"2017-12-28",26.93,21.45,"Rosie, Ref only"]
[24651,"2017-12-28",16.239999999999998,1.24,"Visa"]
[24652,"2017-12-28",23.82,1.82]
[24653,"2017-12-28",48.71,3.71,"Discover"]
[24654,"2017-12-28",42,3.2,"Visa"]
[24655,"2017-12-28",508.19,37.19]
[24656,"2017-12-28",76.75,5.85,"Square",{"$f":"+C136+C138+C139","v":106.95},{"$f":"+F141*0.97831","v":104.63025450000001}]
[24657,"2017-12-29",117.99,8.99,"Square"]
[24658,"2017-12-29",141.27000000000001,10.77,"Due, Morphous"]
[24659,"2017-12-29",173.2,13.2,"$13.20 Square",0,{"$f":"+F144*0.97831","v":0},"$242.94 Square"]
[24660,"2017-12-30",39.51,3.01]
[24661,"2017-12-30",160.21,12.21,"Square"]
[24662,"2017-12-30",46.44,3.54]
[24663,"2017-12-30",27.06,2.06]
[24664,"2017-12-30",306.45,21.45,"Visa"]
[24665,"2017-12-30",124.49,9.49,"$60 Visa dep"]
[24666,"2017-12-30",8.66,0.66,null,{"$f":"60+439.21","v":499.21},{"$f":"+F151*0.97831","v":488.38213509999997},"$160.21 Square"]
[]
[null,null,null,null,null,null,null,null,{"$f":"H1-WEEKDAY(H1,3)-7","v":"2018-05-07"},{"$f":"SUMIF(INDIRECT(TEXT(I153,\"'mmm-yy'\")&\"!B3:B400\"),I153,INDIRECT(TEXT(I153,\"'mmm-yy'\")&\"!C3:C400\"))","v":2784.3357000000005}]
[null,null,null,null,null,null,null,null,{"$f":"I153+1","v":"2018-05-08"},648.16325000000006]
[null,null,null,null,null,null,null,null,"2018-05-09",1890.2500000000002]
[null,null,null,null,null,null,null,null,"2018-05-10",278.39999999999998]
[null,null,null,null,null,null,null,null,"2018-05-11",961.26]
[null,null,null,null,null,null,null,null,"2018-05-12",1584.48]
[null,null,null,null,null,null,null,null,"2018-05-13",0,{"$f":"SUM(J136:J159)","v":8146.8889500000005}]
[null,null,null,null,null,null,null,null,"2018-05-14",319.24]
[null,null,null,null,null,null,null,null,"2018-05-15",0]
[null,null,null,null,null,null,null,null,"2018-05-16",0]
[null,null,null,null,null,null,null,null,"2018-05-17",0]
[null,null,null,null,null,null,null,null,"2018-05-18",0]
[null,null,null,null,null,null,null,null,"2018-05-19",0]
[null,null,null,null,null,null,null,null,"2018-05-20",0,{"$f":"SUM(J160:J166)","v":319.24}]

{"sheet":"Nov-17","index":11,"n_rows":200,"n_cols":11,"rows_kept":200,"cut":false,"hidden":false,"merged":[]}
["Invoice",null,{"$f":"SUM(C3:C382)","v":21216.669999999987},{"$f":"SUM(D3:D382)","v":1405.4700000000016},null,{"$f":"SUM(F3:F846)","v":8297.27},{"$f":"SUM(G3:G846)","v":8119.8886163000016},{"$f":"TODAY()","v":"2018-05-14"}]
["Number","Date","Amount","Tax","Terms"]
[24332,"2017-11-01",27.009999999999998,2.06,"Visa"]
[24333,"2017-11-01",59.54,4.54,"Visa"]
[24334,"2017-11-01",-3.25,-0.25]
[24335,"2017-11-01",66.900000000000006,null,"Amex"]
[24336,"2017-11-01",91.960000000000008,7.01,"Visa"]
[24337,"2017-11-01",24.79,1.89]
[24338,"2017-11-01",53.8,null,"Visa, Border Patrol"]
[24339,"2017-11-01",47.63,3.63]
[24340,"2017-11-01",213.79,16.29]
[24341,"2017-11-01",28.599999999999998,null,"Visa, ESG Customs - resale"]
[24342,"2017-11-01",62.24,4.74,"Visa"]
[24343,"2017-11-01",322.04000000000002,24.54,"Due"]
[24344,"2017-11-04",197.02,15.02]
[24345,"2017-11-05",11,0.84,null,{"$f":"+C3+C4+C6+C7+C9+C12+C13","v":390.05},{"$f":"+F16*0.97831","v":381.58981550000004}]
[24346,"2017-11-06",357.23,27.23,"MC"]
[24347,"2017-11-06",32.479999999999997,2.48,"Visa"]
[24348,"2017-11-06",323.67,24.67,"Due"]
[24349,"2017-11-06",10.5,0.8,"Visa"]
[24350,"2017-11-06",12.5,0.95,"Visa"]
[24351,"2017-11-06",10.77,0.82]
[24352,"2017-11-06",128.5,null,"Due, Carlos G - MX"]
[24353,"2017-11-06",40,3.05,"Square"]
[24354,"2017-11-06",38.97,2.97]
[24355,"2017-11-06",150,null,"Visa, Deposit only"]
[24356,"2017-11-06",244,null,"Due, Carlos G - MX",{"$f":"+C17+C18+C20+C21+C26","v":562.71},{"$f":"+F27*0.97831","v":550.50482010000007},"$185.11 Square"]
[24357,"2017-11-07",15.16,1.1599999999999999]
[24358,"2017-11-07",43.3,3.3,"Visa"]
[24359,"2017-11-07",17,null,"Due, Revolution - resale"]
[24360,"2017-11-07",74.69,5.69]
[24361,"2017-11-07",194,null,"Due, ESG Customs - resale"]
[24362,"2017-11-07",366.97,27.97,"Square"]
[24363,"2017-11-07",29.159999999999997,2.2200000000000002]
[24364,"2017-11-07",11.89,0.91]
[24365,"2017-11-07",29.4,null,"Visa, Border Patrol - no Tax"]
[24366,"2017-11-07",16.18,1.23]
[24367,"2017-11-07",649.5,49.5,"$399.50 due"]
[24368,"2017-11-07",134,14.02,"Due, V-Rod"]
[24369,"2017-11-07",267.92,10.210000000000001,"Due"]
[24370,"2017-11-07",255.24999999999997,19.45,"$135.25 Visa",{"$f":"+C29+24+C36+135.25+134","v":365.95},{"$f":"+F41*0.97831","v":358.01254449999999},"$50.00 Square"]
[24371,"2017-11-08",290.11,22.11,"MC"]
[24372,"2017-11-08",507.69,38.69,"$250 Visa"]
[24373,"2017-11-08",-119.08,-9.08,"AmEx"]
[24374,"2017-11-08",180.24,13.74,"(Gave $135.25 CC back)"]
[24375,"2017-11-08",4,0.3]
[24376,"2017-11-08",365.89,27.89,"MC"]
[24377,"2017-11-08",34.53,2.63,"Visa"]
[24378,"2017-11-08",186.73,14.23,"Visa"]
[24379,"2017-11-08",90,6.86]
[24380,"2017-11-08",63.27,4.82,"Square"]
[24381,"2017-11-08",20,1.52]
[24382,"2017-11-08",983.99,74.989999999999995,"$811.01 due"]
[24383,"2017-11-08",43.3,3.3,"Visa",{"$f":"+C42+250+C44-135.25+316.97+328.81+C49-0.09","v":1118.2},{"$f":"+F54*0.97831","v":1093.946242},"$63.27 Square"]
[24384,"2017-11-09",286.86,21.86,"Visa, $186.86 due"]
[24385,"2017-11-09",30.31,2.31,"Visa"]
[24386,"2017-11-09",246.76,18.809999999999999]
[24387,"2017-11-09",32.42,2.4700000000000002,"Visa"]
[24388,"2017-11-09",344.24,26.24,"Visa"]
[24389,"2017-11-09",64.95,4.95,"Visa",{"$f":"100+217.92+40+C58+C60+C59","v":799.53},{"$f":"+F60*0.97831","v":782.18819429999996}]
[24390,"2017-11-10",139.58999999999997,10.64,"MC"]
[24391,"2017-11-10",43.3,3.3,"Visa"]
[24392,"2017-11-10",2.71,0.21]
[24393,"2017-11-10",49.74,3.79]
[24394,"2017-11-10",20.65,null,"Due, Revolution - resale",{"$f":"+C61+C62","v":182.89},{"$f":"+F65*0.97831","v":178.9231159}]
[24395,"2017-11-11",43.56,3.32]
[24396,"2017-11-11",166,12.65,"Square"]
[24397,"2017-11-11",23.82,1.82,"Visa"]
[24398,"2017-11-11",307.43,23.43,"Square, bal $157.43 Visa"]
[24399,"2017-11-11",94.72,7.22,null,{"$f":"399.5+C68+C19","v":746.99},{"$f":"+F70*0.97831","v":730.78778690000001},"$316.00 Square"]
[24400,"2017-11-13",224,17.07]
[24401,"2017-11-13",10,0.76,null,0,{"$f":"+F72*0.97831","v":0}]
[24402,"2017-11-14",27.009999999999998,2.06,"Visa"]
[24403,"2017-11-14",270.63,20.63,"Check"]
[24404,"2017-11-14",11.91,0.91]
[24405,"2017-11-14",173.2,13.2,"Square"]
[24406,"2017-11-14",114.75,8.75,"Square"]
[24407,"2017-11-14",92.000000000000014,7.01,null,{"$f":"+C73","v":27.009999999999998},{"$f":"+F78*0.97831","v":26.424153099999998},"$474.81 Square"]
[24408,"2017-11-15",131.52000000000001,10.02,"Square"]
[24409,"2017-11-15",52.5,null,"Due, Carlos G - MX"]
[24410,"2017-11-15",20,null,"Square"]
[24411,"2017-11-15",-20,null,"Due, Credit for cust"]
[24412,"2017-11-15",121.24,9.24]
[24413,"2017-11-15",171.04,13.04]
[24414,"2017-11-15",45.999999999999993,3.51]
[24415,"2017-11-15",139.63999999999999,10.64]
[24416,"2017-11-15",65,4.95]
[24417,"2017-11-15",208,15.85,"$108 due"]
[24418,"2017-11-15",72.5,null,"Due, Ultimate Cycle - resale"]
[24419,"2017-11-15",8.61,0.66]
[24420,"2017-11-15",308.10999999999996,22.57,"MC"]
[24421,"2017-11-15",80,6.1,"Due, Randy"]
[24422,"2017-11-15",110,null,"Due, J. Rangel - resale",{"$f":"+C91","v":308.10999999999996},{"$f":"+F93*0.97831","v":301.42709409999998},"$151.52 Square"]
[24423,"2017-11-16",615.94000000000005,46.94,"$575.94 due"]
[24424,"2017-11-16",20,1.52,"Square"]
[24425,"2017-11-16",195.93,14.93,"$81.18 due"]
[24426,"2017-11-16",63.919999999999995,4.87,"Visa",{"$f":"+C64+C97","v":113.66},{"$f":"+F97*0.97831","v":111.1947146},"$20.00 Square"]
[24427,"2017-11-17",182.94,13.94,"Square"]
[24428,"2017-11-17",7.5200000000000005,0.56999999999999995]
[24429,"2017-11-17",34.64,2.64,"AE"]
[24430,"2017-11-17",11.37,0.87,"Visa"]
[24431,"2017-11-17",106,8.08,"Square"]
[24432,"2017-11-17",15,1.1399999999999999]
[24433,"2017-11-17",32,2.44,"Due, used 240 tire"]
[24434,"2017-11-17",87.95,6.7,"Due, BMW battery"]
[24435,"2017-11-17",5.41,0.41,"Visa"]
[24436,"2017-11-17",17.32,1.32]
[24437,"2017-11-17",155.88,11.88,"MC",{"$f":"+C100+C101+C48+C106+C108+157.43","v":399.26},394.41,"$302.94 Square"]
[24438,"2017-11-18",96.34,7.34,"MC"]
[24439,"2017-11-18",93,7.09]
[24440,"2017-11-18",59.54,4.54,"Square"]
[24441,"2017-11-18",96.34,7.34,"AmExp"]
[24442,"2017-11-18",21.65,1.65,"MC"]
[24443,"2017-11-18",75.78,5.78]
[24444,"2017-11-18",292,22.25]
[24445,"2017-11-18",-115.61,-8.81]
[24446,"2017-11-18",15.16,1.1599999999999999]
[24447,"2017-11-18",149,null,"Square, Xtreem - resale",{"$f":"+C109+C112+C105+C113","v":302.27999999999997},294.5,"$208.54 Square"]
[24448,"2017-11-20",23.82,1.82,"MC"]
[24449,"2017-11-20",72.42,5.52,"MC"]
[24450,"2017-11-20",224.07999999999998,17.079999999999998,"Due"]
[24451,"2017-11-20",200.24,17.739999999999998]
[24452,"2017-11-20",16.18,1.23,"Visa",{"$f":"+C119+C120+C123","v":112.42000000000002},{"$f":"+F123*0.97831","v":109.98161020000002}]
[24453,"2017-11-21",279.99999999999994,21.34]
[24454,"2017-11-21",123,5.01]
[24455,"2017-11-21",5,0.38]
[24456,"2017-11-21",281.45,21.45,"Visa, $141.45 due"]
[24457,"2017-11-21",20,1.52,"MC"]
[24458,"2017-11-21",128.82,9.82,"Visa"]
[24459,"2017-11-21",22,null,"J. Rangel - resale"]
[24460,"2017-11-21",225,null,"J. Rangel - resale",{"$f":"140+C128+C129","v":288.82},{"$f":"+F131*0.97831","v":282.5554942}]
[24461,"2017-11-22",193.23,14.73]
[24462,"2017-11-22",4]
[24463,"2017-11-22",121.24,9.24]
[24464,"2017-11-22",27,2.06]
[24465,"2017-11-22",329.62,25.12,"Visa"]
[24466,"2017-11-22",34.5,null,"Due, J. Rangel - resale",null,"Forgot to Run Tue"]
[24467,"2017-11-22",123.9,null,"Due, Carlos G - MX",{"$f":"+C136","v":329.62},{"$f":"+F138*0.97831","v":322.47054220000001}]
[24468,"2017-11-24",74.69,5.69,"Visa"]
[24469,"2017-11-24",75.78,5.78,"Visa"]
[24470,"2017-11-24",29.23,2.23,"Visa"]
[24471,"2017-11-24",21.65,1.65,"Visa"]
[24472,"2017-11-24",2.5,0.19]
[24473,"2017-11-24",20.57,1.57,"Visa"]
[24474,"2017-11-24",48.71,3.71,"Visa"]
[24475,"2017-11-24",47.63,3.63]
[24476,"2017-11-24",95.26,7.26,"Visa",{"$f":"+C139+C140+C142+C141+C144+C145+237.61+C147","v":603.5},{"$f":"+F147*0.97831","v":590.41008499999998}]
[24477,"2017-11-25",46.55,3.55,"Visa"]
[24478,"2017-11-25",29.23,2.23,"Square"]
[24479,"2017-11-25",24.84,1.89]
[24480,"2017-11-25",48.71,3.71,"Square"]
[24481,"2017-11-25",102.84,7.84,"Square"]
[24482,"2017-11-25",315.55,24.05,"$150 Square, Bal Due"]
[24483,"2017-11-25",320.95999999999998,24.46,"Due"]
[24484,"2017-11-25",223,17]
[24485,"2017-11-25",169.41,12.91,null,{"$f":"+C148","v":46.55},{"$f":"+F156*0.97831","v":45.540330499999996},"$330.78 Square"]
[24486,"2017-11-27",243,"18.52.","Square"]
[24487,"2017-11-27",225,null,"Due, Carlos G - MX"]
[24488,"2017-11-27",39.03,2.97]
[24489,"2017-11-27",58.46,4.46]
[24490,"2017-11-27",34.64,2.64,"AmEx"]
[24491,"2017-11-27",206,15.7,"$46 due"]
[24492,"2017-11-27",317.17,24.17,"$100 cash, $217.17 MC"]
[24493,"2017-11-27",25.98,1.98]
[24494,"2017-11-27",25.000000000000004,1.91,"Check"]
[24495,"2017-11-27",21.799999999999997,null,"Due, Carlos G - MX",{"$f":"+C161+320.96","v":355.59999999999997},{"$f":"+F166*0.97831","v":347.88703599999997}]
[24496,"2017-11-28",3.5,0.27]
[24497,"2017-11-28",140.72999999999999,10.73,"MC"]
[24498,"2017-11-28",181.86,13.86,null,"($816 owed to Joe)"]
[24499,"2017-11-28",21.65,1.65,null,{"$f":"+C168+827","v":967.73},{"$f":"+F170*0.97831","v":946.73993630000007}]
[24500,"2017-11-29",47.63,3.63]
[24501,"2017-11-29",74.69,5.69,"Visa"]
[24502,"2017-11-29",21.599999999999998,1.65,"MC"]
[24503,"2017-11-29",195,null,"Due, Revolution - resale"]
[24504,"2017-11-29",31.39,2.39]
[24505,"2017-11-29",51,null,"Due, Carlos G - MX"]
[24506,"2017-11-29",400.53,30.53,"$270.53 due"]
[24507,"2017-11-29",253.85,19.350000000000001,"Visa, $153.85 due"]
[24508,"2017-11-29",105,8,"Due"]
[24509,"2017-11-29",47.71,3.64,"Square",{"$f":"+C172+C173+100","v":196.29},{"$f":"+F180*0.97831","v":192.0324699},"$47.71 Square"]
[24510,"2017-11-30",42.22,3.22,"Square"]
[24511,"2017-11-30",31.39,2.39,"MC"]
[24512,"2017-11-30",175,null,"Dirty Daves - resale"]
[24513,"2017-11-30",48.71,3.71,"Visa"]
[24514,"2017-11-30",10,null,"Due, J. Rangel - resale"]
[24515,"2017-11-30",8,null,"$3 due, Revolution - resale",{"$f":"+C182+C184","v":80.099999999999994},{"$f":"+F186*0.97831","v":78.362630999999993},"$207.77 Square",{"$f":"H1-WEEKDAY(H1,3)-7","v":"2018-05-07"},{"$f":"SUMIF(INDIRECT(TEXT(I186,\"'mmm-yy'\")&\"!B3:B400\"),I186,INDIRECT(TEXT(I186,\"'mmm-yy'\")&\"!C3:C400\"))","v":2784.3357000000005}]
[]
[null,null,null,null,null,null,null,null,{"$f":"I186+1","v":"2018-05-08"},{"$f":"SUMIF(INDIRECT(TEXT(I188,\"'mmm-yy'\")&\"!B3:B400\"),I188,INDIRECT(TEXT(I188,\"'mmm-yy'\")&\"!C3:C400\"))","v":648.16325000000006}]
[null,null,null,null,null,null,null,null,{"$f":"I188+1","v":"2018-05-09"},1890.2500000000002]
[null,null,null,null,null,null,null,null,"2018-05-10",278.39999999999998]
[null,null,null,null,null,null,null,null,"2018-05-11",961.26]
[null,null,null,null,null,null,null,null,"2018-05-12",1584.48]
[null,null,null,null,null,null,null,null,"2018-05-13",0,{"$f":"SUM(J186:J193)","v":8146.8889500000005}]
[null,null,null,null,null,null,null,null,"2018-05-14",319.24]
[null,null,null,null,null,null,null,null,"2018-05-15",0]
[null,null,null,null,null,null,null,null,"2018-05-16",0]
[null,null,null,null,null,null,null,null,"2018-05-17",0]
[null,null,null,null,null,null,null,null,"2018-05-18",0]
[null,null,null,null,null,null,null,null,"2018-05-19",0]
[null,null,null,null,null,null,null,null,"2018-05-20",0,{"$f":"SUM(J194:J200)","v":319.24}]

{"sheet":"Oct-17","index":12,"n_rows":243,"n_cols":11,"rows_kept":243,"cut":false,"hidden":false,"merged":[]}
["Invoice",null,{"$f":"SUM(C3:C427)","v":22280.430000000004},{"$f":"SUM(D3:D427)","v":1534.0000000000002},null,{"$f":"SUM(F3:F668)","v":5393.2300000000005},{"$f":"SUM(G3:G668)","v":5276.2508412999996},{"$f":"TODAY()","v":"2018-05-14"}]
["Number","Date","Amount","Tax","Terms"]
[24106,"2017-10-02",null,null,"Actual Inv 24107"]
[24107,"2017-10-02",171.58,13.08]
[24108,"2017-10-02",294.98,22.48]
[24109,"2017-10-02",10.83,0.83,"Square"]
[24110,"2017-10-02",25.01,1.91]
[24111,"2017-10-02",277.12,21.12,"Square"]
[24112,"2017-10-02",17.27,1.32,null,0,{"$f":"+F9*0.97831","v":0},"$287.95 Square"]
[24113,"2017-10-03",180.24,13.74,"Due"]
[24114,"2017-10-03",10.83,0.83,"Square"]
[24115,"2017-10-03",77.94,5.94]
[24116,"2017-10-03",77.94,5.94]
[24117,"2017-10-03",42.169999999999995,3.21,"Visa"]
[24118,"2017-10-03",80,6.1,null,{"$f":"+C14","v":42.169999999999995},{"$f":"+F15*0.97831","v":41.255332699999997},"$10.83 Square"]
[24119,"2017-10-04",62.730000000000004,4.78]
[24120,"2017-10-04",37.89,2.89,"Visa"]
[24121,"2017-10-04",16,null,"Due, Brant - resale"]
[24122,"2017-10-04",0,0]
[24123,"2017-10-04",167.79,12.79,"Trade, John Computer guy"]
[24124,"2017-10-04",112,null,"Due, Carlos G - resale MX"]
[24125,"2017-10-04",177.53,13.53,null,{"$f":"+C17","v":37.89},{"$f":"+F22*0.97831","v":37.068165900000004}]
[24126,"2017-10-05",21.65,1.65,"Visa"]
[24127,"2017-10-05",68.470000000000013,5.22,"Visa"]
[24128,"2017-10-05",27.06,2.06,"Due"]
[24129,"2017-10-05",114.2,8.6999999999999993,"Visa"]
[24130,"2017-10-05",21.65,1.65,"PayPal"]
[24131,"2017-10-05",379.96,28.96,"Due"]
[24132,"2017-10-05",117,null,"Due, Revolution - resale"]
[24133,"2017-10-05",60,null,"J.Rangel - resale"]
[24134,"2017-10-05",75,null,"Due, Brant - resale",{"$f":"+C23+C26+C24+28.7","v":233.01999999999998},{"$f":"+F31*0.97831","v":227.96579619999997}]
[24135,"2017-10-06",127.95,9.75,"MC"]
[24136,"2017-10-06",220.29,16.79,"$160.29 Visa"]
[24137,"2017-10-06",27,2.06,"Chevo Trade"]
[24138,"2017-10-06",221.91,16.91,"Visa"]
[24139,"2017-10-06",246,18.75]
[24140,"2017-10-06",5,0.38]
[24141,"2017-10-06",199.72,15.22,"$179.72 due"]
[24142,"2017-10-06",70.36,5.36,"Due"]
[24143,"2017-10-06",61.7,4.7,"Visa",{"$f":"+C32+C35+160.29","v":510.15},{"$f":"+F40*0.97831","v":499.08484649999997},"$121.58 Square"]
[24144,"2017-10-07",231.11,17.61,"Square"]
[24145,"2017-10-07",-59.54,-4.54]
[24146,"2017-10-07",85.52,6.52,"Square"]
[24147,"2017-10-07",5.4,0.41,"Cash "]
[24148,"2017-10-07",74.150000000000006,5.65,"Square"]
[24149,"2017-10-07",56.29,4.29,"Visa"]
[24150,"2017-10-07",38,2.9]
[24151,"2017-10-07",104,7.93,"Due"]
[24152,"2017-10-07",85.52,6.52,"Visa"]
[24153,"2017-10-07",155.88,11.88,"Check"]
[24154,"2017-10-07",70,5.33,"Trade, Elvin",{"$f":"+C46+C49","v":141.81},{"$f":"+F51*0.97831","v":138.73414110000002},"$531.85 Square"]
[24155,"2017-10-09",57.37,4.37,"Visa, Ana"]
[24156,"2017-10-09",32,2.44]
[24157,"2017-10-09",98.51,7.51,"Due, Jet Ski"]
[24158,"2017-10-09",192.69,14.69,"Visa"]
[24159,"2017-10-09",15.16,1.1599999999999999]
[24160,"2017-10-09",215.96,16.46,"Due"]
[24161,"2017-10-09",358.31,27.31,"MC"]
[24162,"2017-10-09",315.55,24.05,"Visa, $215.55 due"]
[24163,"2017-10-09",62.24,4.74]
[24164,"2017-10-09",23,null,"Revolution - resale"]
[24165,"2017-10-09",34.64,2.64,"Due"]
[24166,"2017-10-09",8.75,null,"Revolution - resale"]
[24167,"2017-10-09",13,0.99]
[24168,"2017-10-09",20,1.52]
[24169,"2017-10-09",-48,-3.66,"Ref Inv 23906",{"$f":"+C52+C55+C58+100","v":708.37},{"$f":"+F66*0.97831","v":693.00545469999997}]
[24170,"2017-10-10",15,null,"Revolution - resale"]
[24171,"2017-10-10",347.29999999999995,null,"Due, Carlos G - resale MX"]
[24172,"2017-10-10",117.99,8.99,"Visa"]
[24173,"2017-10-10",63.87,4.87]
[24174,"2017-10-10",184,14.02,"$134 due"]
[24175,"2017-10-10",139.37,null,"Due, ESG Customs - resale",{"$f":"+C69","v":117.99},{"$f":"+F72*0.97831","v":115.43079689999999},"$0.00 Square"]
[24176,"2017-10-11",19.489999999999998,1.49]
[24177,"2017-10-11",230.03,17.53,"visa"]
[24178,"2017-10-11",51.85,3.95]
[24179,"2017-10-11",11.85,0.9]
[24180,"2017-10-11",30.31,2.31,"Visa"]
[24181,"2017-10-11",30,2.29]
[24182,"2017-10-11",327,24.92,null,0,{"$f":"+F79*0.97831","v":0},"$0.00 Square"]
[24183,"2017-10-12",24.369999999999997,null,"Visa"]
[24184,"2017-10-12",229.49,17.489999999999998]
[24185,"2017-10-12",64.900000000000006,4.95]
[24186,"2017-10-12",6.5,0.5,"Visa"]
[24187,"2017-10-12",87.68,6.68,"Visa"]
[24188,"2017-10-12",68.2,5.2,"Am Exp"]
[24189,"2017-10-12",62.24,4.74,"Visa"]
[24190,"2017-10-12",59.01,4.5,null,0,{"$f":"+F87*0.97831","v":0},"$0.00 Square"]
[24191,"2017-10-13",57.32,4.37]
[24192,"2017-10-13",45.47,3.47,null,0,{"$f":"+F89*0.97831","v":0},"$0.00 Square"]
[24193,"2017-10-14",54.13,4.13,"Visa"]
[24194,"2017-10-14",9.69,0.74]
[24195,"2017-10-14",9.74,0.74,"Discover"]
[24196,"2017-10-14",300,null,"Visa"]
[24197,"2017-10-14",174.28,13.28,"Due"]
[24198,"2017-10-14",112.03999999999999,8.5399999999999991]
[24199,"2017-10-14",10,0.76]
[24200,"2017-10-14",44.38,3.38]
[24201,"2017-10-14",117.45,8.9499999999999993,"Square"]
[24202,"2017-10-14",70.36,5.36,"Square"]
[24203,"2017-10-14",64.95,4.95]
[24204,"2017-10-14",127.19,9.69,null,0,{"$f":"+F101*0.97831","v":0},"$0.00 Square"]
[24205,"2017-10-16",17.27,1.32,"Visa"]
[24206,"2017-10-16",58.239999999999995,4.4400000000000004,"Due"]
[24207,"2017-10-16",8.66,0.66]
[24208,"2017-10-16",119.08,9.08,"Visa"]
[24209,"2017-10-16",25.98,1.98]
[24210,"2017-10-16",43.52,3.32,"Square",0,{"$f":"+F107*0.97831","v":0},"$0.00 Square"]
[24211,"2017-10-17",12.98,null,"Square"]
[24212,"2017-10-17",19,null,"Square "]
[24213,"2017-10-17",30.2,2.2999999999999998]
[24214,"2017-10-17",159,null,"Due"]
[24215,"2017-10-17",59.4,null,"Due"]
[24216,"2017-10-17",55.21,4.21,"Square"]
[24217,"2017-10-17",107.17,8.17,"Square"]
[24218,"2017-10-17",98,7.47,"Square",0,{"$f":"+F115*0.97831","v":0},"$0.00 Square"]
[24219,"2017-10-18",48.71,3.71]
[24220,"2017-10-18",20.57,1.57]
[24221,"2017-10-18",43.3,3.3]
[24222,"2017-10-18",144.84,11.04,"Due",0,{"$f":"+F119*0.97831","v":0},"$0.00 Square"]
[24223,"2017-10-19",48.660000000000004,3.71,"Visa"]
[24224,"2017-10-19",17.27,1.32,"Visa"]
[24225,"2017-10-19",null,89.66]
[24226,"2017-10-19",94.18,7.18]
[24227,"2017-10-19",37.89,2.89,null,0,{"$f":"+F124*0.97831","v":0},"$0.00 Square"]
[24228,"2017-10-20",304.99,23.24]
[24229,"2017-10-20",120.00000000000001,9.15]
[24230,"2017-10-20",10,0.76,"Visa"]
[24231,"2017-10-20",48.71,3.71,"Visa"]
[24232,"2017-10-20",22.73,1.73]
[24233,"2017-10-20",81.19,6.19]
[24234,"2017-10-20",28.15,2.15]
[24235,"2017-10-20",11.85,0.9]
[24236,"2017-10-20",413.52,31.52,"Visa"]
[24237,"2017-10-20",142,10.82]
[24238,"2017-10-20",20,1.52]
[24239,"2017-10-20",16.239999999999998,1.24,"Visa"]
[24240,"2017-10-20",56,4.2699999999999996,null,0,{"$f":"+F137*0.97831","v":0},"$0.00 Square"]
[24241,"2017-10-21",20,1.52]
[24242,"2017-10-21",263.58999999999997,20.09,"Visa"]
[24243,"2017-10-21",5.3900000000000006,0.41]
[24244,"2017-10-21",139.63999999999999,10.64,"Square"]
[24245,"2017-10-21",25.98,1.98,"Square"]
[24246,"2017-10-21",130,9.91,"Square"]
[24247,"2017-10-21",21.65,1.65]
[24248,"2017-10-21",289.02999999999997,22.03,"Square"]
[24249,"2017-10-21",114,8.69]
[24250,"2017-10-21",11.85,0.9,"Square",{"$f":"+C139","v":263.58999999999997},{"$f":"+F147*0.97831","v":257.87273289999996},"$596.5 Square"]
[24251,"2017-10-23",93.04,7.09]
[24252,"2017-10-23",20,1.52,"Square"]
[24253,"2017-10-23",9.74,0.74,"Square"]
[24254,"2017-10-23",35.61,2.71]
[24255,"2017-10-23",49.8,3.8,"Square"]
[24256,"2017-10-23",43.25,3.3,"Square"]
[24257,"2017-10-23",20,1.52]
[24258,"2017-10-23",336,null,"Due, George - Revolution resale"]
[24259,"2017-10-23",74.69,5.69,"Square"]
[24260,"2017-10-23",78.999999999999986,6.02]
[24261,"2017-10-23",15,null,"Due",0,{"$f":"+F158*0.97831","v":0},"$197.48 Square"]
[24262,"2017-10-24",200,15.24,"$100 due"]
[24263,"2017-10-24",92.82,7.07]
[24264,"2017-10-24",34.64,2.64,"Due"]
[24265,"2017-10-24",37.89,2.89,"Due"]
[24266,"2017-10-24",56.63,null,"Due, Joe R - resale"]
[24267,"2017-10-24",117.52,null,"Due, Joe R - resale"]
[24268,"2017-10-24",129.9,9.9]
[24269,"2017-10-24",103.92,7.92,"Square"]
[24270,"2017-10-24",5.41,0.41,null,0,{"$f":"+F167*0.97831","v":0},"$103.92 Square"]
[24271,"2017-10-25",120,null,"Due"]
[24272,"2017-10-25",27,2.06]
[24273,"2017-10-25",74.69,5.69,"Square"]
[24274,"2017-10-25",14.02,1.07,"Square"]
[24275,"2017-10-25",86.6,6.6,"Square"]
[24276,"2017-10-25",40.049999999999997,3.05,"Square",0,{"$f":"+F173*0.97831","v":0},"$481.33 Square"]
[24277,"2017-10-26",176.39,13.44,"Due"]
[24278,"2017-10-26",607.28,46.28,"$500 MC, $107.28 due"]
[24279,"2017-10-26",60.9,null,"Visa, Border Patrol - No tax"]
[24280,"2017-10-26",53.8,null,"Due, Border Patrol - No tax"]
[24281,"2017-10-26",59.54,4.54,"Square"]
[24282,"2017-10-26",11,0.84]
[24283,"2017-10-26",500,38.11,"$240 cash, $260 Discover"]
[24284,"2017-10-26",71,null,"George - Revolution resale"]
[24285,"2017-10-26",74.69,5.69]
[24286,"2017-10-26",425.68,null,"Due, Carlos G - resale MX"]
[24287,"2017-10-26",46.55,3.55,"Square",{"$f":"500+C176+260","v":820.9},{"$f":"+F184*0.97831","v":803.09467900000004},"$106.09 Square"]
[24288,"2017-10-27",235.99,17.989999999999998,"Pd $140 cash, $95.99 Visa"]
[24289,"2017-10-27",11,0.84]
[24290,"2017-10-27",173.74,13.24,"Visa"]
[24291,"2017-10-27",45.47,3.47,"Visa"]
[24292,"2017-10-27",201.67000000000002,15.37,"Due"]
[24293,"2017-10-27",9,null,"Due, George - Revolution resale"]
[24294,"2017-10-27",114,8.69,"Visa"]
[24295,"2017-10-27",152.63,11.63,"Due"]
[24296,"2017-10-27",28.04,2.14,"Due"]
[24297,"2017-10-27",10.83,0.83]
[24298,"2017-10-27",144.99,null,"Due, Joe R - resale",{"$f":"95.99+50+34.64+213.52+C191","v":508.15},{"$f":"+F195*0.97831","v":497.12822649999998}]
[24299,"2017-10-28",24.46,1.86]
[24300,"2017-10-28",9.5,0.72,"MC"]
[24301,"2017-10-28",10.77,0.82,"MC"]
[24302,"2017-10-28",346.4,26.4,"MC"]
[24303,"2017-10-28",10,0.76,"Visa"]
[24304,"2017-10-28",122.32,9.32]
[24305,"2017-10-28",246.81,18.809999999999999,"$196.81 due"]
[24306,"2017-10-28",217.57999999999998,16.579999999999998,"Square"]
[24307,"2017-10-28",54.67,4.17]
[24308,"2017-10-28",25.9,1.97,"Square"]
[24309,"2017-10-28",74.69,5.69,"Due, Chevo (Trd for whls)",{"$f":"+C197+C198+C199+C200","v":376.66999999999996},{"$f":"+F206*0.97831","v":368.50002769999998},"$134.48 Square"]
[24310,"2017-10-30",146.13999999999999,11.14]
[24311,"2017-10-30",195.93,14.93]
[24312,"2017-10-30",579.14,44.14,"MC"]
[24313,"2017-10-30",159.13,12.13]
[24314,"2017-10-30",null,null,"Ref only"]
[24315,"2017-10-30",104.46,7.96]
[24316,"2017-10-30",23.709999999999997,1.81]
[24317,"2017-10-30",11.37,0.87]
[24318,"2017-10-30",96.79,null,"Amex"]
[24319,"2017-10-30",234.36,17.86,"$96.34 due"]
[24320,"2017-10-30",50,null,"Johnny's Customs - resale"]
[24321,"2017-10-30",129,null,"Due, Joe R - resale",{"$f":"+C209+C215","v":675.93},{"$f":"+F218*0.97831","v":661.26907829999993}]
[24322,"2017-10-31",129,null,"Due, Joe R - resale"]
[24323,"2017-10-31",5.41,0.41]
[24324,"2017-10-31",140.72999999999999,10.73,"$40 due"]
[24325,"2017-10-31",87.68,6.68,"Visa"]
[24326,"2017-10-31",237.61,18.11,"Visa, $187.61 due"]
[24327,"2017-10-31",140.72999999999999,10.73,"Square"]
[24328,"2017-10-31",26.03,null,"Due, Joe R - resale"]
[24329,"2017-10-31",93.33,7.11]
[24330,"2017-10-31",244.1,18.600000000000001,"Square"]
[24331,"2017-10-31",87.9,6.7,"Am Exp",{"$f":"169.21+508+C222+50+C228+53.8","v":956.59},{"$f":"+F228*0.97831","v":935.8415629000001},"$384.83 Square"]
[]
[]
[null,null,null,null,null,null,null,null,{"$f":"I230+1","v":"1900-01-01"},{"$f":"SUMIF(INDIRECT(TEXT(I231,\"'mmm-yy'\")&\"!B3:B400\"),I231,INDIRECT(TEXT(I231,\"'mmm-yy'\")&\"!C3:C400\"))","v":{"$error":"#REF!"}}]
[null,null,null,null,null,null,null,null,"1900-01-02",{"$error":"#REF!"}]
[null,null,null,null,null,null,null,null,"1900-01-03",{"$error":"#REF!"}]
[null,null,null,null,null,null,null,null,"1900-01-04",{"$error":"#REF!"}]
[null,null,null,null,null,null,null,null,"1900-01-05",{"$error":"#REF!"}]
[null,null,null,null,null,null,null,null,"1900-01-06",{"$error":"#REF!"},{"$f":"SUM(J230:J236)","v":{"$error":"#REF!"}}]
[null,null,null,null,null,null,null,null,"1900-01-07",{"$error":"#REF!"}]
[null,null,null,null,null,null,null,null,"1900-01-08",{"$error":"#REF!"}]
[null,null,null,null,null,null,null,null,"1900-01-09",{"$error":"#REF!"}]
[null,null,null,null,null,null,null,null,"1900-01-10",{"$error":"#REF!"}]
[null,null,null,null,null,null,null,null,"1900-01-11",{"$error":"#REF!"}]
[null,null,null,null,null,null,null,null,"1900-01-12",{"$error":"#REF!"}]
[null,null,null,null,null,null,null,null,"1900-01-13",{"$error":"#REF!"},{"$f":"SUM(J237:J243)","v":{"$error":"#REF!"}}]

{"sheet":"Sep-17","index":13,"n_rows":219,"n_cols":8,"rows_kept":219,"cut":false,"hidden":false,"merged":[]}
["Invoice",null,{"$f":"SUM(C3:C416)","v":25760.344025000024},{"$f":"SUM(D3:D416)","v":1576.0440250000008},null,{"$f":"SUM(F3:F624)","v":8916.01},{"$f":"SUM(G3:G624)","v":8722.6217431000023},{"$f":"TODAY()","v":"2018-05-14"}]
["Number","Date","Amount","Tax","Terms"]
[23889,"2017-09-01",158.32,12.07,"Due, Dirt Bike"]
[23890,"2017-09-01",526.1,40.1,"Due, HD Mich"]
[23891,"2017-09-01",128.82,9.82,"Visa"]
[23892,"2017-09-01",10,null,"Due, George"]
[23893,"2017-09-01",158.05000000000001,12.05,"Visa"]
[23894,"2017-09-01",10,null,"Due, George"]
[23895,"2017-09-01",287.95,21.95,"Check"]
[23896,"2017-09-01",15.1,1.1499999999999999,"MC"]
[23897,"2017-09-01",224.45999999999998,17.11,"Square"]
[23898,"2017-09-01",14,null,null,{"$f":"+C5+C7","v":286.87},{"$f":"+F12*0.97831","v":280.64778970000003},"$224.46 Square"]
[23899,"2017-09-02",197.02,15.02,"Square"]
[23900,"2017-09-02",19,null,"Visa"]
[23901,"2017-09-02",77.94,5.94]
[23902,"2017-09-02",15.05,1.1499999999999999]
[23903,"2017-09-02",10.83,0.83]
[23904,"2017-09-02",110.96000000000001,8.4600000000000009,"Visa"]
[23905,"2017-09-02",50.010000000000005,3.81,"Visa",{"$f":"+C14+C18+C19","v":179.97000000000003},{"$f":"+F19*0.97831","v":176.06645070000002},"$197.02 Square"]
[23906,"2017-09-04",58.46,4.46]
[23907,"2017-09-04",46.49,3.54,"Visa"]
[23908,"2017-09-04",115.83,8.83,"Visa",{"$f":"+C21+C22","v":162.32},{"$f":"+F22*0.97831","v":158.7992792}]
[23909,"2017-09-05",null,null,"Canciled"]
[23910,"2017-09-05",270,20.58]
[23911,"2017-09-05",69.28,5.28]
[23912,"2017-09-05",14.85,null,"Visa",{"$f":"+C26","v":14.85},{"$f":"+F26*0.97831","v":14.527903499999999}]
[23913,"2017-09-06",58.400000000000006,null,"Due, Revolution - resale"]
[23914,"2017-09-06",0,null,"Ref only, Revolution - resale"]
[23915,"2017-09-06",129.00152500000002,9.831525000000001,"Visa"]
[23916,"2017-09-06",90,null,"Due, Joe R - resale"]
[23917,"2017-09-06",270,null,"Due, Carlos G - Resale MX"]
[23918,"2017-09-06",8.66,0.66,"Visa"]
[23919,"2017-09-06",30,2.29,"Visa"]
[23920,"2017-09-06",9.74,0.74]
[23921,"2017-09-06",42.43,3.23]
[23922,"2017-09-06",133.69,10.19,"Visa"]
[23923,"2017-09-06",8.66,0.66,null,{"$f":"121+C32+C33+C36","v":293.35000000000002},{"$f":"+F37*0.97831","v":286.98723850000005}]
[23924,"2017-09-07",138.18,10.53]
[23925,"2017-09-07",11.91,0.91]
[23926,"2017-09-07",9.74,0.74,"Visa"]
[23927,"2017-09-07",27.7,1.2,"Visa"]
[23928,"2017-09-07",204.59,15.59,"Visa"]
[23929,"2017-09-07",269.54000000000002,20.54,"Visa"]
[23930,"2017-09-07",70.36,5.36,"Visa"]
[23931,"2017-09-07",142.54000000000002,10.86,"Visa",{"$f":"+C40+C41+C42+C43+C44+C45","v":724.47},{"$f":"+F45*0.97831","v":708.75624570000002}]
[23932,"2017-09-08",725,null,"Visa"]
[23933,"2017-09-08",177.53,13.53,"Am Exp"]
[23934,"2017-09-08",38.86,2.96,"Visa"]
[23935,"2017-09-08",14.61,1.1100000000000001]
[23936,"2017-09-08",5.3900000000000006,0.41]
[23937,"2017-09-08",259.8,19.8,"Square"]
[23938,"2017-09-08",188.03,14.33,"Visa"]
[23939,"2017-09-08",21.65,1.65,null,{"$f":"+C46+89+C48+C52","v":1040.8900000000001},{"$f":"+F53*0.97831","v":1018.3130959000001},"$259.80 Square"]
[23940,"2017-09-09",383.21,29.21,"$200 Square (+ Inv 23953)"]
[23941,"2017-09-09",74.69,5.69,"Bob's son, Battery"]
[23942,"2017-09-09",30,2.29]
[23943,"2017-09-09",65,4.95]
[23944,"2017-09-09",212.71,16.21,"Visa"]
[23945,"2017-09-09",140,10.67,"MC, Addl to Inv 23943"]
[23946,"2017-09-09",75,5.72,"Square"]
[23947,"2017-09-09",107.17,8.17,"MC"]
[23948,"2017-09-09",8.66,0.66,"Square"]
[23949,"2017-09-09",108.25,8.25]
[23950,"2017-09-09",19.489999999999998,1.49]
[23951,"2017-09-09",27.06,2.06]
[23952,"2017-09-09",11.91,0.91]
[23953,"2017-09-09",211.75,16.14,"Addl to Inv 23940"]
[23954,"2017-09-09",88.77,6.77,"Square"]
[23955,"2017-09-09",26.5,null,"Due, Joe R - resale"]
[23956,"2017-09-09",108,null,"Due, Joe R - resale (Derick)",{"$f":"+C59+C61","v":247.17000000000002},{"$f":"+F70*0.97831","v":241.80888270000003},"$372.43 Square"]
[23957,"2017-09-11",561.82000000000005,42.82,"$361.82 Due"]
[23958,"2017-09-11",90.93,6.93,"Visa"]
[23959,"2017-09-11",375,28.58]
[23960,"2017-09-11",107.17,8.17,"Visa"]
[23961,"2017-09-11",112.26,8.56,"Discover"]
[23962,"2017-09-11",10,0.76,null,{"$f":"+C58+C72+C74+C75","v":523.07000000000005},{"$f":"+F76*0.97831","v":511.72461170000008}]
[23963,"2017-09-12",5.3900000000000006,0.41]
[23964,"2017-09-12",2482,null,"Due, Border Patrol"]
[23965,"2017-09-12",86.6,6.6,"Visa"]
[23966,"2017-09-12",8.5500000000000007,0.65]
[23967,"2017-09-12",44.02,null,"Due, Carlos G - Resale MX"]
[23968,"2017-09-12",27.06,2.06,"MC"]
[23969,"2017-09-12",102,null,"Due, Carlos G - Resale MX"]
[23970,"2017-09-12",100.00000000000001,7.62,"Visa"]
[23971,"2017-09-12",81,null,"Bike Rods - resale"]
[23972,"2017-09-12",32.479999999999997,2.48,"Visa",{"$f":"+C79+C82+100+C84+C86","v":346.14000000000004},{"$f":"+F86*0.97831","v":338.63222340000004}]
[23973,"2017-09-13",92.01,7.01]
[23974,"2017-09-13",80.11,6.11,"Visa"]
[23975,"2017-09-13",54.13,4.13,"Visa"]
[23976,"2017-09-13",30,null,"Johnny's Custom"]
[23977,"2017-09-13",155,11.81,"Due, Jet Ski"]
[23978,"2017-09-13",125,9.5299999999999994,"Due, LeeZ Friend"]
[23979,"2017-09-13",830,63.26]
[23980,"2017-09-13",25.98,1.98]
[23981,"2017-09-13",22.73,1.73,"Visa"]
[23982,"2017-09-13",74.69,5.69,"MC"]
[23983,"2017-09-13",46.49,3.54]
[23984,"2017-09-13",245.73,18.73,"MC",{"$f":"+C88+C89+C95+C96+C98","v":477.39},{"$f":"+F98*0.97831","v":467.03541089999999}]
[23985,"2017-09-14",6.3900000000000006,0.49,"Visa"]
[23986,"2017-09-14",160,12.19,"$3 due"]
[23987,"2017-09-14",212.84,null,"Due, Carlos G - Resale MX"]
[23988,"2017-09-14",53.04,4.04,"Visa"]
[23989,"2017-09-14",247.35,18.850000000000001,"$174.02 MC, Bal Cash"]
[23990,"2017-09-14",14,1.07]
[23991,"2017-09-14",0,0,"$200 cash Dep, Blk Duc."]
[23992,"2017-09-14",20,1.52]
[23993,"2017-09-14",74.69,5.69,"Addl to Inv 23989",{"$f":"+C99+C102+172.04","v":231.47},{"$f":"+F107*0.97831","v":226.4494157}]
[23994,"2017-09-15",14,1.07]
[23995,"2017-09-15",45,3.42]
[23996,"2017-09-15",63.87,4.87,"MC"]
[23997,"2017-09-15",21.599999999999998,1.65]
[23998,"2017-09-15",19.999999999999989,1.52]
[23999,"2017-09-15",86.6,6.6,"MC"]
[24000,"2017-09-15",5.36,0.41]
[24001,"2017-09-15",32.479999999999997,2.48,"Visa",{"$f":"+C110+C115+C113","v":182.95},{"$f":"+F115*0.97831","v":178.98181449999998}]
[24002,"2017-09-16",175,13.34,"Visa"]
[24003,"2017-09-16",492.54,37.54,"Visa"]
[24004,"2017-09-16",15,1.1399999999999999]
[24005,"2017-09-16",256,19.510000000000002]
[24006,"2017-09-16",68,5.18,"$18 due"]
[24007,"2017-09-16",101.38000000000001,7.73,"Square",{"$f":"+C116+C117","v":667.54},{"$f":"+F121*0.97831","v":653.06105739999998},"$256.38 Square"]
[24008,"2017-09-18",15.16,1.1599999999999999]
[24009,"2017-09-18",182.94,13.94]
[24010,"2017-09-18",28,null,"Due, Brant"]
[24011,"2017-09-18",430,32.770000000000003,"$130 due"]
[24012,"2017-09-18",215,16.39]
[24013,"2017-09-18",45.47,3.47,"Visa"]
[24014,"2017-09-18",33,null,"Due, George - revolution"]
[24015,"2017-09-18",8,0.61,null,{"$f":"+C127","v":45.47},{"$f":"+F129*0.97831","v":44.483755699999996}]
[24016,"2017-09-19",268,20.420000000000002,"Visa"]
[24017,"2017-09-19",208.38,15.88,"MC"]
[24018,"2017-09-19",120,9.15]
[24019,"2017-09-19",290,22.1]
[24020,"2017-09-19",108.25,8.25,"$64.25 due"]
[24021,"2017-09-19",74.69,5.69,"Due"]
[24022,"2017-09-19",278.74,21.24,"Due"]
[24023,"2017-09-19",221.91,16.91,"$101.91 Square"]
[24024,"2017-09-19",25,1.91,"Square",{"$f":"+C130+C131","v":476.38},{"$f":"+F138*0.97831","v":466.04731779999997},"$315.00 Square"]
[24025,"2017-09-20",43.3,3.3,"Visa"]
[24026,"2017-09-20",28.09,2.14,"Visa"]
[24027,"2017-09-20",119,9.07,"Visa"]
[24028,"2017-09-20",59.4,null,"Visa, Border Patrol"]
[24029,"2017-09-20",110,8.3800000000000008]
[24030,"2017-09-20",33.56,2.56,"Visa"]
[24031,"2017-09-20",30,2.29]
[24032,"2017-09-20",192.69,14.69,"Due, meet in Weslaco Thur."]
[24033,"2017-09-20",37.830000000000005,2.88]
[24034,"2017-09-20",62.730000000000004,4.78]
[24035,"2017-09-20",7.58,0.57999999999999996,"Due",{"$f":"128.82+C139+C140+C141+C142+C144","v":412.17},{"$f":"+F149*0.97831","v":403.23003270000004}]
[24036,"2017-09-21",27.06,2.06,"Visa"]
[24037,"2017-09-21",28.8,null,"Visa, ESG - resale"]
[24038,"2017-09-21",74.69,5.69,"Visa"]
[24039,"2017-09-21",5,0.38,"Visa"]
[24040,"2017-09-21",19.489999999999998,1.49,"Visa"]
[24041,"2017-09-21",108.25,8.25,"Visa"]
[24042,"2017-09-21",234.9025,17.9025,"Due, Jeff"]
[24043,"2017-09-21",85.52,6.52,"Square"]
[24044,"2017-09-21",7.58,0.57999999999999996,null,{"$f":"+C150+C152+C153+C154+C155+C151","v":263.29000000000002},{"$f":"+F158*0.97831","v":257.5792399},"$110.52 Square"]
[24045,"2017-09-22",35,2.67]
[24046,"2017-09-22",196.47,14.97,"MC"]
[24047,"2017-09-22",20.000000000000004,1.52,"Visa"]
[24048,"2017-09-22",281.45,21.45,"Due"]
[24049,"2017-09-22",36.81,2.81,"Visa"]
[24050,"2017-09-22",47.63,3.63,"Visa"]
[24051,"2017-09-22",68.739999999999995,5.24,"Visa"]
[24052,"2017-09-22",77.94,5.94]
[24053,"2017-09-22",null,null,"$300 deposit only"]
[24054,"2017-09-22",32,2.44,"Visa"]
[24055,"2017-09-22",41.14,3.14,"Visa"]
[24056,"2017-09-22",53.8,null,"Visa, Border Patrol"]
[24057,"2017-09-22",62,4.7300000000000004]
[24058,"2017-09-22",294,22.41,"Due, White HD"]
[24059,"2017-09-22",142,null,"Due, Joe R - resale (Derick)",{"$f":"+C160+C163+C164+C165+C161+C168+C169+C170+C162","v":778.04},{"$f":"+F173*0.97831","v":761.16431239999997}]
[24060,"2017-09-23",48.71,3.71,"Due"]
[24061,"2017-09-23",55.339999999999996,4.22]
[24062,"2017-09-23",98,7.47,"Square"]
[24063,"2017-09-23",10.83,0.83,"Square"]
[24064,"2017-09-23",63,4.8]
[24065,"2017-09-23",12.99,0.99]
[24066,"2017-09-23",14,1.07]
[24067,"2017-09-23",17.32,1.32,"Visa"]
[24068,"2017-09-23",16.18,1.23,"Square"]
[24069,"2017-09-23",24.9,1.9,"Due",{"$f":"+C181","v":17.32},{"$f":"+F183*0.97831","v":16.944329200000002},"$189.26 Square"]
[24070,"2017-09-25",64.95,4.95,"Due"]
[24071,"2017-09-25",16.18,1.23,"Visa"]
[24072,"2017-09-25",240.86,18.36,"Visa"]
[24073,"2017-09-25",273,20.81,"Due"]
[24074,"2017-09-25",155.88,11.88,"Due"]
[24075,"2017-09-25",23,null,"Due, Revolution - resale"]
[24076,"2017-09-25",59.4,null,"Visa, Border Patrol"]
[24077,"2017-09-25",94.39,7.19,"Visa"]
[24078,"2017-09-25",21.65,1.65,"Visa"]
[24079,"2017-09-25",182.94,13.94,"Visa"]
[24080,"2017-09-25",97.37,7.42,"Visa",{"$f":"+C185+115.21+C186+C193+C191+C194+C192","v":768.6},{"$f":"+F194*0.97831","v":751.92906600000003}]
[24081,"2017-09-26",12.45,0.95]
[24082,"2017-09-26",20.57,1.57,"MC"]
[24083,"2017-09-26",227.87,17.37,"Visa"]
[24084,"2017-09-26",12.99,0.99,"Visa"]
[24085,"2017-09-26",17.8,null,"Due, Joe R - resale"]
[24086,"2017-09-26",344,26.22,null,{"$f":"+C196-100+C197+C198","v":161.43},{"$f":"+F200*0.97831","v":157.92858330000001}]
[24087,"2017-09-27",2,0.15]
[24088,"2017-09-27",21.65,1.65,"MC"]
[24089,"2017-09-27",53,4.04,"Visa"]
[24090,"2017-09-27",10.83,0.83,null,{"$f":"+C202+C203","v":74.650000000000006},{"$f":"+F204*0.97831","v":73.030841500000008}]
[24091,"2017-09-28",270]
[24092,"2017-09-28",52.5,4,"Square"]
[24093,"2017-09-28",518,39.479999999999997,"Due",0,{"$f":"+F207*0.97831","v":0},"$330.00 Square"]
[24094,"2017-09-29",40.230000000000004,null,"Visa, ESG - resale"]
[24095,"2017-09-29",387,29.49,"Due, Yam PU Sat 9am"]
[24096,"2017-09-29",17,null,"Due"]
[24097,"2017-09-29",68.2,5.2,"Due"]
[24098,"2017-09-29",10.77,0.82]
[24099,"2017-09-29",184.4,14.05,"Due"]
[24100,"2017-09-29",11.91,0.91,null,{"$f":"+C208+C190","v":99.63},{"$f":"+F214*0.97831","v":97.469025299999998},"$154.41 Square"]
[24101,"2017-09-30",335.58,25.58,"Due"]
[24102,"2017-09-30",74.69,5.69,"Square"]
[24103,"2017-09-30",95,7.24]
[24104,"2017-09-30",117.45,8.9499999999999993,"Square"]
[24105,"2017-09-30",440.58,33.58,"MC",{"$f":"+C219","v":440.58},{"$f":"+F219*0.97831","v":431.02381980000001},"$192.14 Square"]

{"sheet":"Aug-17","index":14,"n_rows":228,"n_cols":11,"rows_kept":228,"cut":false,"hidden":false,"merged":[]}
["Invoice",null,{"$f":"SUM(C3:C412)","v":22000.780674999998},{"$f":"SUM(D3:D412)","v":1393.0106750000002},null,{"$f":"SUM(F3:F412)","v":8713.4},{"$f":"SUM(G3:G412)","v":8481.2585782999995},{"$f":"TODAY()","v":"2018-05-14"}]
["Number","Date","Amount","Tax","Terms"]
[23678,"2017-08-01",481.71,36.71,"Visa"]
[23679,"2017-08-01",4.33,0.33,"MC"]
[23680,"2017-08-01",79,null,"Due, Revolution - resale"]
[23681,"2017-08-01",20,1.52]
[23682,"2017-08-01",77.39,5.9,"MC"]
[23683,"2017-08-01",33.94,2.59]
[23684,"2017-08-01",10.0023,0.76230000000000009,"Thanks"]
[23685,"2017-08-01",317,null,"Due, Revolution - resale",{"$f":"+C3+C4+177.47-4.31+C7","v":736.59},{"$f":"+F10*0.97831","v":720.61336290000008}]
[23686,"2017-08-02",22.73,1.73,"Due, Elvin"]
[23687,"2017-08-02",22,null,"Due, Brant - Resale"]
[23688,"2017-08-02",21.65,1.65]
[23689,"2017-08-02",90.45,6.89,"Visa"]
[23690,"2017-08-02",29.23,2.23,"Visa"]
[23691,"2017-08-02",178.61,13.61,"Visa"]
[23692,"2017-08-02",297.58,22.68,"Visa"]
[23693,"2017-08-02",35,2.67]
[23694,"2017-08-02",2.17,0.17]
[23695,"2017-08-02",54.13,4.13]
[23696,"2017-08-02",14.29,1.0900000000000001,null,{"$f":"+C14+C15+C16+C17+2.66","v":598.53},{"$f":"+F21*0.97831","v":585.54788429999996}]
[23697,"2017-08-03",64.41,4.91,"Visa"]
[23698,"2017-08-03",151.55000000000001,11.55,"Due, Lem"]
[23699,"2017-08-03",184.03,14.03]
[23700,"2017-08-03",65.760000000000005,5.01]
[23701,"2017-08-03",70.36,5.36,"Visa",{"$f":"282.59+35+C22+25","v":407},{"$f":"+F26*0.97831","v":398.17216999999999}]
[23702,"2017-08-04",7,0.53]
[23703,"2017-08-04",227.32999999999998,17.329999999999998,"Due, Jeff"]
[23704,"2017-08-04",71.45,5.45,"MC"]
[23705,"2017-08-04",350,26.67,"Visa, Deposit only"]
[23706,"2017-08-04",56.29,4.29]
[23707,"2017-08-04",208.38,15.88,"Due"]
[23708,"2017-08-04",125,9.5299999999999994,"Visa"]
[23709,"2017-08-04",18,1.37,null,{"$f":"35.36+C29+C30+C33","v":581.80999999999995},{"$f":"+F34*0.97831","v":569.1905410999999}]
[23710,"2017-08-05",507.69,38.69,"Due"]
[23711,"2017-08-05",227.32999999999998,17.329999999999998,"Square"]
[23712,"2017-08-05",21.65,1.65,"Square"]
[23713,"2017-08-05",2.5,0.19,"Visa"]
[23714,"2017-08-05",21.65,1.65]
[23715,"2017-08-05",110,null,"Due, Joe Rangel - resale"]
[23716,"2017-08-05",225.99999999999997,17.23,"Gift Card $20, Square $35"]
[23717,"2017-08-05",82,6.25,"$17 Square"]
[23718,"2017-08-06",379.84999999999997,28.95,"Due, Rubin - AC guy son",{"$f":"+C38","v":2.5},{"$f":"+F43*0.97831","v":2.4457750000000003},"$808.67 Square"]
[23719,"2017-08-07",29.4,null,"Visa"]
[23720,"2017-08-07",9.74,0.74,"Visa"]
[23721,"2017-08-07",69.28,5.28,"Due"]
[23722,"2017-08-07",162.38,12.38]
[23723,"2017-08-07",34.64,2.64]
[23724,"2017-08-07",32,2.44,null,{"$f":"+C44+C45","v":39.14},{"$f":"+F49*0.97831","v":38.291053400000003},"?"]
[23725,"2017-08-08",15,null,"Visa"]
[23726,"2017-08-08",8.66,0.66]
[23727,"2017-08-08",465,35.44]
[23728,"2017-08-08",102,7.77]
[23729,"2017-08-08",12.99,0.99]
[23730,"2017-08-08",210.01,16.010000000000002]
[23731,"2017-08-08",19.489999999999998,1.49,"MC",{"$f":"+C50+C56","v":34.489999999999995},33.700000000000003,"?"]
[23732,"2017-08-09",74.69,5.69]
[23733,"2017-08-09",21.599999999999998,1.65,"MC"]
[23734,"2017-08-09",7.5200000000000005,0.56999999999999995,"Visa"]
[23735,"2017-08-09",75.72,5.77,"Visa",{"$f":"+C58+C59+C60","v":104.84},103.52,"?"]
[23736,"2017-08-10",29.4,null,"Visa"]
[23737,"2017-08-10",25.2,null,"Visa"]
[23738,"2017-08-10",25.2,null,"Visa"]
[23739,"2017-08-10",84.44,6.44,"Due"]
[23740,"2017-08-10",8.66,0.66]
[23741,"2017-08-10",17.3,1.32,"Visa"]
[23742,"2017-08-10",550,41.92,null,{"$f":"+C61+C62+C63+C66","v":97.1},{"$f":"+F67*0.97831","v":94.993900999999994},"?"]
[23743,"2017-08-11",35.5,2.89]
[23744,"2017-08-11",0,null,"Alex cash"]
[23745,"2017-08-11",20.5,1.56,"Visa"]
[23746,"2017-08-11",43.25,3.3]
[23747,"2017-08-11",38.92,2.97]
[23748,"2017-08-11",25.93,1.98,"Visa"]
[23749,"2017-08-11",173,null,"J.Rangel - Resale"]
[23750,"2017-08-11",84,null,"Due, Brant - Resale",{"$f":"+C70+C73","v":46.43},45.63]
[23751,"2017-08-12",29.23,2.23]
[23752,"2017-08-12",153.16999999999999,11.67,"$53.17 due (if bike here Sat)"]
[23753,"2017-08-12",96.34,7.34,"MC"]
[23754,"2017-08-12",250.06,19.059999999999999,"Due, Paul"]
[23755,"2017-08-12",15,1.1399999999999999]
[23756,"2017-08-12",67.66,5.16]
[23757,"2017-08-12",81.19,6.19,"Visa"]
[23758,"2017-08-12",40,3.05,"Square"]
[23759,"2017-08-12",9.69,0.74]
[23760,"2017-08-12",0,null,"Visa, $150 Dep, Jeff"]
[23761,"2017-08-13",32,2.44,"Due, Chevo",{"$f":"+C78+C82+150","v":327.52999999999997},324.24,"$40.00 Square"]
[23762,"2017-08-14",27,2.06,"Due, Elvin"]
[23763,"2017-08-14",5.36,0.41,"Visa"]
[23764,"2017-08-14",184.57,14.07,"Visa, $84.57 due"]
[23765,"2017-08-14",-90.93,-6.93,"Due, (credit his Visa)"]
[23766,"2017-08-14",15,1.1399999999999999,"Visa"]
[23767,"2017-08-14",141.75,null,"Due, Carlos G - resale MX"]
[23768,"2017-08-14",163.47,12.46,null,{"$f":"+C88+100+C91","v":120.36},118.28]
[23769,"2017-08-15",119.08,9.08,"Visa"]
[23770,"2017-08-15",119.08,9.08,"Square"]
[23771,"2017-08-15",34.39,null,"J.Rangel - resale"]
[23772,"2017-08-15",139.99999999999997,10.67]
[23773,"2017-08-15",15.16,1.1599999999999999,"Due, Allen"]
[23774,"2017-08-15",0,null,"Square $250 deposit",{"$f":"+C94+369.08","v":488.15999999999997},{"$f":"116.57+310.95","v":427.52}]
[23775,"2017-08-16",3.25,0.25]
[23776,"2017-08-16",59.79,null,"Due, Carlos G - resale MX"]
[23777,"2017-08-16",243.02,18.52,"Visa, $120 due"]
[23778,"2017-08-16",132.61000000000001,10.11]
[23779,"2017-08-16",32.479999999999997,2.48,"Visa"]
[23780,"2017-08-16",0,0,"Deposit only, $100 check"]
[23781,"2017-08-16",22.73,1.73,"MC",{"$f":"123.02+C104+C106","v":178.23},174.64]
[23782,"2017-08-17",85.52,6.52,"Visa"]
[23783,"2017-08-17",75.78,5.78]
[23784,"2017-08-17",17,null,"George - Revolution Resale"]
[23785,"2017-08-17",27.06,2.06]
[23786,"2017-08-17",23,null,"Visa, Used - no Tax"]
[23787,"2017-08-17",100,7.62]
[23788,"2017-08-17",147.43,7.43,"Visa"]
[23789,"2017-08-17",151.22999999999999,11.53]
[23790,"2017-08-17",48,null,"Due, George - Revolution resale",{"$f":"+C107+C111+C113","v":255.95},{"$f":"+F115*0.97831","v":250.39844449999998}]
[23791,"2017-08-18",19,null,"Due, George - Revolution resale"]
[23792,"2017-08-18",5,0.38,"(Actual sale date 17th)"]
[23793,"2017-08-18",24.9,1.9]
[23794,"2017-08-18",397.28,30.28,"$163.64 due"]
[23795,"2017-08-18",79.02,6.02,"Visa"]
[23796,"2017-08-18",15,1.1399999999999999,"Visa"]
[23797,"2017-08-18",54.13,4.13]
[23798,"2017-08-18",95,null,"Due, Brant - Resale"]
[23799,"2017-08-18",160,null,"J.Rangel - resale"]
[23800,"2017-08-18",142,10.82]
[23801,"2017-08-18",64.95,4.95,"MC"]
[23802,"2017-08-18",139.63999999999999,10.64,"Square",{"$f":"163.64+C120+C126+120+C98","v":442.77},{"$f":"+F127*0.97831","v":433.16631869999998},"$139.64 Square"]
[23803,"2017-08-19",10,0.76]
[23804,"2017-08-19",167.79,12.79,"Square"]
[23805,"2017-08-19",277,19.100000000000001,"Check"]
[23806,"2017-08-19",65,4.95,"Visa"]
[23807,"2017-08-19",48.71,3.71,"Visa"]
[23808,"2017-08-19",21.65,1.65,"Visa"]
[23809,"2017-08-19",83.77,6.38,"Due"]
[23810,"2017-08-19",216.5,16.5,"Square"]
[23811,"2017-08-19",114.75,8.75,null,{"$f":"+C131+C133+C132","v":135.36000000000001},{"$f":"+F136*0.97831","v":132.42404160000001},"$384.29 Square"]
[23812,"2017-08-21",487,37]
[23813,"2017-08-21",155.88,11.88]
[23814,"2017-08-21",263.05,20.05,"Visa"]
[23815,"2017-08-21",35,null,"MC"]
[23816,"2017-08-21",21.599999999999998,1.65]
[23817,"2017-08-21",10,0.76]
[23818,"2017-08-21",52,null,"Visa"]
[23819,"2017-08-21",546.66,41.66,"Visa, $296.66 due"]
[23820,"2017-08-21",368.59,28.09,"Due"]
[23821,"2017-08-21",40,null,null,{"$f":"+C139+C140+C143+C144","v":896.71},{"$f":"+F146*0.97831","v":877.26036010000007},"??"]
[23822,"2017-08-22",101.76,7.76,"Due"]
[23823,"2017-08-22",47.5,null,"Due"]
[23824,"2017-08-22",74.31,5.66]
[23825,"2017-08-22",87.52,6.67,"Visa"]
[23826,"2017-08-22",7.5200000000000005,0.56999999999999995]
[23827,"2017-08-22",54.07,4.12,"Due",{"$f":"+C150","v":87.52},{"$f":"+F152*0.97831","v":85.621691200000001},"??"]
[23828,"2017-08-23",8.66,0.66]
[23829,"2017-08-23",97.43,7.43,"Discover"]
[23830,"2017-08-23",374.95,28.58,"Check - Inv 23780"]
[23831,"2017-08-23",115.68,null,"Due, Carlos G - resale MX"]
[23832,"2017-08-23",28,null,"Due, Brant - Resale"]
[23833,"2017-08-23",115.68,null,"Due, Carlos G - resale MX"]
[23834,"2017-08-23",90,6.86,"Visa"]
[23835,"2017-08-23",326.92,24.92]
[23836,"2017-08-23",78.97,6.02]
[23837,"2017-08-23",320.15999999999997,null,"Due, Carlos G - resale MX"]
[23838,"2017-08-23",2.25,0.18,null,{"$f":"+C154+100+C159","v":287.43},282.36]
[23839,"2017-08-24",160,12.19]
[23840,"2017-08-24",10,null,"Don - Falfurious, resale"]
[23841,"2017-08-24",53.8,null,"Due, Border Pat"]
[23842,"2017-08-24",8,0.59,"Square"]
[23843,"2017-08-24",270,null,"Due"]
[23844,"2017-08-24",411,31.32]
[23845,"2017-08-24",9,0.68,"Due"]
[23846,"2017-08-24",16.5,null,"George - Revolution Resale"]
[23847,"2017-08-24",177,null,"Due, George - Revolution resale"]
[23848,"2017-08-24",89,null,"Joe Rangel - resale"]
[23849,"2017-08-24",277.08,20.13,"Visa, $177.08 due"]
[23850,"2017-08-24",195,14.86,null,{"$f":"302+100","v":402},{"$f":"+F175*0.97831","v":393.28062},"$158.00 / $133.11 Square"]
[23851,"2017-08-25",146.13999999999999,11.14]
[23852,"2017-08-25",85,null,"Due, Revolution - resale"]
[23853,"2017-08-25",55.96,null,"Visa, ESG Customs - resale"]
[23854,"2017-08-25",33.56,2.56,"Visa"]
[23855,"2017-08-25",31.39,2.39]
[23856,"2017-08-25",30.5,null,"Joe Rangel - resale"]
[23857,"2017-08-25",3.25,0.25]
[23858,"2017-08-25",160,12.19,"Square"]
[23859,"2017-08-25",248.98,18.98,"MC, $100 due"]
[23860,"2017-08-25",24.9,1.9,"Visa",{"$f":"+C178+C179+53.8+C90+148.98+C185","v":226.26999999999998},{"$f":"+F185*0.97831","v":221.36220369999998}]
[23861,"2017-08-26",544.5,41.5,"Visa"]
[23862,"2017-08-26",121.24,9.24,"Square"]
[23863,"2017-08-26",53.04,4.04]
[23864,"2017-08-26",158.05000000000001,12.05,"$140. Visa, bal cash",{"$f":"+C186","v":544.5},{"$f":"+F189*0.97831","v":532.689795},"$309.24 Square"]
[23865,"2017-08-28",26.84,1.89]
[23866,"2017-08-28",15,1.1399999999999999,"Square"]
[23867,"2017-08-28",106.09,8.09,"Square",0,{"$f":"+F192*0.97831","v":0},"$121.09 Square"]
[23868,"2017-08-29",26.85,2.0499999999999998]
[23869,"2017-08-29",18.940000000000001,1.44]
[23870,"2017-08-29",30,2.29]
[23871,"2017-08-29",21.65,1.65,null,0,{"$f":"+F196*0.97831","v":0}]
[23872,"2017-08-30",92.01,7.01,"MC"]
[23873,"2017-08-30",43.3,3.3]
[23874,"2017-08-30",54.13,4.13,"Visa"]
[23875,"2017-08-30",39.998375000000003,3.0483750000000005,"Visa"]
[23876,"2017-08-30",559.65,42.65,"MC"]
[23877,"2017-08-30",289.72999999999996,22.08]
[23878,"2017-08-30",119.6,null,"Due, Carlos G - resale MX",{"$f":"100+C201+C199+C197","v":805.79},{"$f":"+F203*0.97831","v":788.31241490000002}]
[23879,"2017-08-31",50,3.81]
[23880,"2017-08-31",179.65,null,"Due, Carlos G - resale MX"]
[23881,"2017-08-31",21.65,1.65]
[23882,"2017-08-31",98,null,"Due, Carlos G - resale MX"]
[23883,"2017-08-31",90,6.86,"MC"]
[23884,"2017-08-31",103.92,7.92]
[23885,"2017-08-31",43.3,3.3,"Visa, +$106.70 deposit"]
[23886,"2017-08-31",11.5,null,"Joe Rangel - resale"]
[23887,"2017-08-31",75.8,null,"Joe Rangel - resale"]
[23888,"2017-08-31",100,null,"Joe Rangel - resale",{"$f":"140+C202+150+C208+100+96.66","v":866.39},{"$f":"+F213*0.97831","v":847.59800089999999},"$0.00 Square"]
[]
[null,null,null,null,null,null,null,null,{"$f":"H1-WEEKDAY(H1,3)-21","v":"2018-04-23"},{"$f":"SUMIF(INDIRECT(TEXT(I215,\"'mmm-yy'\")&\"!B3:B400\"),I215,INDIRECT(TEXT(I215,\"'mmm-yy'\")&\"!C3:C400\"))","v":1326.54}]
[null,null,null,null,null,null,null,null,{"$f":"I215+1","v":"2018-04-24"},655.33999999999992]
[null,null,null,null,null,null,null,null,"2018-04-25",624.8599999999999]
[null,null,null,null,null,null,null,null,"2018-04-26",1992.09]
[null,null,null,null,null,null,null,null,"2018-04-27",1053.3800000000001]
[null,null,null,null,null,null,null,null,"2018-04-28",1162.43]
[null,null,null,null,null,null,null,null,"2018-04-29",0,{"$f":"SUM(J215:J221)","v":6814.64}]
[null,null,null,null,null,null,null,null,"2018-04-30",961.15]
[null,null,null,null,null,null,null,null,"2018-05-01",623.74]
[null,null,null,null,null,null,null,null,"2018-05-02",100]
[null,null,null,null,null,null,null,null,"2018-05-03",1130.74]
[null,null,null,null,null,null,null,null,"2018-05-04",256.78999999999996]
[null,null,null,null,null,null,null,null,"2018-05-05",845.53]
[null,null,null,null,null,null,null,null,"2018-05-06",0,{"$f":"SUM(J222:J228)","v":3917.95}]

{"sheet":"Work Order","index":15,"n_rows":48,"n_cols":38,"rows_kept":48,"cut":false,"hidden":false,"merged":[[47,0,48,35],[44,0,44,20],[36,5,36,17],[36,29,36,33],[37,29,37,33],[37,0,43,20],[39,29,39,34],[32,29,32,33],[33,29,33,33],[38,29,38,33],[45,0,46,35],[34,5,34,17],[34,29,34,33],[35,5,35,17],[35,29,35,33],[32,0,32,3],[32,4,32,18],[32,19,32,22],[33,0,33,3],[33,4,33,18],[33,19,33,22],[32,24,32,27],[33,24,33,27],[30,29,30,33],[31,0,31,3],[31,4,31,18],[31,19,31,22],[31,24,31,27],[31,29,31,33],[30,0,30,3],[30,4,30,18],[30,19,30,22],[30,24,30,27],[28,29,28,33],[29,29,29,33],[28,0,28,3],[28,4,28,18],[28,19,28,22],[28,24,28,27],[29,0,29,3],[29,4,29,18],[29,19,29,22],[29,24,29,27],[26,29,26,33],[27,0,27,3],[27,4,27,18],[27,19,27,22],[27,24,27,27],[27,29,27,33],[26,0,26,3],[26,4,26,18],[26,19,26,22],[26,24,26,27],[24,29,24,33],[25,0,25,3],[25,4,25,18],[25,19,25,22],[25,24,25,27],[25,29,25,33],[24,0,24,3],[24,4,24,18],[24,19,24,22],[24,24,24,27],[22,29,22,33],[23,0,23,3],[23,4,23,18],[23,19,23,22],[23,24,23,27],[23,29,23,33],[22,0,22,3],[22,4,22,18],[22,19,22,22],[22,24,22,27],[21,29,21,34],[19,0,19,3],[19,4,19,11],[21,0,21,3],[21,4,21,18],[21,19,21,23],[21,24,21,28],[19,12,19,23],[19,29,19,34],[19,24,19,28],[18,24,18,28],[0,0,0,17],[1,0,2,17],[1,20,2,34],[4,29,4,32],[5,20,7,34],[18,29,18,34],[16,4,16,13],[18,0,18,3],[18,4,18,11],[18,12,18,18],[13,4,13,13],[14,4,14,13],[15,4,15,13],[18,19,18,23]]}
["RGV Cycle Stuff, dba -"]
[null,null,null,null,null,null,null,null,null,null,null,null,null,null,null,null,null,null,null,null,"WORK ORDER"]
[]
[]
[null,null,null,null,null,null,null,null,null,null,null,null,null,null,null,null,null,null,null,null,null,null,null,null,null,null,null,null,"DATE: "]
[]
[]
[]
[]
[]
[]
[" "]
[null,"Bill To:"]
[null,null,null,"Name: ","Tony"]
[null,null,null,"Phone: "]
[null,null,null,"Bike: "]
[null,null,null,"Address: "]
[]
["Type",null,null,null,"Sales Rep / Tech",null,null,null,null,null,null,null,"VIN",null,null,null,null,null,null,null,null,null,null,null,"Miles",null,null,null,null,"Terms"]
[null,null,null,null,"Rober/ Chris M."]
[]
["Product ID",null,null,null,"Description",null,null,null,null,null,null,null,null,null,null,null,null,null,null,"Quantity",null,null,null,null,"Unit Price",null,null,null,null,"Line Total"]
[null,null,null,null,null,null,null,null,null,null,null,null,null,null,null,null,null,null,null,null,null,null,null,null,null,null,null,null,null,{"$f":"+Y23*T23","v":0}]
[null,null,null,null,"Basic oil Change",null,null,null,null,null,null,null,null,null,null,null,null,null,null,null,null,null,null,null,null,null,null,null,null,null,null,null,null,null,null,null,null,-1]
[null,null,null,null,null,null,null,null,null,null,null,null,null,null,null,null,null,null,null,null,null,null,null,null,null,null,null,null,null,null,null,null,null,null,null,null,null,-9.5]
[null,null,null,null,null,null,null,null,null,null,null,null,null,null,null,null,null,null,null,null,null,null,null,null,null,null,null,null,null,null,null,null,null,null,null,null,null,-5]
[null,null,null,null,null,null,null,null,null,null,null,null,null,null,null,null,null,null,null,null,null,null,null,null,null,null,null,null,null,null,null,null,null,null,null,null,null,-1]
[null,null,null,null,null,null,null,null,null,null,null,null,null,null,null,null,null,null,null,null,null,null,null,null,null,null,null,null,null,null,null,null,null,null,null,null,null,2]
[null,null,null,null,null,null,null,null,null,null,null,null,null,null,null,null,null,null,null,null,null,null,null,null,null,null,null,null,null,null,null,null,null,null,null,null,null,-9.5]
[null,null,null,null,null,null,null,null,null,null,null,null,null,null,null,null,null,null,null,null,null,null,null,null,null,null,null,null,null,null,null,null,null,null,null,null,null,-4]
[null,null,null,null,null,null,null,null,null,null,null,null,null,null,null,null,null,null,null,null,null,null,null,null,null,null,null,null,null,null,null,null,null,null,null,null,null,0]
[null,null,null,null,null,null,null,null,null,null,null,null,null,null,null,null,null,null,null,null,null,null,null,null,null,null,null,null,null,{"$f":"+T32*Y32","v":0},null,null,null,null,null,null,null,0]
[null,null,null,null,null,null,null,null,null,null,null,null,null,null,null,null,null,null,null,null,null,null,null,null,null,null,null,null,null,{"$f":"+T33*Y33","v":0}]
[null,null,null,null,null,null,null,null,null,null,null,null,null,null,null,null,null,null,null,null,null,null,null,null,null,null,null,null,null,{"$f":"+T34*Y34","v":0}]
[null,null,null,null,null,"RGV Cycle Center",null,null,null,null,null,null,null,null,null,null,null,null,null,null,null,null,null,null,null,null,null,"SUBTOTAL"]
[null,null,null,null,null,"2716 N.10th Street",null,null,null,null,null,null,null,null,null,null,null,null,null,null,null,null,null,null,null,null,null,"TAX (8.25%)"]
[null,null,null,null,null,"McAllen, TX  78501",null,null,null,null,null,null,null,null,null,null,null,null,null,null,null,null,null,null,null,null,null,"TOTAL"]
["I hereby authorize the above repair work be done along with necessary materials. You and your employees may operate the above vehicle for the purpose of testing, inspection or delivery at my risk. An express mechanic’s lien is acknowledged on the above vehicle to secure the amount of the repairs thereto. You will not be responsible for loss or damage to vehicle or to articles left in the vehicle in case of fire, theft, accident or any other cause beyond your control. ",null,null,null,null,null,null,null,null,null,null,null,null,null,null,null,null,null,null,null,null,null,null,null,null,null,null,"PAID"]
[null,null,null,null,null,null,null,null,null,null,null,null,null,null,null,null,null,null,null,null,null,null,null,null,null,null,null,"TOTAL"]
[]
[]
[]
[]
[]
[" X _______________________________________"]
["956-688-8086"]
[]
["THANK YOU FOR YOUR BUSINESS !"]

{"sheet":"LookupList","index":16,"n_rows":40,"n_cols":8,"rows_kept":40,"cut":false,"hidden":false,"merged":[]}
["ClassID","ExpID","Cash Opening Balance","VendorID","Starting Balance (Memo only, not used by system)",null,"Tire Disposal Fee prompted?"]
["Advertising","Bobbi",4741.4399999999996,"TR",255.49,null,false]
["Automotive","BofA",null,"WPS"]
["Taxes","Cleaning supplies",null,"AET","Mechanic receiving commission (needs 2 b with capital)",null,"Whitewall check prompted?"]
["Credit Card (CC)","Coffee",null,"BikeBandit","Jim",null,false,false]
["Stock","Compass",null,"DWG"]
["Labor","Dad",null,"FHF","Invoice Number when the program is loaded"]
["Bank","Doctor",null,"Helmets",25637,20718]
["Returns","Family",null,"Hesselbean"]
["Shop Supplies","Gasoline",null,"Howards"]
["Charity","Groceries",null,"Maxx"]
["Fees","Maint / Parts",null,"PapaDuff"]
["Office supplies","Licence / Insp",null,"Supersprox"]
["Rent","Insurance",null,"Van Leeuwen"]
[null,"Harbor Freight",null,"eBay"]
[null,"House Pymt",null,"Amazon"]
[null,"Meals",null,"Tmart"]
[null,"Mustang Mtg",null,"Banggood"]
[null,"Myself",null,"Other"]
[null,"O'Reilly"]
[null,"Paint/Ant Spray"]
[null,"Prescriptions"]
[null,"Printer Ink"]
[null,"Robert E"]
[null,"Randy"]
[null,"Elvin"]
[null,"Chris M"]
[null,"Chris F"]
[null,"Joe R"]
[null,"Stock - Amazon"]
[null,"Stock - Ebay"]
[null,"Stock - Other"]
[null,"Stock ESG"]
[null,"Stock TR"]
[null,"Stock WPS"]
[null,"Uniforms"]
[null,"Water"]
[null,"ST Biker"]
[null,"Extreem"]
[null,"Advertising - Other"]

{"sheet":"Statement","index":17,"n_rows":55,"n_cols":12,"rows_kept":55,"cut":false,"hidden":false,"merged":[[12,0,12,3],[13,0,13,3],[12,7,12,11],[17,10,17,11],[36,7,36,8],[36,9,36,10],[29,7,29,8],[29,9,29,10],[32,9,32,10],[33,7,33,8],[33,9,33,10],[32,7,32,8],[24,7,24,8],[24,9,24,10],[28,7,28,8],[28,9,28,10],[0,9,1,11],[5,0,6,6],[7,0,8,6],[7,9,8,9],[5,9,6,9],[5,10,6,11],[7,10,8,11],[3,9,4,9],[3,10,4,11],[14,0,14,3],[20,7,20,8],[22,7,22,8],[22,9,22,10],[23,7,23,8],[23,9,23,10],[20,9,20,10],[21,7,21,8],[21,9,21,10],[16,0,16,3],[17,0,17,3],[15,0,15,3],[54,0,54,11],[25,7,25,8],[25,9,25,10],[26,7,26,8],[26,9,26,10],[27,7,27,8],[52,0,52,11],[30,7,30,8],[30,9,30,10],[31,7,31,8],[31,9,31,10],[40,7,40,8],[40,9,40,10],[38,7,38,8],[38,9,38,10],[39,7,39,8],[27,9,27,10],[45,0,45,11],[47,0,47,11],[49,0,49,11],[34,7,34,8],[34,9,34,10],[35,7,35,8],[35,9,35,10],[39,9,39,10],[37,7,37,8],[37,9,37,10]]}
[null,null,null,null,null,null,null,null,null,"Statement"]
[]
[]
[null,null,null,null,null,null,null,null,null,"Date:",{"$f":"NOW()","v":"2018-05-14T18:42:09.660"}]
[]
["Same day Motorcycle Tire Mounting & Balancing"]
[]
["2716 N.10th Street - McAllen, Texas  78501"]
[]
[]
[]
[]
["Bill To:",null,null,null,null,null,null,"Account Summary"]
["Chris Fantich",null,null,null,null,null,null,"Previous Balance",null,null,null,0]
["Resale",null,null,null,null,null,null,"Credits",null,null,null,{"$f":"SUM(J21:K41)","v":940}]
["Texas",null,null,null,null,null,null,"New Charges",null,null,null,{"$f":"SUM(H21:I41)","v":660.9}]
["956-212-3417",null,null,null,null,null,null,"Total Balance Due",null,null,null,{"$f":"+L14-L15+L16","v":-279.10000000000002}]
[]
[]
["Date","Invoice #","Description",null,null,null,null,"Charges",null,"Credits",null,"Line Total"]
["2016-03-01",19146,"Honda TourPac w/Seat-back",null,null,null,null,null,null,80,null,{"$f":"+H21-J21","v":-80}]
["2016-04-25",19732,"Whl Brng Kit & Ride-On",null,null,null,null,39.799999999999997,null,null,null,{"$f":"+H22-J22","v":39.799999999999997}]
["2016-05-02",19787,"Hogtenna & Battery",null,null,null,null,114,null,null,null,114]
["2016-05-07",19836,"Brake Pad FA458",null,null,null,null,18,null,null,null,18]
["2016-05-10",19860,"Fork Oil 20w, Chrm Filters",null,null,null,null,24.5,null,null,null,24.5]
["2016-05-19",19933,"Fork Oil 5w - Returned",null,null,null,null,null,null,null,null,0]
["2016-05-10","N/A","Seat - Brant",null,null,null,null,120,null,null,null,120]
["2016-05-20",19937,"YZ80 Labor & Fuel",null,null,null,null,null,null,196.5,null,-196.5]
["2016-05-20",19938,"YZ85 Labor & Fuel",null,null,null,null,null,null,186.5,null,-186.5]
[null,null,null,null,"Now even",null,null,147,null,null,null,147]
["2016-05-16",19901,"Shifter, Fork Seal",null,null,null,null,41,null,null,null,41]
["2016-05-20",null,"883 Hugger, Work",null,null,null,null,null,null,177,null,-177]
["2016-05-21",19954,"Dunlop Installed",null,null,null,null,156.6,null,null,null,156.6]
[null,null,"May - South Texas Biker",null,null,null,null,null,null,300,null,-300]
[null,null,null,null,null,null,null,null,null,null,null,0]
[null,null,null,null,null,null,null,null,null,null,null,0]
[null,null,null,null,null,null,null,null,null,null,null,0]
[null,null,null,null,null,null,null,null,null,null,null,0]
[null,null,null,null,null,null,null,null,null,null,null,0]
[null,null,null,null,null,null,null,null,null,null,null,0]
[null,null,null,null,null,null,null,null,null,null,null,0]
[null,null,null,null,null,null,null,null,null,null,"Current Balance",{"$f":"SUM(L21:L41)","v":-279.10000000000002}]
[]
[null,null,"Your account balance is ",{"$f":"+L42","v":-279.10000000000002},"             Please make your payment to cover the balance by the due date."]
[]
["Make all checks payable to RGV Cycle Center."]
[]
["Thank you for your business!"]
[]
["If you have any questions concerning this statement, contact Robert Evenbly."]
[]
[]
["2716 N.10th Street, McAllen, Texas  78501"]
[]
["Phone: 956-688-8086    -    Email: Info@RGVCycleStuff.com"]

{"sheet":"Master","index":18,"n_rows":47,"n_cols":38,"rows_kept":47,"cut":false,"hidden":false,"merged":[[23,24,23,27],[19,29,19,34],[22,29,22,34],[19,12,19,18],[20,19,20,23],[20,29,20,34],[13,26,13,35],[14,26,14,35],[15,26,15,35],[16,26,16,35],[18,10,18,22],[20,4,20,11],[13,4,13,13],[14,4,14,13],[15,4,15,13],[16,4,16,13],[19,19,19,23],[19,0,19,3],[19,4,19,11],[20,0,20,3],[19,24,19,28],[20,24,20,28],[20,12,20,18],[24,29,24,33],[25,0,25,3],[25,4,25,18],[25,19,25,22],[25,24,25,27],[25,29,25,33],[24,0,24,3],[24,4,24,18],[24,19,24,22],[24,24,24,27],[23,29,23,33],[22,0,22,3],[22,4,22,18],[22,19,22,23],[22,24,22,28],[23,0,23,3],[23,4,23,18],[23,19,23,22],[26,29,26,33],[27,0,27,3],[27,4,27,18],[27,19,27,22],[27,24,27,27],[27,29,27,33],[26,0,26,3],[26,4,26,18],[26,19,26,22],[26,24,26,27],[30,24,30,27],[28,29,28,33],[29,0,29,3],[29,4,29,18],[29,19,29,22],[29,24,29,27],[29,29,29,33],[28,0,28,3],[28,4,28,18],[28,19,28,22],[28,24,28,27],[46,0,47,35],[38,29,38,33],[39,29,39,33],[40,29,40,33],[32,29,32,33],[33,0,33,3],[33,4,33,18],[33,19,33,22],[33,24,33,27],[33,29,33,33],[32,0,32,3],[32,4,32,18],[32,19,32,22],[32,24,32,27],[44,0,45,35],[34,29,34,33],[35,29,35,33],[36,29,36,33],[37,29,37,33],[34,0,34,3],[34,4,34,18],[34,19,34,22],[34,24,34,27],[37,5,37,17],[38,5,38,17],[36,5,36,17],[0,0,0,17],[7,31,7,33],[8,31,8,33],[9,18,9,21],[9,25,9,27],[9,31,9,33],[6,18,6,21],[6,31,6,33],[6,25,6,29],[4,29,4,32],[1,0,2,17],[5,29,5,32],[1,19,2,34],[30,29,30,33],[31,0,31,3],[31,4,31,18],[31,19,31,22],[31,24,31,27],[31,29,31,33],[30,0,30,3],[30,4,30,18],[30,19,30,22]]}
["RGV Cycle Stuff, dba -"]
[null,null,null,null,null,null,null,null,null,null,null,null,null,null,null,null,null,null,null,"SALES RECEIPT"]
[]
[]
[null,null,null,null,null,null,null,null,null,null,null,null,null,null,null,null,null,null,null,null,null,null,null,null,null,null,null,null,"DATE: ",{"$f":"TODAY()","v":"2018-05-14"}]
[null,null,null,null,null,null,null,null,null,null,null,null,null,null,null,null,null,null,null,null,null,null,null,null,null,null,null,null,"INVOICE:  C",2000]
[]
[]
[]
[]
[]
[" "]
[null,"Bill To:",null,null,null,null,null,null,null,null,null,null,null,null,null,null,null,null,null,null,null,null,null,"Ship To:",null,null,null,null,null,null,null,null,null,null,null,null,null,"Note:"]
[null,null,"Name:",null,null,null,null,null,null,null,null,null,null,null,null,null,null,null,null,null,null,null,null,null,null,null,{"$f":"+E14","v":0}]
[null,null,"Phone:",null,null,null,null,null,null,null,null,null,null,null,null,null,null,null,null,null,null,null,null,null,null,null,{"$f":"+E15","v":0}]
[null,null,"Address:",null," ",null,null,null,null,null,null,null,null,null,null,null,null,null,null,null,null,null,null,null,null,null,{"$f":"+E16","v":" "}]
[null,null,"Email:",null," ",null,null,null,null,null,null,null,null,null,null,null,null,null,null,null,null,null,null,null,null,null,{"$f":"+E17","v":" "}]
[]
[null,null,null,null,null,null,null,null,null,null,"Custom LED Lighting"]
["Type",null,null,null,"Sales Rep / Tech",null,null,null,null,null,null,null,"VIN",null,null,null,null,null,null,"Miles",null,null,null,null,"Terms",null,null,null,null,"Due Date"]
[]
[]
["Product ID",null,null,null,"Description",null,null,null,null,null,null,null,null,null,null,null,null,null,null,"Quantity",null,null,null,null,"Unit Price",null,null,null,null,"Line Total"]
[null,null,null,null,null,null,null,null,null,null,null,null,null,null,null,null,null,null,null,null,null,null,null,null,null,null,null,null,null,{"$f":"ROUND(+T24*Y24+0.000001,2)","v":0}]
[null,null,null,null,null,null,null,null,null,null,null,null,null,null,null,null,null,null,null,null,null,null,null,null,null,null,null,null,null,0]
[null,null,null,null,null,null,null,null,null,null,null,null,null,null,null,null,null,null,null,null,null,null,null,null,null,null,null,null,null,0]
[null,null,null,null,null,null,null,null,null,null,null,null,null,null,null,null,null,null,null,null,null,null,null,null,null,null,null,null,null,0]
[null,null,null,null,null,null,null,null,null,null,null,null,null,null,null,null,null,null,null,null,null,null,null,null,null,null,null,null,null,0]
[null,null,null,null,null,null,null,null,null,null,null,null,null,null,null,null,null,null,null,null,null,null,null,null,null,null,null,null,null,0]
[null,null,null,null,null,null,null,null,null,null,null,null,null,null,null,null,null,null,null,null,null,null,null,null,null,null,null,null,null,0]
[null,null,null,null,null,null,null,null,null,null,null,null,null,null,null,null,null,null,null,null,null,null,null,null,null,null,null,null,null,0]
[null,null,null,null,null,null,null,null,null,null,null,null,null,null,null,null,null,null,null,null,null,null,null,null,null,null,null,null,null,0]
[null,null,null,null,null,null,null,null,null,null,null,null,null,null,null,null,null,null,null,null,null,null,null,null,null,null,null,null,null,0]
[null,null,null,null,null,null,null,null,null,null,null,null,null,null,null,null,null,null,null,null,null,null,null,null,null,null,null,null,null,0]
[null,null,null,null,null,null,null,null,null,null,null,null,null,null,null,null,null,null,null,null,null,null,null,null,null,null,null,null,null,0]
[null,null,null,null,null,null,null,null,null,null,null,null,null,null,null,null,null,null,null,null,null,null,null,null,null,null,null,"SUBTOTAL",null,{"$f":"SUM(AD24:AH35)","v":0}]
[null,null,null,null,null,"RGV Cycle Center",null,null,null,null,null,null,null,null,null,null,null,null,null,null,null,null,null,null,null,null,null,"TAX (8.25%)",null,{"$f":"ROUND(+AD36*0.0825,2)","v":0}]
[null,null,null,null,null,"2716 N.10th Street",null,null,null,null,null,null,null,null,null,null,null,null,null,null,null,null,null,null,null,null,null,"SHIPPING & HANDLING"]
[null,null,null,null,null,"McAllen, TX  78501",null,null,null,null,null,null,null,null,null,null,null,null,null,null,null,null,null,null,null,null,null,"TOTAL",null,{"$f":"SUM(AD36:AH38)","v":0}]
["NOTES:",null,null,null,null,null,null,null,null,null,null,null,null,null,null,null,null,null,null,null,null,null,null,null,null,null,null,"PAID"]
["Use caution with new tires, \"slippery\" for the first 100 miles.         ",null,null,null,null,null,null,null,null,null,null,null,null,null,null,null,null,null,null,null,null,null,null,null,null,null,null,"TOTAL DUE",null,{"$f":"+AD39-AD40","v":0}]
["Check all fastening nuts and bolts after 100 miles.                       "]
["No refunds on self installed electrical items or Helmets."]
["25% restocking fee after 7 days & all Special Orders."]
["956-688-8086"]
[]
["THANK YOU FOR YOUR BUSINESS !"]

{"sheet":"E_Master","index":19,"n_rows":47,"n_cols":38,"rows_kept":47,"cut":false,"hidden":false,"merged":[[29,29,29,33],[23,29,23,33],[24,29,24,33],[25,29,25,33],[26,24,26,27],[27,24,27,27],[24,24,24,27],[25,24,25,27],[23,24,23,27],[34,29,34,33],[35,29,35,33],[31,29,31,33],[30,29,30,33],[31,24,31,27],[32,24,32,27],[33,24,33,27],[32,29,32,33],[33,29,33,33],[36,29,36,33],[36,5,36,17],[37,5,37,17],[38,5,38,17],[37,29,37,33],[38,29,38,33],[46,0,47,35],[39,29,39,33],[40,29,40,33],[40,0,43,20],[44,0,45,35],[41,29,41,34],[33,0,33,3],[29,19,29,22],[31,19,31,22],[34,24,34,27],[30,4,30,18],[32,0,32,3],[32,19,32,22],[32,4,32,18],[33,4,33,18],[29,24,29,27],[30,24,30,27],[34,0,34,3],[34,19,34,22],[34,4,34,18],[33,19,33,22],[27,0,27,3],[30,19,30,22],[31,0,31,3],[31,4,31,18],[29,0,29,3],[27,4,27,18],[28,4,28,18],[29,4,29,18],[30,0,30,3],[28,0,28,3],[26,0,26,3],[24,0,24,3],[25,0,25,3],[23,19,23,22],[25,19,25,22],[25,4,25,18],[26,4,26,18],[19,12,19,18],[28,19,28,22],[26,19,26,22],[23,4,23,18],[20,4,20,11],[24,19,24,22],[24,4,24,18],[27,19,27,22],[20,29,20,34],[20,12,20,18],[20,24,20,28],[20,19,20,23],[28,24,28,27],[28,29,28,33],[22,29,22,34],[26,29,26,33],[27,29,27,33],[22,24,22,28],[0,0,0,17],[1,0,2,17],[16,11,17,21],[23,0,23,3],[22,0,22,3],[22,4,22,18],[19,19,19,23],[19,0,19,3],[1,20,2,34],[4,29,4,32],[5,29,5,32],[20,0,20,3],[22,19,22,23],[19,24,19,28],[19,29,19,34],[19,4,19,11]]}
["RGV Cycle Stuff, dba -"]
[null,null,null,null,null,null,null,null,null,null,null,null,null,null,null,null,null,null,null,null,"ESTIMATE"]
[]
[]
[null,null,null,null,null,null,null,null,null,null,null,null,null,null,null,null,null,null,null,null,null,null,null,null,null,null,null,null,"DATE: ",{"$f":"NOW()","v":"2018-05-14T18:42:09.660"}]
[]
[]
[]
[]
[]
[]
[" "]
[null,"Bill To:",null,null,null,null,null,null,null,null,null,null,null,null,null,null,null,null,null,null,null,null,null,"Ship To:",null,null,null,null,null,null,null,null,null,null,null,null,null,"Note:"]
[null,null,null,null,"Cash Customer",null,null,null,null,null,null,null,null,null,null,null,null,null,null,null,null,null,null,null,null,null,{"$f":"+E14","v":"Cash Customer"}]
[null,null,null,null,null,null,null,null,null,null,null,null,null,null,null,null,null,null,null,null,null,null,null,null,null,null,{"$f":"+E15","v":0}]
[null,null,null,null,null,null,null,null,null,null,null,null,null,null,null,null,null,null,null,null,null,null,null,null,null,null,{"$f":"+E16","v":0}]
[null,null,null,null,"USA",null,null,null,null,null,null,"ESTIMATE",null,null,null,null,null,null,null,null,null,null,null,null,null,null,{"$f":"+E17","v":"USA"}]
[]
[]
["Type",null,null,null,"Sales Rep / Tech",null,null,null,null,null,null,null,"VIN",null,null,null,null,null,null,"Miles",null,null,null,null,"Terms",null,null,null,null,"Due Date"]
[null,null,null,null,"Robert",null,null,null,null,null,null,null,null,null,null,null,null,null,null,null,null,null,null,null,"Cash"]
[]
["Product ID",null,null,null,"Description",null,null,null,null,null,null,null,null,null,null,null,null,null,null,"Quantity",null,null,null,null,"Unit Price",null,null,null,null,"Line Total"]
[null,null,null,null,null,null,null,null,null,null,null,null,null,null,null,null,null,null,null,null,null,null,null,null,null,null,null,null,null,{"$f":"+T24*Y24","v":0},null,null,null,null,null,null,null,1]
[null,null,null,null,null,null,null,null,null,null,null,null,null,null,null,null,null,null,null,null,null,null,null,null,null,null,null,null,null,0,null,null,null,null,null,null,null,1]
[null,null,null,null,null,null,null,null,null,null,null,null,null,null,null,null,null,null,null,null,null,null,null,null,null,null,null,null,null,0]
[null,null,null,null,null,null,null,null,null,null,null,null,null,null,null,null,null,null,null,null,null,null,null,null,null,null,null,null,null,0]
[null,null,null,null,null,null,null,null,null,null,null,null,null,null,null,null,null,null,null,null,null,null,null,null,null,null,null,null,null,0,null,null,null,null,null,null,null,-3]
[null,null,null,null,null,null,null,null,null,null,null,null,null,null,null,null,null,null,null,null,null,null,null,null,null,null,null,null,null,0,null,null,null,null,null,null,null,0]
[null,null,null,null,null,null,null,null,null,null,null,null,null,null,null,null,null,null,null,null,null,null,null,null,null,null,null,null,null,0]
[null,null,null,null,null,null,null,null,null,null,null,null,null,null,null,null,null,null,null,null,null,null,null,null,null,null,null,null,null,0]
[null,null,null,null,null,null,null,null,null,null,null,null,null,null,null,null,null,null,null,null,null,null,null,null,null,null,null,null,null,0]
[null,null,null,null,null,null,null,null,null,null,null,null,null,null,null,null,null,null,null,null,null,null,null,null,null,null,null,null,null,0]
[null,null,null,null,null,null,null,null,null,null,null,null,null,null,null,null,null,null,null,null,null,null,null,null,null,null,null,null,null,0]
[null,null,null,null,"Estimates valid for 10 days",null,null,null,null,null,null,null,null,null,null,null,null,null,null,null,null,null,null,null,null,null,null,null,null,0]
[null,null,null,null,null,null,null,null,null,null,null,null,null,null,null,null,null,null,null,null,null,null,null,null,null,null,null,"SUBTOTAL",null,{"$f":"SUM(AD24:AH35)","v":0}]
[null,null,null,null,null,"RGV Cycle Center",null,null,null,null,null,null,null,null,null,null,null,null,null,null,null,null,null,null,null,null,null,"TAX (8.25%)",null,{"$f":"+AD36*0.0825","v":0}]
[null,null,null,null,null,"2716 N.10th Street",null,null,null,null,null,null,null,null,null,null,null,null,null,null,null,null,null,null,null,null,null,"SHIPPING & HANDLING"]
[null,null,null,null,null,"McAllen, TX  78501",null,null,null,null,null,null,null,null,null,null,null,null,null,null,null,null,null,null,null,null,null,"TOTAL",null,{"$f":"SUM(AD36:AH38)","v":0}]
["NOTES:",null,null,null,null,null,null,null,null,null,null,null,null,null,null,null,null,null,null,null,null,null,null,null,null,null,null,"PAID"]
["Use caution with new tires, \"slippery\" for the first 100 miles.                       Check all fastening nuts and bolts after 100 miles.                              No refunds on self installed electrical items.                                       20% restocking fee after 7 days & Special Orders.",null,null,null,null,null,null,null,null,null,null,null,null,null,null,null,null,null,null,null,null,null,null,null,null,null,null,"TOTAL EST.",null,{"$f":"+AD39-AD40","v":0}]
[]
[]
[]
["956-688-8086"]
[]
["THANK YOU FOR YOUR BUSINESS !"]

{"sheet":"Master Register","index":20,"n_rows":17,"n_cols":11,"rows_kept":17,"cut":false,"hidden":false,"merged":[]}
["Invoice",null,{"$f":"SUM(C4:C201)","v":0},{"$f":"SUM(D4:D201)","v":0},null,null,null,{"$f":"TODAY()","v":"2018-05-14"}]
["Number","Date","Amount","Tax","Terms"]
[]
[null,null,null,null,null,null,null,null,{"$f":"H1-WEEKDAY(H1,3)-7","v":"2018-05-07"},{"$f":"SUMIF(INDIRECT(TEXT(I4,\"'mmm-yy'\")&\"!B3:B400\"),I4,INDIRECT(TEXT(I4,\"'mmm-yy'\")&\"!C3:C400\"))","v":2784.3357000000005}]
[null,null,null,null,null,null,null,null,{"$f":"I4+1","v":"2018-05-08"},648.16325000000006]
[null,null,null,null,null,null,null,null,"2018-05-09",1890.2500000000002]
[null,null,null,null,null,null,null,null,"2018-05-10",278.39999999999998]
[null,null,null,null,null,null,null,null,"2018-05-11",961.26]
[null,null,null,null,null,null,null,null,"2018-05-12",1584.48]
[null,null,null,null,null,null,null,null,"2018-05-13",0,{"$f":"SUM(J4:J10)","v":8146.8889500000005}]
[null,null,null,null,null,null,null,null,"2018-05-14",319.24]
[null,null,null,null,null,null,null,null,"2018-05-15",0]
[null,null,null,null,null,null,null,null,"2018-05-16",0]
[null,null,null,null,null,null,null,null,"2018-05-17",0]
[null,null,null,null,null,null,null,null,"2018-05-18",0]
[null,null,null,null,null,null,null,null,"2018-05-19",0]
[null,null,null,null,null,null,null,null,"2018-05-20",0,{"$f":"SUM(J11:J17)","v":319.24}]

{"sheet":"Perpetual","index":21,"n_rows":7,"n_cols":7,"rows_kept":7,"cut":false,"hidden":false,"merged":[]}
[null,"Vendor: ","Other","Date Parts Received:","2018-05-14"]
[null,null,null,null,null,"(this date can be changed)"]
[]
[]
["Quantity","Unit",null,null,"Updated","Last","Last"]
["Received","Cost","Part Number","Part Description     ","Inventory","Received","Cost"]
[2,10.8,7734112275,"Flex LED Strip High Output Red",0,"N/A","N/A"]