{"text_format":"1","workbook":"xlsx","n_sheets":24,"sheets":["Cash Invoices","Ctrl_R","CTRL_G","Estimate","Jul-18","Jun-18","May-18","Apr-18","Logo","Mar-18","Feb-18","Jan-18","Dec-17","Nov-17","Oct-17","Sep-17","Aug-17","Work Order","LookupList","Statement","Master","E_Master","Master Register","Perpetual"],"not_rendered":{"charts":0,"images":7,"macros":1,"external_links":0,"defined_names":33,"comments":1,"pivot_tables":0},"unopened":[],"bounds":{"document_bytes":16777216,"sheet_cells":100000,"rows_first":2000,"rows_last":500,"rows_between":2000,"halvings":0,"cell_chars":16384,"cell_head_chars":4096},"cells_cut":0,"cells_raw":0,"read":"whole","date_system":"1900"}

{"sheet":"Cash Invoices","index":0,"n_rows":47,"n_cols":38,"rows_kept":47,"cut":false,"hidden":false,"merged":[[39,29,39,33],[40,29,40,33],[44,0,45,35],[46,0,47,35],[36,5,36,17],[36,29,36,33],[37,5,37,17],[37,29,37,33],[38,5,38,17],[38,29,38,33],[34,0,34,3],[34,4,34,18],[34,19,34,22],[34,24,34,27],[34,29,34,33],[35,29,35,33],[32,0,32,3],[32,4,32,18],[32,19,32,22],[32,24,32,27],[32,29,32,33],[33,0,33,3],[33,4,33,18],[33,19,33,22],[33,24,33,27],[33,29,33,33],[30,0,30,3],[30,4,30,18],[30,19,30,22],[30,24,30,27],[30,29,30,33],[31,0,31,3],[31,4,31,18],[31,19,31,22],[31,24,31,27],[31,29,31,33],[28,0,28,3],[28,4,28,18],[28,19,28,22],[28,24,28,27],[28,29,28,33],[29,0,29,3],[29,4,29,18],[29,19,29,22],[29,24,29,27],[29,29,29,33],[26,0,26,3],[26,4,26,18],[26,19,26,22],[26,24,26,27],[26,29,26,33],[27,0,27,3],[27,4,27,18],[27,19,27,22],[27,24,27,27],[27,29,27,33],[24,0,24,3],[24,4,24,18],[24,19,24,22],[24,24,24,27],[24,29,24,33],[25,0,25,3],[25,4,25,18],[25,19,25,22],[25,24,25,27],[25,29,25,33],[22,0,22,3],[22,4,22,18],[22,19,22,23],[22,24,22,28],[22,29,22,34],[23,0,23,3],[23,4,23,18],[23,19,23,22],[23,24,23,27],[23,29,23,33],[19,29,19,34],[20,0,20,3],[20,4,20,11],[20,12,20,18],[20,19,20,23],[20,24,20,28],[20,29,20,34],[18,10,18,22],[19,0,19,3],[19,4,19,11],[19,12,19,18],[19,19,19,23],[19,24,19,28],[14,4,14,13],[14,26,14,35],[15,4,15,13],[15,26,15,35],[16,4,16,13],[16,26,16,35],[7,31,7,33],[8,31,8,33],[9,18,9,21],[9,25,9,27],[9,31,9,33],[13,4,13,13],[13,26,13,35],[0,0,0,17],[1,0,2,17],[1,19,2,34],[4,29,4,32],[5,29,5,32],[6,18,6,21],[6,25,6,29],[6,31,6,33]]}
["RGV Cycle Stuff, dba -"]
[null,null,null,null,null,null,null,null,null,null,null,null,null,null,null,null,null,null,null,"SALES RECEIPT"]
[]
[]
[null,null,null,null,null,null,null,null,null,null,null,null,null,null,null,null,null,null,null,null,null,null,null,null,null,null,null,null,"DATE: ",{"$f":"TODAY()","v":"2018-07-20"}]
[null,null,null,null,null,null,null,null,null,null,null,null,null,null,null,null,null,null,null,null,null,null,null,null,null,null,null,null,"INVOICE: ",26063]
[]
[]
[]
[]
[]
[" "]
[null,"Bill To:",null,null,null,null,null,null,null,null,null,null,null,null,null,null,null,null,null,null,null,null,null,"Ship To:",null,null,null,null,null,null,null,null,null,null,null,null,null,"Note:"]
[null,null,"Name:",null,null,null,null,null,null,null,null,null,null,null,null,null,null,null,null,null,null,null,null,null,null,null,{"$f":"+E14","v":0}]
[null,null,"Phone:",null,null,null,null,null,null,null,null,null,null,null,null,null,null,null,null,null,null,null,null,null,null,null,{"$f":"+E15","v":0}]
[null,null,"Address:",null," ",null,null,null,null,null,null,null,null,null,null,null,null,null,null,null,null,null,null,null,null,null,{"$f":"+E16","v":" "}]
[null,null,"Email:",null," ",null,null,null,null,null,null,null,null,null,null,null,null,null,null,null,null,null,null,null,null,null,{"$f":"+E17","v":" "}]
[]
[null,null,null,null,null,null,null,null,null,null,"Custom LED Lighting"]
["Type",null,null,null,"Sales Rep / Tech",null,null,null,null,null,null,null,"VIN",null,null,null,null,null,null,"Miles",null,null,null,null,"Terms",null,null,null,null,"Due Date"]
[]
[]
["Product ID",null,null,null,"Description",null,null,null,null,null,null,null,null,null,null,null,null,null,null,"Quantity",null,null,null,null,"Unit Price",null,null,null,null,"Line Total"]
[null,null,null,null,null,null,null,null,null,null,null,null,null,null,null,null,null,null,null,null,null,null,null,null,null,null,null,null,null,{"$f":"ROUND(+T24*Y24+0.000001,2)","v":0}]
[null,null,null,null,null,null,null,null,null,null,null,null,null,null,null,null,null,null,null,null,null,null,null,null,null,null,null,null,null,0]
[null,null,null,null,null,null,null,null,null,null,null,null,null,null,null,null,null,null,null,null,null,null,null,null,null,null,null,null,null,0]
[null,null,null,null,null,null,null,null,null,null,null,null,null,null,null,null,null,null,null,null,null,null,null,null,null,null,null,null,null,0]
[null,null,null,null,null,null,null,null,null,null,null,null,null,null,null,null,null,null,null,null,null,null,null,null,null,null,null,null,null,0]
[null,null,null,null,null,null,null,null,null,null,null,null,null,null,null,null,null,null,null,null,null,null,null,null,null,null,null,null,null,0]
[null,null,null,null,null,null,null,null,null,null,null,null,null,null,null,null,null,null,null,null,null,null,null,null,null,null,null,null,null,0]
[null,null,null,null,null,null,null,null,null,null,null,null,null,null,null,null,null,null,null,null,null,null,null,null,null,null,null,null,null,0]
[null,null,null,null,null,null,null,null,null,null,null,null,null,null,null,null,null,null,null,null,null,null,null,null,null,null,null,null,null,0]
[null,null,null,null,null,null,null,null,null,null,null,null,null,null,null,null,null,null,null,null,null,null,null,null,null,null,null,null,null,0]
[null,null,null,null,null,null,null,null,null,null,null,null,null,null,null,null,null,null,null,null,null,null,null,null,null,null,null,null,null,0]
[null,null,null,null,null,null,null,null,null,null,null,null,null,null,null,null,null,null,null,null,null,null,null,null,null,null,null,null,null,0]
[null,null,null,null,null,null,null,null,null,null,null,null,null,null,null,null,null,null,null,null,null,null,null,null,null,null,null,"SUBTOTAL",null,{"$f":"SUM(AD24:AH35)","v":0}]
[null,null,null,null,null,"RGV Cycle Center",null,null,null,null,null,null,null,null,null,null,null,null,null,null,null,null,null,null,null,null,null,"TAX (8.25%)",null,{"$f":"ROUND(+AD36*0.0825,2)","v":0}]
[null,null,null,null,null,"2716 N.10th Street",null,null,null,null,null,null,null,null,null,null,null,null,null,null,null,null,null,null,null,null,null,"SHIPPING & HANDLING"]
[null,null,null,null,null,"McAllen, TX  78501",null,null,null,null,null,null,null,null,null,null,null,null,null,null,null,null,null,null,null,null,null,"TOTAL",null,{"$f":"SUM(AD36:AH38)","v":0}]
["NOTES:",null,null,null,null,null,null,null,null,null,null,null,null,null,null,null,null,null,null,null,null,null,null,null,null,null,null,"PAID"]
["Use caution with new tires, \"slippery\" for the first 100 miles.         ",null,null,null,null,null,null,null,null,null,null,null,null,null,null,null,null,null,null,null,null,null,null,null,null,null,null,"TOTAL DUE",null,{"$f":"+AD39-AD40","v":0}]
["Check all fastening nuts and bolts after 100 miles.                       "]
["No refunds on self installed electrical items or Helmets."]
["25% restocking fee after 7 days & all Special Orders."]
["956-688-8086"]
[]
["THANK YOU FOR YOUR BUSINESS !"]

{"sheet":"Ctrl_R","index":1,"n_rows":47,"n_cols":47,"rows_kept":47,"cut":false,"hidden":false,"merged":[[39,29,39,33],[40,29,40,33],[44,0,45,35],[46,0,47,35],[36,5,36,17],[36,29,36,33],[37,5,37,17],[37,29,37,33],[38,5,38,17],[38,29,38,33],[34,0,34,3],[34,4,34,18],[34,19,34,22],[34,24,34,27],[34,29,34,33],[35,29,35,33],[32,0,32,3],[32,4,32,18],[32,19,32,22],[32,24,32,27],[32,29,32,33],[33,0,33,3],[33,4,33,18],[33,19,33,22],[33,24,33,27],[33,29,33,33],[30,0,30,3],[30,4,30,18],[30,19,30,22],[30,24,30,27],[30,29,30,33],[31,0,31,3],[31,4,31,18],[31,19,31,22],[31,24,31,27],[31,29,31,33],[28,0,28,3],[28,4,28,18],[28,19,28,22],[28,24,28,27],[28,29,28,33],[29,0,29,3],[29,4,29,18],[29,19,29,22],[29,24,29,27],[29,29,29,33],[26,0,26,3],[26,4,26,18],[26,19,26,22],[26,24,26,27],[26,29,26,33],[27,0,27,3],[27,4,27,18],[27,19,27,22],[27,24,27,27],[27,29,27,33],[24,0,24,3],[24,4,24,18],[24,19,24,22],[24,24,24,27],[24,29,24,33],[25,0,25,3],[25,4,25,18],[25,19,25,22],[25,24,25,27],[25,29,25,33],[22,0,22,3],[22,4,22,18],[22,19,22,23],[22,24,22,28],[22,29,22,34],[23,0,23,3],[23,4,23,18],[23,19,23,22],[23,24,23,27],[23,29,23,33],[19,29,19,34],[20,0,20,3],[20,4,20,11],[20,12,20,18],[20,19,20,23],[20,24,20,28],[20,29,20,34],[18,10,18,22],[19,0,19,3],[19,4,19,11],[19,12,19,18],[19,19,19,23],[19,24,19,28],[14,4,14,13],[14,26,14,35],[15,4,15,13],[15,26,15,35],[16,4,16,13],[16,26,16,35],[7,31,7,33],[8,31,8,33],[9,18,9,21],[9,25,9,27],[9,31,9,33],[13,4,13,13],[13,26,13,35],[0,0,0,17],[1,0,2,17],[1,19,2,34],[4,29,4,32],[5,29,5,32],[6,18,6,21],[6,25,6,29],[6,31,6,33]]}
["RGV Cycle Stuff, dba -"]
[null,null,null,null,null,null,null,null,null,null,null,null,null,null,null,null,null,null,null,"SALES RECEIPT"]
[]
[]
[null,null,null,null,null,null,null,null,null,null,null,null,null,null,null,null,null,null,null,null,null,null,null,null,null,null,null,null,"DATE: ","2018-01-29"]
[null,null,null,null,null,null,null,null,null,null,null,null,null,null,null,null,null,null,null,null,null,null,null,null,null,null,null,null,"INVOICE: ",24834]
[null,null,null,null,null,null,null,null,null,null,null,null,null,null,null,null,null,null,null,null,null,null,null,null,null,"Total Invoice",null,null,null,null,null,318]
[null,null,null,null,null,null,null,null,null,null,null,null,null,null,null,null,null,null,null,null,null,null,null,null,null,"Total Paid",null,null,null,null,null,0]
[null,null,null,null,null,null,null,null,null,null,null,null,null,null,null,null,null,null,null,null,null,null,null,null,null,"Balance",null,null,null,null,null,318]
[]
[]
[" "]
[null,"Bill To:",null,null,null,null,null,null,null,null,null,null,null,null,null,null,null,null,null,null,null,null,null,"Ship To:",null,null,null,null,null,null,null,null,null,null,null,null,null,"Note:"]
[null,null,"Name:",null,"Carlos Gutierrez",null,null,null,null,null,null,null,null,null,null,null,null,null,null,null,null,null,null,null,null,null,{"$f":"+E14","v":"Carlos Gutierrez"}]
[null,null,"Phone:",null,"956-784-9439",null,null,null,null,null,null,null,null,null,null,null,null,null,null,null,null,null,null,null,null,null,{"$f":"+E15","v":"956-784-9439"}]
[null,null,"Address:",null,"Resale in Monterey",null,null,null,null,null,null,null,null,null,null,null,null,null,null,null,null,null,null,null,null,null,{"$f":"+E16","v":"Resale in Monterey"}]
[null,null,"Email:",null," ",null,null,null,null,null,null,null,null,null,null,null,null,null,null,null,null,null,null,null,null,null,{"$f":"+E17","v":" "}]
[]
[null,null,null,null,null,null,null,null,null,null,"Custom LED Lighting"]
["Type",null,null,null,"Sales Rep / Tech",null,null,null,null,null,null,null,"VIN",null,null,null,null,null,null,"Miles",null,null,null,null,"Terms",null,null,null,null,"Due Date",null,null,null,null,null,null,null,null,null,null,null,null,null,null,"How"]
["P",null,null,null,"Robert",null,null,null,null,null,null,null,null,null,null,null,null,null,null,null,null,null,null,null,"Due",null,null,null,null,null,null,null,null,null,null,null,null,null,null,null,null,null,null,null,"Paid",null,"Balance"]
[]
["Product ID",null,null,null,"Description",null,null,null,null,null,null,null,null,null,null,null,null,null,null,"Quantity",null,null,null,null,"Unit Price",null,null,null,null,"Line Total",null,null,null,null,null,null,null,null,"2018-01-29",null,"Deposit",null,0,null,"Due",null,318]
["152594",null,null,null,"Headlamp LED BM 7in w/Int Turn Signals",null,null,null,null,null,null,null,null,null,null,null,null,null,null,2,null,null,null,null,159,null,null,null,null,{"$f":"ROUND(+T24*Y24+0.000001,2)","v":318}]
["",null,null,null,"",null,null,null,null,null,null,null,null,null,null,null,null,null,null,null,null,null,null,null,null,null,null,null,null,0]
["",null,null,null,"ETA Fri 2nd",null,null,null,null,null,null,null,null,null,null,null,null,null,null,null,null,null,null,null,null,null,null,null,null,0]
["",null,null,null,"Thanks",null,null,null,null,null,null,null,null,null,null,null,null,null,null,null,null,null,null,null,null,null,null,null,null,0]
["",null,null,null,"",null,null,null,null,null,null,null,null,null,null,null,null,null,null,null,null,null,null,null,null,null,null,null,null,0]
["",null,null,null,"",null,null,null,null,null,null,null,null,null,null,null,null,null,null,null,null,null,null,null,null,null,null,null,null,0]
["",null,null,null,"",null,null,null,null,null,null,null,null,null,null,null,null,null,null,null,null,null,null,null,null,null,null,null,null,0]
["",null,null,null,"",null,null,null,null,null,null,null,null,null,null,null,null,null,null,null,null,null,null,null,null,null,null,null,null,0]
["",null,null,null,"",null,null,null,null,null,null,null,null,null,null,null,null,null,null,null,null,null,null,null,null,null,null,null,null,0]
["",null,null,null,"",null,null,null,null,null,null,null,null,null,null,null,null,null,null,null,null,null,null,null,null,null,null,null,null,0]
["",null,null,null,"",null,null,null,null,null,null,null,null,null,null,null,null,null,null,null,null,null,null,null,null,null,null,null,null,0]
["",null,null,null,"",null,null,null,null,null,null,null,null,null,null,null,null,null,null,null,null,null,null,null,null,null,null,null,null,0]
[null,null,null,null,null,null,null,null,null,null,null,null,null,null,null,null,null,null,null,null,null,null,null,null,null,null,null,"SUBTOTAL",null,{"$f":"SUM(AD24:AH35)","v":318}]
[null,null,null,null,null,"RGV Cycle Center",null,null,null,null,null,null,null,null,null,null,null,null,null,null,null,null,null,null,null,null,null,"TAX (8.25%)"]
[null,null,null,null,null,"2716 N.10th Street",null,null,null,null,null,null,null,null,null,null,null,null,null,null,null,null,null,null,null,null,null,"SHIPPING & HANDLING"]
[null,null,null,null,null,"McAllen, TX  78501",null,null,null,null,null,null,null,null,null,null,null,null,null,null,null,null,null,null,null,null,null,"TOTAL",null,{"$f":"SUM(AD36:AH38)","v":318}]
["NOTES:",null,null,null,null,null,null,null,null,null,null,null,null,null,null,null,null,null,null,null,null,null,null,null,null,null,null,"PAID",null,0]
["Use caution with new tires, \"slippery\" for the first 100 miles.         ",null,null,null,null,null,null,null,null,null,null,null,null,null,null,null,null,null,null,null,null,null,null,null,null,null,null,"TOTAL DUE",null,318]
["Check all fastening nuts and bolts after 100 miles.                       "]
["No refunds on self installed electrical items or Helmets."]
["25% restocking fee after 7 days & all Special Orders."]
["956-688-8086"]
[]
["THANK YOU FOR YOUR BUSINESS !"]

{"sheet":"CTRL_G","index":2,"n_rows":47,"n_cols":38,"rows_kept":47,"cut":false,"hidden":false,"merged":[[16,11,17,21],[0,0,0,17],[1,0,2,17],[1,20,2,34],[4,29,4,32],[5,29,5,32],[20,29,20,34],[19,0,19,3],[19,4,19,11],[19,12,19,18],[19,19,19,23],[19,24,19,28],[19,29,19,34],[20,0,20,3],[20,4,20,11],[20,12,20,18],[20,19,20,23],[20,24,20,28],[23,0,23,3],[23,4,23,18],[23,19,23,22],[23,24,23,27],[23,29,23,33],[22,0,22,3],[22,4,22,18],[22,19,22,23],[22,24,22,28],[22,29,22,34],[25,0,25,3],[25,4,25,18],[25,19,25,22],[25,24,25,27],[25,29,25,33],[24,0,24,3],[24,4,24,18],[24,19,24,22],[24,24,24,27],[24,29,24,33],[27,0,27,3],[27,4,27,18],[27,19,27,22],[27,24,27,27],[27,29,27,33],[26,0,26,3],[26,4,26,18],[26,19,26,22],[26,24,26,27],[26,29,26,33],[29,0,29,3],[29,4,29,18],[29,19,29,22],[29,24,29,27],[29,29,29,33],[28,0,28,3],[28,4,28,18],[28,19,28,22],[28,24,28,27],[28,29,28,33],[31,0,31,3],[31,4,31,18],[31,19,31,22],[31,24,31,27],[31,29,31,33],[30,0,30,3],[30,4,30,18],[30,19,30,22],[30,24,30,27],[30,29,30,33],[35,29,35,33],[32,0,32,3],[32,4,32,18],[32,19,32,22],[32,24,32,27],[32,29,32,33],[33,0,33,3],[33,4,33,18],[33,19,33,22],[33,24,33,27],[33,29,33,33],[34,0,34,3],[34,4,34,18],[34,19,34,22],[34,24,34,27],[34,29,34,33],[46,0,47,35],[36,5,36,17],[36,29,36,33],[37,5,37,17],[37,29,37,33],[38,5,38,17],[38,29,38,33],[39,29,39,33],[40,0,43,20],[40,29,40,33],[41,29,41,34],[44,0,45,35]]}
["RGV Cycle Stuff, dba -"]
[null,null,null,null,null,null,null,null,null,null,null,null,null,null,null,null,null,null,null,null,"ESTIMATE"]
[]
[]
[null,null,null,null,null,null,null,null,null,null,null,null,null,null,null,null,null,null,null,null,null,null,null,null,null,null,null,null,"DATE: ","2018-07-20T12:44:10"]
[]
[]
[]
[]
[]
[]
[" "]
[null,"Bill To:",null,null,null,null,null,null,null,null,null,null,null,null,null,null,null,null,null,null,null,null,null,"Ship To:",null,null,null,null,null,null,null,null,null,null,null,null,null,"Note:"]
[null,null,null,null,"Mario",null,null,null,null,null,null,null,null,null,null,null,null,null,null,null,null,null,null,null,null,null,{"$f":"+E14","v":"Mario"}]
[null,null,null,null,"956-714-2344",null,null,null,null,null,null,null,null,null,null,null,null,null,null,null,null,null,null,null,null,null,{"$f":"+E15","v":"956-714-2344"}]
[null,null,null,null,"2006 V-Star 650 Classic",null,null,null,null,null,null,null,null,null,null,null,null,null,null,null,null,null,null,null,null,null,{"$f":"+E16","v":"2006 V-Star 650 Classic"}]
[null,null,null,null,"USA",null,null,null,null,null,null,"ESTIMATE",null,null,null,null,null,null,null,null,null,null,null,null,null,null,{"$f":"+E17","v":"USA"}]
[]
[]
["Type",null,null,null,"Sales Rep / Tech",null,null,null,null,null,null,null,"VIN",null,null,null,null,null,null,"Miles",null,null,null,null,"Terms",null,null,null,null,"Due Date"]
[null,null,null,null,"Robert",null,null,null,null,null,null,null,null,null,null,null,null,null,null,null,null,null,null,null,"Cash"]
[]
["Product ID",null,null,null,"Description",null,null,null,null,null,null,null,null,null,null,null,null,null,null,"Quantity",null,null,null,null,"Unit Price",null,null,null,null,"Line Total"]
["87-4586",null,null,null,"Shinko *130/90B16 WWW SR777 Reinf FR",null,null,null,null,null,null,null,null,null,null,null,null,null,null,1,null,null,null,null,123,null,null,null,null,{"$f":"+T24*Y24","v":123},null,null,null,null,null,null,null,1]
["87-4593",null,null,null,"Shinko *170/80-15 WWW SR777 Reinf RR",null,null,null,null,null,null,null,null,null,null,null,null,null,null,1,null,null,null,null,143,null,null,null,null,143,null,null,null,null,null,null,null,1]
["87-0147",null,null,null,"Tube 170/80-15 TR6",null,null,null,null,null,null,null,null,null,null,null,null,null,null,1,null,null,null,null,24,null,null,null,null,24]
["87-0151",null,null,null,"Tube 5.00/5.10-16 TR6",null,null,null,null,null,null,null,null,null,null,null,null,null,null,1,null,null,null,null,20,null,null,null,null,20]
[500060,null,null,null,"Labor - Mount & Balance RR, on bike",null,null,null,null,null,null,null,null,null,null,null,null,null,null,1,null,null,null,null,60,null,null,null,null,60,null,null,null,null,null,null,null,-3]
[500045,null,null,null,"Labor - Mount & Balance FR, on bike",null,null,null,null,null,null,null,null,null,null,null,null,null,null,1,null,null,null,null,45,null,null,null,null,45,null,null,null,null,null,null,null,0]
[500002,null,null,null,"Tire Disposal Fee",null,null,null,null,null,null,null,null,null,null,null,null,null,null,2,null,null,null,null,2.5,null,null,null,null,5]
[null,null,null,null,null,null,null,null,null,null,null,null,null,null,null,null,null,null,null,null,null,null,null,null,null,null,null,null,null,0]
[null,null,null,null,null,null,null,null,null,null,null,null,null,null,null,null,null,null,null,null,null,null,null,null,null,null,null,null,null,0]
[null,null,null,null,null,null,null,null,null,null,null,null,null,null,null,null,null,null,null,null,null,null,null,null,null,null,null,null,null,0]
[null,null,null,null,null,null,null,null,null,null,null,null,null,null,null,null,null,null,null,null,null,null,null,null,null,null,null,null,null,0]
[null,null,null,null,"Estimates valid for 10 days",null,null,null,null,null,null,null,null,null,null,null,null,null,null,null,null,null,null,null,null,null,null,null,null,0]
[null,null,null,null,null,null,null,null,null,null,null,null,null,null,null,null,null,null,null,null,null,null,null,null,null,null,null,"SUBTOTAL",null,{"$f":"SUM(AD24:AH35)","v":420}]
[null,null,null,null,null,"RGV Cycle Center",null,null,null,null,null,null,null,null,null,null,null,null,null,null,null,null,null,null,null,null,null,"TAX (8.25%)",null,{"$f":"+AD36*0.0825","v":34.65}]
[null,null,null,null,null,"2716 N.10th Street",null,null,null,null,null,null,null,null,null,null,null,null,null,null,null,null,null,null,null,null,null,"SHIPPING & HANDLING"]
[null,null,null,null,null,"McAllen, TX  78501",null,null,null,null,null,null,null,null,null,null,null,null,null,null,null,null,null,null,null,null,null,"TOTAL",null,{"$f":"SUM(AD36:AH38)","v":454.65}]
["NOTES:",null,null,null,null,null,null,null,null,null,null,null,null,null,null,null,null,null,null,null,null,null,null,null,null,null,null,"PAID"]
["Use caution with new tires, \"slippery\" for the first 100 miles.                       Check all fastening nuts and bolts after 100 miles.                              No refunds on self installed electrical items.                                       20% restocking fee after 7 days & Special Orders.",null,null,null,null,null,null,null,null,null,null,null,null,null,null,null,null,null,null,null,null,null,null,null,null,null,null,"TOTAL EST.",null,{"$f":"+AD39-AD40","v":454.65}]
[]
[]
[]
["956-688-8086"]
[]
["THANK YOU FOR YOUR BUSINESS !"]

{"sheet":"Estimate","index":3,"n_rows":47,"n_cols":38,"rows_kept":47,"cut":false,"hidden":false,"merged":[[16,11,17,21],[0,0,0,17],[1,0,2,17],[1,20,2,34],[4,29,4,32],[5,29,5,32],[20,29,20,34],[19,0,19,3],[19,4,19,11],[19,12,19,18],[19,19,19,23],[19,24,19,28],[19,29,19,34],[20,0,20,3],[20,4,20,11],[20,12,20,18],[20,19,20,23],[20,24,20,28],[23,0,23,3],[23,4,23,18],[23,19,23,22],[23,24,23,27],[23,29,23,33],[22,0,22,3],[22,4,22,18],[22,19,22,23],[22,24,22,28],[22,29,22,34],[25,0,25,3],[25,4,25,18],[25,19,25,22],[25,24,25,27],[25,29,25,33],[24,0,24,3],[24,4,24,18],[24,19,24,22],[24,24,24,27],[24,29,24,33],[27,0,27,3],[27,4,27,18],[27,19,27,22],[27,24,27,27],[27,29,27,33],[26,0,26,3],[26,4,26,18],[26,19,26,22],[26,24,26,27],[26,29,26,33],[29,0,29,3],[29,4,29,18],[29,19,29,22],[29,24,29,27],[29,29,29,33],[28,0,28,3],[28,4,28,18],[28,19,28,22],[28,24,28,27],[28,29,28,33],[31,0,31,3],[31,4,31,18],[31,19,31,22],[31,24,31,27],[31,29,31,33],[30,0,30,3],[30,4,30,18],[30,19,30,22],[30,24,30,27],[30,29,30,33],[35,29,35,33],[32,0,32,3],[32,4,32,18],[32,19,32,22],[32,24,32,27],[32,29,32,33],[33,0,33,3],[33,4,33,18],[33,19,33,22],[33,24,33,27],[33,29,33,33],[34,0,34,3],[34,4,34,18],[34,19,34,22],[34,24,34,27],[34,29,34,33],[46,0,47,35],[36,5,36,17],[36,29,36,33],[37,5,37,17],[37,29,37,33],[38,5,38,17],[38,29,38,33],[39,29,39,33],[40,0,43,20],[40,29,40,33],[41,29,41,34],[44,0,45,35]]}
["RGV Cycle Stuff, dba -"]
[null,null,null,null,null,null,null,null,null,null,null,null,null,null,null,null,null,null,null,null,"ESTIMATE"]
[]
[]
[null,null,null,null,null,null,null,null,null,null,null,null,null,null,null,null,null,null,null,null,null,null,null,null,null,null,null,null,"DATE: ",{"$f":"NOW()","v":"2018-07-20T19:54:04.310"}]
[]
[]
[]
[]
[]
[]
[" "]
[null,"Bill To:",null,null,null,null,null,null,null,null,null,null,null,null,null,null,null,null,null,null,null,null,null,"Ship To:",null,null,null,null,null,null,null,null,null,null,null,null,null,"Note:"]
[null,null,null,null,"Cash Customer",null,null,null,null,null,null,null,null,null,null,null,null,null,null,null,null,null,null,null,null,null,{"$f":"+E14","v":"Cash Customer"}]
[null,null,null,null,null,null,null,null,null,null,null,null,null,null,null,null,null,null,null,null,null,null,null,null,null,null,{"$f":"+E15","v":0}]
[null,null,null,null,null,null,null,null,null,null,null,null,null,null,null,null,null,null,null,null,null,null,null,null,null,null,{"$f":"+E16","v":0}]
[null,null,null,null,"USA",null,null,null,null,null,null,"ESTIMATE",null,null,null,null,null,null,null,null,null,null,null,null,null,null,{"$f":"+E17","v":"USA"}]
[]
[]
["Type",null,null,null,"Sales Rep / Tech",null,null,null,null,null,null,null,"VIN",null,null,null,null,null,null,"Miles",null,null,null,null,"Terms",null,null,null,null,"Due Date"]
[null,null,null,null,"Robert",null,null,null,null,null,null,null,null,null,null,null,null,null,null,null,null,null,null,null,"Cash"]
[]
["Product ID",null,null,null,"Description",null,null,null,null,null,null,null,null,null,null,null,null,null,null,"Quantity",null,null,null,null,"Unit Price",null,null,null,null,"Line Total"]
[null,null,null,null,null,null,null,null,null,null,null,null,null,null,null,null,null,null,null,null,null,null,null,null,null,null,null,null,null,{"$f":"+T24*Y24","v":0},null,null,null,null,null,null,null,1]
[null,null,null,null,null,null,null,null,null,null,null,null,null,null,null,null,null,null,null,null,null,null,null,null,null,null,null,null,null,0,null,null,null,null,null,null,null,1]
[null,null,null,null,null,null,null,null,null,null,null,null,null,null,null,null,null,null,null,null,null,null,null,null,null,null,null,null,null,0]
[null,null,null,null,null,null,null,null,null,null,null,null,null,null,null,null,null,null,null,null,null,null,null,null,null,null,null,null,null,0]
[null,null,null,null,null,null,null,null,null,null,null,null,null,null,null,null,null,null,null,null,null,null,null,null,null,null,null,null,null,0,null,null,null,null,null,null,null,-3]
[null,null,null,null,null,null,null,null,null,null,null,null,null,null,null,null,null,null,null,null,null,null,null,null,null,null,null,null,null,0,null,null,null,null,null,null,null,0]
[null,null,null,null,null,null,null,null,null,null,null,null,null,null,null,null,null,null,null,null,null,null,null,null,null,null,null,null,null,0]
[null,null,null,null,null,null,null,null,null,null,null,null,null,null,null,null,null,null,null,null,null,null,null,null,null,null,null,null,null,0]
[null,null,null,null,null,null,null,null,null,null,null,null,null,null,null,null,null,null,null,null,null,null,null,null,null,null,null,null,null,0]
[null,null,null,null,null,null,null,null,null,null,null,null,null,null,null,null,null,null,null,null,null,null,null,null,null,null,null,null,null,0]
[null,null,null,null,null,null,null,null,null,null,null,null,null,null,null,null,null,null,null,null,null,null,null,null,null,null,null,null,null,0]
[null,null,null,null,"Estimates valid for 10 days",null,null,null,null,null,null,null,null,null,null,null,null,null,null,null,null,null,null,null,null,null,null,null,null,0]
[null,null,null,null,null,null,null,null,null,null,null,null,null,null,null,null,null,null,null,null,null,null,null,null,null,null,null,"SUBTOTAL",null,{"$f":"SUM(AD24:AH35)","v":0}]
[null,null,null,null,null,"RGV Cycle Center",null,null,null,null,null,null,null,null,null,null,null,null,null,null,null,null,null,null,null,null,null,"TAX (8.25%)",null,{"$f":"+AD36*0.0825","v":0}]
[null,null,null,null,null,"2716 N.10th Street",null,null,null,null,null,null,null,null,null,null,null,null,null,null,null,null,null,null,null,null,null,"SHIPPING & HANDLING"]
[null,null,null,null,null,"McAllen, TX  78501",null,null,null,null,null,null,null,null,null,null,null,null,null,null,null,null,null,null,null,null,null,"TOTAL",null,{"$f":"SUM(AD36:AH38)","v":0}]
["NOTES:",null,null,null,null,null,null,null,null,null,null,null,null,null,null,null,null,null,null,null,null,null,null,null,null,null,null,"PAID"]
["Use caution with new tires, \"slippery\" for the first 100 miles.                       Check all fastening nuts and bolts after 100 miles.                              No refunds on self installed electrical items.                                       20% restocking fee after 7 days & Special Orders.",null,null,null,null,null,null,null,null,null,null,null,null,null,null,null,null,null,null,null,null,null,null,null,null,null,null,"TOTAL EST.",null,{"$f":"+AD39-AD40","v":0}]
[]
[]
[]
["956-688-8086"]
[]
["THANK YOU FOR YOUR BUSINESS !"]

{"sheet":"Jul-18","index":4,"n_rows":183,"n_cols":11,"rows_kept":183,"cut":false,"hidden":false,"merged":[]}
["Invoice",null,{"$f":"SUM(C3:C337)","v":15597.72999999999},{"$f":"SUM(D3:D337)","v":832.8900000000001},null,null,null,{"$f":"TODAY()","v":"2018-07-20"}]
["Number","Date","Amount","Tax","Terms"]
[25938,"2018-07-02",413.52,31.52,"$238.52 Square, Bal Cash"]
[25939,"2018-07-02",11.91,0.91,null,0,{"$f":"+F4*0.97831","v":0}]
[25940,"2018-07-03",154,11.74]
[25941,"2018-07-03",48.93,3.73,"Due, BMW"]
[25942,"2018-07-03",0,0,"Battery trade"]
[25943,"2018-07-03",60.62,4.62,"Visa"]
[25944,"2018-07-03",17.86,1.36,"Visa"]
[25945,"2018-07-03",31.1,null,"Visa, Border Patrol"]
[25946,"2018-07-03",29.8,null,"Visa, Border Patrol"]
[25947,"2018-07-03",29.8,null,"Visa, Border Patrol"]
[25948,"2018-07-03",211.09,16.09,"Visa"]
[25949,"2018-07-03",2.17,0.17,null,{"$f":"+C8+C9+C13+11.96","v":301.52999999999997},{"$f":"+F14*0.97831","v":294.98981429999998}]
[25950,"2018-07-05",67,null,"Due, Revolution - resale"]
[25951,"2018-07-05",3.5,0.27]
[25952,"2018-07-05",9.74,0.74,"Visa"]
[25953,"2018-07-05",85.52,6.52,"Visa"]
[25954,"2018-07-05",210.87,16.07,"MC, $100 due"]
[25955,"2018-07-05",43.3,3.3,"AmExp"]
[25956,"2018-07-05",250,19.05,null,{"$f":"+C10+C11+C12+C17+C18+110.87+C20","v":340.13},{"$f":"+F21*0.97831","v":332.75258029999998}]
[25957,"2018-07-06",370,28.2,"Due, $230 due"]
[25958,"2018-07-06",187.27,14.27,"Visa"]
[25959,"2018-07-06",43.19,3.29,"Visa"]
[25960,"2018-07-06",15.7,1.2,"Visa",{"$f":"+C23+C24+C25","v":246.16},{"$f":"+F25*0.97831","v":240.82078960000001}]
[25961,"2018-07-07",217.91000000000003,16.61]
[25962,"2018-07-07",238.68999999999997,18.190000000000001,"Square"]
[25963,"2018-07-07",493.62,37.619999999999997,"$193.62 due"]
[25964,"2018-07-07",25,1.91,"Visa"]
[25965,"2018-07-07",217.5,null,"Due, Carlos - resale MX"]
[25966,"2018-07-07",172.06,13.11,"Square",{"$f":"+C29","v":25},{"$f":"+F31*0.97831","v":24.457750000000001},"$410.75 Square"]
[25967,"2018-07-09",60.5,null,"Due, Carlos - resale MX"]
[25968,"2018-07-09",53,4.04,"MC"]
[25969,"2018-07-09",70.36,5.36,"Square"]
[25970,"2018-07-09",-10.83,-0.83,"Apply to Tires, Paco"]
[25971,"2018-07-09",64.95,4.95,"Visa"]
[25972,"2018-07-09",470.89,35.89,"Visa"]
[25973,"2018-07-09",174.82,13.32,"Visa, $99.82 due"]
[25974,"2018-07-09",123.71000000000001,9.43,"Visa"]
[25975,"2018-07-09",11.91,0.91]
[25976,"2018-07-09",9.74,0.74]
[25977,"2018-07-09",89.79,6.84]
[25978,"2018-07-09",239.23,18.23,null,{"$f":"+C33+178.15+75+C36+C37+C39","v":965.7},{"$f":"+F43*0.97831","v":944.7539670000001},"$70.36 Square"]
[25979,"2018-07-10",17.32,1.32,"Visa"]
[25980,"2018-07-10",15,1.1399999999999999]
[25981,"2018-07-10",66.03,5.03,"Visa"]
[25982,"2018-07-10",29.8,null,"Visa, Border Patrol"]
[25983,"2018-07-10",73.61,5.61,"Visa"]
[25984,"2018-07-10",16.239999999999998,1.24,"Visa"]
[25985,"2018-07-10",287,null,"Due",{"$f":"+C44+C46+C47+380+C48+C49","v":583},{"$f":"+F50*0.97831","v":570.35473000000002}]
[25986,"2018-07-11",5.3900000000000006,0.41,"Visa"]
[25987,"2018-07-11",16.239999999999998,1.24]
[25988,"2018-07-11",203.29,15.49]
[25989,"2018-07-11",7.6,null,"Due, Revolution - resale"]
[25990,"2018-07-11",46.5,null,"J.Rangel - resale"]
[25991,"2018-07-11",-36.25,null,"J.Rangel - resale"]
[25992,"2018-07-11",213,null,"Due, Carlos - resale MX"]
[25993,"2018-07-11",29.9,null,"Visa, ESG - resale"]
[25994,"2018-07-11",24.9,1.9,"Visa"]
[25995,"2018-07-11",250,19.05]
[25996,"2018-07-11",69.23,5.28,"Square"]
[25997,"2018-07-11",3.5,0.27,null,{"$f":"+C51+C59","v":30.29},{"$f":"+F62*0.97831","v":29.633009900000001},"$69.23 Square"]
[25998,"2018-07-12",31.1,null,"Due, Border Patrol"]
[25999,"2018-07-12",9.5,0.72,"MC"]
[26000,"2018-07-12",152,null,"Due, Carlos - resale MX"]
[26001,"2018-07-12",74.69,5.69]
[26002,"2018-07-12",540,41.1,"$340. due"]
[26003,"2018-07-12",23.82,1.82,"Square",{"$f":"30+C64+C63","v":70.599999999999994},{"$f":"+F68*0.97831","v":69.068686},"$262.51 Square"]
[26004,"2018-07-13",10.83,0.83,"Visa"]
[26005,"2018-07-13",null,null,"New Inv, battery & Chgr"]
[26006,"2018-07-13",97.39,7.42,"$27.39 Due"]
[26007,"2018-07-13",147.22,11.22]
[26008,"2018-07-13",108.25,8.25]
[26009,"2018-07-13",84.98,6.48,"MC"]
[26010,"2018-07-13",73.61,5.61]
[26011,"2018-07-13",150.47,11.47,"Visa"]
[26012,"2018-07-13",44.82,3.42]
[26013,"2018-07-13",117.99,8.99]
[26014,"2018-07-13",46.49,3.54,"Visa",{"$f":"+C74+C76+C79","v":281.94},{"$f":"+F79*0.97831","v":275.82472139999999}]
[26015,"2018-07-14",294.44,22.44]
[26016,"2018-07-14",2494,null,"Due, Border Patrol"]
[26017,"2018-07-14",50.88,3.88,"Visa"]
[26018,"2018-07-14",24.9,1.9]
[26019,"2018-07-14",16.239999999999998,1.24]
[26020,"2018-07-14",41,null,"Due, Revolution - resale"]
[26021,"2018-07-14",138.56,10.56,"Visa",{"$f":"+C82+C86","v":189.44},{"$f":"+F86*0.97831","v":185.33104639999999}]
[26022,"2018-07-16",332.33,25.33,"MC"]
[26023,"2018-07-16",149,11.36,"AmExp"]
[26024,"2018-07-16",16.18,1.23]
[26025,"2018-07-16",32.46,2.4700000000000002,"MC"]
[26026,"2018-07-16",14.02,1.07,"MC"]
[26027,"2018-07-16",36.81,2.81,"MC"]
[26028,"2018-07-16",25,1.91,"MC"]
[26029,"2018-07-16",36.370000000000005,2.77,"Visa"]
[26030,"2018-07-16",10.229999999999999,0.78,"Cash "]
[26031,"2018-07-16",385,29.34,"Square"]
[26032,"2018-07-16",22.73,1.73,"Due",{"$f":"+C87+C88+C90+C91+C92+C94+C93+0.03","v":626.01999999999987},{"$f":"+F97*0.97831","v":612.44162619999986},"$385.00 Square"]
[26033,"2018-07-17",48.71,3.71,"Visa"]
[26034,"2018-07-17",66.17,null,"Visa, ESG - resale"]
[26035,"2018-07-17",113,8.61]
[26036,"2018-07-17",11.85,0.9]
[26037,"2018-07-17",476,null,"Due, Carlos - resale MX"]
[26038,"2018-07-17",77.8,null,"Due, Carlos - resale MX"]
[26039,"2018-07-17",null,null,"Deposit only",{"$f":"+C99+C58+C98","v":144.78},{"$f":"+F104*0.97831","v":141.63972179999999}]
[26040,"2018-07-18",22.73,1.73,"Visa"]
[26041,"2018-07-18",0,0]
[26042,"2018-07-18",4.59,null,"Visa"]
[26043,"2018-07-18",80.110000000000014,6.11]
[26044,"2018-07-18",80.110000000000014,6.11]
[26045,"2018-07-18",384.45,29.3,"Inv 26039"]
[26046,"2018-07-18",15.05,1.1499999999999999,"Visa"]
[26047,"2018-07-18",9.74,0.74]
[26048,"2018-07-18",85,6.48,null,{"$f":"+C69+C105+C107+C111","v":53.2},{"$f":"+F113*0.97831","v":52.046092000000002}]
[26049,"2018-07-19",6.91,0.53]
[26050,"2018-07-19",40,3.05,null,0,{"$f":"+F115*0.97831","v":0}]
[26051,"2018-07-20",16.18,1.23,"MC"]
[26052,"2018-07-20",28.52,null,"Visa, ESG - resale"]
[26053,"2018-07-20",2.71,0.21,"Visa, Addl to Inv 26007"]
[26054,"2018-07-20",55.21,4.21,"$35.21 due"]
[26055,"2018-07-20",454.65,34.65,"Square"]
[26056,"2018-07-20",325.83,24.83,"Due, Chevo"]
[26057,"2018-07-20",10.77,0.82]
[26058,"2018-07-20",16.239999999999998,1.24]
[26059,"2018-07-20",39,null,"Due, J.Rangel - resale"]
[26060,"2018-07-20",689.55,52.55,"Visa"]
[26061,"2018-07-20",86.5,null,"Due, Carlos - resale MX",{"$f":"+C116+C117+C118+67.22+C81+C125","v":3298.1800000000003},{"$f":"+F126*0.97831","v":3226.6424758000003},"$454.65 Square"]
[26062,"2018-07-21",159,null,"Due, Carlos - resale MX",0,{"$f":"+F127*0.97831","v":0},"$0.00 Square"]
[]
[]
[]
[]
[]
[]
[]
[]
[]
[]
[]
[]
[]
[]
[]
[]
[]
[]
[]
[]
[]
[]
[]
[]
[]
[]
[]
[]
[]
[]
[]
[]
[]
[]
[]
[]
[]
[]
[]
[]
[]
[]
[null,null,null,null,null,null,null,null,{"$f":"H1-WEEKDAY(H1,3)-7","v":"2018-07-09"},{"$f":"SUMIF(INDIRECT(TEXT(I170,\"'mmm-yy'\")&\"!B3:B400\"),I170,INDIRECT(TEXT(I170,\"'mmm-yy'\")&\"!C3:C400\"))","v":1358.07}]
[null,null,null,null,null,null,null,null,{"$f":"I170+1","v":"2018-07-10"},505]
[null,null,null,null,null,null,null,null,"2018-07-11",833.3]
[null,null,null,null,null,null,null,null,"2018-07-12",831.11]
[null,null,null,null,null,null,null,null,"2018-07-13",882.05000000000007]
[null,null,null,null,null,null,null,null,"2018-07-14",3060.02]
[null,null,null,null,null,null,null,null,"2018-07-15",0,{"$f":"SUM(J170:J176)","v":7469.5499999999993}]
[null,null,null,null,null,null,null,null,"2018-07-16",1060.1300000000001]
[null,null,null,null,null,null,null,null,"2018-07-17",793.53]
[null,null,null,null,null,null,null,null,"2018-07-18",681.78]
[null,null,null,null,null,null,null,null,"2018-07-19",46.91]
[null,null,null,null,null,null,null,null,"2018-07-20",1725.1599999999999]
[null,null,null,null,null,null,null,null,"2018-07-21",159]
[null,null,null,null,null,null,null,null,"2018-07-22",0,{"$f":"SUM(J177:J183)","v":4466.51}]

{"sheet":"Jun-18","index":5,"n_rows":237,"n_cols":11,"rows_kept":237,"cut":false,"hidden":false,"merged":[]}
["Invoice",null,{"$f":"SUM(C3:C392)","v":20081.590000000004},{"$f":"SUM(D3:D392)","v":1350.6300000000006},null,null,null,{"$f":"TODAY()","v":"2018-07-20"}]
["Number","Date","Amount","Tax","Terms"]
[25754,"2018-06-01",246.81,18.809999999999999,"MC"]
[25755,"2018-06-01",58.46,4.46]
[25756,"2018-06-01",27.06,2.06,"Visa"]
[25757,"2018-06-01",41,3.12]
[25758,"2018-06-01",241.4,18.399999999999999,"Visa"]
[25759,"2018-06-01",235.66,17.66,"Square"]
[25760,"2018-06-01",125,9.5299999999999994]
[25761,"2018-06-01",104,null,"Resale MX"]
[25762,"2018-06-01",36.81,2.81]
[25763,"2018-06-01",323,null,"Due, Carlos G - resale MX"]
[25764,"2018-06-01",26,null,"Due",{"$f":"+C3+C5+C7","v":515.27},505.33,"$235.66 / $198.54 Square"]
[25765,"2018-06-02",114.75,8.75]
[25766,"2018-06-02",74.69,5.69]
[25767,"2018-06-02",139.63999999999999,10.64,"Visa"]
[25768,"2018-06-02",10.83,0.83,"Visa"]
[25769,"2018-06-02",77.94,5.94]
[25770,"2018-06-02",430,32.770000000000003]
[25771,"2018-06-02",21.65,1.65]
[25772,"2018-06-02",8.66,0.66]
[25773,"2018-06-02",30.2,2.2999999999999998,"Square"]
[25774,"2018-06-02",128.82,9.82,"Square"]
[25775,"2018-06-02",15.16,1.1599999999999999]
[25776,"2018-06-02",980,74.69,"Check, $380 due"]
[25777,"2018-06-02",71.45,5.45]
[25778,"2018-06-02",22.73,1.73]
[25779,"2018-06-02",122.97,9.3699999999999992]
[25780,"2018-06-02",258.17999999999995,19.68,"Visa"]
[25781,"2018-06-02",24.7,null,"Due, Revolution - resale",{"$f":"+C16+C17+C29","v":408.65},400.2,"$159.02 / $133.97 Square"]
[25782,"2018-06-04",172,13.11]
[25783,"2018-06-04",23.82,1.82,"MC"]
[25784,"2018-06-04",21.599999999999998,1.65,"MC"]
[25785,"2018-06-04",70.36,5.36]
[25786,"2018-06-04",762.35,58.1,"Visa"]
[25787,"2018-06-04",135,10.29,"Visa"]
[25788,"2018-06-04",35.799999999999997,null,"Visa, Border Patrol"]
[25789,"2018-06-04",348.84,26.59,"Check, BMW 750"]
[25790,"2018-06-04",386.45,29.45,null,{"$f":"+C32+C33+C36","v":180.42000000000002},178.53]
[25791,"2018-06-05",21.65,1.65]
[25792,"2018-06-05",501.25,null,"Due, Carlos G - resale MX"]
[25793,"2018-06-05",67.12,5.12,"Visa"]
[25794,"2018-06-05",264,20.12,"AmExp"]
[25795,"2018-06-05",160.21,12.21,"Due"]
[25796,"2018-06-05",12.99,0.99]
[25797,"2018-06-05",150.47,11.47,"Visa"]
[25798,"2018-06-05",29.23,2.23,"Square",{"$f":"+C42+C43+C46","v":481.59000000000003},473.27,"$35.80 / $24.63 Square"]
[25799,"2018-06-06",21.65,1.65]
[25800,"2018-06-06",398.36,30.36]
[25801,"2018-06-06",140.72999999999999,10.73,"Visa"]
[25802,"2018-06-06",26,1.98,"Visa"]
[25803,"2018-06-06",400,30.48]
[25804,"2018-06-06",12.99,0.99,null,{"$f":"+C37+C35+C51+C50","v":964.88},940.53]
[25805,"2018-06-07",29.8,null,"Visa, Border Patrol"]
[25806,"2018-06-07",58,null,"Due, Revolution - resale"]
[25807,"2018-06-07",37.89,2.89,"Visa"]
[25808,"2018-06-07",70,null,"Due",{"$f":"+C56","v":37.89},36.950000000000003]
[25809,"2018-06-08",37.830000000000005,2.88,"Visa"]
[25810,"2018-06-08",102.5,null,"Due, Carlos G - resale MX"]
[25811,"2018-06-08",43.25,3.3,"Visa"]
[25812,"2018-06-08",11.25,null,"Due, Revolution - resale",{"$f":"+C58+C60","v":81.080000000000013},79.59]
[25813,"2018-06-09",71.989999999999995,5.49]
[25814,"2018-06-09",34.1,null,"Visa, Border Patrol"]
[25815,"2018-06-09",32.369999999999997,2.4700000000000002]
[25816,"2018-06-09",114.69,8.74]
[25817,"2018-06-09",21.5,1.64,null,0,{"$f":"+F66*0.97831","v":0}]
[25818,"2018-06-11",74.69,5.69,"Visa"]
[25819,"2018-06-11",29,2.21,"Due"]
[25820,"2018-06-11",236.53,18.03,"Square"]
[25821,"2018-06-11",440,null,"Due, Carlos G - resale MX"]
[25822,"2018-06-11",38.97,2.97,"Due"]
[25823,"2018-06-11",51.42,3.92,"Visa"]
[25824,"2018-06-11",9.74,0.74,"Visa"]
[25825,"2018-06-11",30.31,2.31]
[25826,"2018-06-11",11.91,0.91]
[25827,"2018-06-11",21,1.6]
[25828,"2018-06-11",11.91,0.91,"MC"]
[25829,"2018-06-11",420.01,32.01,"MC",{"$f":"+C54+C63+C67+C72+C73+C77+C78","v":631.66999999999996},617.33000000000004,"$236.53 / $199.28 Square"]
[25830,"2018-06-12",43.3,3.3,"Visa"]
[25831,"2018-06-12",443.28,33.78,"MC, $343.28 due"]
[25832,"2018-06-12",464.64,81.14,"$400 Visa, $64.64 Cash"]
[25833,"2018-06-12",80.11,6.11,"Visa"]
[25834,"2018-06-12",9.74,0.74,"Visa"]
[25835,"2018-06-12",441.65999999999997,33.659999999999997,"Visa"]
[25836,"2018-06-12",211.95000000000002,16.149999999999999,"MC"]
[25837,"2018-06-12",262.29000000000002,19.989999999999998,"Square"]
[25838,"2018-06-12",112.03999999999999,8.5399999999999991,"Square",{"$f":"+C79+100+C82+C83+50+C85","v":495.1},486.66,"$374.33 / $315.37 Square"]
[25839,"2018-06-13",225,17.149999999999999]
[25840,"2018-06-13",14.02,1.07]
[25841,"2018-06-13",26.1,null,"Visa, Border Patrol"]
[25842,"2018-06-13",81.19,6.19]
[25843,"2018-06-13",32.479999999999997,2.48,"Visa"]
[25844,"2018-06-13",95.26,7.26,"Visa, Bearings"]
[25845,"2018-06-13",10,0.76]
[25846,"2018-06-13",61.650000000000006,4.7,"Visa",{"$f":"+C92+C90+400+C95","v":520.23},516.66]
[25847,"2018-06-14",10.25,0.78]
[25848,"2018-06-14",17.32,1.32,"MC"]
[25849,"2018-06-14",149.38999999999999,11.39,"Paco, $109.39 due"]
[25850,"2018-06-14",68,null,"Due"]
[25851,"2018-06-14",113.61,8.66,"Visa"]
[25852,"2018-06-14",35.869999999999997,2.73,null,{"$f":"200+C97+C100","v":330.93},323.76]
[25853,"2018-06-15",85.000000000000014,6.48,"Visa"]
[25854,"2018-06-15",15.05,1.1499999999999999,"AmExp"]
[25855,"2018-06-15",25.98,1.98,"$5.98 MC"]
[25856,"2018-06-15",91,null,"MC"]
[25857,"2018-06-15",40.049999999999997,3.05,"MC"]
[25858,"2018-06-15",82.27,6.27,"Visa"]
[25859,"2018-06-15",416.76,31.76,"Square",{"$f":"+C102+C103+5.98+C93+C44+C105+C106+343.28+C107","v":918.09999999999991},905.7,"$416.76 / $351.12 Square"]
[25860,"2018-06-16",190.52,14.52]
[25861,"2018-06-16",7.58,0.57999999999999996]
[25862,"2018-06-16",31.1,null,"ESG Kustoms - resale"]
[25863,"2018-06-16",50,3.81]
[25864,"2018-06-16",34.1,null,"Visa, Border Patrol"]
[25865,"2018-06-16",50,3.81,"Square"]
[25866,"2018-06-16",27.06,2.06,"Square",0,{"$f":"+F115*0.97831","v":0},"$468.72 / $394.89 Square"]
[25867,"2018-06-18",22.72,1.73]
[25868,"2018-06-18",8.66,0.66,"Due"]
[25869,"2018-06-18",31.1,null,"Visa, Border Patrol"]
[25870,"2018-06-18",26.1,null,"Visa, Border Patrol"]
[25871,"2018-06-18",8,0.61]
[25872,"2018-06-18",152.85,11.65]
[25873,"2018-06-18",17.32,1.32]
[25874,"2018-06-18",155.5,null,"Due, Carlos G - resale MX"]
[25875,"2018-06-18",69.150000000000006,5.27,"$22 MC, Bal Cash",{"$f":"+C113+C118+C119+22","v":113.30000000000001},109.61]
[25876,"2018-06-19",535,40.770000000000003,"$435. due, (& Inv 25886)"]
[25877,"2018-06-19",53.04,4.04,"Visa"]
[25878,"2018-06-19",45,3.43]
[25879,"2018-06-19",169.41,12.91]
[25880,"2018-06-19",51.96,3.96,"$11.96 due"]
[25881,"2018-06-19",245,18.670000000000002]
[25882,"2018-06-19",91.58,6.98,"Visa"]
[25883,"2018-06-19",86.6,6.6,"Visa"]
[25884,"2018-06-19",70,null,"Used (of $170 collected)"]
[25885,"2018-06-19",37.89,2.89]
[25886,"2018-06-19",75,5.72,"Due, Addl to Inv 25876",{"$f":"+C126++C131+C132","v":231.22},225.93]
[25887,"2018-06-22",68,5.18,"MC"]
[25888,"2018-06-22",-22.72,-1.73]
[25889,"2018-06-22",35,2.67,"Discover"]
[25890,"2018-06-22",30,2.29]
[25891,"2018-06-22",95.36,null,"Due, Joe R - resale"]
[25892,"2018-06-22",146,null,"Due, Carlos G - resale MX",{"$f":"+C136+C138","v":103},101.06]
[25893,"2018-06-23",31.39,2.39,"Visa"]
[25894,"2018-06-23",24.84,1.89]
[25895,"2018-06-23",133,10.14]
[25896,"2018-06-23",16.239999999999998,1.24]
[25897,"2018-06-23",52.5,null,"Due, Joe R - resale"]
[25898,"2018-06-23",26.5,null,"Due, Revolution - resale"]
[25899,"2018-06-23",13,null,"Due, Carlos G - resale MX"]
[25900,"2018-06-23",107.17,8.17,"Due, 1976 BMW",{"$f":"+C142+C150","v":42.22},41.5]
[25901,"2018-06-25",10.83,0.83,"Visa"]
[25902,"2018-06-25",57.260000000000005,4.3600000000000003]
[25903,"2018-06-25",48.71,3.71,"Visa"]
[25904,"2018-06-25",290.11,22.11,"Visa",{"$f":"+C152+C153+29","v":367.82},360.14]
[25905,"2018-06-26",30.259999999999998,2.31]
[25906,"2018-06-26",395.11,30.11,"Square",0,{"$f":"+F155*0.97831","v":0},"$395.11 / $332.88 Square"]
[25907,"2018-06-27",13,0.99]
[25908,"2018-06-27",0,0,"Chris Yamaha Ref only"]
[25909,"2018-06-27",110,null,"Due, Joe R - resale"]
[25910,"2018-06-27",160,12.19]
[25911,"2018-06-27",21.65,1.65]
[25912,"2018-06-27",225,17.149999999999999]
[25913,"2018-06-27",74.64,5.69]
[25914,"2018-06-27",0,0,"Visa $100, returned 25932",{"$f":"71.17+100","v":171.17000000000002},169.31]
[25915,"2018-06-28",292,null,"$112 due, Revolution - resale"]
[25916,"2018-06-28",27.95,null,"Visa, Border Patrol"]
[25917,"2018-06-28",24.84,1.89,"Visa"]
[25918,"2018-06-28",24.84,1.89,"Visa"]
[25919,"2018-06-28",9.69,0.74,null,{"$f":"+C166+C167+C165","v":77.63},{"$f":"+F168*0.97831","v":75.946205300000003}]
[25920,"2018-06-29",96.34,7.34,"Visa"]
[25921,"2018-06-29",21.65,1.65]
[25922,"2018-06-29",70,5.33,"Due, PU Sat"]
[25923,"2018-06-29",25.98,1.98,"Visa"]
[25924,"2018-06-29",104.72999999999999,7.98,"Due, Africa Twin"]
[25925,"2018-06-29",315,24.01,"Due, Cash only"]
[25926,"2018-06-29",32,2.4500000000000002,"Due"]
[25927,"2018-06-29",17,1.3,null,{"$f":"+C169+C172","v":122.32000000000001},{"$f":"+F176*0.97831","v":119.66687920000001},"$373 Square"]
[25928,"2018-06-30",33.989999999999995,2.59]
[25929,"2018-06-30",114.75,8.75,"Visa"]
[25930,"2018-06-30",173.2,13.2]
[25931,"2018-06-30",238.15,18.149999999999999,"$178.15 due"]
[25932,"2018-06-30",-100,null,"Visa, Return 25914"]
[25933,"2018-06-30",73.56,5.61,"Visa"]
[25934,"2018-06-30",10,0.76]
[25935,"2018-06-30",44.370000000000005,3.38]
[25936,"2018-06-30",-129.9,-9.9,"Square"]
[25937,"2018-06-30",60,4.57,"Due",{"$f":"+C178+C181+C182","v":88.31},{"$f":"+F186*0.97831","v":86.394556100000003},"$-59.90 Square"]
[]
[]
[]
[]
[]
[]
[]
[]
[]
[]
[]
[]
[]
[]
[]
[]
[]
[]
[]
[]
[]
[]
[]
[]
[]
[]
[]
[]
[]
[]
[]
[]
[]
[]
[]
[]
[]
[null,null,null,null,null,null,null,null,{"$f":"H1-WEEKDAY(H1,3)-7","v":"2018-07-09"},{"$f":"SUMIF(INDIRECT(TEXT(I224,\"'mmm-yy'\")&\"!B3:B400\"),I224,INDIRECT(TEXT(I224,\"'mmm-yy'\")&\"!C3:C400\"))","v":1358.07}]
[null,null,null,null,null,null,null,null,{"$f":"I224+1","v":"2018-07-10"},505]
[null,null,null,null,null,null,null,null,"2018-07-11",833.3]
[null,null,null,null,null,null,null,null,"2018-07-12",831.11]
[null,null,null,null,null,null,null,null,"2018-07-13",882.05000000000007]
[null,null,null,null,null,null,null,null,"2018-07-14",3060.02]
[null,null,null,null,null,null,null,null,"2018-07-15",0,{"$f":"SUM(J224:J230)","v":7469.5499999999993}]
[null,null,null,null,null,null,null,null,"2018-07-16",1060.1300000000001]
[null,null,null,null,null,null,null,null,"2018-07-17",793.53]
[null,null,null,null,null,null,null,null,"2018-07-18",681.78]
[null,null,null,null,null,null,null,null,"2018-07-19",46.91]
[null,null,null,null,null,null,null,null,"2018-07-20",1725.1599999999999]
[null,null,null,null,null,null,null,null,"2018-07-21",159]
[null,null,null,null,null,null,null,null,"2018-07-22",0,{"$f":"SUM(J231:J237)","v":4466.51}]

{"sheet":"May-18","index":6,"n_rows":264,"n_cols":11,"rows_kept":264,"cut":false,"hidden":false,"merged":[]}
["Invoice",null,{"$f":"SUM(C3:C436)","v":24037.628949999998},{"$f":"SUM(D3:D436)","v":1571.2689500000001},null,null,null,{"$f":"TODAY()","v":"2018-07-20"}]
["Number","Date","Amount","Tax","Terms"]
[25544,"2018-05-01",44.38,3.38]
[25545,"2018-05-01",1.62,0.12]
[25546,"2018-05-01",396.2,30.2,"Square"]
[25547,"2018-05-01",48.660000000000004,3.71]
[25548,"2018-05-01",111.23,8.48,"Visa"]
[25549,"2018-05-01",21.65,1.65,"Visa",{"$f":"+C7+C8","v":132.88},{"$f":"+F8*0.97831","v":129.9978328},"$396.2 Square"]
[25550,"2018-05-02",100,7.62,null,0,{"$f":"+F9*0.97831","v":0}]
[25551,"2018-05-03",21.65,1.65,"Visa"]
[25552,"2018-05-03",659.07,50.23,"Visa"]
[25553,"2018-05-03",135.31,10.31,"Square"]
[25554,"2018-05-03",33.799999999999997,2.79,"Visa, Border Patrol"]
[25555,"2018-05-03",245.73,18.73,"Due"]
[25556,"2018-05-03",35.18,2.68,"Due",{"$f":"+C11+C10-500+C13","v":214.52000000000004},{"$f":"+F15*0.97831","v":209.86706120000005},"$135.31 Square"]
[25557,"2018-05-04",125,9.5299999999999994]
[25558,"2018-05-04",48,3.66]
[25559,"2018-05-04",30.259999999999998,2.31,"Visa"]
[25560,"2018-05-04",10.229999999999999,0.78,"Visa"]
[25561,"2018-05-04",43.3,3.3,"Visa",{"$f":"+C20+C19+C18","v":83.789999999999992},{"$f":"+F20*0.97831","v":81.97259489999999},"$0.00 Square"]
[25562,"2018-05-05",35.67,2.72,"Square"]
[25563,"2018-05-05",14.02,1.07,"AmEx"]
[25564,"2018-05-05",12.99,0.99,"Visa"]
[25565,"2018-05-05",47.63,3.63,"Visa"]
[25566,"2018-05-05",16.239999999999998,1.24,"Visa"]
[25567,"2018-05-05",138.61000000000001,10.56,"MC"]
[25568,"2018-05-05",92.01,7.01,"Visa"]
[25569,"2018-05-05",14.02,1.07,"AM"]
[25570,"2018-05-05",54.13,4.13,"Visa"]
[25571,"2018-05-05",48.71,3.71,"Due"]
[25572,"2018-05-05",371.5,null,"Due",{"$f":"+C27+C25+C24+C23+C26+C22","v":321.5},{"$f":"+F31*0.97831","v":314.52666499999998},"$35.67 / $30.05 Square"]
[25573,"2018-05-07",269.75,20.56,"Visa"]
[25574,"2018-05-07",2.71,0.21]
[25575,"2018-05-07",433,33,"$373. due"]
[25576,"2018-05-07",11,0.84]
[25577,"2018-05-07",54.13,4.13,"Visa"]
[25578,"2018-05-07",390,29.72,"$190. due"]
[25579,"2018-05-07",356,27.13,"$6. due"]
[25580,"2018-05-07",95,null,"J.Rangel - resale"]
[25581,"2018-05-07",65.5,null,"J.Rangel - resale"]
[25582,"2018-05-07",110,null,"J.Rangel - resale"]
[25583,"2018-05-07",88,null,"J.Rangel - resale"]
[25584,"2018-05-07",164.75,null,"J.Rangel - resale"]
[25585,"2018-05-07",147,null,"Due, J.Rangel - resale"]
[25586,"2018-05-07",176,null,"Due, J.Rangel - resale"]
[25587,"2018-05-07",33.299999999999997,null,"J.Rangel - resale"]
[25588,"2018-05-07",145,11.05]
[25589,"2018-05-07",164,null,"Due, Revolution - resale"]
[25590,"2018-05-07",79.195700000000016,6.0357000000000012,"Visa",{"$f":"+C32+C36+259.8+C29+C49","v":717.00570000000005},705.43,"$249.03 / $209.81 Square"]
[25591,"2018-05-08",15,null,"Due"]
[25592,"2018-05-08",21.65,1.65]
[25593,"2018-05-08",31.34,2.39,"Due"]
[25594,"2018-05-08",194.85,14.85,"Discover"]
[25595,"2018-05-08",33.56,2.56]
[25596,"2018-05-08",31.39,2.39]
[25597,"2018-05-08",15,null,"McAllen MS - resale"]
[25598,"2018-05-08",305.37325000000004,23.273250000000004,"$280.37 Due",{"$f":"+C53","v":194.85},189.99]
[25599,"2018-05-09",206.22,15.72,"Visa, $81.22 due"]
[25600,"2018-05-09",9.74,0.74]
[25601,"2018-05-09",303.10000000000002,23.1,"Visa"]
[25602,"2018-05-09",98.51,7.51,"Visa"]
[25603,"2018-05-09",49,null,"Due, Carlos G"]
[25604,"2018-05-09",0,0]
[25605,"2018-05-09",400,30.48]
[25606,"2018-05-09",353.98,26.98,"Square ($125), $228.98 due"]
[25607,"2018-05-09",72.53,5.53,"Square"]
[25608,"2018-05-09",255.47,19.47,"Due"]
[25609,"2018-05-09",141.70000000000002,10.8,"Visa",{"$f":"125+C60+C61","v":526.61},515,"$197.53 / $166.42 Square"]
[25610,"2018-05-10",40.049999999999997,3.05,"Visa"]
[25611,"2018-05-10",26.1,null,"Visa"]
[25612,"2018-05-10",181.5,null,"Due, ESG - resale"]
[25613,"2018-05-10",30.75,null,"Due, Carlos G",{"$f":"+C69+C68+C70","v":207.85},204.69]
[25614,"2018-05-11",130,9.91]
[25615,"2018-05-11",43.3,3.3,"Visa"]
[25616,"2018-05-11",31.61,2.41,"Due"]
[25617,"2018-05-11",46.55,3.55,"MC"]
[25618,"2018-05-11",355.06,27.06]
[25619,"2018-05-11",122,9.3000000000000007]
[25620,"2018-05-11",232.74,17.739999999999998,null,{"$f":"+C74+C76","v":89.85},88.31]
[25621,"2018-05-12",67.12,5.12,"Square"]
[25622,"2018-05-12",23.82,1.82,"Square"]
[25623,"2018-05-12",402.69,30.69,"Visa, $252.69 due"]
[25624,"2018-05-12",167.79,12.79,"Est $67.79 due"]
[25625,"2018-05-12",438.40999999999997,33.409999999999997,"Visa"]
[25626,"2018-05-12",141.81,10.81,"Square"]
[25627,"2018-05-12",5.41,0.41]
[25628,"2018-05-12",8.66,0.66,"Visa"]
[25629,"2018-05-12",14.07,1.07,"Visa"]
[25630,"2018-05-12",30,2.2799999999999998]
[25631,"2018-05-12",284.7,21.7,"Check",{"$f":"150+C84+C87+C88+65","v":676.14},{"$f":"601.19+64.46","v":665.65000000000009},"$313.96 / $264.50 Square"]
[25632,"2018-05-14",40,null,"Used Tank, of $220 pd."]
[25633,"2018-05-14",67.12,5.12]
[25634,"2018-05-14",103.92,7.92]
[25635,"2018-05-14",14.02,1.07,"MC"]
[25636,"2018-05-14",94.18,7.18,null,{"$f":"31.34+C94","v":45.36},44.57]
[25637,"2018-05-15",58.46,4.46,"Visa"]
[25638,"2018-05-15",30,null,"Visa, McAllen Motorsports"]
[25639,"2018-05-15",-58.46,-4.46,"Visa"]
[25640,"2018-05-15",3.25,0.25]
[25641,"2018-05-15",8.66,0.66]
[25642,"2018-05-15",57.37,4.37]
[25643,"2018-05-15",495,67.83,"Due, VS800"]
[25644,"2018-05-15",110,null,"Joe R - resale"]
[25645,"2018-05-15",14.02,1.07,"Square"]
[25646,"2018-05-15",77.94,5.94,"Due"]
[25647,"2018-05-15",102.9,null,"Due, Carlos G - resale MX"]
[25648,"2018-05-15",53,null,"Due, Carlos G - resale MX",{"$f":"+C96+228.98+C97+C98","v":258.98},255.6,"$269.49 / $227.04 Square"]
[25649,"2018-05-16",31.12,2.37,"Visa"]
[25650,"2018-05-16",5.09,null,"Visa, ESG Customs - resale"]
[25651,"2018-05-16",304.72000000000003,23.22,"Visa"]
[25652,"2018-05-16",290,22.1,"Check"]
[25653,"2018-05-16",159.99,12.19,"Visa, $99.99 due"]
[25654,"2018-05-16",305,23.24,"Due"]
[25655,"2018-05-16",14.02,1.07,"Square"]
[25656,"2018-05-16",140.75,10.73,"Square"]
[25657,"2018-05-16",159.99999999999997,12.19]
[25658,"2018-05-16",96.34,7.34,"Due",{"$f":"181.5+C109+C108+C110+60","v":582.43000000000006},579.16999999999996,"$154.77 / $130.39 Square"]
[25659,"2018-05-17",13,0.99,"Visa"]
[25660,"2018-05-17",49.8,3.8,"Visa"]
[25661,"2018-05-17",97.37,7.42,"Visa"]
[25662,"2018-05-17",261.97000000000003,19.97,"Due, Hector"]
[25663,"2018-05-17",167.5,null,"Joe R - resale"]
[25664,"2018-05-17",37.830000000000005,2.88,"Visa",{"$f":"+C118+C119+C120+C123","v":198.00000000000003},195.07]
[25665,"2018-05-18",159.99999999999997,12.19]
[25666,"2018-05-18",14.02,1.07,"Visa"]
[25667,"2018-05-18",139.63999999999999,10.64]
[25668,"2018-05-18",209.95,16]
[25669,"2018-05-18",45,null,"Due, Joe R - resale (Derick)"]
[25670,"2018-05-18",11.85,0.9,"Visa"]
[25671,"2018-05-18",124.92,9.52,"Visa"]
[25672,"2018-05-18",6,null,"Due, Joe R - resale"]
[25673,"2018-05-18",31.5,null,"Due, Joe R - resale",{"$f":"+C125+C129+C130+C113","v":455.78999999999996},444.22]
[25674,"2018-05-19",175.91,13.41,"Visa"]
[25675,"2018-05-19",234,null,"Due"]
[25676,"2018-05-19",110,8.3800000000000008,"Square"]
[25677,"2018-05-19",26.590000000000003,2.0299999999999998,"Due"]
[25678,"2018-05-19",153.16999999999999,11.67,"Square, $76.59 due"]
[25679,"2018-05-19",85,6.48]
[25680,"2018-05-19",196.14999999999998,14.95,"Fernando"]
[25681,"2018-05-19",155.34,11.84]
[25682,"2018-05-19",13.53,1.03,"Am Exp"]
[25683,"2018-05-19",34.42,2.62,"Square",{"$f":"+C133+C141+155.34","v":344.78},342.56,"$221.01 / $186.19 Square"]
[25684,"2018-05-21",30,2.29]
[25685,"2018-05-21",61.7,4.7,"MC"]
[25686,"2018-05-21",-5.5,null,"Due, Joe R - resale"]
[25687,"2018-05-21",126.65,9.65,"MC"]
[25688,"2018-05-21",240.32,18.32,"Visa",{"$f":"+C144+C146+C147","v":428.67},420.25]
[25689,"2018-05-22",113.66,8.66,"Trade"]
[25690,"2018-05-22",8.75,0.67]
[25691,"2018-05-22",81.19,6.19,"MC"]
[25692,"2018-05-22",11,null,"Due, Joe R - resale"]
[25693,"2018-05-22",68.44,null,"Due, Joe R - resale"]
[25694,"2018-05-22",65.5,null,"Due, Joe R - resale",{"$f":"118.1+53.04+C150","v":252.32999999999998},250.51]
[25695,"2018-05-23",14.07,1.07]
[25696,"2018-05-23",null,null,"Voided"]
[25697,"2018-05-23",33.799999999999997,null,"Visa, Border Patrol"]
[25698,"2018-05-23",146.13999999999999,11.14,"Due, 3 Fluids"]
[25699,"2018-05-23",85.52,6.52]
[25700,"2018-05-23",24.7,null,"Due, Joe R - resale"]
[25701,"2018-05-23",28.05,null,"Due, Joe R - resale"]
[25702,"2018-05-23",39,null,"Due, Joe R - resale"]
[25703,"2018-05-23",29.78,null,"Due, Joe R - resale"]
[25704,"2018-05-23",370.25,null,"Due, Carlos G - resale MX"]
[25705,"2018-05-23",5.41,0.41,"MC",{"$f":"+C156+C164","v":39.209999999999994},37.74,"$222.72 / $187.63 Square"]
[25706,"2018-05-24",-27.06,-2.06]
[25707,"2018-05-24",433,33,"Visa, $216.50 due"]
[25708,"2018-05-24",386.94,29.49,"Square"]
[25709,"2018-05-24",12,0.91,null,216.5,{"$f":"+F168*0.97831","v":211.804115},"$386.94 / $326.00 Square"]
[25710,"2018-05-25",21.53,null,null,null,null,"241.34 ??"]
[25711,"2018-05-25",172.66,13.16,"$100 cash, $72.66 Visa"]
[25712,"2018-05-25",14.07,1.07,"MC"]
[25713,"2018-05-25",380.5,29,null,{"$f":"72.66+C171","v":86.72999999999999},{"$f":"+F172*0.97831","v":84.848826299999985}]
[25714,"2018-05-26",28.15,2.15,"MC"]
[25715,"2018-05-26",21.65,1.65,"Visa"]
[25716,"2018-05-26",420.01,32.01]
[25717,"2018-05-26",20,1.52,"Visa"]
[25718,"2018-05-26",12.88,0.98,"Square"]
[25719,"2018-05-26",82.05,6.25]
[25720,"2018-05-26",114.75,8.75,"$14.75 Visa"]
[25721,"2018-05-26",700.00000000000011,53.35,"$360 Visa"]
[25722,"2018-05-26",60,4.58]
[25723,"2018-05-26",36.81,2.81,"Visa"]
[25724,"2018-05-26",6,0.46,"MC",{"$f":"+C173+C174+360+36.81+C183+14.75+C176","v":487.36},{"$f":"+F183*0.97831","v":476.7891616},"$12.88 / $10.86 Square"]
[25725,"2018-05-28",40,3.04]
[25726,"2018-05-28",19.489999999999998,1.49]
[25727,{"$f":"+B185","v":"2018-05-28"},96.34,7.34]
[25728,"2018-05-28",16.510000000000002,1.26,"Due"]
[25729,"2018-05-28",15,1.1399999999999999,null,{"$f":"+C186","v":96.34},{"$f":"+F188*0.97831","v":94.250385399999999}]
[25730,"2018-05-29",3.1900000000000004,0.24]
[25731,"2018-05-29",null,null,"Deposit only"]
[25732,"2018-05-29",62.79,4.79]
[25733,"2018-05-29",9,0.69]
[25734,"2018-05-29",-2.17,-0.17]
[25735,"2018-05-29",481.71,36.71,"Due"]
[25736,"2018-05-29",107,6.24]
[25737,"2018-05-29",360,null,"Due, Carlos G - resale MX",0,{"$f":"+F196*0.97831","v":0}]
[25738,"2018-05-30",58.1,null,"Due, Border Patrol"]
[25739,"2018-05-30",9,null,"AmExp"]
[25740,"2018-05-30",6,0.46]
[25741,"2018-05-30",20,1.52,"Square"]
[25742,"2018-05-30",75.72,5.77]
[25743,"2018-05-30",381.04,29.04,"Due"]
[25744,"2018-05-30",454.11,34.61,"Square"]
[25745,"2018-05-30",60,4.58,"Labor"]
[25746,"2018-05-30",16.5,1.26,"MC",{"$f":"+C197+C198+C205","v":83.6},{"$f":"+F205*0.97831","v":81.786715999999998},"$690.61 Square"]
[25747,"2018-05-31",80]
[25748,"2018-05-31",438.95,33.450000000000003,"Visa"]
[25749,"2018-05-31",67.12,5.12,"Visa"]
[25750,"2018-05-31",43.3,3.3,"Visa"]
[25751,"2018-05-31",28,null,"Due, Joe R - resale"]
[25752,"2018-05-31",15,null,"Due, Joe R - resale"]
[25753,"2018-05-31",165,12.58,"Due",{"$f":"+C208+C209+C207","v":549.37},{"$f":"+F212*0.97831","v":537.45416469999998}]
[]
[]
[]
[]
[]
[]
[]
[]
[]
[]
[]
[]
[]
[]
[]
[]
[]
[]
[]
[]
[]
[]
[]
[]
[]
[]
[]
[]
[]
[]
[]
[]
[]
[]
[]
[]
[]
[]
[null,null,null,null,null,null,null,null,{"$f":"H1-WEEKDAY(H1,3)-7","v":"2018-07-09"},{"$f":"SUMIF(INDIRECT(TEXT(I251,\"'mmm-yy'\")&\"!B3:B400\"),I251,INDIRECT(TEXT(I251,\"'mmm-yy'\")&\"!C3:C400\"))","v":1358.07}]
[null,null,null,null,null,null,null,null,{"$f":"I251+1","v":"2018-07-10"},505]
[null,null,null,null,null,null,null,null,"2018-07-11",833.3]
[null,null,null,null,null,null,null,null,"2018-07-12",831.11]
[null,null,null,null,null,null,null,null,{"$f":"I254+1","v":"2018-07-13"},882.05000000000007]
[null,null,null,null,null,null,null,null,"2018-07-14",3060.02]
[null,null,null,null,null,null,null,null,"2018-07-15",0,{"$f":"SUM(J251:J257)","v":7469.5499999999993}]
[null,null,null,null,null,null,null,null,"2018-07-16",1060.1300000000001]
[null,null,null,null,null,null,null,null,"2018-07-17",793.53]
[null,null,null,null,null,null,null,null,"2018-07-18",681.78]
[null,null,null,null,null,null,null,null,"2018-07-19",46.91]
[null,null,null,null,null,null,null,null,"2018-07-20",1725.1599999999999]
[null,null,null,null,null,null,null,null,"2018-07-21",159]
[null,null,null,null,null,null,null,null,"2018-07-22",0,{"$f":"SUM(J258:J264)","v":4466.51}]

{"sheet":"Apr-18","index":7,"n_rows":275,"n_cols":11,"rows_kept":275,"cut":false,"hidden":false,"merged":[]}
["Invoice",null,{"$f":"SUM(C3:C411)","v":27547.411875000013},{"$f":"SUM(D6:D411)","v":1824.3818750000016},null,null,null,{"$f":"TODAY()","v":"2018-07-20"}]
["Number","Date","Amount","Tax","Terms"]
[25296,"2018-04-02",40,null,"Square, Used - No Tax"]
[25297,"2018-04-02",233.82,17.82,"Due"]
[25298,"2018-04-02",201.99,15.39,"Visa, $23.38 due"]
[25299,"2018-04-02",133,10.14]
[25300,"2018-04-02",344.995,30.995000000000001,"Visa",{"$f":"29.8+178.61+C7","v":553.40499999999997},547.44000000000005,"$40.00 / $38.90 Square"]
[25301,"2018-04-03",423.26,32.26,"$223.26 due"]
[25302,"2018-04-03",101.76,7.76]
[25303,"2018-04-03",14.02,1.07]
[25304,"2018-04-03",-18.459999999999997,-1.41,"Cln Up"]
[25305,"2018-04-03",216.25,null,"Due, Carlos G - MX resale"]
[25306,"2018-04-03",8.25,0.63,"Visa"]
[25307,"2018-04-03",75,null,"Due, J.Rangel - resale"]
[25308,"2018-04-03",40,null,"Due, J.Rangel - resale"]
[25309,"2018-04-03",43.84,3.34,"Visa",{"$f":"+C13","v":8.25},7.96,"$96.83 / $81.58 Square"]
[25310,"2018-04-04",10,0.76,"Visa"]
[25311,"2018-04-04",368.05,28.05,"Due"]
[25312,"2018-04-04",167.79,12.79]
[25313,"2018-04-04",16.18,1.23,"Square"]
[25314,"2018-04-04",114.75,8.75,"Square",{"$f":"+C17+C16","v":53.84},53.02,"$130.93 / $110.31 Square"]
[25315,"2018-04-05",29.8,null,"Visa, Border Patrol"]
[25316,"2018-04-05",190,14.48]
[25317,"2018-04-05",63.87,4.87,"Square"]
[25318,"2018-04-05",10,0.76]
[25319,"2018-04-05",471.97,35.97,"Due"]
[25320,"2018-04-05",195,null,"Revolution - Resale"]
[25321,"2018-04-05",0,0]
[25322,"2018-04-05",283.62,21.62,"$83.62 Due"]
[25323,"2018-04-05",3,0.23]
[25324,"2018-04-05",41.14,3.14,"MC",{"$f":"+C22","v":29.8},28.77,"$189.03 / $159.26 Square"]
[25325,"2018-04-06",2.06,0.16]
[25326,"2018-04-06",10.83,0.83]
[25327,"2018-04-06",44.38,3.38]
[25328,"2018-04-06",1,0.08]
[25329,"2018-04-06",-1.08,-0.08]
[25330,"2018-04-06",40.489999999999995,3.09,"Square"]
[25331,"2018-04-06",173.2,13.2]
[25332,"2018-04-06",40.049999999999997,3.05]
[25333,"2018-04-06",211,16.079999999999998,"$111 due"]
[25334,"2018-04-06",173.52,13.22,"MC"]
[25335,"2018-04-06",64.95,4.95,"MC"]
[25336,"2018-04-06",124,null,"Due, Carlos G - MX resale"]
[25337,"2018-04-06",71.39,5.44]
[25338,"2018-04-06",99.48,7.58]
[25339,"2018-04-06",242.48,18.48,"Due, Busa Seals",{"$f":"+C31+C41+C42","v":279.61},272.97000000000003,"$274.31 / $231.11 Square"]
[25340,"2018-04-07",15.16,1.1599999999999999]
[25341,"2018-04-07",27.06,2.06]
[25342,"2018-04-07",33.340000000000003,2.54,"Square"]
[25343,"2018-04-07",51.910000000000004,3.96]
[25344,"2018-04-07",84.44,6.44,"Square"]
[25345,"2018-04-07",434.62,33.119999999999997,"Visa, $160. Due"]
[25346,"2018-04-07",15.16,1.1599999999999999]
[25347,"2018-04-07",136.29000000000002,10.39,"MC"]
[25348,"2018-04-07",21.599999999999998,1.65]
[25349,"2018-04-07",343.69,26.19,"Due, Triumph"]
[25350,"2018-04-07",43.3,3.3,"Visa"]
[25351,"2018-04-07",145,11.05,null,{"$f":"274.62+C54+C57","v":454.21000000000004},447.43,"$141.04 / $118.82 Square"]
[25352,"2018-04-09",57.37,4.37,"MC, $28.50 due"]
[25353,"2018-04-09",12.99,0.99]
[25354,"2018-04-09",33.5,null,"Due, Carlos G - MX resale"]
[25355,"2018-04-09",129.47,9.8699999999999992,"Square"]
[25356,"2018-04-09",27,null,"Due, George - Revolution resale"]
[25357,"2018-04-09",329.08,25.08,"Visa"]
[25358,"2018-04-09",27.06,2.06]
[25359,"2018-04-09",102.78,7.83,"$100. Warranty"]
[25360,"2018-04-09",149.93,11.43,"Square ($182.40)"]
[25361,"2018-04-09",10,0.76]
[25362,"2018-04-09",31,null,"Due",{"$f":"28.87+C64+2.78","v":360.72999999999996},353.4,"$311.87 / $262.75 Square"]
[25363,"2018-04-10",12.99,0.99,"MC"]
[25364,"2018-04-10",5.14,0.39,"Due"]
[25365,"2018-04-10",22.73,1.73]
[25366,"2018-04-10",61,null,"Due, Carlos G - MX resale"]
[25367,"2018-04-10",20,1.52]
[25368,"2018-04-10",397.49,30.29,"Visa"]
[25369,"2018-04-10",149.43,26.63,"Due, BMW F650GS",{"$f":"+C70+C75","v":410.48},408.38]
[25370,"2018-04-11",264.67,20.170000000000002,"MC, $164.67 due"]
[25371,"2018-04-11",540.11,41.16,"Visa"]
[25372,"2018-04-11",29.8,null,"Visa, Border Patrol"]
[25373,"2018-04-11",143,null,"Due, Carlos G - MX resale"]
[25374,"2018-04-11",32,null,"Due, Revolution - resale"]
[25375,"2018-04-11",31.75,null,"Due, J.Rangel - resale"]
[25376,"2018-04-11",425.42,32.42,"Square"]
[25377,"2018-04-11",169.41,12.91,"Visa, addl to Inv 25371"]
[25378,"2018-04-11",94.25,null,"Due, Carlos G - MX resale"]
[25379,"2018-04-11",7.58,0.57999999999999996]
[25380,"2018-04-11",65,4.95,"Visa"]
[25381,"2018-04-11",51.96,3.96,"Visa, addl to Inv 25371"]
[25382,"2018-04-11",55,null,"Due, Carlos G - MX resale",{"$f":"100+C79+C87+C88+C84+C78","v":956.28},942.31,"$425.42 / $358.42 Square"]
[25383,"2018-04-12",47.63,3.63,"MC"]
[25384,"2018-04-12",130,null,"Due, Revolution - resale"]
[25385,"2018-04-12",34.64,2.64,"Due, LEDs"]
[25386,"2018-04-12",17.86,1.36]
[25387,"2018-04-12",52.08,null,"Visa"]
[25388,"2018-04-12",124.22,9.4700000000000006,"Visa"]
[25389,"2018-04-12",7,0.53]
[25390,"2018-04-12",3.25,0.25,"Visa"]
[25391,"2018-04-12",39.78,3.03]
[25392,"2018-04-12",227.76,17.36]
[25393,"2018-04-12",154.5,null,"Due, Carlos G - MX resale"]
[25394,"2018-04-12",267.38,20.38,"Visa, $147.38 due",{"$f":"+C90+C94+C95+C97+120","v":347.18},344.15]
[25395,"2018-04-13",15.16,1.1599999999999999,"Due"]
[25396,"2018-04-13",105,8,"Due"]
[25397,"2018-04-13",10.83,0.83]
[25398,"2018-04-13",258.72000000000003,19.72,"MC"]
[25399,"2018-04-13",17.86,1.36]
[25400,"2018-04-13",16.239999999999998,1.24]
[25401,"2018-04-13",247.35,18.850000000000001,"Visa, $147.35 due"]
[25402,"2018-04-13",21.65,1.65]
[25403,"2018-04-13",43.3,3.3]
[25404,"2018-04-13",358.03687500000001,27.286875000000002,"Due, XL caliper & bearings","Forgot to run Thur"]
[25405,"2018-04-13",74.69,5.69,null,{"$f":"+C105+100","v":358.72},356.7]
[25406,"2018-04-14",322.58999999999997,24.59,"$100 cash, $222.59 Square"]
[25407,"2018-04-14",373,null,"Due, Carlos G - MX resale"]
[25408,"2018-04-14",140.72999999999999,10.73]
[25409,"2018-04-14",128.82,9.82,"Square"]
[25410,"2018-04-14",40.049999999999997,3.05,"Visa"]
[25411,"2018-04-14",5.36,0.41,"Visa"]
[25412,"2018-04-14",20,1.52]
[25413,"2018-04-14",70.36,5.36,"Visa",{"$f":"70+C118+C117+C120","v":185.76999999999998},183.86,"$459.25 / $386.91 Square"]
[25414,"2018-04-16",119,9.07,"MC"]
[25415,"2018-04-16",245.67,18.72,"Square"]
[25416,"2018-04-16",73,5.56]
[25417,"2018-04-16",29.23,2.23]
[25418,"2018-04-16",7.58,0.57999999999999996,"Visa"]
[25419,"2018-04-16",526.1,40.1,"Visa"]
[25420,"2018-04-16",20,1.52,"Visa"]
[25421,"2018-04-16",20,1.52]
[25422,"2018-04-16",39.78,3.03,"Due, Ernest"]
[25423,"2018-04-16",22,null,"Due, Revolution - resale",{"$f":"+C121+160+C125+C126+C127","v":832.68000000000006},815.49,"$245.67 / $206.97 Square"]
[25424,"2018-04-17",217,16.54]
[25425,"2018-04-17",82.27,6.27,"AmExp"]
[25426,"2018-04-17",641.00000000000011,48.85,"Square, $341 Due"]
[25427,"2018-04-17",29.8,null,"Visa"]
[25428,"2018-04-17",70.25,null,"Due, Carlos G - MX resale"]
[25429,"2018-04-17",87.5,null,"Due, Carlos G - MX resale"]
[25430,"2018-04-17",58.46,4.46,"MC"]
[25431,"2018-04-17",51.69,3.94,"Visa"]
[25432,"2018-04-17",48.660000000000004,3.71]
[25433,"2018-04-17",259.8,19.8,"Due, Jaime - Forks"]
[25434,"2018-04-17",10,null,"MC",{"$f":"+C132+C134+C137+25+C141+C138","v":257.22000000000003},250.92,"$300.00 / $252.75 Square"]
[25435,"2018-04-18",114.75,8.75]
[25436,"2018-04-18",30.1,null,"Visa"]
[25437,"2018-04-18",24.999999999999996,1.9]
[25438,"2018-04-18",9.74,0.74,"Visa"]
[25439,"2018-04-18",131.52000000000001,10.02,"Due"]
[25440,"2018-04-18",164,12.5,"MC"]
[25441,"2018-04-18",243.56,18.559999999999999,"Square"]
[25442,"2018-04-18",18.399999999999999,1.4,"Square"]
[25443,"2018-04-18",8,null,"Square"]
[25444,"2018-04-18",74.69,5.69]
[25445,"2018-04-18",11.91,0.91,null,{"$f":"+C145","v":9.74},9.39,"$269.96 / $227.44 Square"]
[25446,"2018-04-19",68.2,5.2]
[25447,"2018-04-19",13,null,"Visa"]
[25448,"2018-04-19",269.76,20.56,"Square"]
[25449,"2018-04-19",21.65,1.65,"Visa"]
[25450,"2018-04-19",5,0.38]
[25451,"2018-04-19",42.25,null,"Visa, ESG Customs"]
[25452,"2018-04-19",16.18,1.23]
[25453,"2018-04-19",182.4,13.9]
[25454,"2018-04-19",7,0.53]
[25455,"2018-04-19",154,11.74]
[25456,"2018-04-19",53.04,4.04,"Due",{"$f":"+C143+C154+C156+C158","v":107},104.54,"$293.14 / $246.97  Square"]
[25457,"2018-04-20",13.25,null,"Visa, ESG - resale"]
[25458,"2018-04-20",27.06,2.06]
[25459,"2018-04-20",156.96,11.96]
[25460,"2018-04-20",0,0]
[25461,"2018-04-20",225,17.149999999999999,"$125 due"]
[25462,"2018-04-20",20.57,1.57,"Visa"]
[25463,"2018-04-20",228.95,17.45]
[25464,"2018-04-20",199.72,15.22]
[25465,"2018-04-20",299.85000000000002,22.85,"Due, XL Belt"]
[25466,"2018-04-20",291,null,"Due, Carlos G - MX resale",{"$f":"+C169","v":20.57},20.04]
[25467,"2018-04-21",87.68,6.68,"Visa"]
[25468,"2018-04-21",96.34,7.34]
[25469,"2018-04-21",41.14,3.14,"Visa"]
[25470,"2018-04-21",16.239999999999998,1.24]
[25471,"2018-04-21",5,0.38]
[25472,"2018-04-21",392.95,29.95,"MC"]
[25473,"2018-04-21",10,0.76,"Visa",{"$f":"+C174+C176+196.47+C180","v":335.28999999999996},328.84]
[25474,"2018-04-23",200.15,15.25]
[25475,"2018-04-23",249,null,"Due, Revolution - resale"]
[25476,"2018-04-23",146.13999999999999,11.14,"Square"]
[25477,"2018-04-23",6,0.46]
[25478,"2018-04-23",77.94,5.94,"Square"]
[25479,"2018-04-23",360.47,27.47,"Square"]
[25480,"2018-04-23",14.02,1.07,"Square"]
[25481,"2018-04-23",144,null,"Due, J.Rangel - resale"]
[25482,"2018-04-23",128.82,9.82,"Visa",{"$f":"345.91+C189","v":474.73},466.78,"$238.10 / $200.60 Square"]
[25483,"2018-04-24",77.94,5.94]
[25484,"2018-04-24",160,12.19]
[25485,"2018-04-24",29.77,2.27,"Visa"]
[25486,"2018-04-24",53.04,4.04,"Due"]
[25487,"2018-04-24",9.5,0.72,"MC"]
[25488,"2018-04-24",35.18,2.68,"Visa"]
[25489,"2018-04-24",108.25,8.25,"MC"]
[25490,"2018-04-24",6.5,0.5]
[25491,"2018-04-24",137.47999999999999,10.48]
[25492,"2018-04-24",16.18,1.23,"MC"]
[25493,"2018-04-24",21.5,null,"Due, Carlos G - MX resale",{"$f":"+C194+C195+C196+C147+C199","v":333.11},324.77999999999997,"$360.47 / $303.70 Square"]
[25494,"2018-04-25",143.91999999999999,7.92,"Visa"]
[25495,"2018-04-25",102.84,7.84,"Visa"]
[25496,"2018-04-25",21.65,1.65,"Visa"]
[25497,"2018-04-25",13.52,null,"Visa, ESG Customs"]
[25498,"2018-04-25",200,null,"Visa"]
[25499,"2018-04-25",34.64,2.64]
[25500,"2018-04-25",52,null,"$32 due, J.Rangel - resale"]
[25501,"2018-04-25",56.29,4.29,null,{"$f":"+C201+C202+C203+C192+C204+C164+C205","v":524.94999999999993},516.89]
[25502,"2018-04-26",33,null,"Due, Revolution - resale"]
[25503,"2018-04-26",45.089999999999996,3.44,"MC"]
[25504,"2018-04-26",110,8.3800000000000008,"Visa"]
[25505,"2018-04-26",23.27,1.77]
[25506,"2018-04-26",21.65,1.65]
[25507,"2018-04-26",787.41,60.01]
[25508,"2018-04-26",272.58999999999997,20.77]
[25509,"2018-04-26",30.1,null,"Visa, Border Patrol"]
[25510,"2018-04-26",32.26,2.46,"Visa"]
[25511,"2018-04-26",10,null,"Continental - resale"]
[25512,"2018-04-26",293.89999999999998,22.4]
[25513,"2018-04-26",7.5200000000000005,0.56999999999999995]
[25514,"2018-04-26",314.47000000000003,23.97,"Visa"]
[25515,"2018-04-26",10.83,0.83,null,{"$f":"+C210+C211+46.4+C217+C221+C216+131.52+C222","v":720.67000000000007},710.06]
[25516,"2018-04-27",40.049999999999997,3.05,"Visa"]
[25517,"2018-04-27",21.65,1.65]
[25518,"2018-04-27",115.83,8.83,"Visa"]
[25519,"2018-04-27",231.11,17.61,"Visa"]
[25520,"2018-04-27",148.30000000000001,11.3,"MC"]
[25521,"2018-04-27",278.31,21.21,"Due"]
[25522,"2018-04-27",189.98,14.48,"Visa, $89.98 due"]
[25523,"2018-04-27",16.239999999999998,1.24,"AmExp"]
[25524,"2018-04-27",11.91,0.91,"Visa",{"$f":"+C223+47.35+C225+C226+C227+100+C230+C231","v":710.79000000000008},{"$f":"+F231*0.97831","v":695.37296490000006}]
[25525,"2018-04-28",59.54,4.54,"Visa"]
[25526,"2018-04-28",44.38,3.38,"Visa"]
[25527,"2018-04-28",109.87,8.3699999999999992,"Square"]
[25528,"2018-04-28",108.25,8.25]
[25529,"2018-04-28",35,null,"Due, Revolution - resale"]
[25530,"2018-04-28",300.94,22.94]
[25531,"2018-04-28",12.34,0.94,"Square"]
[25532,"2018-04-28",290.11,22.11]
[25533,"2018-04-28",175,13.34]
[25534,"2018-04-28",27,null,"Due, Revolution - resale",{"$f":"+C232+C233+300","v":403.92},{"$f":"+F241*0.97831","v":395.15897520000004},"$122.21 Square"]
[25535,"2018-04-30",69.23,5.28,"Visa"]
[25536,"2018-04-30",499.03,38.03,"Square"]
[25537,"2018-04-30",5.41,0.41,"MC"]
[25538,"2018-04-30",7.58,0.57999999999999996,"Visa"]
[25539,"2018-04-30",160,12.19]
[25540,"2018-04-30",33.799999999999997,2.79,"Visa, Border Patrol"]
[25541,"2018-04-30",26.1,2.15,"Visa, Border Patrol"]
[25542,"2018-04-30",5,0.38]
[25543,"2018-04-30",155,11.81,"Due",{"$f":"+C242+C244+C245","v":82.22},{"$f":"+F250*0.97831","v":80.436648199999993},"$499.03 Square"]
[]
[]
[]
[]
[]
[]
[]
[]
[]
[]
[]
[null,null,null,null,null,null,null,null,{"$f":"H1-WEEKDAY(H1,3)-7","v":"2018-07-09"},{"$f":"SUMIF(INDIRECT(TEXT(I262,\"'mmm-yy'\")&\"!B3:B400\"),I262,INDIRECT(TEXT(I262,\"'mmm-yy'\")&\"!C3:C400\"))","v":1358.07}]
[null,null,null,null,null,null,null,null,{"$f":"I262+1","v":"2018-07-10"},505]
[null,null,null,null,null,null,null,null,"2018-07-11",833.3]
[null,null,null,null,null,null,null,null,"2018-07-12",831.11]
[null,null,null,null,null,null,null,null,"2018-07-13",882.05000000000007]
[null,null,null,null,null,null,null,null,"2018-07-14",3060.02]
[null,null,null,null,null,null,null,null,"2018-07-15",0,{"$f":"SUM(J262:J268)","v":7469.5499999999993}]
[null,null,null,null,null,null,null,null,"2018-07-16",1060.1300000000001]
[null,null,null,null,null,null,null,null,"2018-07-17",793.53]
[null,null,null,null,null,null,null,null,"2018-07-18",681.78]
[null,null,null,null,null,null,null,null,"2018-07-19",46.91]
[null,null,null,null,null,null,null,null,"2018-07-20",1725.1599999999999]
[null,null,null,null,null,null,null,null,"2018-07-21",159]
[null,null,null,null,null,null,null,null,"2018-07-22",0,{"$f":"SUM(J269:J275)","v":4466.51}]

{"sheet":"Logo","index":8,"n_rows":0,"n_cols":0,"rows_kept":0,"cut":false,"hidden":false,"merged":[]}

{"sheet":"Mar-18","index":9,"n_rows":330,"n_cols":11,"rows_kept":330,"cut":false,"hidden":false,"merged":[]}
["Invoice",null,{"$f":"SUM(C7:C484)","v":30485.794525000016},{"$f":"SUM(D7:D484)","v":1909.5745250000014},null,null,null,{"$f":"TODAY()","v":"2018-07-20"}]
["Number","Date","Amount","Tax","Terms"]
[25022,"2018-03-01",11,0.84]
[25023,"2018-03-01",32.479999999999997,2.48,"Due"]
[25024,"2018-03-01",1255,null,"Due, Carlos G - MX"]
[25025,"2018-03-01",8.1199999999999992,0.62,"Visa"]
[25026,"2018-03-01",60,4.58,null,{"$f":"61.29+C6","v":69.41},{"$f":"+F7*0.97831","v":67.9044971}]
[25027,"2018-03-02",230,17.53]
[25028,"2018-03-02",25.98,1.98]
[25029,"2018-03-02",378.88,28.88]
[25030,"2018-03-02",40.999999999999993,3.12]
[25031,"2018-03-02",27.06,2.06]
[25032,"2018-03-02",129.9,9.9]
[25033,"2018-03-02",18,null,"Visa, BBG - resale",{"$f":"+C14","v":18},{"$f":"+F14*0.97831","v":17.609580000000001}]
[25034,"2018-03-03",34.589999999999996,2.64,"AmEx"]
[25035,"2018-03-03",403.77,30.77,"Visa"]
[25036,"2018-03-03",53.04,4.04]
[25037,"2018-03-03",147.49,11.24]
[25038,"2018-03-03",178.61,13.61,"Visa"]
[25039,"2018-03-03",107.17,8.17,"Visa"]
[25040,"2018-03-03",38.75,2.95]
[25041,"2018-03-03",129.9,9.9,"MC"]
[25042,"2018-03-03",21.65,1.65,"Visa"]
[25043,"2018-03-03",333,25.38,"Square",{"$f":"+C15+200+C19+C20+C22+C23+40","v":711.92},{"$f":"+F24*0.97831","v":696.47845519999998},"$390.19 Square"]
[25044,"2018-03-05",9.69,0.74,"Visa"]
[25045,"2018-03-05",100,7.62]
[25046,"2018-03-05",158.05000000000001,12.05]
[25047,"2018-03-05",24,null,"Due, Revolution - resale"]
[25048,"2018-03-05",238,18.14]
[25049,"2018-03-05",7.58,0.57999999999999996]
[25050,"2018-03-05",46,3.51,"Visa"]
[25051,"2018-03-05",29.23,2.23]
[25052,"2018-03-05",84.44,6.44]
[25053,"2018-03-05",20.57,1.57]
[25054,"2018-03-05",80,null,"Due, J.Rangel - resale"]
[25055,"2018-03-05",19.12,null,"Due, J.Rangel - resale",{"$f":"+C25+C31","v":55.69},{"$f":"+F36*0.97831","v":54.482083899999999}]
[25056,"2018-03-06",128.82,9.82,"Square"]
[25057,"2018-03-06",89.52,6.52,"Square"]
[25058,"2018-03-06",45,3.43]
[25059,"2018-03-06",231.66,17.66,"Check"]
[25060,"2018-03-06",26.1,null,"Square, Border Patrol"]
[25061,"2018-03-06",242.48,18.48,"Square ($100), $142.48 due"]
[25062,"2018-03-06",130.97999999999999,9.98,"Square"]
[25063,"2018-03-06",40,3.05,"Square"]
[25064,"2018-03-06",5,0.38,"Square"]
[25065,"2018-03-06",9.9599999999999991,0.76,null,0,{"$f":"+F46*0.97831","v":0},"$520.42 Square"]
[25066,"2018-03-07",5,0.38]
[25067,"2018-03-07",266,20.27,"Due"]
[25068,"2018-03-07",9.69,0.74,"Square"]
[25069,"2018-03-07",51,null,"Due, J.Rangel - resale"]
[25070,"2018-03-07",86.6,6.6]
[25071,"2018-03-07",58.239999999999995,4.4400000000000004]
[25072,"2018-03-07",96.34,7.34,"Square"]
[25073,"2018-03-07",150.47,11.47,"Due"]
[25074,"2018-03-07",0,0]
[25075,"2018-03-07",7.5,null,"Due, J.Rangel - resale",0,{"$f":"+F56*0.97831","v":0},"$372.03 Square"]
[25076,"2018-03-08",289.44967499999996,22.059674999999999]
[25077,"2018-03-08",205.13,15.63,"Square"]
[25078,"2018-03-08",48.71,3.71,"Square"]
[25079,"2018-03-08",75.78,5.78,"Due, HD Cables"]
[25080,"2018-03-08",62,null,"Trade, Revolution - resale ($2 due)"]
[25081,"2018-03-08",163.46,12.46]
[25082,"2018-03-08",375.63,28.63,"$255.63 due"]
[25083,"2018-03-08",87.2,null,"Due, Carlos G - MX"]
[25084,"2018-03-08",103,null,"Due, Carlos G - MX"]
[25085,"2018-03-08",298,null,"Due, Carlos G - MX"]
[25086,"2018-03-08",63.8,null,"Due, Carlos G - MX",0,{"$f":"+F67*0.97831","v":0},"$362.10 Square"]
[25087,"2018-03-09",42.65,3.25,"Square"]
[25088,"2018-03-09",8.66,0.66]
[25089,"2018-03-09",15,1.1399999999999999]
[25090,"2018-03-09",144,10.97]
[25091,"2018-03-09",457.36,34.86,"Square"]
[25092,"2018-03-09",232.74,17.739999999999998,"Due, Randy's friend"]
[25093,"2018-03-09",9.69,0.74]
[25094,"2018-03-09",153.16999999999999,11.67,"Square"]
[25095,"2018-03-09",17.32,1.32,"Due",0,{"$f":"+F76*0.97831","v":0},"$653.18 Square"]
[25096,"2018-03-10",43.25,3.3,"Square"]
[25097,"2018-03-10",11.85,0.9]
[25098,"2018-03-10",33.5,2.5499999999999998,"$7.52 due"]
[25099,"2018-03-10",42,3.2]
[25100,"2018-03-10",21.599999999999998,1.65]
[25101,"2018-03-10",227.32999999999998,17.329999999999998,"Square"]
[25102,"2018-03-10",3.1900000000000004,0.24]
[25103,"2018-03-10",31.39,2.39,"Due"]
[25104,"2018-03-10",45,3.43,"Square"]
[25105,"2018-03-10",264.13,20.13,"Square"]
[25106,"2018-03-10",14.5,null,"Due, Revolution - resale"]
[25107,"2018-03-10",9.74,0.74,"Square",0,{"$f":"+F88*0.97831","v":0},"$1126.17 Square"]
[25108,"2018-03-12",32.479999999999997,2.48]
[25109,"2018-03-12",97.31,7.41,"Square"]
[25110,"2018-03-12",240.86,18.36,"Square"]
[25111,"2018-03-12",125.5,null,"Due, Revolution - resale"]
[25112,"2018-03-12",23.82,1.82]
[25113,"2018-03-12",10,null,"Due, Revolution - resale"]
[25114,"2018-03-12",55.5,null,"Due, J.Rangel - resale"]
[25115,"2018-03-12",40,null,"J.Rangel - resale"]
[25116,"2018-03-12",40,null,"Due, J.Rangel - resale"]
[25117,"2018-03-12",25,null,"Due"]
[25118,"2018-03-12",44,3.35,"Due, J.Rangel - resale"]
[25119,"2018-03-12",16.899999999999999,null,"J.Rangel - resale"]
[25120,"2018-03-12",118.9,null,"Due, Carlos G - MX",0,{"$f":"+F101*0.97831","v":0},"$338.17 Square"]
[25121,"2018-03-13",30.31,2.31,"Square"]
[25122,"2018-03-13",469.84000000000003,null,"Square"]
[25123,"2018-03-13",63.87,4.87,"Square"]
[25124,"2018-03-13",50.82,3.87,"Square"]
[25125,"2018-03-13",-15.16,-1.1599999999999999]
[25126,"2018-03-13",67.87,4.87,"$7.87 Square"]
[25127,"2018-03-13",40.92,3.12,"Inv 25125"]
[25128,"2018-03-13",63.87,4.87,"Square"]
[25129,"2018-03-13",156.36999999999998,11.92,"Square"]
[25130,"2018-03-13",17.21,1.31,null,0,{"$f":"+F111*0.97831","v":0},"$842.95 Square"]
[25131,"2018-03-14",45.5,null,"Due, Revolution - resale"]
[25132,"2018-03-14",235,null,"Revolution - resale, $135 due"]
[25133,"2018-03-14",185.65,14.15]
[25134,"2018-03-14",10.83,0.83]
[25135,"2018-03-14",43.6,3.32]
[25136,"2018-03-14",74.69,5.69,"Check"]
[25137,"2018-03-14",565,43.06,"$305 due"]
[25138,"2018-03-14",96.34,7.34,"Square"]
[25139,"2018-03-14",96.34,7.34,"Square"]
[25140,"2018-03-14",23.82,1.82]
[25141,"2018-03-14",69.599999999999994,null,"Due, J.Rangel - resale"]
[25142,"2018-03-14",10.77,0.82,"Square",0,{"$f":"+F123*0.97831","v":0},"$289.10 Square"]
[25143,"2018-03-15",8.66,0.66,"Square"]
[25144,"2018-03-15",3.03,0.23]
[25145,"2018-03-15",40.489999999999995,3.09,"Due"]
[25146,"2018-03-15",47.63,3.63,"Square"]
[25147,"2018-03-15",15.16,1.1599999999999999]
[25148,"2018-03-15",40,null,"Square, Used"]
[25149,"2018-03-15",63.87,4.87]
[25150,"2018-03-15",14,null,"Due"]
[25151,"2018-03-15",-2.17,-0.17]
[25152,"2018-03-15",11.91,0.91]
[25153,"2018-03-15",41.24,1.24]
[25154,"2018-03-15",389,null,"Due, Carlos G - MX",0,{"$f":"+F135*0.97831","v":0},"$96.29 Square"]
[25155,"2018-03-16",201.89,15.39]
[25156,"2018-03-16",21.639999999999997,1.65]
[25157,"2018-03-16",423.26,32.26,"Square, $323.26 due"]
[25158,"2018-03-16",541.25,41.25,"Square"]
[25159,"2018-03-16",64.84,4.9400000000000004]
[25160,"2018-03-16",28.15,2.15]
[25161,"2018-03-16",56.29,4.29,"Square"]
[25162,"2018-03-16",40.590000000000003,3.09,"Due, OT"]
[25163,"2018-03-16",9,null,"Due, Revolution - resale"]
[25164,"2018-03-16",40.590000000000003,3.09,"Square",1,{"$f":"+F145*0.97831","v":0.97831000000000001},"$420.52 / $354.28 Square"]
[25165,"2018-03-17",-97.43,-7.43]
[25166,"2018-03-17",129.9,9.9,"Visa"]
[25167,"2018-03-17",199.72,15.22,"Visa",{"$f":"+C147+C148","v":329.62},321.52999999999997]
[25168,"2018-03-19",81.19,6.19,"Visa"]
[25169,"2018-03-19",75,5.72,"Visa"]
[25170,"2018-03-19",287.95,21.95,"Square"]
[25171,"2018-03-19",84.11,6.11]
[25172,"2018-03-19",491.46,37.46,"Visa"]
[25173,"2018-03-19",18.349999999999998,1.4,"Visa"]
[25174,"2018-03-19",50,null,"Used - 12in Apes, Mags"]
[25175,"2018-03-19",8.66,0.66]
[25176,"2018-03-19",500,38.11,"$300 Due"]
[25177,"2018-03-19",49.8,3.8]
[25178,"2018-03-19",8.66,0.66]
[25179,"2018-03-19",27.06,2.06,"Square"]
[25180,"2018-03-19",37,2.82]
[25181,"2018-03-19",207.84,15.84,"Square, $107.84 due",{"$f":"+C149+C150+33.87+C153+C154+7","v":706.87},693.09,"$415.01 / $349.65 Square"]
[25182,"2018-03-20",336.12,25.62,"Due"]
[25183,"2018-03-20",195,null,"J.Rangel - resale"]
[25184,"2018-03-20",250,19.05,"$50 due"]
[25185,"2018-03-20",31.1,null,"Visa, Border Patrol"]
[25186,"2018-03-20",29.8,null,"Visa, Border Patrol"]
[25187,"2018-03-20",204,null,"Due, Carlos G - MX"]
[25188,"2018-03-20",238.15,18.149999999999999,"Visa",323.26,321.83999999999997,"$336.12 / $283.18 Square"]
[25189,"2018-03-21",5,0.38]
[25190,"2018-03-21",117.99,8.99]
[25191,"2018-03-21",225.16,17.16,"Visa, $125.16 Due"]
[25192,"2018-03-21",74.69,5.69,"Due"]
[25193,"2018-03-21",147,11.2]
[25194,"2018-03-21",24.84,1.89,"MC"]
[25195,"2018-03-21",15,1.1399999999999999]
[25196,"2018-03-21",8.66,0.66]
[25197,"2018-03-21",137.47999999999999,10.48,"Due, Randy's friend"]
[25198,"2018-03-21",126.5,null,"Due, Carlos G - MX"]
[25199,"2018-03-21",158.19999999999999,null,"Due, Carlos G - MX",{"$f":"+C166+C167+C169+100+C175","v":423.89},416.11]
[25200,"2018-03-22",214.28,16.329999999999998,"Square"]
[25201,"2018-03-22",464.39,35.39,"MC, $264.39 due"]
[25202,"2018-03-22",13.38,null,"Square"]
[25203,"2018-03-22",102.84,7.84,"Visa"]
[25204,"2018-03-22",414.6,31.6,"$314.60 Due"]
[25205,"2018-03-22",11.91,0.91]
[25206,"2018-03-22",7,null,"Due, Revolution - resale"]
[25207,"2018-03-22",36.81,2.81,"Square"]
[25208,"2018-03-22",39,null,"Due, J.Rangel - resale",{"$f":"200+C184+7.52","v":310.36},305.39999999999998,"$50.19 / $42.28 Square"]
[25209,"2018-03-23",469.99985000000004,35.819850000000002]
[25210,"2018-03-23",810,61.73]
[25211,"2018-03-23",27,2.06]
[25212,"2018-03-23",347,26.45,"$147 due"]
[25213,"2018-03-23",129.9,9.9,"Visa"]
[25214,"2018-03-23",150,11.43,null,{"$f":"50+C194","v":179.9},176.87,"$555.53 / $468.04 Square"]
[25215,"2018-03-24",321.25,null,"Due, Carlos G - MX"]
[25216,"2018-03-24",100,7.62,"Visa"]
[25217,"2018-03-24",-35.75,null,"Due, J.Rangel - resale"]
[25218,"2018-03-24",0,null,"J.Rangel - ref only"]
[25219,"2018-03-24",206,null,"Due, J.Rangel - resale"]
[25220,"2018-03-24",45.47,3.47,"MC"]
[25221,"2018-03-24",43.3,3.3,"Square"]
[25222,"2018-03-24",218,16.61,"$100 due"]
[25223,"2018-03-24",296.61,22.61,"Visa"]
[25224,"2018-03-24",54.13,4.13,"MC"]
[25225,"2018-03-24",56.069999999999993,4.2699999999999996]
[25226,"2018-03-24",15.05,1.1499999999999999,"Square",{"$f":"+C197+C201+C205+C204","v":496.21000000000004},490.27,"$58.35 / $49.16 Square"]
[25227,"2018-03-26",21,1.6,"Visa"]
[25228,"2018-03-26",100.00000000000001,7.62,"Visa"]
[25229,"2018-03-26",559.65,42.65,"Visa"]
[25230,"2018-03-26",21.599999999999998,1.65,"Visa"]
[25231,"2018-03-26",175.5,null,"Due, Carlos G - MX"]
[25232,"2018-03-26",10.83,0.83]
[25233,"2018-03-26",2,0.15]
[25234,"2018-03-26",-10.28,-0.78]
[25235,"2018-03-26",49.8,3.8,"Due, Busa"]
[25236,"2018-03-26",74.69,5.69]
[25237,"2018-03-26",39,null,"Due, J.Rangel - resale"]
[25238,"2018-03-26",195.93,14.93,"Visa"]
[25239,"2018-03-26",34.64,2.64]
[25240,"2018-03-26",24.84,1.89]
[25241,"2018-03-26",368,null,"Due, Carlos G - MX",{"$f":"+C208+C209+C210+C211+C219+C173","v":972.87000000000012},956.94]
[25242,"2018-03-27",96.83,7.38,"Visa"]
[25243,"2018-03-27",196.13000000000002,7.33,"Due, Douglass"]
[25244,"2018-03-27",8.66,0.66]
[25245,"2018-03-27",275.5,21,"$100 Visa, $175.50 due"]
[25246,"2018-03-27",31.39,2.39]
[25247,"2018-03-27",26.52,2.02,"Visa"]
[25248,"2018-03-27",7.5,0.56999999999999995]
[25249,"2018-03-27",387.54,29.54,"Discover"]
[25250,"2018-03-27",15.16,1.1599999999999999,"Visa"]
[25251,"2018-03-27",172.12,13.12,"$79.12 Visa"]
[25252,"2018-03-27",107,8.16]
[25253,"2018-03-27",62.79,4.79,null,{"$f":"+C223+100+C228+C224+20+C230+79.12+C231","v":921.3},903.66]
[25254,"2018-03-28",106,null,"Due, Carlos G - MX"]
[25255,"2018-03-28",57.1,4.3499999999999996]
[25256,"2018-03-28",134,null,"Due, J.Rangel - resale"]
[25257,"2018-03-28",426.505,32.505000000000003]
[25258,"2018-03-28",382,29.11,"$232 AmExp, Bal Cash",232,227.42]
[25259,"2018-03-29",0,0]
[25260,"2018-03-29",5,0.38,"MC"]
[25261,"2018-03-29",272.2,null,"J.Rangel - resale (Pd 292.20)"]
[25262,"2018-03-29",16.5,1.26,"Visa"]
[25263,"2018-03-29",74.69,5.69,"Visa"]
[25264,"2018-03-29",0,0]
[25265,"2018-03-29",424,32.31,"AmExp (Addl to 25209, 25210)"]
[25266,"2018-03-29",31.39,2.39,"Visa"]
[25267,"2018-03-29",200,null,"AmExp"]
[25268,"2018-03-29",87.68,6.68,"Square"]
[25269,"2018-03-29",21.599999999999998,1.65,"Square"]
[25270,"2018-03-29",76,null,"MC"]
[25271,"2018-03-29",273,20.81,"Due"]
[25272,"2018-03-29",7.58,0.57999999999999996,"Square",{"$f":"264.39+C241+C243+C244+C247+C248+C246+C251","v":1091.97},1070.1099999999999,"$116.86 / $98.45 Square"]
[25273,"2018-03-30",167,12.73]
[25274,"2018-03-30",59.54,4.54]
[25275,"2018-03-30",15.7,1.2,"Square"]
[25276,"2018-03-30",29.8,null,"Due, Border Patrol",null,"`"]
[25277,"2018-03-30",126.11,9.61,"Due"]
[25278,"2018-03-30",27.06,2.06,"Due"]
[25279,"2018-03-30",52.769999999999996,4.0199999999999996,"Square"]
[25280,"2018-03-30",76.86,5.86]
[25281,"2018-03-30",-21.599999999999998,-1.65]
[25282,"2018-03-30",18.399999999999999,1.4,"Square"]
[25283,"2018-03-30",70.25,5.35,"Square"]
[25284,"2018-03-30",21.599999999999998,1.65,"Square"]
[25285,"2018-03-30",48.71,3.71,"Square",0,{"$f":"+F266*0.97831","v":0},"$227.43 Square"]
[25286,"2018-03-31",71.45,5.45,"Square"]
[25287,"2018-03-31",223.54,17.04,"Visa"]
[25288,"2018-03-31",10.83,0.83]
[25289,"2018-03-31",21.65,1.65]
[25290,"2018-03-31",129.9,9.9]
[25291,"2018-03-31",246.81,18.809999999999999,"Visa"]
[25292,"2018-03-31",19.43,1.48,"MC"]
[25293,"2018-03-31",368,28.05,"Square"]
[25294,"2018-03-31",167.5,13.5]
[25295,"2018-03-31",12.99,0.99,null,{"$f":"+C268+C272+175.5+C273","v":665.28},{"$f":"+F276*0.97831","v":650.85007680000001},"$371.45 Square"]
[]
[]
[]
[]
[]
[]
[]
[]
[]
[]
[]
[]
[]
[]
[]
[]
[]
[]
[]
[]
[]
[]
[]
[]
[]
[]
[]
[]
[]
[]
[]
[]
[]
[]
[]
[]
[]
[]
[]
[]
[null,null,null,null,null,null,null,null,{"$f":"H1-WEEKDAY(H1,3)-7","v":"2018-07-09"},{"$f":"SUMIF(INDIRECT(TEXT(I317,\"'mmm-yy'\")&\"!B3:B400\"),I317,INDIRECT(TEXT(I317,\"'mmm-yy'\")&\"!C3:C400\"))","v":1358.07}]
[null,null,null,null,null,null,null,null,{"$f":"I317+1","v":"2018-07-10"},505]
[null,null,null,null,null,null,null,null,"2018-07-11",833.3]
[null,null,null,null,null,null,null,null,"2018-07-12",831.11]
[null,null,null,null,null,null,null,null,"2018-07-13",882.05000000000007]
[null,null,null,null,null,null,null,null,"2018-07-14",3060.02]
[null,null,null,null,null,null,null,null,"2018-07-15",0,{"$f":"SUM(J317:J323)","v":7469.5499999999993}]
[null,null,null,null,null,null,null,null,"2018-07-16",1060.1300000000001]
[null,null,null,null,null,null,null,null,"2018-07-17",793.53]
[null,null,null,null,null,null,null,null,"2018-07-18",681.78]
[null,null,null,null,null,null,null,null,"2018-07-19",46.91]
[null,null,null,null,null,null,null,null,"2018-07-20",1725.1599999999999]
[null,null,null,null,null,null,null,null,"2018-07-21",159]
[null,null,null,null,null,null,null,null,"2018-07-22",0,{"$f":"SUM(J324:J330)","v":4466.51}]

{"sheet":"Feb-18","index":10,"n_rows":195,"n_cols":11,"rows_kept":195,"cut":false,"hidden":false,"merged":[]}
["Invoice",null,{"$f":"SUM(C3:C362)","v":20468.959999999995},{"$f":"SUM(D3:D361)","v":1277.7200000000003},null,{"$f":"SUM(F3:F1351)","v":6036.7800000000016},{"$f":"SUM(G3:G1351)","v":5905.8422418000009},{"$f":"TODAY()","v":"2018-07-20"}]
["Number","Date","Amount","Tax","Terms"]
[24845,"2018-02-01",238.15,18.149999999999999,"Mayhem Handlebars"]
[24846,"2018-02-01",116.37,8.8699999999999992,"Visa"]
[24847,"2018-02-01",350,26.67]
[24848,"2018-02-01",250,19.05]
[24849,"2018-02-01",115.54,null,"Due, J.Rangel - Resale"]
[24850,"2018-02-01",392,29.87,"$180 cash, $212 Visa",{"$f":"+C4+212","v":328.37},{"$f":"+F8*0.97831","v":321.2476547}]
[24851,"2018-02-02",250.27,18.77,"Due, Vespa"]
[24852,"2018-02-02",352.35,26.85,"MC"]
[24853,"2018-02-02",2.7,0.21]
[24854,"2018-02-02",14.07,1.07]
[24855,"2018-02-02",57.21,1.31]
[24856,"2018-02-02",54,4.12,"Visa"]
[24857,"2018-02-02",293,22.33]
[24858,"2018-02-02",9,0.69,"Visa",{"$f":"+C10+C14+C16","v":415.35},{"$f":"+F16*0.97831","v":406.34105850000003}]
[24859,"2018-02-03",320.95999999999998,24.46,"$200 cash, $120.96 Square"]
[24860,"2018-02-03",272.25,20.75,"Square"]
[24861,"2018-02-03",43.3,3.3,"Visa"]
[24862,"2018-02-03",48.71,3.71,"Visa"]
[24863,"2018-02-03",-25,-1.91]
[24864,"2018-02-03",165,12.58]
[24865,"2018-02-03",168.87,12.87,"Visa",{"$f":"+C19+C20+C23","v":260.88},{"$f":"+F23*0.97831","v":255.2215128},"$747.76 Square"]
[24866,"2018-02-05",32.479999999999997,2.48,"Due"]
[24867,"2018-02-05",94.18,7.18,"Square"]
[24868,"2018-02-05",56.29,4.29]
[24869,"2018-02-05",31.65,null,"Due, Carlos G - MX"]
[24870,"2018-02-05",32.479999999999997,2.48]
[24871,"2018-02-05",185,14.1,"Due",0,{"$f":"+F29*0.97831","v":0},"$184.70 Square"]
[24872,"2018-02-06",-28.15,-2.15]
[24873,"2018-02-06",139.63999999999999,10.64]
[24874,"2018-02-06",96.34,7.34,"Visa"]
[24875,"2018-02-06",8.61,0.66]
[24876,"2018-02-06",515,39.25,"$415 due"]
[24877,"2018-02-06",176.99,13.49,"Due"]
[24878,"2018-02-06",285,21.72,"Due, Mark - Dyna"]
[24879,"2018-02-06",58.46,4.46,"Square",{"$f":"136.84+C32","v":233.18},{"$f":"+F37*0.97831","v":228.1223258},"$58.46 Square"]
[24880,"2018-02-07",357.77,27.27,"Square"]
[24881,"2018-02-07",17.5,null,"Due, George - Revolution"]
[24882,"2018-02-07",185.65,14.15,"Due"]
[24883,"2018-02-07",31.39,2.39,"Due"]
[24884,"2018-02-07",20,1.52]
[24885,"2018-02-07",64.95,4.95,"Square"]
[24886,"2018-02-07",75.78,5.78,"Square",0,{"$f":"+F44*0.97831","v":0},"$498.50 Square"]
[24887,"2018-02-08",70.36,5.36,"Square"]
[24888,"2018-02-08",85]
[24889,"2018-02-08",null,null,"Ref only - No charge"]
[24890,"2018-02-08",16.239999999999998,1.24,"Visa",{"$f":"+C48+85+135.58","v":236.82},{"$f":"+F48*0.97831","v":231.6833742},"$70.36 Square"]
[24891,"2018-02-09",null,null,"Dup to Inv 24891"]
[24892,"2018-02-09",29.95,null,"Visa, Border Patrol",{"$f":"+C50+176.99","v":206.94},{"$f":"+F50*0.97831","v":202.4514714}]
[24893,"2018-02-10",70.36,5.36,"Square"]
[24894,"2018-02-10",140.72999999999999,10.73]
[24895,"2018-02-10",21.599999999999998,1.65,"Visa",{"$f":"+C53","v":21.599999999999998},{"$f":"+F53*0.97831","v":21.131495999999999},"$70.36 Square"]
[24896,"2018-02-12",32.479999999999997,2.48,"Square"]
[24897,"2018-02-12",70.36,5.36,"Square"]
[24898,"2018-02-12",208,15.85]
[24899,"2018-02-12",88,null,"Due, Carlos G - MX"]
[24900,"2018-02-12",6.3900000000000006,0.49]
[24901,"2018-02-12",28,null,"Due, Carlos G - MX"]
[24902,"2018-02-12",null,null,"$400 deposit only"]
[24903,"2018-02-12",107.17,8.17,"Square"]
[24904,"2018-02-12",-70.36,-5.36,"Square"]
[24905,"2018-02-12",34.56,2.63,"Square",0,{"$f":"+F63*0.97831","v":0},"$67.04 Square"]
[24906,"2018-02-13",15.16,1.1599999999999999]
[24907,"2018-02-13",27,2.06,null,250.27,{"$f":"+F65*0.97831","v":244.84164370000002}]
[24908,"2018-02-14",227.87,17.37,"Square"]
[24909,"2018-02-14",108.25,8.25,"Due"]
[24910,"2018-02-14",156.96,11.96,"Due, Triumph"]
[24911,"2018-02-14",161.29,12.29,"Visa, $61.29 due"]
[24912,"2018-02-14",39.999999999999993,3.05]
[24913,"2018-02-14",20.509999999999998,1.56]
[24914,"2018-02-14",107.17,8.17,"Visa"]
[24915,"2018-02-14",117.19,5.69,"Square"]
[24916,"2018-02-14",175,13.34]
[24917,"2018-02-14",64,null,"Due, Carlos G - MX"]
[24918,"2018-02-14",124.97,9.52,null,{"$f":"100+185.65+C72","v":392.82},{"$f":"+F76*0.97831","v":384.29973419999999},"$1045.19 Square"]
[24919,"2018-02-15",67.12,5.12]
[24920,"2018-02-15",408.1,31.1,"Visa"]
[24921,"2018-02-15",25.98,1.98]
[24922,"2018-02-15",173.2,13.2,"Square"]
[24923,"2018-02-15",34.96,null,"Due, Border Patrol"]
[24924,"2018-02-15",48.71,3.71,"Visa"]
[24925,"2018-02-15",810,null,"Due, Carlos G - MX",{"$f":"50+C82","v":98.710000000000008},{"$f":"+F83*0.97831","v":96.568980100000005},"$173.20 Square"]
[24926,"2018-02-16",70,null,"Used Part"]
[24927,"2018-02-16",51.96,3.96,"Due, YZF250R"]
[24928,"2018-02-16",43.3,3.3,"Visa"]
[24929,"2018-02-16",21.65,1.65,"Visa"]
[24930,"2018-02-16",210,16.010000000000002]
[24931,"2018-02-16",256,19.510000000000002]
[24932,"2018-02-16",27.06,2.06]
[24933,"2018-02-16",58.400000000000006,4.45,"Visa"]
[24934,"2018-02-16",21.13,1.61,"Square"]
[24935,"2018-02-16",131.52000000000001,10.02,"Visa"]
[24936,"2018-02-16",31.39,2.39,"MC"]
[24937,"2018-02-16",777,null,"Due, Carlos G - MX",{"$f":"+C87+C91+C93+C94+C86","v":286.26000000000005},{"$f":"+F95*0.97831","v":280.05102060000007},"$249.00 / $209.78 Square"]
[24938,"2018-02-17",195.39,14.89,"Visa"]
[24939,"2018-02-17",8.61,0.66,"Visa"]
[24940,"2018-02-17",533.66999999999996,40.67,"AmExp"]
[24941,"2018-02-17",189,14.4,"Visa"]
[24942,"2018-02-17",51.96,3.96,"Visa"]
[24943,"2018-02-17",5,0.38]
[24944,"2018-02-17",10.77,0.82]
[24945,"2018-02-17",266.83999999999997,20.34,"Visa"]
[24946,"2018-02-17",10,null,"Used Part"]
[24947,"2018-02-17",49.8,3.8,"MC"]
[24948,"2018-02-17",51,null,"Due, George - Revolution",{"$f":"+C96+C98+C99+C100+C103+C97+C105","v":1295.2699999999998},{"$f":"+F106*0.97831","v":1267.1755936999998}]
[24949,"2018-02-19",299.31,22.81,"Visa"]
[24950,"2018-02-19",9.69,0.74,"Visa"]
[24951,"2018-02-19",5,null,"Used Part"]
[24952,"2018-02-19",8,null,"Used Part"]
[24953,"2018-02-19",70,5.34,"Visa"]
[24954,"2018-02-19",99.59,7.59]
[24955,"2018-02-19",212,15.15]
[24956,"2018-02-19",0,0,"MC"]
[24957,"2018-02-19",177.75,null,"J.Rangel - Resale"]
[24958,"2018-02-19",20.25,null,"J.Rangel - Resale",{"$f":"+C107+C108+C111+359","v":738},{"$f":"+F116*0.97831","v":721.99278000000004}]
[24959,"2018-02-20",11.91,0.91]
[24960,"2018-02-20",304.72000000000003,23.22,"Square"]
[24961,"2018-02-20",29,null,"Visa"]
[24962,"2018-02-20",162.75,12.4,"Visa"]
[24963,"2018-02-20",10.83,0.83]
[24964,"2018-02-20",118,null,"Due, Carlos G - MX"]
[24965,"2018-02-20",12.99,0.99]
[24966,"2018-02-20",151.55000000000001,11.55,"Visa"]
[24967,"2018-02-20",274.95999999999998,20.96,"Due",{"$f":"34.96+C119+C120+C124","v":378.26},{"$f":"+F125*0.97831","v":370.05554059999997}]
[24968,"2018-02-21",384,null,"Due, Carlos G - MX"]
[24969,"2018-02-21",22,null,"MC, Continental Power"]
[24970,"2018-02-21",82.27,6.27,"Visa"]
[24971,"2018-02-21",7.58,0.57999999999999996]
[24972,"2018-02-21",234.9,17.899999999999999]
[24973,"2018-02-21",363.1,27.67,"$198 Bal Due"]
[24974,"2018-02-21",21,null,"Due, George - Revolution",{"$f":"+C127+C128","v":104.27},{"$f":"+F132*0.97831","v":102.0083837}]
[24975,"2018-02-22",163.46,12.46]
[24976,"2018-02-22",179.7,13.7,"Visa"]
[24977,"2018-02-22",106.35,null,"Due, J.Rangel - Resale"]
[24978,"2018-02-22",16.239999999999998,1.24,"MC"]
[24979,"2018-02-22",180,null,"Due, Carlos G - MX"]
[24980,"2018-02-22",184.03,14.03,"Due, Jaime"]
[24981,"2018-02-22",110,8.3800000000000008,"Trade, Brandon"]
[24982,"2018-02-22",105,8,"Visa",{"$f":"70+C136+C140","v":191.24},{"$f":"+F140*0.97831","v":187.09200440000001},"$304.72 Square"]
[24983,"2018-02-23",17,null,"Due, George - Revolution"]
[24984,"2018-02-23",60,4.57]
[24985,"2018-02-23",110.04,8.39]
[24986,"2018-02-23",-43.3,-3.3,"Ref Inv 24940"]
[24987,"2018-02-23",36.53,2.78,"Discover"]
[24988,"2018-02-23",58.46,4.46,null,null,null,null,{"$f":"70000*0.0825","v":5775},"gross"]
[24989,"2018-02-23",34.589999999999996,2.64,null,null,null,null,{"$f":"+I146/2","v":2887.5},"less labor"]
[24990,"2018-02-23",105.53999999999999,8.0399999999999991,null,null,null,null,{"$f":"+I147*0.75","v":2165.625},"less tax free"]
[24991,"2018-02-23",5,0.38]
[24992,"2018-02-23",74.69,5.69,null,null,null,null,17155,"gross"]
[24993,"2018-02-23",1,0.08,null,{"$f":"+C145","v":36.53},{"$f":"+F151*0.97831","v":35.737664299999999},null,{"$f":"+I150*0.71","v":12180.05},"taxable",{"$f":"17155-12180","v":4975}]
[24994,"2018-02-24",59.54,4.54,null,null,null,null,{"$f":"+I151*0.0825","v":1004.854125},"due"]
[24995,"2018-02-24",9.74,0.74]
[24996,"2018-02-24",40,3.05,"Due"]
[24997,"2018-02-24",34,null,"Due, George - Revolution"]
[24998,"2018-02-24",-25.98,-1.98,"Hold for credit"]
[24999,"2018-02-24",16.239999999999998,1.24]
[25000,"2018-02-24",93.1,7.1,"MC",{"$f":"+C158+40","v":133.1},{"$f":"+F158*0.97831","v":130.21306099999998}]
[25001,"2018-02-26",60,null,"Visa, Owe $100 to cust."]
[25002,"2018-02-26",131.42000000000002,10.02,"Square"]
[25003,"2018-02-26",48.6,3.7,"Discover"]
[25004,"2018-02-26",5,0.38]
[25005,"2018-02-26",178.56,13.61,null,{"$f":"160+C161","v":208.6},{"$f":"+F163*0.97831","v":204.07546600000001},"$131.42 Square"]
[25006,"2018-02-27",331.79,25.29,"$131.79 due"]
[25007,"2018-02-27",174,13.26,"Due"]
[25008,"2018-02-27",62.68,4.78,"Square"]
[25009,"2018-02-27",208,15.85]
[25010,"2018-02-27",682,51.98,"$580 due"]
[25011,"2018-02-27",5,0.38]
[25012,"2018-02-27",200,15.24]
[25013,"2018-02-27",45.47,3.47,"Square"]
[25014,"2018-02-27",27,2.06]
[25015,"2018-02-27",114.75,8.75,"Visa",{"$f":"+C173","v":114.75},{"$f":"+F173*0.97831","v":112.2610725},"$105.15 Square"]
[25016,"2018-02-28",33.56,2.56,"Discover"]
[25017,"2018-02-28",30,null,"Used - No Tax"]
[25018,"2018-02-28",72,5.49,"Visa"]
[25019,"2018-02-28",180,null,"Revolution - Resale"]
[25020,"2018-02-28",85.52,6.52]
[25021,"2018-02-28",120,9.15,null,{"$f":"+C174+C176","v":105.56},{"$f":"+F179*0.97831","v":103.27040360000001}]
[]
[]
[null,null,null,null,null,null,null,null,{"$f":"H1-WEEKDAY(H1,3)-7","v":"2018-07-09"},{"$f":"SUMIF(INDIRECT(TEXT(I182,\"'mmm-yy'\")&\"!B3:B400\"),I182,INDIRECT(TEXT(I182,\"'mmm-yy'\")&\"!C3:C400\"))","v":1358.07}]
[null,null,null,null,null,null,null,null,{"$f":"I182+1","v":"2018-07-10"},505]
[null,null,null,null,null,null,null,null,{"$f":"I183+1","v":"2018-07-11"},833.3]
[null,null,null,null,null,null,null,null,"2018-07-12",831.11]
[null,null,null,null,null,null,null,null,"2018-07-13",882.05000000000007]
[null,null,null,null,null,null,null,null,"2018-07-14",3060.02]
[null,null,null,null,null,null,null,null,"2018-07-15",0,{"$f":"SUM(J182:J188)","v":7469.5499999999993}]
[null,null,null,null,null,null,null,null,"2018-07-16",1060.1300000000001]
[null,null,null,null,null,null,null,null,"2018-07-17",793.53]
[null,null,null,null,null,null,null,null,"2018-07-18",681.78]
[null,null,null,null,null,null,null,null,"2018-07-19",46.91]
[null,null,null,null,null,null,null,null,"2018-07-20",1725.1599999999999]
[null,null,null,null,null,null,null,null,"2018-07-21",159]
[null,null,null,null,null,null,null,null,"2018-07-22",0,{"$f":"SUM(J189:J195)","v":4466.51}]

{"sheet":"Jan-18","index":11,"n_rows":196,"n_cols":11,"rows_kept":196,"cut":false,"hidden":false,"merged":[]}
["Invoice",null,{"$f":"SUM(C3:C366)","v":21389.819999999996},{"$f":"SUM(D3:D366)","v":1217.78},null,{"$f":"SUM(F3:F1191)","v":5185.75},{"$f":"SUM(G3:G1191)","v":5072.0713683999993},{"$f":"TODAY()","v":"2018-07-20"}]
["Number","Date","Amount","Tax","Terms"]
[24667,"2018-01-02",7.5200000000000005,0.56999999999999995]
[24668,"2018-01-02",9.74,0.74]
[24669,"2018-01-02",232,null,"Due, Carlos G - resale MX",0,{"$f":"+F5*0.97831","v":0}]
[24670,"2018-01-03",22,null,"Due, Revolution - Resale"]
[24671,"2018-01-03",173.2,13.2]
[24672,"2018-01-03",30,null,"Due, Carlos G - resale MX",0,{"$f":"+F8*0.97831","v":0}]
[24673,"2018-01-04",29.96,null,"Square, Border Patrol"]
[24674,"2018-01-04",97,7,"Square, Border Patrol"]
[24675,"2018-01-04",69.23,5.28]
[24676,"2018-01-04",55,4.1900000000000004]
[24677,"2018-01-04",8.66,0.66]
[24678,"2018-01-04",25.98,1.98]
[24679,"2018-01-04",6.5,0.5,"Due"]
[24680,"2018-01-04",96.34,7.34,"Square",0,{"$f":"+F16*0.97831","v":0},"$223.30 Square"]
[24681,"2018-01-05",198.04,15.09,"Square"]
[24682,"2018-01-05",19.38,1.48]
[24683,"2018-01-05",2.7,0.21]
[24684,"2018-01-05",19.43,1.48]
[24685,"2018-01-05",444.84999999999997,33.9,"Square, $104.85 due"]
[24686,"2018-01-05",30.63,null,"Due, ESG Customs",0,{"$f":"+F22*0.97831","v":0},"$340.00 / $286.45 Square"]
[24687,"2018-01-06",198.64,15.14,"Square, $98.64 due"]
[24688,"2018-01-06",129.9,9.9]
[24689,"2018-01-06",267,20.36]
[24690,"2018-01-06",14.02,1.07]
[24691,"2018-01-06",461.15,35.15,"$261.15 due",0,{"$f":"+F27*0.97831","v":0},"$298.04 / $251.09 Square"]
[24692,"2018-01-08",500,38.11,"Check, $200. due"]
[24693,"2018-01-08",260,19.82,"$120. due"]
[24694,"2018-01-08",21.599999999999998,1.65]
[24695,"2018-01-08",65,4.95,"Square"]
[24696,"2018-01-08",87.09,6.64,"Square"]
[24697,"2018-01-08",24.9,1.9]
[24698,"2018-01-08",255.47,19.47,"Square"]
[24699,"2018-01-08",-6.910000000000001,-0.53,"Trade, Chevo"]
[24700,"2018-01-08",128.82,9.82,"Square",0,{"$f":"+F36*0.97831","v":0},"$600.87 / $506.24 Square"]
[24701,"2018-01-09",27,2.06]
[24702,"2018-01-09",8.66,0.66]
[24703,"2018-01-09",143.97,10.97,"Square"]
[24704,"2018-01-09",30.31,2.31,"Square"]
[24705,"2018-01-09",219.21,16.71,"Check"]
[24706,"2018-01-09",11,0.84]
[24707,"2018-01-09",238.15,18.149999999999999,"Square"]
[24708,"2018-01-09",32,2.44,"Square"]
[24709,"2018-01-09",8.66,0.66]
[24710,"2018-01-09",63,4.8]
[24711,"2018-01-09",48.71,3.71,"Due"]
[24712,"2018-01-09",5.41,0.41]
[24713,"2018-01-09",10.77,0.82,"Square"]
[24714,"2018-01-09",89.63,6.83,"Square",0,{"$f":"+F50*0.97831","v":0},"$1231.33 / $1037.39 Square"]
[24715,"2018-01-10",101.76,7.76,"Square"]
[24716,"2018-01-10",248.98,18.98,"Visa"]
[24717,"2018-01-10",38.97,2.97,"Square"]
[24718,"2018-01-10",108.25,8.25,"Due"]
[24719,"2018-01-10",134.22999999999999,10.23,"Visa"]
[24720,"2018-01-10",8.66,0.66,"Square"]
[24721,"2018-01-10",272.30999999999995,20.76,"Square (from $580 on 8th)",{"$f":"+C55+C52","v":383.21},375.55,"$149.39 / $125.85 Square"]
[24722,"2018-01-11",29.23,2.23]
[24723,"2018-01-11",80.11,6.11,"Visa"]
[24724,"2018-01-11",28.69,2.19,"Visa"]
[24725,"2018-01-11",57.37,4.37,"Visa"]
[24726,"2018-01-11",274.41000000000003,20.91,"Square"]
[24727,"2018-01-11",262.08999999999997,15.59,"Visa, Warranty"]
[24728,"2018-01-11",6.5,0.5,"Due"]
[24729,"2018-01-11",145.06,11.06]
[24730,"2018-01-11",56,null,"Due, Carlos G - resale MX",{"$f":"+C59+C60+98.64+C61+C63","v":526.9},513.62,"$200.00 / $168.50 Square"]
[24731,"2018-01-12",26.1,null,"Due, Border Patrol"]
[24732,"2018-01-12",105.53999999999999,8.0399999999999991,"Visa"]
[24733,"2018-01-12",8,0.61]
[24734,"2018-01-12",56.29,4.29,"Visa"]
[24735,"2018-01-12",12,0.91,"MC"]
[24736,"2018-01-12",46,1.91,"MC"]
[24737,"2018-01-12",204.59,15.59,"MC"]
[24738,"2018-01-12",85,6.48]
[24739,"2018-01-12",35,null,"Continental Power - resale"]
[24740,"2018-01-12",32,null,"Due, Revolution - Resale"]
[24741,"2018-01-12",162.38,12.38,"MC"]
[24742,"2018-01-12",120.8,null,"Due, J.Rangel - Resale"]
[24743,"2018-01-12",392.57,29.92,"Visa",{"$f":"+C68+C70+C71+C72+C73+C77","v":586.79999999999995},{"$f":"+F79*0.97831","v":574.07230799999991}]
[24744,"2018-01-13",5.41,0.41]
[24745,"2018-01-13",8.61,0.66,"Square"]
[24746,"2018-01-13",424.34000000000003,32.340000000000003,"Square"]
[24747,"2018-01-13",25,1.91,"Square"]
[24748,"2018-01-13",159,12.12]
[24749,"2018-01-13",385,29.34,"Square"]
[24750,"2018-01-13",17.32,1.32,"Visa"]
[24751,"2018-01-13",225.16,17.16,"Visa"]
[24752,"2018-01-13",24.9,1.9,null,{"$f":"438.77+C86+C87","v":681.25},{"$f":"+F88*0.97831","v":666.47368749999998},"$842.95 / $710.18 Square"]
[24753,"2018-01-15",344.24,26.24,"MC"]
[24754,"2018-01-15",2000,null,"Deposit Only"]
[24755,"2018-01-15",25,1.91,"MC"]
[24756,"2018-01-15",218.17,16.8,"PayPal, Sjon Clinton",{"$f":"+C89+C91","v":369.24},{"$f":"+F92*0.97831","v":361.23118440000002}]
[24757,"2018-01-16",247.35,18.850000000000001,"Due"]
[24758,"2018-01-16",243,18.52,"Due"]
[24759,"2018-01-16",32,null,"Visa"]
[24760,"2018-01-16",596,null,"Due, Carlos G - resale MX"]
[24761,"2018-01-16",47.63,3.63,"Check"]
[24762,"2018-01-16",93,null,"Due, Brant",{"$f":"+C95","v":32},{"$f":"+F98*0.97831","v":31.30592}]
[24763,"2018-01-17",46,null,"Due, Carlos G - resale MX",0,{"$f":"+F99*0.97831","v":0}]
[24764,"2018-01-18",18.940000000000001,1.44,"MC"]
[24765,"2018-01-18",10.83,0.83]
[24766,"2018-01-18",16.239999999999998,1.24]
[24767,"2018-01-18",442.74,33.74,"Due",{"$f":"+C100","v":18.940000000000001},{"$f":"+F103*0.97831","v":18.529191400000002}]
[24768,"2018-01-19",9.69,0.74,"MC"]
[24769,"2018-01-19",189.38,14.43,"Square"]
[24770,"2018-01-19",21.599999999999998,1.65,"MC"]
[24771,"2018-01-19",0,0,"Ref Only, J.Rangel",{"$f":"+C104+39.38+C106","v":70.67},{"$f":"+F107*0.97831","v":69.137167700000006}]
[24772,"2018-01-20",52.99,4.04,"Visa"]
[24773,"2018-01-20",14.07,1.07,"Visa"]
[24774,"2018-01-20",70.36,5.36,"Visa"]
[24775,"2018-01-20",34.589999999999996,2.64]
[24776,"2018-01-20",55.3,3.3,"Due"]
[24777,"2018-01-20",113.61,8.66,"$63.61 due"]
[24778,"2018-01-20",59.54,4.54,"Visa"]
[24779,"2018-01-20",394.03,30.03,"Due, GSX-R750"]
[24780,"2018-01-21",13.53,1.03,null,{"$f":"+C108+74.41+C109+300+C110+C114","v":571.37},{"$f":"+F116*0.97831","v":558.9769847}]
[24781,"2018-01-22",43.52,3.32,"Visa"]
[24782,"2018-01-22",10,0.76]
[24783,"2018-01-22",69.000000000000014,5.26]
[24784,"2018-01-22",11,0.84,null,{"$f":"+C117-0.01","v":43.510000000000005},{"$f":"+F120*0.97831","v":42.566268100000002}]
[24785,"2018-01-23",89,null,"Due, Carlos G - resale MX"]
[24786,"2018-01-23",14,null,"Due, Revolution - Resale"]
[24787,"2018-01-23",29.96,null,"Due, Border Patrol",0,{"$f":"+F123*0.97831","v":0}]
[24788,"2018-01-24",101.4,null,"Due, Carlos G - resale MX"]
[24789,"2018-01-24",20,1.52]
[24790,"2018-01-24",21.65,1.65]
[24791,"2018-01-24",96.56,7.36,"Discover"]
[24792,"2018-01-24",21.65,1.65,"Visa"]
[24793,"2018-01-24",86.199999999999989,6.57]
[24794,"2018-01-24",null,null,"Due, Carlos G - resale MX"]
[24795,"2018-01-24",50,null,"Due, Revolution - Resale",{"$f":"+C127+C128+C123+C67","v":174.27},{"$f":"+F131*0.97831","v":170.49008370000001}]
[24796,"2018-01-25",3,null,"Due, Revolution - Resale"]
[24797,"2018-01-25",48,null,"Due, Revolution - Resale"]
[24798,"2018-01-25",96.34,7.34]
[24799,"2018-01-25",48.71,3.71]
[24800,"2018-01-25",138,null,"Due, Carlos G - resale MX"]
[24801,"2018-01-25",21.5,null,"Due, Carlos G - resale MX"]
[24802,"2018-01-25",43.3,3.3,"AmExp"]
[24803,"2018-01-25",20.509999999999998,1.56]
[24804,"2018-01-25",115.97,8.84]
[24805,"2018-01-25",266.83999999999997,20.34,"Visa, $136.84 due"]
[24806,"2018-01-25",173.2,13.2,"AmExp"]
[24807,"2018-01-25",75,null,"Due",{"$f":"+C138+130+C142","v":346.5},{"$f":"+F143*0.97831","v":338.98441500000001}]
[24808,"2018-01-26",174.82,13.32,"MC"]
[24809,"2018-01-26",37.89,2.89,"Visa"]
[24810,"2018-01-26",165.62,12.62,"Visa"]
[24811,"2018-01-26",107.17,8.17,"Visa"]
[24812,"2018-01-26",43.3,3.3]
[24813,"2018-01-26",114.75,8.75]
[24814,"2018-01-26",590,44.97,"$290 Due"]
[24815,"2018-01-26",80,6.1,null,{"$f":"+C144+C145+C146+C147","v":485.5},{"$f":"+F151*0.97831","v":474.96950500000003}]
[24816,"2018-01-27",50.88,3.88]
[24817,"2018-01-27",38.97,2.97,"Due, Dirt Bike Whl"]
[24818,"2018-01-27",535.84,40.840000000000003,"Square"]
[24819,"2018-01-27",15.16,1.1599999999999999]
[24820,"2018-01-27",37.89,2.89,"Visa"]
[24821,"2018-01-27",31,null,"Due, J.Rangel - Resale"]
[24822,"2018-01-27",25,1.91]
[24823,"2018-01-27",12.5,0.95,"Square"]
[24824,"2018-01-27",10.83,0.83]
[24825,"2018-01-27",208.16000000000003,15.86,null,{"$f":"+C156+43.61+51.08","v":132.57999999999998},{"$f":"+F161*0.97831","v":129.70433979999999},"$548.34 Square"]
[24826,"2018-01-29",21.599999999999998,1.65,"AmExp"]
[24827,"2018-01-29",264.67,20.170000000000002,"Check"]
[24828,"2018-01-29",85.52,6.52,"Visa"]
[24829,"2018-01-29",150.47,11.47,"Visa"]
[24830,"2018-01-29",96.34,7.34,"MC"]
[24831,"2018-01-29",40.049999999999997,3.05,"Visa"]
[24832,"2018-01-29",7.5,0.56999999999999995]
[24833,"2018-01-29",14.02,1.07,"Visa"]
[24834,"2018-01-29",318,null,"Due, Carlos G - resale MX"]
[24835,"2018-01-29",null,null,"Due, Carlos G - resale MX"]
[24836,"2018-01-29",928,null,"Due"]
[24837,"2018-01-29",29.96,null,"Border Patrol - No tax, Visa",{"$f":"+C162+C164+C165+C166+C167+C169","v":407.99999999999994},{"$f":"+F173*0.97831","v":399.15047999999996}]
[24838,"2018-01-30",40.590000000000003,3.09]
[24839,"2018-01-30",190.52,14.52,"$90.52 Due"]
[24840,"2018-01-30",161.83000000000001,12.33]
[24841,"2018-01-30",22.65,null,"Due, J.Rangel - Resale"]
[24842,"2018-01-30",225.05,17.149999999999999,"Due",100,{"$f":"+F178*0.97831","v":97.831000000000003}]
[24843,"2018-01-31",16.18,1.23]
[24844,"2018-01-31",38,null,"Due, J.Rangel - Resale",{"$f":"+C178+C173","v":255.01000000000002},{"$f":"+F180*0.97831","v":249.47883310000003}]
[]
[]
[null,null,null,null,null,null,null,null,{"$f":"H1-WEEKDAY(H1,3)-7","v":"2018-07-09"},{"$f":"SUMIF(INDIRECT(TEXT(I183,\"'mmm-yy'\")&\"!B3:B400\"),I183,INDIRECT(TEXT(I183,\"'mmm-yy'\")&\"!C3:C400\"))","v":1358.07}]
[null,null,null,null,null,null,null,null,{"$f":"I183+1","v":"2018-07-10"},505]
[null,null,null,null,null,null,null,null,{"$f":"I184+1","v":"2018-07-11"},833.3]
[null,null,null,null,null,null,null,null,"2018-07-12",831.11]
[null,null,null,null,null,null,null,null,"2018-07-13",882.05000000000007]
[null,null,null,null,null,null,null,null,"2018-07-14",3060.02]
[null,null,null,null,null,null,null,null,"2018-07-15",0,{"$f":"SUM(J183:J189)","v":7469.5499999999993}]
[null,null,null,null,null,null,null,null,"2018-07-16",1060.1300000000001]
[null,null,null,null,null,null,null,null,"2018-07-17",793.53]
[null,null,null,null,null,null,null,null,"2018-07-18",681.78]
[null,null,null,null,null,null,null,null,"2018-07-19",46.91]
[null,null,null,null,null,null,null,null,"2018-07-20",1725.1599999999999]
[null,null,null,null,null,null,null,null,"2018-07-21",159]
[null,null,null,null,null,null,null,null,"2018-07-22",0,{"$f":"SUM(J190:J196)","v":4466.51}]

{"sheet":"Dec-17","index":12,"n_rows":166,"n_cols":11,"rows_kept":166,"cut":false,"hidden":false,"merged":[]}
["Invoice",null,{"$f":"SUM(C3:C334)","v":18646.323374999996},{"$f":"SUM(D3:D333)","v":1346.1133750000001},null,{"$f":"SUM(F3:F976)","v":8308.2381249999999},{"$f":"SUM(G3:G976)","v":8143.436586168752},{"$f":"TODAY()","v":"2018-07-20"}]
["Number","Date","Amount","Tax","Terms"]
[24516,"2017-12-01",796.18,60.68,"MC, $46.18 due (12/15)"]
[24517,"2017-12-01",88.77,6.77]
[24518,"2017-12-01",156.41999999999999,11.92]
[24519,"2017-12-01",260,19.809999999999999,"Visa"]
[24520,"2017-12-01",143.97,10.97,"Square"]
[24521,"2017-12-01",63.87,4.87,"Square"]
[24522,"2017-12-01",129.9,9.9,"Square"]
[24523,"2017-12-01",58.35,4.45,"Square"]
[24524,"2017-12-01",35,null,"Continental - resale",{"$f":"250+C6","v":510},501.29,"$252.12 / $212.41 Square"]
[24525,"2017-12-02",131.52000000000001,10.02,"Due"]
[24526,"2017-12-02",10,0.76]
[24527,"2017-12-02",64.95,4.95,"Visa"]
[24528,"2017-12-02",21.599999999999998,1.65]
[24529,"2017-12-02",24,null,"Visa"]
[24530,"2017-12-02",299.85000000000002,22.85,"MC"]
[24531,"2017-12-02",15.75,null,"Due",{"$f":"+C14+C16+C17","v":388.8},381.77,"$143.97 / $121.29 Square"]
[24532,"2017-12-04",233.28,17.78,"Visa"]
[24533,"2017-12-04",259.69,19.79,"Square"]
[24534,"2017-12-04",122.32,9.32,"MC"]
[24535,"2017-12-04",20,1.52]
[24536,"2017-12-04",16,1.22]
[24537,"2017-12-04",245.99812500000002,18.748125000000002,"Visa",{"$f":"+C19+C21+C24","v":601.59812499999998},{"$f":"+F24*0.97831","v":588.54946166875004},"$483.77 / $407.58 Square"]
[24538,"2017-12-05",112.58,8.58,"Due, Oscar"]
[24539,"2017-12-05",40,3.04]
[24540,"2017-12-05",67.12,5.12]
[24541,"2017-12-05",9.69,0.74]
[24542,"2017-12-05",14,1.07]
[24543,"2017-12-05",40,3.05]
[24544,"2017-12-05",86.55,6.6,"Visa"]
[24545,"2017-12-05",37.89,2.89,"Due",{"$f":"217.17+C31","v":303.71999999999997},{"$f":"+F32*0.97831","v":297.1323132},"$243.00 / $204.73 Square"]
[24546,"2017-12-06",56.29,4.29,"Visa"]
[24547,"2017-12-06",25.8,null,"Visa, Border Patrol"]
[24548,"2017-12-06",14,1.07]
[24549,"2017-12-06",450,34.299999999999997,"Due"]
[24550,"2017-12-06",10,0.76,"Visa"]
[24551,"2017-12-06",288,null,"Due, Revolution - resale"]
[24552,"2017-12-06",40.5,null,"Due, Revolution - resale"]
[24553,"2017-12-06",100,7.62,"Visa"]
[24554,"2017-12-06",5,0.38]
[24555,"2017-12-06",60,null,"Due, Carlos G - MX Resale",{"$f":"+C33+C34+C37+C40","v":192.09},{"$f":"+F42*0.97831","v":187.92356789999999}]
[24556,"2017-12-07",8.66,0.66,"Visa",{"$f":"+C32+C43","v":46.55},{"$f":"+F43*0.97831","v":45.540330499999996}]
[24557,"2017-12-08",48.6,3.7,"Square"]
[24558,"2017-12-08",-17.32,-1.32,"Due"]
[24559,"2017-12-08",172.12,13.12,"Visa",90,{"$f":"+F46*0.97831","v":88.047899999999998},"$48.60 Square"]
[24560,"2017-12-09",51.96,3.96]
[24561,"2017-12-09",29.23,2.23,"Visa"]
[24562,"2017-12-09",43.3,3.3,"Visa"]
[24563,"2017-12-09",16.239999999999998,1.24,"Visa"]
[24564,"2017-12-09",281.45,21.45,"MC"]
[24565,"2017-12-09",null,null,"Refunded"]
[24566,"2017-12-09",96.34,7.34,"Square"]
[24567,"2017-12-09",146.68,11.18,"Visa",{"$f":"+C48+C49+139.7+C54","v":358.90999999999997},{"$f":"+F54*0.97831","v":351.12524209999998},"$96.34 Square"]
[24568,"2017-12-11",164.54,12.54,"$77.12 due"]
[24569,"2017-12-11",10,0.76]
[24570,"2017-12-11",16.239999999999998,1.24,"Visa"]
[24571,"2017-12-11",246.81,18.809999999999999,"$160. Square",{"$f":"388.13+C57","v":404.37},{"$f":"+F58*0.97831","v":395.5992147},"$160.00 Square"]
[24572,"2017-12-12",137.47999999999999,10.48,"Visa"]
[24573,"2017-12-12",149,null,"Due, Revolution - resale"]
[24574,"2017-12-12",8.66,0.66,"Visa"]
[24575,"2017-12-12",64.900000000000006,4.95,"Square",{"$f":"+C59+C61","v":146.13999999999999},{"$f":"+F62*0.97831","v":142.97022339999998},"$64.90 Square"]
[24576,"2017-12-13",232.11,17.690000000000001,"Visa"]
[24577,"2017-12-13",31.75,null,"Due, Revolution - resale"]
[24578,"2017-12-13",5,0.38,"Visa"]
[24579,"2017-12-13",542.33000000000004,41.33,"Visa"]
[24580,"2017-12-13",531.51,40.51,"$231.51 Square"]
[24581,"2017-12-13",9.9599999999999991,0.76,"AmExp"]
[24582,"2017-12-13",20,null,"McAllen MS - Resale"]
[24583,"2017-12-13",51.910000000000004,3.96,"Visa",{"$f":"+C63+C65+153.85+C66+C68+C70","v":995.16000000000008},{"$f":"+F70*0.97831","v":973.57497960000012}]
[24584,"2017-12-14",480.09000000000003,36.590000000000003,"Due (Total $752.60)"]
[24585,"2017-12-14",472.51,36.01,"$200 Check (see 24584)"]
[24586,"2017-12-14",428,32.619999999999997,"Due, Honda Shadow"]
[24587,"2017-12-14",29.23,2.23,"Visa"]
[24588,"2017-12-14",21.65,1.65]
[24589,"2017-12-14",74.69,5.69,"Due (Kyle, I owe him)"]
[24590,"2017-12-14",257.08999999999997,19.59,"Visa"]
[24591,"2017-12-14",60.46,4.6100000000000003,"Visa"]
[24592,"2017-12-14",60,null,"MC, Xtreem - resale"]
[24593,"2017-12-14",96.34,7.34,"Visa",{"$f":"82.12+C74+C77+C78+500+C80","v":1025.24},{"$f":"+F80*0.97831","v":1003.0025444}]
[24594,"2017-12-15",238.15,18.149999999999999,"Due"]
[24595,"2017-12-15",56.29,4.29,"MC"]
[24596,"2017-12-15",4.0052500000000002,0.30525000000000002]
[24597,"2017-12-15",386.45,29.45,"Visa, $166.45 due",{"$f":"+C82+220","v":276.29000000000002},274.22000000000003]
[24598,"2017-12-16",415.68,31.68]
[24599,"2017-12-16",35.67,2.72]
[24600,"2017-12-16",73,5.56,"MC",{"$f":"+C87+C79","v":133},129.81,"$231.51 / $195.04 Square"]
[24601,"2017-12-18",5.41,0.41]
[24602,"2017-12-18",96.34,7.34,"Visa"]
[24603,"2017-12-18",234.9,17.899999999999999]
[24604,"2017-12-18",27.06,2.06,"Visa"]
[24605,"2017-12-18",22.57,1.72,"Visa"]
[24606,"2017-12-18",212.71,16.21,"Visa"]
[24607,"2017-12-18",11.91,0.91]
[24608,"2017-12-18",265.10000000000002,20.2,"Visa"]
[24609,"2017-12-18",16.239999999999998,1.24]
[24610,"2017-12-18",205,null,"Due, J.Rangel - resale",{"$f":"+C89+C91+C92+C93+200","v":558.68000000000006},551.69000000000005]
[24611,"2017-12-19",24.88,1.9,"Visa"]
[24612,"2017-12-19",276.47000000000003,21.07,"Visa"]
[24613,"2017-12-19",31.39,2.39,"Discover"]
[24614,"2017-12-19",44.38,3.38]
[24615,"2017-12-19",32.479999999999997,2.48]
[24616,"2017-12-19",25.8,null,"Due, Border Patrol"]
[24617,"2017-12-19",530,40.39]
[24618,"2017-12-19",156.96,11.96,"Due"]
[24619,"2017-12-19",8.85,null,"J.Rangel - resale",{"$f":"+C98+C100+135","v":191.26999999999998},188.98]
[24620,"2017-12-20",23.82,1.82,"Visa"]
[24621,"2017-12-20",92,null,"Due, Carlos G - MX Resale"]
[24622,"2017-12-20",21.65,1.65,"Visa"]
[24623,"2017-12-20",335.58,25.58,"Visa, $135.58 (Est) Due"]
[24624,"2017-12-20",24.999999999999996,1.9,"Visa"]
[24625,"2017-12-20",936.36,71.36,"Trade ($200 or $250), Chevo"]
[24626,"2017-12-20",440,33.53,"Est $280 due"]
[24627,"2017-12-20",252.76,19.260000000000002,"Visa"]
[24628,"2017-12-20",27.06,2.06,null,{"$f":"+C107+C103+C109+200+C111+120","v":416.27},407.18]
[24629,"2017-12-21",51.36,null,"Visa, ESG Customs - resale"]
[24630,"2017-12-21",20.55,1.57,"Visa"]
[24631,"2017-12-21",42.160000000000004,3.21]
[24632,"2017-12-21",95,7.24,"Due"]
[24633,"2017-12-21",152,11.58,"$97 Due",{"$f":"+C116+C117+C99","v":348.38},341.93]
[24634,"2017-12-22",13.860000000000001,1.06]
[24635,"2017-12-22",16.18,1.23]
[24636,"2017-12-22",123,9.3699999999999992]
[24639,"2017-12-22",269.53999999999996,20.54]
[24640,"2017-12-22",72.47,5.52,"Square",434.69,{"$f":"+F125*0.97831","v":425.26157390000003},"$269.54 / $227.09 Square"]
[24641,"2017-12-23",35,2.67,"Due",0,{"$f":"+F126*0.97831","v":0}]
[24642,"2017-12-26",200,15.24]
[24643,"2017-12-26",240,18.29,"Due"]
[24644,"2017-12-26",35.72,2.72,"MC"]
[24645,"2017-12-26",25.8,null,"Due, Border Patrol"]
[24646,"2017-12-26",29.4,null,"Due, Border Patrol",{"$f":"+C129","v":35.72},{"$f":"+F131*0.97831","v":34.945233199999997}]
[24647,"2017-12-27",0,null,"Save"]
[24648,"2017-12-27",4.67,null,"Due, ESG Customs - resale",{"$f":"+C130+C131+190","v":245.2},{"$f":"+F133*0.97831","v":239.88161199999999},"($180 Big Jon)"]
[24649,"2017-12-28",5.41,0.41]
[24650,"2017-12-28",26.93,21.45,"Rosie, Ref only"]
[24651,"2017-12-28",16.239999999999998,1.24,"Visa"]
[24652,"2017-12-28",23.82,1.82]
[24653,"2017-12-28",48.71,3.71,"Discover"]
[24654,"2017-12-28",42,3.2,"Visa"]
[24655,"2017-12-28",508.19,37.19]
[24656,"2017-12-28",76.75,5.85,"Square",{"$f":"+C136+C138+C139","v":106.95},{"$f":"+F141*0.97831","v":104.63025450000001}]
[24657,"2017-12-29",117.99,8.99,"Square"]
[24658,"2017-12-29",141.27000000000001,10.77,"Due, Morphous"]
[24659,"2017-12-29",173.2,13.2,"$13.20 Square",0,{"$f":"+F144*0.97831","v":0},"$242.94 Square"]
[24660,"2017-12-30",39.51,3.01]
[24661,"2017-12-30",160.21,12.21,"Square"]
[24662,"2017-12-30",46.44,3.54]
[24663,"2017-12-30",27.06,2.06]
[24664,"2017-12-30",306.45,21.45,"Visa"]
[24665,"2017-12-30",124.49,9.49,"$60 Visa dep"]
[24666,"2017-12-30",8.66,0.66,null,{"$f":"60+439.21","v":499.21},{"$f":"+F151*0.97831","v":488.38213509999997},"$160.21 Square"]
[]
[null,null,null,null,null,null,null,null,{"$f":"H1-WEEKDAY(H1,3)-7","v":"2018-07-09"},{"$f":"SUMIF(INDIRECT(TEXT(I153,\"'mmm-yy'\")&\"!B3:B400\"),I153,INDIRECT(TEXT(I153,\"'mmm-yy'\")&\"!C3:C400\"))","v":1358.07}]
[null,null,null,null,null,null,null,null,{"$f":"I153+1","v":"2018-07-10"},505]
[null,null,null,null,null,null,null,null,"2018-07-11",833.3]
[null,null,null,null,null,null,null,null,"2018-07-12",831.11]
[null,null,null,null,null,null,null,null,"2018-07-13",882.05000000000007]
[null,null,null,null,null,null,null,null,"2018-07-14",3060.02]
[null,null,null,null,null,null,null,null,"2018-07-15",0,{"$f":"SUM(J136:J159)","v":7469.5499999999993}]
[null,null,null,null,null,null,null,null,"2018-07-16",1060.1300000000001]
[null,null,null,null,null,null,null,null,"2018-07-17",793.53]
[null,null,null,null,null,null,null,null,"2018-07-18",681.78]
[null,null,null,null,null,null,null,null,"2018-07-19",46.91]
[null,null,null,null,null,null,null,null,"2018-07-20",1725.1599999999999]
[null,null,null,null,null,null,null,null,"2018-07-21",159]
[null,null,null,null,null,null,null,null,"2018-07-22",0,{"$f":"SUM(J160:J166)","v":4466.51}]

{"sheet":"Nov-17","index":13,"n_rows":200,"n_cols":11,"rows_kept":200,"cut":false,"hidden":false,"merged":[]}
["Invoice",null,{"$f":"SUM(C3:C382)","v":21216.669999999987},{"$f":"SUM(D3:D382)","v":1405.4700000000016},null,{"$f":"SUM(F3:F846)","v":8297.27},{"$f":"SUM(G3:G846)","v":8119.8886163000016},{"$f":"TODAY()","v":"2018-07-20"}]
["Number","Date","Amount","Tax","Terms"]
[24332,"2017-11-01",27.009999999999998,2.06,"Visa"]
[24333,"2017-11-01",59.54,4.54,"Visa"]
[24334,"2017-11-01",-3.25,-0.25]
[24335,"2017-11-01",66.900000000000006,null,"Amex"]
[24336,"2017-11-01",91.960000000000008,7.01,"Visa"]
[24337,"2017-11-01",24.79,1.89]
[24338,"2017-11-01",53.8,null,"Visa, Border Patrol"]
[24339,"2017-11-01",47.63,3.63]
[24340,"2017-11-01",213.79,16.29]
[24341,"2017-11-01",28.599999999999998,null,"Visa, ESG Customs - resale"]
[24342,"2017-11-01",62.24,4.74,"Visa"]
[24343,"2017-11-01",322.04000000000002,24.54,"Due"]
[24344,"2017-11-04",197.02,15.02]
[24345,"2017-11-05",11,0.84,null,{"$f":"+C3+C4+C6+C7+C9+C12+C13","v":390.05},{"$f":"+F16*0.97831","v":381.58981550000004}]
[24346,"2017-11-06",357.23,27.23,"MC"]
[24347,"2017-11-06",32.479999999999997,2.48,"Visa"]
[24348,"2017-11-06",323.67,24.67,"Due"]
[24349,"2017-11-06",10.5,0.8,"Visa"]
[24350,"2017-11-06",12.5,0.95,"Visa"]
[24351,"2017-11-06",10.77,0.82]
[24352,"2017-11-06",128.5,null,"Due, Carlos G - MX"]
[24353,"2017-11-06",40,3.05,"Square"]
[24354,"2017-11-06",38.97,2.97]
[24355,"2017-11-06",150,null,"Visa, Deposit only"]
[24356,"2017-11-06",244,null,"Due, Carlos G - MX",{"$f":"+C17+C18+C20+C21+C26","v":562.71},{"$f":"+F27*0.97831","v":550.50482010000007},"$185.11 Square"]
[24357,"2017-11-07",15.16,1.1599999999999999]
[24358,"2017-11-07",43.3,3.3,"Visa"]
[24359,"2017-11-07",17,null,"Due, Revolution - resale"]
[24360,"2017-11-07",74.69,5.69]
[24361,"2017-11-07",194,null,"Due, ESG Customs - resale"]
[24362,"2017-11-07",366.97,27.97,"Square"]
[24363,"2017-11-07",29.159999999999997,2.2200000000000002]
[24364,"2017-11-07",11.89,0.91]
[24365,"2017-11-07",29.4,null,"Visa, Border Patrol - no Tax"]
[24366,"2017-11-07",16.18,1.23]
[24367,"2017-11-07",649.5,49.5,"$399.50 due"]
[24368,"2017-11-07",134,14.02,"Due, V-Rod"]
[24369,"2017-11-07",267.92,10.210000000000001,"Due"]
[24370,"2017-11-07",255.24999999999997,19.45,"$135.25 Visa",{"$f":"+C29+24+C36+135.25+134","v":365.95},{"$f":"+F41*0.97831","v":358.01254449999999},"$50.00 Square"]
[24371,"2017-11-08",290.11,22.11,"MC"]
[24372,"2017-11-08",507.69,38.69,"$250 Visa"]
[24373,"2017-11-08",-119.08,-9.08,"AmEx"]
[24374,"2017-11-08",180.24,13.74,"(Gave $135.25 CC back)"]
[24375,"2017-11-08",4,0.3]
[24376,"2017-11-08",365.89,27.89,"MC"]
[24377,"2017-11-08",34.53,2.63,"Visa"]
[24378,"2017-11-08",186.73,14.23,"Visa"]
[24379,"2017-11-08",90,6.86]
[24380,"2017-11-08",63.27,4.82,"Square"]
[24381,"2017-11-08",20,1.52]
[24382,"2017-11-08",983.99,74.989999999999995,"$811.01 due"]
[24383,"2017-11-08",43.3,3.3,"Visa",{"$f":"+C42+250+C44-135.25+316.97+328.81+C49-0.09","v":1118.2},{"$f":"+F54*0.97831","v":1093.946242},"$63.27 Square"]
[24384,"2017-11-09",286.86,21.86,"Visa, $186.86 due"]
[24385,"2017-11-09",30.31,2.31,"Visa"]
[24386,"2017-11-09",246.76,18.809999999999999]
[24387,"2017-11-09",32.42,2.4700000000000002,"Visa"]
[24388,"2017-11-09",344.24,26.24,"Visa"]
[24389,"2017-11-09",64.95,4.95,"Visa",{"$f":"100+217.92+40+C58+C60+C59","v":799.53},{"$f":"+F60*0.97831","v":782.18819429999996}]
[24390,"2017-11-10",139.58999999999997,10.64,"MC"]
[24391,"2017-11-10",43.3,3.3,"Visa"]
[24392,"2017-11-10",2.71,0.21]
[24393,"2017-11-10",49.74,3.79]
[24394,"2017-11-10",20.65,null,"Due, Revolution - resale",{"$f":"+C61+C62","v":182.89},{"$f":"+F65*0.97831","v":178.9231159}]
[24395,"2017-11-11",43.56,3.32]
[24396,"2017-11-11",166,12.65,"Square"]
[24397,"2017-11-11",23.82,1.82,"Visa"]
[24398,"2017-11-11",307.43,23.43,"Square, bal $157.43 Visa"]
[24399,"2017-11-11",94.72,7.22,null,{"$f":"399.5+C68+C19","v":746.99},{"$f":"+F70*0.97831","v":730.78778690000001},"$316.00 Square"]
[24400,"2017-11-13",224,17.07]
[24401,"2017-11-13",10,0.76,null,0,{"$f":"+F72*0.97831","v":0}]
[24402,"2017-11-14",27.009999999999998,2.06,"Visa"]
[24403,"2017-11-14",270.63,20.63,"Check"]
[24404,"2017-11-14",11.91,0.91]
[24405,"2017-11-14",173.2,13.2,"Square"]
[24406,"2017-11-14",114.75,8.75,"Square"]
[24407,"2017-11-14",92.000000000000014,7.01,null,{"$f":"+C73","v":27.009999999999998},{"$f":"+F78*0.97831","v":26.424153099999998},"$474.81 Square"]
[24408,"2017-11-15",131.52000000000001,10.02,"Square"]
[24409,"2017-11-15",52.5,null,"Due, Carlos G - MX"]
[24410,"2017-11-15",20,null,"Square"]
[24411,"2017-11-15",-20,null,"Due, Credit for cust"]
[24412,"2017-11-15",121.24,9.24]
[24413,"2017-11-15",171.04,13.04]
[24414,"2017-11-15",45.999999999999993,3.51]
[24415,"2017-11-15",139.63999999999999,10.64]
[24416,"2017-11-15",65,4.95]
[24417,"2017-11-15",208,15.85,"$108 due"]
[24418,"2017-11-15",72.5,null,"Due, Ultimate Cycle - resale"]
[24419,"2017-11-15",8.61,0.66]
[24420,"2017-11-15",308.10999999999996,22.57,"MC"]
[24421,"2017-11-15",80,6.1,"Due, Randy"]
[24422,"2017-11-15",110,null,"Due, J. Rangel - resale",{"$f":"+C91","v":308.10999999999996},{"$f":"+F93*0.97831","v":301.42709409999998},"$151.52 Square"]
[24423,"2017-11-16",615.94000000000005,46.94,"$575.94 due"]
[24424,"2017-11-16",20,1.52,"Square"]
[24425,"2017-11-16",195.93,14.93,"$81.18 due"]
[24426,"2017-11-16",63.919999999999995,4.87,"Visa",{"$f":"+C64+C97","v":113.66},{"$f":"+F97*0.97831","v":111.1947146},"$20.00 Square"]
[24427,"2017-11-17",182.94,13.94,"Square"]
[24428,"2017-11-17",7.5200000000000005,0.56999999999999995]
[24429,"2017-11-17",34.64,2.64,"AE"]
[24430,"2017-11-17",11.37,0.87,"Visa"]
[24431,"2017-11-17",106,8.08,"Square"]
[24432,"2017-11-17",15,1.1399999999999999]
[24433,"2017-11-17",32,2.44,"Due, used 240 tire"]
[24434,"2017-11-17",87.95,6.7,"Due, BMW battery"]
[24435,"2017-11-17",5.41,0.41,"Visa"]
[24436,"2017-11-17",17.32,1.32]
[24437,"2017-11-17",155.88,11.88,"MC",{"$f":"+C100+C101+C48+C106+C108+157.43","v":399.26},394.41,"$302.94 Square"]
[24438,"2017-11-18",96.34,7.34,"MC"]
[24439,"2017-11-18",93,7.09]
[24440,"2017-11-18",59.54,4.54,"Square"]
[24441,"2017-11-18",96.34,7.34,"AmExp"]
[24442,"2017-11-18",21.65,1.65,"MC"]
[24443,"2017-11-18",75.78,5.78]
[24444,"2017-11-18",292,22.25]
[24445,"2017-11-18",-115.61,-8.81]
[24446,"2017-11-18",15.16,1.1599999999999999]
[24447,"2017-11-18",149,null,"Square, Xtreem - resale",{"$f":"+C109+C112+C105+C113","v":302.27999999999997},294.5,"$208.54 Square"]
[24448,"2017-11-20",23.82,1.82,"MC"]
[24449,"2017-11-20",72.42,5.52,"MC"]
[24450,"2017-11-20",224.07999999999998,17.079999999999998,"Due"]
[24451,"2017-11-20",200.24,17.739999999999998]
[24452,"2017-11-20",16.18,1.23,"Visa",{"$f":"+C119+C120+C123","v":112.42000000000002},{"$f":"+F123*0.97831","v":109.98161020000002}]
[24453,"2017-11-21",279.99999999999994,21.34]
[24454,"2017-11-21",123,5.01]
[24455,"2017-11-21",5,0.38]
[24456,"2017-11-21",281.45,21.45,"Visa, $141.45 due"]
[24457,"2017-11-21",20,1.52,"MC"]
[24458,"2017-11-21",128.82,9.82,"Visa"]
[24459,"2017-11-21",22,null,"J. Rangel - resale"]
[24460,"2017-11-21",225,null,"J. Rangel - resale",{"$f":"140+C128+C129","v":288.82},{"$f":"+F131*0.97831","v":282.5554942}]
[24461,"2017-11-22",193.23,14.73]
[24462,"2017-11-22",4]
[24463,"2017-11-22",121.24,9.24]
[24464,"2017-11-22",27,2.06]
[24465,"2017-11-22",329.62,25.12,"Visa"]
[24466,"2017-11-22",34.5,null,"Due, J. Rangel - resale",null,"Forgot to Run Tue"]
[24467,"2017-11-22",123.9,null,"Due, Carlos G - MX",{"$f":"+C136","v":329.62},{"$f":"+F138*0.97831","v":322.47054220000001}]
[24468,"2017-11-24",74.69,5.69,"Visa"]
[24469,"2017-11-24",75.78,5.78,"Visa"]
[24470,"2017-11-24",29.23,2.23,"Visa"]
[24471,"2017-11-24",21.65,1.65,"Visa"]
[24472,"2017-11-24",2.5,0.19]
[24473,"2017-11-24",20.57,1.57,"Visa"]
[24474,"2017-11-24",48.71,3.71,"Visa"]
[24475,"2017-11-24",47.63,3.63]
[24476,"2017-11-24",95.26,7.26,"Visa",{"$f":"+C139+C140+C142+C141+C144+C145+237.61+C147","v":603.5},{"$f":"+F147*0.97831","v":590.41008499999998}]
[24477,"2017-11-25",46.55,3.55,"Visa"]
[24478,"2017-11-25",29.23,2.23,"Square"]
[24479,"2017-11-25",24.84,1.89]
[24480,"2017-11-25",48.71,3.71,"Square"]
[24481,"2017-11-25",102.84,7.84,"Square"]
[24482,"2017-11-25",315.55,24.05,"$150 Square, Bal Due"]
[24483,"2017-11-25",320.95999999999998,24.46,"Due"]
[24484,"2017-11-25",223,17]
[24485,"2017-11-25",169.41,12.91,null,{"$f":"+C148","v":46.55},{"$f":"+F156*0.97831","v":45.540330499999996},"$330.78 Square"]
[24486,"2017-11-27",243,"18.52.","Square"]
[24487,"2017-11-27",225,null,"Due, Carlos G - MX"]
[24488,"2017-11-27",39.03,2.97]
[24489,"2017-11-27",58.46,4.46]
[24490,"2017-11-27",34.64,2.64,"AmEx"]
[24491,"2017-11-27",206,15.7,"$46 due"]
[24492,"2017-11-27",317.17,24.17,"$100 cash, $217.17 MC"]
[24493,"2017-11-27",25.98,1.98]
[24494,"2017-11-27",25.000000000000004,1.91,"Check"]
[24495,"2017-11-27",21.799999999999997,null,"Due, Carlos G - MX",{"$f":"+C161+320.96","v":355.59999999999997},{"$f":"+F166*0.97831","v":347.88703599999997}]
[24496,"2017-11-28",3.5,0.27]
[24497,"2017-11-28",140.72999999999999,10.73,"MC"]
[24498,"2017-11-28",181.86,13.86,null,"($816 owed to Joe)"]
[24499,"2017-11-28",21.65,1.65,null,{"$f":"+C168+827","v":967.73},{"$f":"+F170*0.97831","v":946.73993630000007}]
[24500,"2017-11-29",47.63,3.63]
[24501,"2017-11-29",74.69,5.69,"Visa"]
[24502,"2017-11-29",21.599999999999998,1.65,"MC"]
[24503,"2017-11-29",195,null,"Due, Revolution - resale"]
[24504,"2017-11-29",31.39,2.39]
[24505,"2017-11-29",51,null,"Due, Carlos G - MX"]
[24506,"2017-11-29",400.53,30.53,"$270.53 due"]
[24507,"2017-11-29",253.85,19.350000000000001,"Visa, $153.85 due"]
[24508,"2017-11-29",105,8,"Due"]
[24509,"2017-11-29",47.71,3.64,"Square",{"$f":"+C172+C173+100","v":196.29},{"$f":"+F180*0.97831","v":192.0324699},"$47.71 Square"]
[24510,"2017-11-30",42.22,3.22,"Square"]
[24511,"2017-11-30",31.39,2.39,"MC"]
[24512,"2017-11-30",175,null,"Dirty Daves - resale"]
[24513,"2017-11-30",48.71,3.71,"Visa"]
[24514,"2017-11-30",10,null,"Due, J. Rangel - resale"]
[24515,"2017-11-30",8,null,"$3 due, Revolution - resale",{"$f":"+C182+C184","v":80.099999999999994},{"$f":"+F186*0.97831","v":78.362630999999993},"$207.77 Square",{"$f":"H1-WEEKDAY(H1,3)-7","v":"2018-07-09"},{"$f":"SUMIF(INDIRECT(TEXT(I186,\"'mmm-yy'\")&\"!B3:B400\"),I186,INDIRECT(TEXT(I186,\"'mmm-yy'\")&\"!C3:C400\"))","v":1358.07}]
[]
[null,null,null,null,null,null,null,null,{"$f":"I186+1","v":"2018-07-10"},{"$f":"SUMIF(INDIRECT(TEXT(I188,\"'mmm-yy'\")&\"!B3:B400\"),I188,INDIRECT(TEXT(I188,\"'mmm-yy'\")&\"!C3:C400\"))","v":505}]
[null,null,null,null,null,null,null,null,{"$f":"I188+1","v":"2018-07-11"},833.3]
[null,null,null,null,null,null,null,null,"2018-07-12",831.11]
[null,null,null,null,null,null,null,null,"2018-07-13",882.05000000000007]
[null,null,null,null,null,null,null,null,"2018-07-14",3060.02]
[null,null,null,null,null,null,null,null,"2018-07-15",0,{"$f":"SUM(J186:J193)","v":7469.5499999999993}]
[null,null,null,null,null,null,null,null,"2018-07-16",1060.1300000000001]
[null,null,null,null,null,null,null,null,"2018-07-17",793.53]
[null,null,null,null,null,null,null,null,"2018-07-18",681.78]
[null,null,null,null,null,null,null,null,"2018-07-19",46.91]
[null,null,null,null,null,null,null,null,"2018-07-20",1725.1599999999999]
[null,null,null,null,null,null,null,null,"2018-07-21",159]
[null,null,null,null,null,null,null,null,"2018-07-22",0,{"$f":"SUM(J194:J200)","v":4466.51}]

{"sheet":"Oct-17","index":14,"n_rows":243,"n_cols":11,"rows_kept":243,"cut":false,"hidden":false,"merged":[]}
["Invoice",null,{"$f":"SUM(C3:C427)","v":22280.430000000004},{"$f":"SUM(D3:D427)","v":1534.0000000000002},null,{"$f":"SUM(F3:F668)","v":5393.2300000000005},{"$f":"SUM(G3:G668)","v":5276.2508412999996},{"$f":"TODAY()","v":"2018-07-20"}]
["Number","Date","Amount","Tax","Terms"]
[24106,"2017-10-02",null,null,"Actual Inv 24107"]
[24107,"2017-10-02",171.58,13.08]
[24108,"2017-10-02",294.98,22.48]
[24109,"2017-10-02",10.83,0.83,"Square"]
[24110,"2017-10-02",25.01,1.91]
[24111,"2017-10-02",277.12,21.12,"Square"]
[24112,"2017-10-02",17.27,1.32,null,0,{"$f":"+F9*0.97831","v":0},"$287.95 Square"]
[24113,"2017-10-03",180.24,13.74,"Due"]
[24114,"2017-10-03",10.83,0.83,"Square"]
[24115,"2017-10-03",77.94,5.94]
[24116,"2017-10-03",77.94,5.94]
[24117,"2017-10-03",42.169999999999995,3.21,"Visa"]
[24118,"2017-10-03",80,6.1,null,{"$f":"+C14","v":42.169999999999995},{"$f":"+F15*0.97831","v":41.255332699999997},"$10.83 Square"]
[24119,"2017-10-04",62.730000000000004,4.78]
[24120,"2017-10-04",37.89,2.89,"Visa"]
[24121,"2017-10-04",16,null,"Due, Brant - resale"]
[24122,"2017-10-04",0,0]
[24123,"2017-10-04",167.79,12.79,"Trade, John Computer guy"]
[24124,"2017-10-04",112,null,"Due, Carlos G - resale MX"]
[24125,"2017-10-04",177.53,13.53,null,{"$f":"+C17","v":37.89},{"$f":"+F22*0.97831","v":37.068165900000004}]
[24126,"2017-10-05",21.65,1.65,"Visa"]
[24127,"2017-10-05",68.470000000000013,5.22,"Visa"]
[24128,"2017-10-05",27.06,2.06,"Due"]
[24129,"2017-10-05",114.2,8.6999999999999993,"Visa"]
[24130,"2017-10-05",21.65,1.65,"PayPal"]
[24131,"2017-10-05",379.96,28.96,"Due"]
[24132,"2017-10-05",117,null,"Due, Revolution - resale"]
[24133,"2017-10-05",60,null,"J.Rangel - resale"]
[24134,"2017-10-05",75,null,"Due, Brant - resale",{"$f":"+C23+C26+C24+28.7","v":233.01999999999998},{"$f":"+F31*0.97831","v":227.96579619999997}]
[24135,"2017-10-06",127.95,9.75,"MC"]
[24136,"2017-10-06",220.29,16.79,"$160.29 Visa"]
[24137,"2017-10-06",27,2.06,"Chevo Trade"]
[24138,"2017-10-06",221.91,16.91,"Visa"]
[24139,"2017-10-06",246,18.75]
[24140,"2017-10-06",5,0.38]
[24141,"2017-10-06",199.72,15.22,"$179.72 due"]
[24142,"2017-10-06",70.36,5.36,"Due"]
[24143,"2017-10-06",61.7,4.7,"Visa",{"$f":"+C32+C35+160.29","v":510.15},{"$f":"+F40*0.97831","v":499.08484649999997},"$121.58 Square"]
[24144,"2017-10-07",231.11,17.61,"Square"]
[24145,"2017-10-07",-59.54,-4.54]
[24146,"2017-10-07",85.52,6.52,"Square"]
[24147,"2017-10-07",5.4,0.41,"Cash "]
[24148,"2017-10-07",74.150000000000006,5.65,"Square"]
[24149,"2017-10-07",56.29,4.29,"Visa"]
[24150,"2017-10-07",38,2.9]
[24151,"2017-10-07",104,7.93,"Due"]
[24152,"2017-10-07",85.52,6.52,"Visa"]
[24153,"2017-10-07",155.88,11.88,"Check"]
[24154,"2017-10-07",70,5.33,"Trade, Elvin",{"$f":"+C46+C49","v":141.81},{"$f":"+F51*0.97831","v":138.73414110000002},"$531.85 Square"]
[24155,"2017-10-09",57.37,4.37,"Visa, Ana"]
[24156,"2017-10-09",32,2.44]
[24157,"2017-10-09",98.51,7.51,"Due, Jet Ski"]
[24158,"2017-10-09",192.69,14.69,"Visa"]
[24159,"2017-10-09",15.16,1.1599999999999999]
[24160,"2017-10-09",215.96,16.46,"Due"]
[24161,"2017-10-09",358.31,27.31,"MC"]
[24162,"2017-10-09",315.55,24.05,"Visa, $215.55 due"]
[24163,"2017-10-09",62.24,4.74]
[24164,"2017-10-09",23,null,"Revolution - resale"]
[24165,"2017-10-09",34.64,2.64,"Due"]
[24166,"2017-10-09",8.75,null,"Revolution - resale"]
[24167,"2017-10-09",13,0.99]
[24168,"2017-10-09",20,1.52]
[24169,"2017-10-09",-48,-3.66,"Ref Inv 23906",{"$f":"+C52+C55+C58+100","v":708.37},{"$f":"+F66*0.97831","v":693.00545469999997}]
[24170,"2017-10-10",15,null,"Revolution - resale"]
[24171,"2017-10-10",347.29999999999995,null,"Due, Carlos G - resale MX"]
[24172,"2017-10-10",117.99,8.99,"Visa"]
[24173,"2017-10-10",63.87,4.87]
[24174,"2017-10-10",184,14.02,"$134 due"]
[24175,"2017-10-10",139.37,null,"Due, ESG Customs - resale",{"$f":"+C69","v":117.99},{"$f":"+F72*0.97831","v":115.43079689999999},"$0.00 Square"]
[24176,"2017-10-11",19.489999999999998,1.49]
[24177,"2017-10-11",230.03,17.53,"visa"]
[24178,"2017-10-11",51.85,3.95]
[24179,"2017-10-11",11.85,0.9]
[24180,"2017-10-11",30.31,2.31,"Visa"]
[24181,"2017-10-11",30,2.29]
[24182,"2017-10-11",327,24.92,null,0,{"$f":"+F79*0.97831","v":0},"$0.00 Square"]
[24183,"2017-10-12",24.369999999999997,null,"Visa"]
[24184,"2017-10-12",229.49,17.489999999999998]
[24185,"2017-10-12",64.900000000000006,4.95]
[24186,"2017-10-12",6.5,0.5,"Visa"]
[24187,"2017-10-12",87.68,6.68,"Visa"]
[24188,"2017-10-12",68.2,5.2,"Am Exp"]
[24189,"2017-10-12",62.24,4.74,"Visa"]
[24190,"2017-10-12",59.01,4.5,null,0,{"$f":"+F87*0.97831","v":0},"$0.00 Square"]
[24191,"2017-10-13",57.32,4.37]
[24192,"2017-10-13",45.47,3.47,null,0,{"$f":"+F89*0.97831","v":0},"$0.00 Square"]
[24193,"2017-10-14",54.13,4.13,"Visa"]
[24194,"2017-10-14",9.69,0.74]
[24195,"2017-10-14",9.74,0.74,"Discover"]
[24196,"2017-10-14",300,null,"Visa"]
[24197,"2017-10-14",174.28,13.28,"Due"]
[24198,"2017-10-14",112.03999999999999,8.5399999999999991]
[24199,"2017-10-14",10,0.76]
[24200,"2017-10-14",44.38,3.38]
[24201,"2017-10-14",117.45,8.9499999999999993,"Square"]
[24202,"2017-10-14",70.36,5.36,"Square"]
[24203,"2017-10-14",64.95,4.95]
[24204,"2017-10-14",127.19,9.69,null,0,{"$f":"+F101*0.97831","v":0},"$0.00 Square"]
[24205,"2017-10-16",17.27,1.32,"Visa"]
[24206,"2017-10-16",58.239999999999995,4.4400000000000004,"Due"]
[24207,"2017-10-16",8.66,0.66]
[24208,"2017-10-16",119.08,9.08,"Visa"]
[24209,"2017-10-16",25.98,1.98]
[24210,"2017-10-16",43.52,3.32,"Square",0,{"$f":"+F107*0.97831","v":0},"$0.00 Square"]
[24211,"2017-10-17",12.98,null,"Square"]
[24212,"2017-10-17",19,null,"Square "]
[24213,"2017-10-17",30.2,2.2999999999999998]
[24214,"2017-10-17",159,null,"Due"]
[24215,"2017-10-17",59.4,null,"Due"]
[24216,"2017-10-17",55.21,4.21,"Square"]
[24217,"2017-10-17",107.17,8.17,"Square"]
[24218,"2017-10-17",98,7.47,"Square",0,{"$f":"+F115*0.97831","v":0},"$0.00 Square"]
[24219,"2017-10-18",48.71,3.71]
[24220,"2017-10-18",20.57,1.57]
[24221,"2017-10-18",43.3,3.3]
[24222,"2017-10-18",144.84,11.04,"Due",0,{"$f":"+F119*0.97831","v":0},"$0.00 Square"]
[24223,"2017-10-19",48.660000000000004,3.71,"Visa"]
[24224,"2017-10-19",17.27,1.32,"Visa"]
[24225,"2017-10-19",null,89.66]
[24226,"2017-10-19",94.18,7.18]
[24227,"2017-10-19",37.89,2.89,null,0,{"$f":"+F124*0.97831","v":0},"$0.00 Square"]
[24228,"2017-10-20",304.99,23.24]
[24229,"2017-10-20",120.00000000000001,9.15]
[24230,"2017-10-20",10,0.76,"Visa"]
[24231,"2017-10-20",48.71,3.71,"Visa"]
[24232,"2017-10-20",22.73,1.73]
[24233,"2017-10-20",81.19,6.19]
[24234,"2017-10-20",28.15,2.15]
[24235,"2017-10-20",11.85,0.9]
[24236,"2017-10-20",413.52,31.52,"Visa"]
[24237,"2017-10-20",142,10.82]
[24238,"2017-10-20",20,1.52]
[24239,"2017-10-20",16.239999999999998,1.24,"Visa"]
[24240,"2017-10-20",56,4.2699999999999996,null,0,{"$f":"+F137*0.97831","v":0},"$0.00 Square"]
[24241,"2017-10-21",20,1.52]
[24242,"2017-10-21",263.58999999999997,20.09,"Visa"]
[24243,"2017-10-21",5.3900000000000006,0.41]
[24244,"2017-10-21",139.63999999999999,10.64,"Square"]
[24245,"2017-10-21",25.98,1.98,"Square"]
[24246,"2017-10-21",130,9.91,"Square"]
[24247,"2017-10-21",21.65,1.65]
[24248,"2017-10-21",289.02999999999997,22.03,"Square"]
[24249,"2017-10-21",114,8.69]
[24250,"2017-10-21",11.85,0.9,"Square",{"$f":"+C139","v":263.58999999999997},{"$f":"+F147*0.97831","v":257.87273289999996},"$596.5 Square"]
[24251,"2017-10-23",93.04,7.09]
[24252,"2017-10-23",20,1.52,"Square"]
[24253,"2017-10-23",9.74,0.74,"Square"]
[24254,"2017-10-23",35.61,2.71]
[24255,"2017-10-23",49.8,3.8,"Square"]
[24256,"2017-10-23",43.25,3.3,"Square"]
[24257,"2017-10-23",20,1.52]
[24258,"2017-10-23",336,null,"Due, George - Revolution resale"]
[24259,"2017-10-23",74.69,5.69,"Square"]
[24260,"2017-10-23",78.999999999999986,6.02]
[24261,"2017-10-23",15,null,"Due",0,{"$f":"+F158*0.97831","v":0},"$197.48 Square"]
[24262,"2017-10-24",200,15.24,"$100 due"]
[24263,"2017-10-24",92.82,7.07]
[24264,"2017-10-24",34.64,2.64,"Due"]
[24265,"2017-10-24",37.89,2.89,"Due"]
[24266,"2017-10-24",56.63,null,"Due, Joe R - resale"]
[24267,"2017-10-24",117.52,null,"Due, Joe R - resale"]
[24268,"2017-10-24",129.9,9.9]
[24269,"2017-10-24",103.92,7.92,"Square"]
[24270,"2017-10-24",5.41,0.41,null,0,{"$f":"+F167*0.97831","v":0},"$103.92 Square"]
[24271,"2017-10-25",120,null,"Due"]
[24272,"2017-10-25",27,2.06]
[24273,"2017-10-25",74.69,5.69,"Square"]
[24274,"2017-10-25",14.02,1.07,"Square"]
[24275,"2017-10-25",86.6,6.6,"Square"]
[24276,"2017-10-25",40.049999999999997,3.05,"Square",0,{"$f":"+F173*0.97831","v":0},"$481.33 Square"]
[24277,"2017-10-26",176.39,13.44,"Due"]
[24278,"2017-10-26",607.28,46.28,"$500 MC, $107.28 due"]
[24279,"2017-10-26",60.9,null,"Visa, Border Patrol - No tax"]
[24280,"2017-10-26",53.8,null,"Due, Border Patrol - No tax"]
[24281,"2017-10-26",59.54,4.54,"Square"]
[24282,"2017-10-26",11,0.84]
[24283,"2017-10-26",500,38.11,"$240 cash, $260 Discover"]
[24284,"2017-10-26",71,null,"George - Revolution resale"]
[24285,"2017-10-26",74.69,5.69]
[24286,"2017-10-26",425.68,null,"Due, Carlos G - resale MX"]
[24287,"2017-10-26",46.55,3.55,"Square",{"$f":"500+C176+260","v":820.9},{"$f":"+F184*0.97831","v":803.09467900000004},"$106.09 Square"]
[24288,"2017-10-27",235.99,17.989999999999998,"Pd $140 cash, $95.99 Visa"]
[24289,"2017-10-27",11,0.84]
[24290,"2017-10-27",173.74,13.24,"Visa"]
[24291,"2017-10-27",45.47,3.47,"Visa"]
[24292,"2017-10-27",201.67000000000002,15.37,"Due"]
[24293,"2017-10-27",9,null,"Due, George - Revolution resale"]
[24294,"2017-10-27",114,8.69,"Visa"]
[24295,"2017-10-27",152.63,11.63,"Due"]
[24296,"2017-10-27",28.04,2.14,"Due"]
[24297,"2017-10-27",10.83,0.83]
[24298,"2017-10-27",144.99,null,"Due, Joe R - resale",{"$f":"95.99+50+34.64+213.52+C191","v":508.15},{"$f":"+F195*0.97831","v":497.12822649999998}]
[24299,"2017-10-28",24.46,1.86]
[24300,"2017-10-28",9.5,0.72,"MC"]
[24301,"2017-10-28",10.77,0.82,"MC"]
[24302,"2017-10-28",346.4,26.4,"MC"]
[24303,"2017-10-28",10,0.76,"Visa"]
[24304,"2017-10-28",122.32,9.32]
[24305,"2017-10-28",246.81,18.809999999999999,"$196.81 due"]
[24306,"2017-10-28",217.57999999999998,16.579999999999998,"Square"]
[24307,"2017-10-28",54.67,4.17]
[24308,"2017-10-28",25.9,1.97,"Square"]
[24309,"2017-10-28",74.69,5.69,"Due, Chevo (Trd for whls)",{"$f":"+C197+C198+C199+C200","v":376.66999999999996},{"$f":"+F206*0.97831","v":368.50002769999998},"$134.48 Square"]
[24310,"2017-10-30",146.13999999999999,11.14]
[24311,"2017-10-30",195.93,14.93]
[24312,"2017-10-30",579.14,44.14,"MC"]
[24313,"2017-10-30",159.13,12.13]
[24314,"2017-10-30",null,null,"Ref only"]
[24315,"2017-10-30",104.46,7.96]
[24316,"2017-10-30",23.709999999999997,1.81]
[24317,"2017-10-30",11.37,0.87]
[24318,"2017-10-30",96.79,null,"Amex"]
[24319,"2017-10-30",234.36,17.86,"$96.34 due"]
[24320,"2017-10-30",50,null,"Johnny's Customs - resale"]
[24321,"2017-10-30",129,null,"Due, Joe R - resale",{"$f":"+C209+C215","v":675.93},{"$f":"+F218*0.97831","v":661.26907829999993}]
[24322,"2017-10-31",129,null,"Due, Joe R - resale"]
[24323,"2017-10-31",5.41,0.41]
[24324,"2017-10-31",140.72999999999999,10.73,"$40 due"]
[24325,"2017-10-31",87.68,6.68,"Visa"]
[24326,"2017-10-31",237.61,18.11,"Visa, $187.61 due"]
[24327,"2017-10-31",140.72999999999999,10.73,"Square"]
[24328,"2017-10-31",26.03,null,"Due, Joe R - resale"]
[24329,"2017-10-31",93.33,7.11]
[24330,"2017-10-31",244.1,18.600000000000001,"Square"]
[24331,"2017-10-31",87.9,6.7,"Am Exp",{"$f":"169.21+508+C222+50+C228+53.8","v":956.59},{"$f":"+F228*0.97831","v":935.8415629000001},"$384.83 Square"]
[]
[]
[null,null,null,null,null,null,null,null,{"$f":"I230+1","v":"1900-01-01"},{"$f":"SUMIF(INDIRECT(TEXT(I231,\"'mmm-yy'\")&\"!B3:B400\"),I231,INDIRECT(TEXT(I231,\"'mmm-yy'\")&\"!C3:C400\"))","v":{"$error":"#REF!"}}]
[null,null,null,null,null,null,null,null,"1900-01-02",{"$error":"#REF!"}]
[null,null,null,null,null,null,null,null,"1900-01-03",{"$error":"#REF!"}]
[null,null,null,null,null,null,null,null,"1900-01-04",{"$error":"#REF!"}]
[null,null,null,null,null,null,null,null,"1900-01-05",{"$error":"#REF!"}]
[null,null,null,null,null,null,null,null,"1900-01-06",{"$error":"#REF!"},{"$f":"SUM(J230:J236)","v":{"$error":"#REF!"}}]
[null,null,null,null,null,null,null,null,"1900-01-07",{"$error":"#REF!"}]
[null,null,null,null,null,null,null,null,"1900-01-08",{"$error":"#REF!"}]
[null,null,null,null,null,null,null,null,"1900-01-09",{"$error":"#REF!"}]
[null,null,null,null,null,null,null,null,"1900-01-10",{"$error":"#REF!"}]
[null,null,null,null,null,null,null,null,"1900-01-11",{"$error":"#REF!"}]
[null,null,null,null,null,null,null,null,"1900-01-12",{"$error":"#REF!"}]
[null,null,null,null,null,null,null,null,"1900-01-13",{"$error":"#REF!"},{"$f":"SUM(J237:J243)","v":{"$error":"#REF!"}}]

{"sheet":"Sep-17","index":15,"n_rows":219,"n_cols":8,"rows_kept":219,"cut":false,"hidden":false,"merged":[]}
["Invoice",null,{"$f":"SUM(C3:C416)","v":25760.344025000024},{"$f":"SUM(D3:D416)","v":1576.0440250000008},null,{"$f":"SUM(F3:F624)","v":8916.01},{"$f":"SUM(G3:G624)","v":8722.6217431000023},{"$f":"TODAY()","v":"2018-07-20"}]
["Number","Date","Amount","Tax","Terms"]
[23889,"2017-09-01",158.32,12.07,"Due, Dirt Bike"]
[23890,"2017-09-01",526.1,40.1,"Due, HD Mich"]
[23891,"2017-09-01",128.82,9.82,"Visa"]
[23892,"2017-09-01",10,null,"Due, George"]
[23893,"2017-09-01",158.05000000000001,12.05,"Visa"]
[23894,"2017-09-01",10,null,"Due, George"]
[23895,"2017-09-01",287.95,21.95,"Check"]
[23896,"2017-09-01",15.1,1.1499999999999999,"MC"]
[23897,"2017-09-01",224.45999999999998,17.11,"Square"]
[23898,"2017-09-01",14,null,null,{"$f":"+C5+C7","v":286.87},{"$f":"+F12*0.97831","v":280.64778970000003},"$224.46 Square"]
[23899,"2017-09-02",197.02,15.02,"Square"]
[23900,"2017-09-02",19,null,"Visa"]
[23901,"2017-09-02",77.94,5.94]
[23902,"2017-09-02",15.05,1.1499999999999999]
[23903,"2017-09-02",10.83,0.83]
[23904,"2017-09-02",110.96000000000001,8.4600000000000009,"Visa"]
[23905,"2017-09-02",50.010000000000005,3.81,"Visa",{"$f":"+C14+C18+C19","v":179.97000000000003},{"$f":"+F19*0.97831","v":176.06645070000002},"$197.02 Square"]
[23906,"2017-09-04",58.46,4.46]
[23907,"2017-09-04",46.49,3.54,"Visa"]
[23908,"2017-09-04",115.83,8.83,"Visa",{"$f":"+C21+C22","v":162.32},{"$f":"+F22*0.97831","v":158.7992792}]
[23909,"2017-09-05",null,null,"Canciled"]
[23910,"2017-09-05",270,20.58]
[23911,"2017-09-05",69.28,5.28]
[23912,"2017-09-05",14.85,null,"Visa",{"$f":"+C26","v":14.85},{"$f":"+F26*0.97831","v":14.527903499999999}]
[23913,"2017-09-06",58.400000000000006,null,"Due, Revolution - resale"]
[23914,"2017-09-06",0,null,"Ref only, Revolution - resale"]
[23915,"2017-09-06",129.00152500000002,9.831525000000001,"Visa"]
[23916,"2017-09-06",90,null,"Due, Joe R - resale"]
[23917,"2017-09-06",270,null,"Due, Carlos G - Resale MX"]
[23918,"2017-09-06",8.66,0.66,"Visa"]
[23919,"2017-09-06",30,2.29,"Visa"]
[23920,"2017-09-06",9.74,0.74]
[23921,"2017-09-06",42.43,3.23]
[23922,"2017-09-06",133.69,10.19,"Visa"]
[23923,"2017-09-06",8.66,0.66,null,{"$f":"121+C32+C33+C36","v":293.35000000000002},{"$f":"+F37*0.97831","v":286.98723850000005}]
[23924,"2017-09-07",138.18,10.53]
[23925,"2017-09-07",11.91,0.91]
[23926,"2017-09-07",9.74,0.74,"Visa"]
[23927,"2017-09-07",27.7,1.2,"Visa"]
[23928,"2017-09-07",204.59,15.59,"Visa"]
[23929,"2017-09-07",269.54000000000002,20.54,"Visa"]
[23930,"2017-09-07",70.36,5.36,"Visa"]
[23931,"2017-09-07",142.54000000000002,10.86,"Visa",{"$f":"+C40+C41+C42+C43+C44+C45","v":724.47},{"$f":"+F45*0.97831","v":708.75624570000002}]
[23932,"2017-09-08",725,null,"Visa"]
[23933,"2017-09-08",177.53,13.53,"Am Exp"]
[23934,"2017-09-08",38.86,2.96,"Visa"]
[23935,"2017-09-08",14.61,1.1100000000000001]
[23936,"2017-09-08",5.3900000000000006,0.41]
[23937,"2017-09-08",259.8,19.8,"Square"]
[23938,"2017-09-08",188.03,14.33,"Visa"]
[23939,"2017-09-08",21.65,1.65,null,{"$f":"+C46+89+C48+C52","v":1040.8900000000001},{"$f":"+F53*0.97831","v":1018.3130959000001},"$259.80 Square"]
[23940,"2017-09-09",383.21,29.21,"$200 Square (+ Inv 23953)"]
[23941,"2017-09-09",74.69,5.69,"Bob's son, Battery"]
[23942,"2017-09-09",30,2.29]
[23943,"2017-09-09",65,4.95]
[23944,"2017-09-09",212.71,16.21,"Visa"]
[23945,"2017-09-09",140,10.67,"MC, Addl to Inv 23943"]
[23946,"2017-09-09",75,5.72,"Square"]
[23947,"2017-09-09",107.17,8.17,"MC"]
[23948,"2017-09-09",8.66,0.66,"Square"]
[23949,"2017-09-09",108.25,8.25]
[23950,"2017-09-09",19.489999999999998,1.49]
[23951,"2017-09-09",27.06,2.06]
[23952,"2017-09-09",11.91,0.91]
[23953,"2017-09-09",211.75,16.14,"Addl to Inv 23940"]
[23954,"2017-09-09",88.77,6.77,"Square"]
[23955,"2017-09-09",26.5,null,"Due, Joe R - resale"]
[23956,"2017-09-09",108,null,"Due, Joe R - resale (Derick)",{"$f":"+C59+C61","v":247.17000000000002},{"$f":"+F70*0.97831","v":241.80888270000003},"$372.43 Square"]
[23957,"2017-09-11",561.82000000000005,42.82,"$361.82 Due"]
[23958,"2017-09-11",90.93,6.93,"Visa"]
[23959,"2017-09-11",375,28.58]
[23960,"2017-09-11",107.17,8.17,"Visa"]
[23961,"2017-09-11",112.26,8.56,"Discover"]
[23962,"2017-09-11",10,0.76,null,{"$f":"+C58+C72+C74+C75","v":523.07000000000005},{"$f":"+F76*0.97831","v":511.72461170000008}]
[23963,"2017-09-12",5.3900000000000006,0.41]
[23964,"2017-09-12",2482,null,"Due, Border Patrol"]
[23965,"2017-09-12",86.6,6.6,"Visa"]
[23966,"2017-09-12",8.5500000000000007,0.65]
[23967,"2017-09-12",44.02,null,"Due, Carlos G - Resale MX"]
[23968,"2017-09-12",27.06,2.06,"MC"]
[23969,"2017-09-12",102,null,"Due, Carlos G - Resale MX"]
[23970,"2017-09-12",100.00000000000001,7.62,"Visa"]
[23971,"2017-09-12",81,null,"Bike Rods - resale"]
[23972,"2017-09-12",32.479999999999997,2.48,"Visa",{"$f":"+C79+C82+100+C84+C86","v":346.14000000000004},{"$f":"+F86*0.97831","v":338.63222340000004}]
[23973,"2017-09-13",92.01,7.01]
[23974,"2017-09-13",80.11,6.11,"Visa"]
[23975,"2017-09-13",54.13,4.13,"Visa"]
[23976,"2017-09-13",30,null,"Johnny's Custom"]
[23977,"2017-09-13",155,11.81,"Due, Jet Ski"]
[23978,"2017-09-13",125,9.5299999999999994,"Due, LeeZ Friend"]
[23979,"2017-09-13",830,63.26]
[23980,"2017-09-13",25.98,1.98]
[23981,"2017-09-13",22.73,1.73,"Visa"]
[23982,"2017-09-13",74.69,5.69,"MC"]
[23983,"2017-09-13",46.49,3.54]
[23984,"2017-09-13",245.73,18.73,"MC",{"$f":"+C88+C89+C95+C96+C98","v":477.39},{"$f":"+F98*0.97831","v":467.03541089999999}]
[23985,"2017-09-14",6.3900000000000006,0.49,"Visa"]
[23986,"2017-09-14",160,12.19,"$3 due"]
[23987,"2017-09-14",212.84,null,"Due, Carlos G - Resale MX"]
[23988,"2017-09-14",53.04,4.04,"Visa"]
[23989,"2017-09-14",247.35,18.850000000000001,"$174.02 MC, Bal Cash"]
[23990,"2017-09-14",14,1.07]
[23991,"2017-09-14",0,0,"$200 cash Dep, Blk Duc."]
[23992,"2017-09-14",20,1.52]
[23993,"2017-09-14",74.69,5.69,"Addl to Inv 23989",{"$f":"+C99+C102+172.04","v":231.47},{"$f":"+F107*0.97831","v":226.4494157}]
[23994,"2017-09-15",14,1.07]
[23995,"2017-09-15",45,3.42]
[23996,"2017-09-15",63.87,4.87,"MC"]
[23997,"2017-09-15",21.599999999999998,1.65]
[23998,"2017-09-15",19.999999999999989,1.52]
[23999,"2017-09-15",86.6,6.6,"MC"]
[24000,"2017-09-15",5.36,0.41]
[24001,"2017-09-15",32.479999999999997,2.48,"Visa",{"$f":"+C110+C115+C113","v":182.95},{"$f":"+F115*0.97831","v":178.98181449999998}]
[24002,"2017-09-16",175,13.34,"Visa"]
[24003,"2017-09-16",492.54,37.54,"Visa"]
[24004,"2017-09-16",15,1.1399999999999999]
[24005,"2017-09-16",256,19.510000000000002]
[24006,"2017-09-16",68,5.18,"$18 due"]
[24007,"2017-09-16",101.38000000000001,7.73,"Square",{"$f":"+C116+C117","v":667.54},{"$f":"+F121*0.97831","v":653.06105739999998},"$256.38 Square"]
[24008,"2017-09-18",15.16,1.1599999999999999]
[24009,"2017-09-18",182.94,13.94]
[24010,"2017-09-18",28,null,"Due, Brant"]
[24011,"2017-09-18",430,32.770000000000003,"$130 due"]
[24012,"2017-09-18",215,16.39]
[24013,"2017-09-18",45.47,3.47,"Visa"]
[24014,"2017-09-18",33,null,"Due, George - revolution"]
[24015,"2017-09-18",8,0.61,null,{"$f":"+C127","v":45.47},{"$f":"+F129*0.97831","v":44.483755699999996}]
[24016,"2017-09-19",268,20.420000000000002,"Visa"]
[24017,"2017-09-19",208.38,15.88,"MC"]
[24018,"2017-09-19",120,9.15]
[24019,"2017-09-19",290,22.1]
[24020,"2017-09-19",108.25,8.25,"$64.25 due"]
[24021,"2017-09-19",74.69,5.69,"Due"]
[24022,"2017-09-19",278.74,21.24,"Due"]
[24023,"2017-09-19",221.91,16.91,"$101.91 Square"]
[24024,"2017-09-19",25,1.91,"Square",{"$f":"+C130+C131","v":476.38},{"$f":"+F138*0.97831","v":466.04731779999997},"$315.00 Square"]
[24025,"2017-09-20",43.3,3.3,"Visa"]
[24026,"2017-09-20",28.09,2.14,"Visa"]
[24027,"2017-09-20",119,9.07,"Visa"]
[24028,"2017-09-20",59.4,null,"Visa, Border Patrol"]
[24029,"2017-09-20",110,8.3800000000000008]
[24030,"2017-09-20",33.56,2.56,"Visa"]
[24031,"2017-09-20",30,2.29]
[24032,"2017-09-20",192.69,14.69,"Due, meet in Weslaco Thur."]
[24033,"2017-09-20",37.830000000000005,2.88]
[24034,"2017-09-20",62.730000000000004,4.78]
[24035,"2017-09-20",7.58,0.57999999999999996,"Due",{"$f":"128.82+C139+C140+C141+C142+C144","v":412.17},{"$f":"+F149*0.97831","v":403.23003270000004}]
[24036,"2017-09-21",27.06,2.06,"Visa"]
[24037,"2017-09-21",28.8,null,"Visa, ESG - resale"]
[24038,"2017-09-21",74.69,5.69,"Visa"]
[24039,"2017-09-21",5,0.38,"Visa"]
[24040,"2017-09-21",19.489999999999998,1.49,"Visa"]
[24041,"2017-09-21",108.25,8.25,"Visa"]
[24042,"2017-09-21",234.9025,17.9025,"Due, Jeff"]
[24043,"2017-09-21",85.52,6.52,"Square"]
[24044,"2017-09-21",7.58,0.57999999999999996,null,{"$f":"+C150+C152+C153+C154+C155+C151","v":263.29000000000002},{"$f":"+F158*0.97831","v":257.5792399},"$110.52 Square"]
[24045,"2017-09-22",35,2.67]
[24046,"2017-09-22",196.47,14.97,"MC"]
[24047,"2017-09-22",20.000000000000004,1.52,"Visa"]
[24048,"2017-09-22",281.45,21.45,"Due"]
[24049,"2017-09-22",36.81,2.81,"Visa"]
[24050,"2017-09-22",47.63,3.63,"Visa"]
[24051,"2017-09-22",68.739999999999995,5.24,"Visa"]
[24052,"2017-09-22",77.94,5.94]
[24053,"2017-09-22",null,null,"$300 deposit only"]
[24054,"2017-09-22",32,2.44,"Visa"]
[24055,"2017-09-22",41.14,3.14,"Visa"]
[24056,"2017-09-22",53.8,null,"Visa, Border Patrol"]
[24057,"2017-09-22",62,4.7300000000000004]
[24058,"2017-09-22",294,22.41,"Due, White HD"]
[24059,"2017-09-22",142,null,"Due, Joe R - resale (Derick)",{"$f":"+C160+C163+C164+C165+C161+C168+C169+C170+C162","v":778.04},{"$f":"+F173*0.97831","v":761.16431239999997}]
[24060,"2017-09-23",48.71,3.71,"Due"]
[24061,"2017-09-23",55.339999999999996,4.22]
[24062,"2017-09-23",98,7.47,"Square"]
[24063,"2017-09-23",10.83,0.83,"Square"]
[24064,"2017-09-23",63,4.8]
[24065,"2017-09-23",12.99,0.99]
[24066,"2017-09-23",14,1.07]
[24067,"2017-09-23",17.32,1.32,"Visa"]
[24068,"2017-09-23",16.18,1.23,"Square"]
[24069,"2017-09-23",24.9,1.9,"Due",{"$f":"+C181","v":17.32},{"$f":"+F183*0.97831","v":16.944329200000002},"$189.26 Square"]
[24070,"2017-09-25",64.95,4.95,"Due"]
[24071,"2017-09-25",16.18,1.23,"Visa"]
[24072,"2017-09-25",240.86,18.36,"Visa"]
[24073,"2017-09-25",273,20.81,"Due"]
[24074,"2017-09-25",155.88,11.88,"Due"]
[24075,"2017-09-25",23,null,"Due, Revolution - resale"]
[24076,"2017-09-25",59.4,null,"Visa, Border Patrol"]
[24077,"2017-09-25",94.39,7.19,"Visa"]
[24078,"2017-09-25",21.65,1.65,"Visa"]
[24079,"2017-09-25",182.94,13.94,"Visa"]
[24080,"2017-09-25",97.37,7.42,"Visa",{"$f":"+C185+115.21+C186+C193+C191+C194+C192","v":768.6},{"$f":"+F194*0.97831","v":751.92906600000003}]
[24081,"2017-09-26",12.45,0.95]
[24082,"2017-09-26",20.57,1.57,"MC"]
[24083,"2017-09-26",227.87,17.37,"Visa"]
[24084,"2017-09-26",12.99,0.99,"Visa"]
[24085,"2017-09-26",17.8,null,"Due, Joe R - resale"]
[24086,"2017-09-26",344,26.22,null,{"$f":"+C196-100+C197+C198","v":161.43},{"$f":"+F200*0.97831","v":157.92858330000001}]
[24087,"2017-09-27",2,0.15]
[24088,"2017-09-27",21.65,1.65,"MC"]
[24089,"2017-09-27",53,4.04,"Visa"]
[24090,"2017-09-27",10.83,0.83,null,{"$f":"+C202+C203","v":74.650000000000006},{"$f":"+F204*0.97831","v":73.030841500000008}]
[24091,"2017-09-28",270]
[24092,"2017-09-28",52.5,4,"Square"]
[24093,"2017-09-28",518,39.479999999999997,"Due",0,{"$f":"+F207*0.97831","v":0},"$330.00 Square"]
[24094,"2017-09-29",40.230000000000004,null,"Visa, ESG - resale"]
[24095,"2017-09-29",387,29.49,"Due, Yam PU Sat 9am"]
[24096,"2017-09-29",17,null,"Due"]
[24097,"2017-09-29",68.2,5.2,"Due"]
[24098,"2017-09-29",10.77,0.82]
[24099,"2017-09-29",184.4,14.05,"Due"]
[24100,"2017-09-29",11.91,0.91,null,{"$f":"+C208+C190","v":99.63},{"$f":"+F214*0.97831","v":97.469025299999998},"$154.41 Square"]
[24101,"2017-09-30",335.58,25.58,"Due"]
[24102,"2017-09-30",74.69,5.69,"Square"]
[24103,"2017-09-30",95,7.24]
[24104,"2017-09-30",117.45,8.9499999999999993,"Square"]
[24105,"2017-09-30",440.58,33.58,"MC",{"$f":"+C219","v":440.58},{"$f":"+F219*0.97831","v":431.02381980000001},"$192.14 Square"]

{"sheet":"Aug-17","index":16,"n_rows":228,"n_cols":11,"rows_kept":228,"cut":false,"hidden":false,"merged":[]}
["Invoice",null,{"$f":"SUM(C3:C412)","v":22000.780674999998},{"$f":"SUM(D3:D412)","v":1393.0106750000002},null,{"$f":"SUM(F3:F412)","v":8713.4},{"$f":"SUM(G3:G412)","v":8481.2585782999995},{"$f":"TODAY()","v":"2018-07-20"}]
["Number","Date","Amount","Tax","Terms"]
[23678,"2017-08-01",481.71,36.71,"Visa"]
[23679,"2017-08-01",4.33,0.33,"MC"]
[23680,"2017-08-01",79,null,"Due, Revolution - resale"]
[23681,"2017-08-01",20,1.52]
[23682,"2017-08-01",77.39,5.9,"MC"]
[23683,"2017-08-01",33.94,2.59]
[23684,"2017-08-01",10.0023,0.76230000000000009,"Thanks"]
[23685,"2017-08-01",317,null,"Due, Revolution - resale",{"$f":"+C3+C4+177.47-4.31+C7","v":736.59},{"$f":"+F10*0.97831","v":720.61336290000008}]
[23686,"2017-08-02",22.73,1.73,"Due, Elvin"]
[23687,"2017-08-02",22,null,"Due, Brant - Resale"]
[23688,"2017-08-02",21.65,1.65]
[23689,"2017-08-02",90.45,6.89,"Visa"]
[23690,"2017-08-02",29.23,2.23,"Visa"]
[23691,"2017-08-02",178.61,13.61,"Visa"]
[23692,"2017-08-02",297.58,22.68,"Visa"]
[23693,"2017-08-02",35,2.67]
[23694,"2017-08-02",2.17,0.17]
[23695,"2017-08-02",54.13,4.13]
[23696,"2017-08-02",14.29,1.0900000000000001,null,{"$f":"+C14+C15+C16+C17+2.66","v":598.53},{"$f":"+F21*0.97831","v":585.54788429999996}]
[23697,"2017-08-03",64.41,4.91,"Visa"]
[23698,"2017-08-03",151.55000000000001,11.55,"Due, Lem"]
[23699,"2017-08-03",184.03,14.03]
[23700,"2017-08-03",65.760000000000005,5.01]
[23701,"2017-08-03",70.36,5.36,"Visa",{"$f":"282.59+35+C22+25","v":407},{"$f":"+F26*0.97831","v":398.17216999999999}]
[23702,"2017-08-04",7,0.53]
[23703,"2017-08-04",227.32999999999998,17.329999999999998,"Due, Jeff"]
[23704,"2017-08-04",71.45,5.45,"MC"]
[23705,"2017-08-04",350,26.67,"Visa, Deposit only"]
[23706,"2017-08-04",56.29,4.29]
[23707,"2017-08-04",208.38,15.88,"Due"]
[23708,"2017-08-04",125,9.5299999999999994,"Visa"]
[23709,"2017-08-04",18,1.37,null,{"$f":"35.36+C29+C30+C33","v":581.80999999999995},{"$f":"+F34*0.97831","v":569.1905410999999}]
[23710,"2017-08-05",507.69,38.69,"Due"]
[23711,"2017-08-05",227.32999999999998,17.329999999999998,"Square"]
[23712,"2017-08-05",21.65,1.65,"Square"]
[23713,"2017-08-05",2.5,0.19,"Visa"]
[23714,"2017-08-05",21.65,1.65]
[23715,"2017-08-05",110,null,"Due, Joe Rangel - resale"]
[23716,"2017-08-05",225.99999999999997,17.23,"Gift Card $20, Square $35"]
[23717,"2017-08-05",82,6.25,"$17 Square"]
[23718,"2017-08-06",379.84999999999997,28.95,"Due, Rubin - AC guy son",{"$f":"+C38","v":2.5},{"$f":"+F43*0.97831","v":2.4457750000000003},"$808.67 Square"]
[23719,"2017-08-07",29.4,null,"Visa"]
[23720,"2017-08-07",9.74,0.74,"Visa"]
[23721,"2017-08-07",69.28,5.28,"Due"]
[23722,"2017-08-07",162.38,12.38]
[23723,"2017-08-07",34.64,2.64]
[23724,"2017-08-07",32,2.44,null,{"$f":"+C44+C45","v":39.14},{"$f":"+F49*0.97831","v":38.291053400000003},"?"]
[23725,"2017-08-08",15,null,"Visa"]
[23726,"2017-08-08",8.66,0.66]
[23727,"2017-08-08",465,35.44]
[23728,"2017-08-08",102,7.77]
[23729,"2017-08-08",12.99,0.99]
[23730,"2017-08-08",210.01,16.010000000000002]
[23731,"2017-08-08",19.489999999999998,1.49,"MC",{"$f":"+C50+C56","v":34.489999999999995},33.700000000000003,"?"]
[23732,"2017-08-09",74.69,5.69]
[23733,"2017-08-09",21.599999999999998,1.65,"MC"]
[23734,"2017-08-09",7.5200000000000005,0.56999999999999995,"Visa"]
[23735,"2017-08-09",75.72,5.77,"Visa",{"$f":"+C58+C59+C60","v":104.84},103.52,"?"]
[23736,"2017-08-10",29.4,null,"Visa"]
[23737,"2017-08-10",25.2,null,"Visa"]
[23738,"2017-08-10",25.2,null,"Visa"]
[23739,"2017-08-10",84.44,6.44,"Due"]
[23740,"2017-08-10",8.66,0.66]
[23741,"2017-08-10",17.3,1.32,"Visa"]
[23742,"2017-08-10",550,41.92,null,{"$f":"+C61+C62+C63+C66","v":97.1},{"$f":"+F67*0.97831","v":94.993900999999994},"?"]
[23743,"2017-08-11",35.5,2.89]
[23744,"2017-08-11",0,null,"Alex cash"]
[23745,"2017-08-11",20.5,1.56,"Visa"]
[23746,"2017-08-11",43.25,3.3]
[23747,"2017-08-11",38.92,2.97]
[23748,"2017-08-11",25.93,1.98,"Visa"]
[23749,"2017-08-11",173,null,"J.Rangel - Resale"]
[23750,"2017-08-11",84,null,"Due, Brant - Resale",{"$f":"+C70+C73","v":46.43},45.63]
[23751,"2017-08-12",29.23,2.23]
[23752,"2017-08-12",153.16999999999999,11.67,"$53.17 due (if bike here Sat)"]
[23753,"2017-08-12",96.34,7.34,"MC"]
[23754,"2017-08-12",250.06,19.059999999999999,"Due, Paul"]
[23755,"2017-08-12",15,1.1399999999999999]
[23756,"2017-08-12",67.66,5.16]
[23757,"2017-08-12",81.19,6.19,"Visa"]
[23758,"2017-08-12",40,3.05,"Square"]
[23759,"2017-08-12",9.69,0.74]
[23760,"2017-08-12",0,null,"Visa, $150 Dep, Jeff"]
[23761,"2017-08-13",32,2.44,"Due, Chevo",{"$f":"+C78+C82+150","v":327.52999999999997},324.24,"$40.00 Square"]
[23762,"2017-08-14",27,2.06,"Due, Elvin"]
[23763,"2017-08-14",5.36,0.41,"Visa"]
[23764,"2017-08-14",184.57,14.07,"Visa, $84.57 due"]
[23765,"2017-08-14",-90.93,-6.93,"Due, (credit his Visa)"]
[23766,"2017-08-14",15,1.1399999999999999,"Visa"]
[23767,"2017-08-14",141.75,null,"Due, Carlos G - resale MX"]
[23768,"2017-08-14",163.47,12.46,null,{"$f":"+C88+100+C91","v":120.36},118.28]
[23769,"2017-08-15",119.08,9.08,"Visa"]
[23770,"2017-08-15",119.08,9.08,"Square"]
[23771,"2017-08-15",34.39,null,"J.Rangel - resale"]
[23772,"2017-08-15",139.99999999999997,10.67]
[23773,"2017-08-15",15.16,1.1599999999999999,"Due, Allen"]
[23774,"2017-08-15",0,null,"Square $250 deposit",{"$f":"+C94+369.08","v":488.15999999999997},{"$f":"116.57+310.95","v":427.52}]
[23775,"2017-08-16",3.25,0.25]
[23776,"2017-08-16",59.79,null,"Due, Carlos G - resale MX"]
[23777,"2017-08-16",243.02,18.52,"Visa, $120 due"]
[23778,"2017-08-16",132.61000000000001,10.11]
[23779,"2017-08-16",32.479999999999997,2.48,"Visa"]
[23780,"2017-08-16",0,0,"Deposit only, $100 check"]
[23781,"2017-08-16",22.73,1.73,"MC",{"$f":"123.02+C104+C106","v":178.23},174.64]
[23782,"2017-08-17",85.52,6.52,"Visa"]
[23783,"2017-08-17",75.78,5.78]
[23784,"2017-08-17",17,null,"George - Revolution Resale"]
[23785,"2017-08-17",27.06,2.06]
[23786,"2017-08-17",23,null,"Visa, Used - no Tax"]
[23787,"2017-08-17",100,7.62]
[23788,"2017-08-17",147.43,7.43,"Visa"]
[23789,"2017-08-17",151.22999999999999,11.53]
[23790,"2017-08-17",48,null,"Due, George - Revolution resale",{"$f":"+C107+C111+C113","v":255.95},{"$f":"+F115*0.97831","v":250.39844449999998}]
[23791,"2017-08-18",19,null,"Due, George - Revolution resale"]
[23792,"2017-08-18",5,0.38,"(Actual sale date 17th)"]
[23793,"2017-08-18",24.9,1.9]
[23794,"2017-08-18",397.28,30.28,"$163.64 due"]
[23795,"2017-08-18",79.02,6.02,"Visa"]
[23796,"2017-08-18",15,1.1399999999999999,"Visa"]
[23797,"2017-08-18",54.13,4.13]
[23798,"2017-08-18",95,null,"Due, Brant - Resale"]
[23799,"2017-08-18",160,null,"J.Rangel - resale"]
[23800,"2017-08-18",142,10.82]
[23801,"2017-08-18",64.95,4.95,"MC"]
[23802,"2017-08-18",139.63999999999999,10.64,"Square",{"$f":"163.64+C120+C126+120+C98","v":442.77},{"$f":"+F127*0.97831","v":433.16631869999998},"$139.64 Square"]
[23803,"2017-08-19",10,0.76]
[23804,"2017-08-19",167.79,12.79,"Square"]
[23805,"2017-08-19",277,19.100000000000001,"Check"]
[23806,"2017-08-19",65,4.95,"Visa"]
[23807,"2017-08-19",48.71,3.71,"Visa"]
[23808,"2017-08-19",21.65,1.65,"Visa"]
[23809,"2017-08-19",83.77,6.38,"Due"]
[23810,"2017-08-19",216.5,16.5,"Square"]
[23811,"2017-08-19",114.75,8.75,null,{"$f":"+C131+C133+C132","v":135.36000000000001},{"$f":"+F136*0.97831","v":132.42404160000001},"$384.29 Square"]
[23812,"2017-08-21",487,37]
[23813,"2017-08-21",155.88,11.88]
[23814,"2017-08-21",263.05,20.05,"Visa"]
[23815,"2017-08-21",35,null,"MC"]
[23816,"2017-08-21",21.599999999999998,1.65]
[23817,"2017-08-21",10,0.76]
[23818,"2017-08-21",52,null,"Visa"]
[23819,"2017-08-21",546.66,41.66,"Visa, $296.66 due"]
[23820,"2017-08-21",368.59,28.09,"Due"]
[23821,"2017-08-21",40,null,null,{"$f":"+C139+C140+C143+C144","v":896.71},{"$f":"+F146*0.97831","v":877.26036010000007},"??"]
[23822,"2017-08-22",101.76,7.76,"Due"]
[23823,"2017-08-22",47.5,null,"Due"]
[23824,"2017-08-22",74.31,5.66]
[23825,"2017-08-22",87.52,6.67,"Visa"]
[23826,"2017-08-22",7.5200000000000005,0.56999999999999995]
[23827,"2017-08-22",54.07,4.12,"Due",{"$f":"+C150","v":87.52},{"$f":"+F152*0.97831","v":85.621691200000001},"??"]
[23828,"2017-08-23",8.66,0.66]
[23829,"2017-08-23",97.43,7.43,"Discover"]
[23830,"2017-08-23",374.95,28.58,"Check - Inv 23780"]
[23831,"2017-08-23",115.68,null,"Due, Carlos G - resale MX"]
[23832,"2017-08-23",28,null,"Due, Brant - Resale"]
[23833,"2017-08-23",115.68,null,"Due, Carlos G - resale MX"]
[23834,"2017-08-23",90,6.86,"Visa"]
[23835,"2017-08-23",326.92,24.92]
[23836,"2017-08-23",78.97,6.02]
[23837,"2017-08-23",320.15999999999997,null,"Due, Carlos G - resale MX"]
[23838,"2017-08-23",2.25,0.18,null,{"$f":"+C154+100+C159","v":287.43},282.36]
[23839,"2017-08-24",160,12.19]
[23840,"2017-08-24",10,null,"Don - Falfurious, resale"]
[23841,"2017-08-24",53.8,null,"Due, Border Pat"]
[23842,"2017-08-24",8,0.59,"Square"]
[23843,"2017-08-24",270,null,"Due"]
[23844,"2017-08-24",411,31.32]
[23845,"2017-08-24",9,0.68,"Due"]
[23846,"2017-08-24",16.5,null,"George - Revolution Resale"]
[23847,"2017-08-24",177,null,"Due, George - Revolution resale"]
[23848,"2017-08-24",89,null,"Joe Rangel - resale"]
[23849,"2017-08-24",277.08,20.13,"Visa, $177.08 due"]
[23850,"2017-08-24",195,14.86,null,{"$f":"302+100","v":402},{"$f":"+F175*0.97831","v":393.28062},"$158.00 / $133.11 Square"]
[23851,"2017-08-25",146.13999999999999,11.14]
[23852,"2017-08-25",85,null,"Due, Revolution - resale"]
[23853,"2017-08-25",55.96,null,"Visa, ESG Customs - resale"]
[23854,"2017-08-25",33.56,2.56,"Visa"]
[23855,"2017-08-25",31.39,2.39]
[23856,"2017-08-25",30.5,null,"Joe Rangel - resale"]
[23857,"2017-08-25",3.25,0.25]
[23858,"2017-08-25",160,12.19,"Square"]
[23859,"2017-08-25",248.98,18.98,"MC, $100 due"]
[23860,"2017-08-25",24.9,1.9,"Visa",{"$f":"+C178+C179+53.8+C90+148.98+C185","v":226.26999999999998},{"$f":"+F185*0.97831","v":221.36220369999998}]
[23861,"2017-08-26",544.5,41.5,"Visa"]
[23862,"2017-08-26",121.24,9.24,"Square"]
[23863,"2017-08-26",53.04,4.04]
[23864,"2017-08-26",158.05000000000001,12.05,"$140. Visa, bal cash",{"$f":"+C186","v":544.5},{"$f":"+F189*0.97831","v":532.689795},"$309.24 Square"]
[23865,"2017-08-28",26.84,1.89]
[23866,"2017-08-28",15,1.1399999999999999,"Square"]
[23867,"2017-08-28",106.09,8.09,"Square",0,{"$f":"+F192*0.97831","v":0},"$121.09 Square"]
[23868,"2017-08-29",26.85,2.0499999999999998]
[23869,"2017-08-29",18.940000000000001,1.44]
[23870,"2017-08-29",30,2.29]
[23871,"2017-08-29",21.65,1.65,null,0,{"$f":"+F196*0.97831","v":0}]
[23872,"2017-08-30",92.01,7.01,"MC"]
[23873,"2017-08-30",43.3,3.3]
[23874,"2017-08-30",54.13,4.13,"Visa"]
[23875,"2017-08-30",39.998375000000003,3.0483750000000005,"Visa"]
[23876,"2017-08-30",559.65,42.65,"MC"]
[23877,"2017-08-30",289.72999999999996,22.08]
[23878,"2017-08-30",119.6,null,"Due, Carlos G - resale MX",{"$f":"100+C201+C199+C197","v":805.79},{"$f":"+F203*0.97831","v":788.31241490000002}]
[23879,"2017-08-31",50,3.81]
[23880,"2017-08-31",179.65,null,"Due, Carlos G - resale MX"]
[23881,"2017-08-31",21.65,1.65]
[23882,"2017-08-31",98,null,"Due, Carlos G - resale MX"]
[23883,"2017-08-31",90,6.86,"MC"]
[23884,"2017-08-31",103.92,7.92]
[23885,"2017-08-31",43.3,3.3,"Visa, +$106.70 deposit"]
[23886,"2017-08-31",11.5,null,"Joe Rangel - resale"]
[23887,"2017-08-31",75.8,null,"Joe Rangel - resale"]
[23888,"2017-08-31",100,null,"Joe Rangel - resale",{"$f":"140+C202+150+C208+100+96.66","v":866.39},{"$f":"+F213*0.97831","v":847.59800089999999},"$0.00 Square"]
[]
[null,null,null,null,null,null,null,null,{"$f":"H1-WEEKDAY(H1,3)-21","v":"2018-06-25"},{"$f":"SUMIF(INDIRECT(TEXT(I215,\"'mmm-yy'\")&\"!B3:B400\"),I215,INDIRECT(TEXT(I215,\"'mmm-yy'\")&\"!C3:C400\"))","v":406.91}]
[null,null,null,null,null,null,null,null,{"$f":"I215+1","v":"2018-06-26"},425.37]
[null,null,null,null,null,null,null,null,"2018-06-27",604.29]
[null,null,null,null,null,null,null,null,"2018-06-28",379.31999999999994]
[null,null,null,null,null,null,null,null,"2018-06-29",682.7]
[null,null,null,null,null,null,null,null,"2018-06-30",518.12000000000012]
[null,null,null,null,null,null,null,null,"2018-07-01",0,{"$f":"SUM(J215:J221)","v":3016.71}]
[null,null,null,null,null,null,null,null,"2018-07-02",425.43]
[null,null,null,null,null,null,null,null,"2018-07-03",585.37]
[null,null,null,null,null,null,null,null,"2018-07-04",0]
[null,null,null,null,null,null,null,null,"2018-07-05",669.93000000000006]
[null,null,null,null,null,null,null,null,"2018-07-06",616.16000000000008]
[null,null,null,null,null,null,null,null,"2018-07-07",1364.78]
[null,null,null,null,null,null,null,null,"2018-07-08",0,{"$f":"SUM(J222:J228)","v":3661.67}]

{"sheet":"Work Order","index":17,"n_rows":48,"n_cols":38,"rows_kept":48,"cut":false,"hidden":false,"merged":[[47,0,48,35],[44,0,44,20],[36,5,36,17],[36,29,36,33],[37,29,37,33],[37,0,43,20],[39,29,39,34],[32,29,32,33],[33,29,33,33],[38,29,38,33],[45,0,46,35],[34,5,34,17],[34,29,34,33],[35,5,35,17],[35,29,35,33],[32,0,32,3],[32,4,32,18],[32,19,32,22],[33,0,33,3],[33,4,33,18],[33,19,33,22],[32,24,32,27],[33,24,33,27],[30,29,30,33],[31,0,31,3],[31,4,31,18],[31,19,31,22],[31,24,31,27],[31,29,31,33],[30,0,30,3],[30,4,30,18],[30,19,30,22],[30,24,30,27],[28,29,28,33],[29,29,29,33],[28,0,28,3],[28,4,28,18],[28,19,28,22],[28,24,28,27],[29,0,29,3],[29,4,29,18],[29,19,29,22],[29,24,29,27],[26,29,26,33],[27,0,27,3],[27,4,27,18],[27,19,27,22],[27,24,27,27],[27,29,27,33],[26,0,26,3],[26,4,26,18],[26,19,26,22],[26,24,26,27],[24,29,24,33],[25,0,25,3],[25,4,25,18],[25,19,25,22],[25,24,25,27],[25,29,25,33],[24,0,24,3],[24,4,24,18],[24,19,24,22],[24,24,24,27],[22,29,22,33],[23,0,23,3],[23,4,23,18],[23,19,23,22],[23,24,23,27],[23,29,23,33],[22,0,22,3],[22,4,22,18],[22,19,22,22],[22,24,22,27],[21,29,21,34],[19,0,19,3],[19,4,19,11],[21,0,21,3],[21,4,21,18],[21,19,21,23],[21,24,21,28],[19,12,19,23],[19,29,19,34],[19,24,19,28],[18,24,18,28],[0,0,0,17],[1,0,2,17],[1,20,2,34],[4,29,4,32],[5,20,7,34],[18,29,18,34],[16,4,16,13],[18,0,18,3],[18,4,18,11],[18,12,18,18],[13,4,13,13],[14,4,14,13],[15,4,15,13],[18,19,18,23]]}
["RGV Cycle Stuff, dba -"]
[null,null,null,null,null,null,null,null,null,null,null,null,null,null,null,null,null,null,null,null,"WORK ORDER"]
[]
[]
[null,null,null,null,null,null,null,null,null,null,null,null,null,null,null,null,null,null,null,null,null,null,null,null,null,null,null,null,"DATE: "]
[]
[]
[]
[]
[]
[]
[" "]
[null,"Bill To:"]
[null,null,null,"Name: ","Tony"]
[null,null,null,"Phone: "]
[null,null,null,"Bike: "]
[null,null,null,"Address: "]
[]
["Type",null,null,null,"Sales Rep / Tech",null,null,null,null,null,null,null,"VIN",null,null,null,null,null,null,null,null,null,null,null,"Miles",null,null,null,null,"Terms"]
[null,null,null,null,"Rober/ Chris M."]
[]
["Product ID",null,null,null,"Description",null,null,null,null,null,null,null,null,null,null,null,null,null,null,"Quantity",null,null,null,null,"Unit Price",null,null,null,null,"Line Total"]
[null,null,null,null,null,null,null,null,null,null,null,null,null,null,null,null,null,null,null,null,null,null,null,null,null,null,null,null,null,{"$f":"+Y23*T23","v":0}]
[null,null,null,null,"Basic oil Change",null,null,null,null,null,null,null,null,null,null,null,null,null,null,null,null,null,null,null,null,null,null,null,null,null,null,null,null,null,null,null,null,-1]
[null,null,null,null,null,null,null,null,null,null,null,null,null,null,null,null,null,null,null,null,null,null,null,null,null,null,null,null,null,null,null,null,null,null,null,null,null,-9.5]
[null,null,null,null,null,null,null,null,null,null,null,null,null,null,null,null,null,null,null,null,null,null,null,null,null,null,null,null,null,null,null,null,null,null,null,null,null,-5]
[null,null,null,null,null,null,null,null,null,null,null,null,null,null,null,null,null,null,null,null,null,null,null,null,null,null,null,null,null,null,null,null,null,null,null,null,null,-1]
[null,null,null,null,null,null,null,null,null,null,null,null,null,null,null,null,null,null,null,null,null,null,null,null,null,null,null,null,null,null,null,null,null,null,null,null,null,2]
[null,null,null,null,null,null,null,null,null,null,null,null,null,null,null,null,null,null,null,null,null,null,null,null,null,null,null,null,null,null,null,null,null,null,null,null,null,-9.5]
[null,null,null,null,null,null,null,null,null,null,null,null,null,null,null,null,null,null,null,null,null,null,null,null,null,null,null,null,null,null,null,null,null,null,null,null,null,-4]
[null,null,null,null,null,null,null,null,null,null,null,null,null,null,null,null,null,null,null,null,null,null,null,null,null,null,null,null,null,null,null,null,null,null,null,null,null,0]
[null,null,null,null,null,null,null,null,null,null,null,null,null,null,null,null,null,null,null,null,null,null,null,null,null,null,null,null,null,{"$f":"+T32*Y32","v":0},null,null,null,null,null,null,null,0]
[null,null,null,null,null,null,null,null,null,null,null,null,null,null,null,null,null,null,null,null,null,null,null,null,null,null,null,null,null,{"$f":"+T33*Y33","v":0}]
[null,null,null,null,null,null,null,null,null,null,null,null,null,null,null,null,null,null,null,null,null,null,null,null,null,null,null,null,null,{"$f":"+T34*Y34","v":0}]
[null,null,null,null,null,"RGV Cycle Center",null,null,null,null,null,null,null,null,null,null,null,null,null,null,null,null,null,null,null,null,null,"SUBTOTAL"]
[null,null,null,null,null,"2716 N.10th Street",null,null,null,null,null,null,null,null,null,null,null,null,null,null,null,null,null,null,null,null,null,"TAX (8.25%)"]
[null,null,null,null,null,"McAllen, TX  78501",null,null,null,null,null,null,null,null,null,null,null,null,null,null,null,null,null,null,null,null,null,"TOTAL"]
["I hereby authorize the above repair work be done along with necessary materials. You and your employees may operate the above vehicle for the purpose of testing, inspection or delivery at my risk. An express mechanic’s lien is acknowledged on the above vehicle to secure the amount of the repairs thereto. You will not be responsible for loss or damage to vehicle or to articles left in the vehicle in case of fire, theft, accident or any other cause beyond your control. ",null,null,null,null,null,null,null,null,null,null,null,null,null,null,null,null,null,null,null,null,null,null,null,null,null,null,"PAID"]
[null,null,null,null,null,null,null,null,null,null,null,null,null,null,null,null,null,null,null,null,null,null,null,null,null,null,null,"TOTAL"]
[]
[]
[]
[]
[]
[" X _______________________________________"]
["956-688-8086"]
[]
["THANK YOU FOR YOUR BUSINESS !"]

{"sheet":"LookupList","index":18,"n_rows":40,"n_cols":8,"rows_kept":40,"cut":false,"hidden":false,"merged":[]}
["ClassID","ExpID","Cash Opening Balance","VendorID","Starting Balance (Memo only, not used by system)",null,"Tire Disposal Fee prompted?"]
["Advertising","Bobbi",1246.1099999999999,"TR",255.49,null,false]
["Automotive","BofA",null,"WPS"]
["Taxes","Cleaning supplies",null,"AET","Mechanic receiving commission (needs 2 b with capital)",null,"Whitewall check prompted?"]
["Credit Card (CC)","Coffee",null,"BikeBandit","Jim",null,false,false]
["Stock","Compass",null,"DWG"]
["Labor","Dad",null,"FHF","Invoice Number when the program is loaded"]
["Bank","Doctor",null,"Helmets",26056,20718]
["Returns","Family",null,"Hesselbean"]
["Shop Supplies","Gasoline",null,"Howards"]
["Charity","Groceries",null,"Maxx"]
["Fees","Maint / Parts",null,"PapaDuff"]
["Office supplies","Licence / Insp",null,"Supersprox"]
["Rent","Insurance",null,"Van Leeuwen"]
[null,"Harbor Freight",null,"eBay"]
[null,"House Pymt",null,"Amazon"]
[null,"Meals",null,"Tmart"]
[null,"Mustang Mtg",null,"Banggood"]
[null,"Myself",null,"Other"]
[null,"O'Reilly"]
[null,"Paint/Ant Spray"]
[null,"Prescriptions"]
[null,"Printer Ink"]
[null,"Robert E"]
[null,"Randy"]
[null,"Elvin"]
[null,"Chris M"]
[null,"Chris F"]
[null,"Joe R"]
[null,"Stock - Amazon"]
[null,"Stock - Ebay"]
[null,"Stock - Other"]
[null,"Stock ESG"]
[null,"Stock TR"]
[null,"Stock WPS"]
[null,"Uniforms"]
[null,"Water"]
[null,"ST Biker"]
[null,"Extreem"]
[null,"Advertising - Other"]

{"sheet":"Statement","index":19,"n_rows":55,"n_cols":12,"rows_kept":55,"cut":false,"hidden":false,"merged":[[12,0,12,3],[13,0,13,3],[12,7,12,11],[17,10,17,11],[36,7,36,8],[36,9,36,10],[29,7,29,8],[29,9,29,10],[32,9,32,10],[33,7,33,8],[33,9,33,10],[32,7,32,8],[24,7,24,8],[24,9,24,10],[28,7,28,8],[28,9,28,10],[0,9,1,11],[5,0,6,6],[7,0,8,6],[7,9,8,9],[5,9,6,9],[5,10,6,11],[7,10,8,11],[3,9,4,9],[3,10,4,11],[14,0,14,3],[20,7,20,8],[22,7,22,8],[22,9,22,10],[23,7,23,8],[23,9,23,10],[20,9,20,10],[21,7,21,8],[21,9,21,10],[16,0,16,3],[17,0,17,3],[15,0,15,3],[54,0,54,11],[25,7,25,8],[25,9,25,10],[26,7,26,8],[26,9,26,10],[27,7,27,8],[52,0,52,11],[30,7,30,8],[30,9,30,10],[31,7,31,8],[31,9,31,10],[40,7,40,8],[40,9,40,10],[38,7,38,8],[38,9,38,10],[39,7,39,8],[27,9,27,10],[45,0,45,11],[47,0,47,11],[49,0,49,11],[34,7,34,8],[34,9,34,10],[35,7,35,8],[35,9,35,10],[39,9,39,10],[37,7,37,8],[37,9,37,10]]}
[null,null,null,null,null,null,null,null,null,"Statement"]
[]
[]
[null,null,null,null,null,null,null,null,null,"Date:",{"$f":"NOW()","v":"2018-07-20T19:54:04.640"}]
[]
["Same day Motorcycle Tire Mounting & Balancing"]
[]
["2716 N.10th Street - McAllen, Texas  78501"]
[]
[]
[]
[]
["Bill To:",null,null,null,null,null,null,"Account Summary"]
["Chris Fantich",null,null,null,null,null,null,"Previous Balance",null,null,null,0]
["Resale",null,null,null,null,null,null,"Credits",null,null,null,{"$f":"SUM(J21:K41)","v":940}]
["Texas",null,null,null,null,null,null,"New Charges",null,null,null,{"$f":"SUM(H21:I41)","v":660.9}]
["956-212-3417",null,null,null,null,null,null,"Total Balance Due",null,null,null,{"$f":"+L14-L15+L16","v":-279.10000000000002}]
[]
[]
["Date","Invoice #","Description",null,null,null,null,"Charges",null,"Credits",null,"Line Total"]
["2016-03-01",19146,"Honda TourPac w/Seat-back",null,null,null,null,null,null,80,null,{"$f":"+H21-J21","v":-80}]
["2016-04-25",19732,"Whl Brng Kit & Ride-On",null,null,null,null,39.799999999999997,null,null,null,{"$f":"+H22-J22","v":39.799999999999997}]
["2016-05-02",19787,"Hogtenna & Battery",null,null,null,null,114,null,null,null,114]
["2016-05-07",19836,"Brake Pad FA458",null,null,null,null,18,null,null,null,18]
["2016-05-10",19860,"Fork Oil 20w, Chrm Filters",null,null,null,null,24.5,null,null,null,24.5]
["2016-05-19",19933,"Fork Oil 5w - Returned",null,null,null,null,null,null,null,null,0]
["2016-05-10","N/A","Seat - Brant",null,null,null,null,120,null,null,null,120]
["2016-05-20",19937,"YZ80 Labor & Fuel",null,null,null,null,null,null,196.5,null,-196.5]
["2016-05-20",19938,"YZ85 Labor & Fuel",null,null,null,null,null,null,186.5,null,-186.5]
[null,null,null,null,"Now even",null,null,147,null,null,null,147]
["2016-05-16",19901,"Shifter, Fork Seal",null,null,null,null,41,null,null,null,41]
["2016-05-20",null,"883 Hugger, Work",null,null,null,null,null,null,177,null,-177]
["2016-05-21",19954,"Dunlop Installed",null,null,null,null,156.6,null,null,null,156.6]
[null,null,"May - South Texas Biker",null,null,null,null,null,null,300,null,-300]
[null,null,null,null,null,null,null,null,null,null,null,0]
[null,null,null,null,null,null,null,null,null,null,null,0]
[null,null,null,null,null,null,null,null,null,null,null,0]
[null,null,null,null,null,null,null,null,null,null,null,0]
[null,null,null,null,null,null,null,null,null,null,null,0]
[null,null,null,null,null,null,null,null,null,null,null,0]
[null,null,null,null,null,null,null,null,null,null,null,0]
[null,null,null,null,null,null,null,null,null,null,"Current Balance",{"$f":"SUM(L21:L41)","v":-279.10000000000002}]
[]
[null,null,"Your account balance is ",{"$f":"+L42","v":-279.10000000000002},"             Please make your payment to cover the balance by the due date."]
[]
["Make all checks payable to RGV Cycle Center."]
[]
["Thank you for your business!"]
[]
["If you have any questions concerning this statement, contact Robert Evenbly."]
[]
[]
["2716 N.10th Street, McAllen, Texas  78501"]
[]
["Phone: 956-688-8086    -    Email: Info@RGVCycleStuff.com"]

{"sheet":"Master","index":20,"n_rows":47,"n_cols":38,"rows_kept":47,"cut":false,"hidden":false,"merged":[[23,24,23,27],[19,29,19,34],[22,29,22,34],[19,12,19,18],[20,19,20,23],[20,29,20,34],[13,26,13,35],[14,26,14,35],[15,26,15,35],[16,26,16,35],[18,10,18,22],[20,4,20,11],[13,4,13,13],[14,4,14,13],[15,4,15,13],[16,4,16,13],[19,19,19,23],[19,0,19,3],[19,4,19,11],[20,0,20,3],[19,24,19,28],[20,24,20,28],[20,12,20,18],[24,29,24,33],[25,0,25,3],[25,4,25,18],[25,19,25,22],[25,24,25,27],[25,29,25,33],[24,0,24,3],[24,4,24,18],[24,19,24,22],[24,24,24,27],[23,29,23,33],[22,0,22,3],[22,4,22,18],[22,19,22,23],[22,24,22,28],[23,0,23,3],[23,4,23,18],[23,19,23,22],[26,29,26,33],[27,0,27,3],[27,4,27,18],[27,19,27,22],[27,24,27,27],[27,29,27,33],[26,0,26,3],[26,4,26,18],[26,19,26,22],[26,24,26,27],[30,24,30,27],[28,29,28,33],[29,0,29,3],[29,4,29,18],[29,19,29,22],[29,24,29,27],[29,29,29,33],[28,0,28,3],[28,4,28,18],[28,19,28,22],[28,24,28,27],[46,0,47,35],[38,29,38,33],[39,29,39,33],[40,29,40,33],[32,29,32,33],[33,0,33,3],[33,4,33,18],[33,19,33,22],[33,24,33,27],[33,29,33,33],[32,0,32,3],[32,4,32,18],[32,19,32,22],[32,24,32,27],[44,0,45,35],[34,29,34,33],[35,29,35,33],[36,29,36,33],[37,29,37,33],[34,0,34,3],[34,4,34,18],[34,19,34,22],[34,24,34,27],[37,5,37,17],[38,5,38,17],[36,5,36,17],[0,0,0,17],[7,31,7,33],[8,31,8,33],[9,18,9,21],[9,25,9,27],[9,31,9,33],[6,18,6,21],[6,31,6,33],[6,25,6,29],[4,29,4,32],[1,0,2,17],[5,29,5,32],[1,19,2,34],[30,29,30,33],[31,0,31,3],[31,4,31,18],[31,19,31,22],[31,24,31,27],[31,29,31,33],[30,0,30,3],[30,4,30,18],[30,19,30,22]]}
["RGV Cycle Stuff, dba -"]
[null,null,null,null,null,null,null,null,null,null,null,null,null,null,null,null,null,null,null,"SALES RECEIPT"]
[]
[]
[null,null,null,null,null,null,null,null,null,null,null,null,null,null,null,null,null,null,null,null,null,null,null,null,null,null,null,null,"DATE: ",{"$f":"TODAY()","v":"2018-07-20"}]
[null,null,null,null,null,null,null,null,null,null,null,null,null,null,null,null,null,null,null,null,null,null,null,null,null,null,null,null,"INVOICE: ",1610]
[]
[]
[]
[]
[]
[" "]
[null,"Bill To:",null,null,null,null,null,null,null,null,null,null,null,null,null,null,null,null,null,null,null,null,null,"Ship To:",null,null,null,null,null,null,null,null,null,null,null,null,null,"Note:"]
[null,null,"Name:",null,null,null,null,null,null,null,null,null,null,null,null,null,null,null,null,null,null,null,null,null,null,null,{"$f":"+E14","v":0}]
[null,null,"Phone:",null,null,null,null,null,null,null,null,null,null,null,null,null,null,null,null,null,null,null,null,null,null,null,{"$f":"+E15","v":0}]
[null,null,"Address:",null," ",null,null,null,null,null,null,null,null,null,null,null,null,null,null,null,null,null,null,null,null,null,{"$f":"+E16","v":" "}]
[null,null,"Email:",null," ",null,null,null,null,null,null,null,null,null,null,null,null,null,null,null,null,null,null,null,null,null,{"$f":"+E17","v":" "}]
[]
[null,null,null,null,null,null,null,null,null,null,"Custom LED Lighting"]
["Type",null,null,null,"Sales Rep / Tech",null,null,null,null,null,null,null,"VIN",null,null,null,null,null,null,"Miles",null,null,null,null,"Terms",null,null,null,null,"Due Date"]
[]
[]
["Product ID",null,null,null,"Description",null,null,null,null,null,null,null,null,null,null,null,null,null,null,"Quantity",null,null,null,null,"Unit Price",null,null,null,null,"Line Total"]
[null,null,null,null,null,null,null,null,null,null,null,null,null,null,null,null,null,null,null,null,null,null,null,null,null,null,null,null,null,{"$f":"ROUND(+T24*Y24+0.000001,2)","v":0}]
[null,null,null,null,null,null,null,null,null,null,null,null,null,null,null,null,null,null,null,null,null,null,null,null,null,null,null,null,null,0]
[null,null,null,null,null,null,null,null,null,null,null,null,null,null,null,null,null,null,null,null,null,null,null,null,null,null,null,null,null,0]
[null,null,null,null,null,null,null,null,null,null,null,null,null,null,null,null,null,null,null,null,null,null,null,null,null,null,null,null,null,0]
[null,null,null,null,null,null,null,null,null,null,null,null,null,null,null,null,null,null,null,null,null,null,null,null,null,null,null,null,null,0]
[null,null,null,null,null,null,null,null,null,null,null,null,null,null,null,null,null,null,null,null,null,null,null,null,null,null,null,null,null,0]
[null,null,null,null,null,null,null,null,null,null,null,null,null,null,null,null,null,null,null,null,null,null,null,null,null,null,null,null,null,0]
[null,null,null,null,null,null,null,null,null,null,null,null,null,null,null,null,null,null,null,null,null,null,null,null,null,null,null,null,null,0]
[null,null,null,null,null,null,null,null,null,null,null,null,null,null,null,null,null,null,null,null,null,null,null,null,null,null,null,null,null,0]
[null,null,null,null,null,null,null,null,null,null,null,null,null,null,null,null,null,null,null,null,null,null,null,null,null,null,null,null,null,0]
[null,null,null,null,null,null,null,null,null,null,null,null,null,null,null,null,null,null,null,null,null,null,null,null,null,null,null,null,null,0]
[null,null,null,null,null,null,null,null,null,null,null,null,null,null,null,null,null,null,null,null,null,null,null,null,null,null,null,null,null,0]
[null,null,null,null,null,null,null,null,null,null,null,null,null,null,null,null,null,null,null,null,null,null,null,null,null,null,null,"SUBTOTAL",null,{"$f":"SUM(AD24:AH35)","v":0}]
[null,null,null,null,null,"RGV Cycle Center",null,null,null,null,null,null,null,null,null,null,null,null,null,null,null,null,null,null,null,null,null,"TAX (8.25%)",null,{"$f":"ROUND(+AD36*0.0825,2)","v":0}]
[null,null,null,null,null,"2716 N.10th Street",null,null,null,null,null,null,null,null,null,null,null,null,null,null,null,null,null,null,null,null,null,"SHIPPING & HANDLING"]
[null,null,null,null,null,"McAllen, TX  78501",null,null,null,null,null,null,null,null,null,null,null,null,null,null,null,null,null,null,null,null,null,"TOTAL",null,{"$f":"SUM(AD36:AH38)","v":0}]
["NOTES:",null,null,null,null,null,null,null,null,null,null,null,null,null,null,null,null,null,null,null,null,null,null,null,null,null,null,"PAID"]
["Use caution with new tires, \"slippery\" for the first 100 miles.         ",null,null,null,null,null,null,null,null,null,null,null,null,null,null,null,null,null,null,null,null,null,null,null,null,null,null,"TOTAL DUE",null,{"$f":"+AD39-AD40","v":0}]
["Check all fastening nuts and bolts after 100 miles.                       "]
["No refunds on self installed electrical items or Helmets."]
["25% restocking fee after 7 days & all Special Orders."]
["956-688-8086"]
[]
["THANK YOU FOR YOUR BUSINESS !"]

{"sheet":"E_Master","index":21,"n_rows":47,"n_cols":38,"rows_kept":47,"cut":false,"hidden":false,"merged":[[29,29,29,33],[23,29,23,33],[24,29,24,33],[25,29,25,33],[26,24,26,27],[27,24,27,27],[24,24,24,27],[25,24,25,27],[23,24,23,27],[34,29,34,33],[35,29,35,33],[31,29,31,33],[30,29,30,33],[31,24,31,27],[32,24,32,27],[33,24,33,27],[32,29,32,33],[33,29,33,33],[36,29,36,33],[36,5,36,17],[37,5,37,17],[38,5,38,17],[37,29,37,33],[38,29,38,33],[46,0,47,35],[39,29,39,33],[40,29,40,33],[40,0,43,20],[44,0,45,35],[41,29,41,34],[33,0,33,3],[29,19,29,22],[31,19,31,22],[34,24,34,27],[30,4,30,18],[32,0,32,3],[32,19,32,22],[32,4,32,18],[33,4,33,18],[29,24,29,27],[30,24,30,27],[34,0,34,3],[34,19,34,22],[34,4,34,18],[33,19,33,22],[27,0,27,3],[30,19,30,22],[31,0,31,3],[31,4,31,18],[29,0,29,3],[27,4,27,18],[28,4,28,18],[29,4,29,18],[30,0,30,3],[28,0,28,3],[26,0,26,3],[24,0,24,3],[25,0,25,3],[23,19,23,22],[25,19,25,22],[25,4,25,18],[26,4,26,18],[19,12,19,18],[28,19,28,22],[26,19,26,22],[23,4,23,18],[20,4,20,11],[24,19,24,22],[24,4,24,18],[27,19,27,22],[20,29,20,34],[20,12,20,18],[20,24,20,28],[20,19,20,23],[28,24,28,27],[28,29,28,33],[22,29,22,34],[26,29,26,33],[27,29,27,33],[22,24,22,28],[0,0,0,17],[1,0,2,17],[16,11,17,21],[23,0,23,3],[22,0,22,3],[22,4,22,18],[19,19,19,23],[19,0,19,3],[1,20,2,34],[4,29,4,32],[5,29,5,32],[20,0,20,3],[22,19,22,23],[19,24,19,28],[19,29,19,34],[19,4,19,11]]}
["RGV Cycle Stuff, dba -"]
[null,null,null,null,null,null,null,null,null,null,null,null,null,null,null,null,null,null,null,null,"ESTIMATE"]
[]
[]
[null,null,null,null,null,null,null,null,null,null,null,null,null,null,null,null,null,null,null,null,null,null,null,null,null,null,null,null,"DATE: ",{"$f":"NOW()","v":"2018-07-20T19:54:04.640"}]
[]
[]
[]
[]
[]
[]
[" "]
[null,"Bill To:",null,null,null,null,null,null,null,null,null,null,null,null,null,null,null,null,null,null,null,null,null,"Ship To:",null,null,null,null,null,null,null,null,null,null,null,null,null,"Note:"]
[null,null,null,null,"Cash Customer",null,null,null,null,null,null,null,null,null,null,null,null,null,null,null,null,null,null,null,null,null,{"$f":"+E14","v":"Cash Customer"}]
[null,null,null,null,null,null,null,null,null,null,null,null,null,null,null,null,null,null,null,null,null,null,null,null,null,null,{"$f":"+E15","v":0}]
[null,null,null,null,null,null,null,null,null,null,null,null,null,null,null,null,null,null,null,null,null,null,null,null,null,null,{"$f":"+E16","v":0}]
[null,null,null,null,"USA",null,null,null,null,null,null,"ESTIMATE",null,null,null,null,null,null,null,null,null,null,null,null,null,null,{"$f":"+E17","v":"USA"}]
[]
[]
["Type",null,null,null,"Sales Rep / Tech",null,null,null,null,null,null,null,"VIN",null,null,null,null,null,null,"Miles",null,null,null,null,"Terms",null,null,null,null,"Due Date"]
[null,null,null,null,"Robert",null,null,null,null,null,null,null,null,null,null,null,null,null,null,null,null,null,null,null,"Cash"]
[]
["Product ID",null,null,null,"Description",null,null,null,null,null,null,null,null,null,null,null,null,null,null,"Quantity",null,null,null,null,"Unit Price",null,null,null,null,"Line Total"]
[null,null,null,null,null,null,null,null,null,null,null,null,null,null,null,null,null,null,null,null,null,null,null,null,null,null,null,null,null,{"$f":"+T24*Y24","v":0},null,null,null,null,null,null,null,1]
[null,null,null,null,null,null,null,null,null,null,null,null,null,null,null,null,null,null,null,null,null,null,null,null,null,null,null,null,null,0,null,null,null,null,null,null,null,1]
[null,null,null,null,null,null,null,null,null,null,null,null,null,null,null,null,null,null,null,null,null,null,null,null,null,null,null,null,null,0]
[null,null,null,null,null,null,null,null,null,null,null,null,null,null,null,null,null,null,null,null,null,null,null,null,null,null,null,null,null,0]
[null,null,null,null,null,null,null,null,null,null,null,null,null,null,null,null,null,null,null,null,null,null,null,null,null,null,null,null,null,0,null,null,null,null,null,null,null,-3]
[null,null,null,null,null,null,null,null,null,null,null,null,null,null,null,null,null,null,null,null,null,null,null,null,null,null,null,null,null,0,null,null,null,null,null,null,null,0]
[null,null,null,null,null,null,null,null,null,null,null,null,null,null,null,null,null,null,null,null,null,null,null,null,null,null,null,null,null,0]
[null,null,null,null,null,null,null,null,null,null,null,null,null,null,null,null,null,null,null,null,null,null,null,null,null,null,null,null,null,0]
[null,null,null,null,null,null,null,null,null,null,null,null,null,null,null,null,null,null,null,null,null,null,null,null,null,null,null,null,null,0]
[null,null,null,null,null,null,null,null,null,null,null,null,null,null,null,null,null,null,null,null,null,null,null,null,null,null,null,null,null,0]
[null,null,null,null,null,null,null,null,null,null,null,null,null,null,null,null,null,null,null,null,null,null,null,null,null,null,null,null,null,0]
[null,null,null,null,"Estimates valid for 10 days",null,null,null,null,null,null,null,null,null,null,null,null,null,null,null,null,null,null,null,null,null,null,null,null,0]
[null,null,null,null,null,null,null,null,null,null,null,null,null,null,null,null,null,null,null,null,null,null,null,null,null,null,null,"SUBTOTAL",null,{"$f":"SUM(AD24:AH35)","v":0}]
[null,null,null,null,null,"RGV Cycle Center",null,null,null,null,null,null,null,null,null,null,null,null,null,null,null,null,null,null,null,null,null,"TAX (8.25%)",null,{"$f":"+AD36*0.0825","v":0}]
[null,null,null,null,null,"2716 N.10th Street",null,null,null,null,null,null,null,null,null,null,null,null,null,null,null,null,null,null,null,null,null,"SHIPPING & HANDLING"]
[null,null,null,null,null,"McAllen, TX  78501",null,null,null,null,null,null,null,null,null,null,null,null,null,null,null,null,null,null,null,null,null,"TOTAL",null,{"$f":"SUM(AD36:AH38)","v":0}]
["NOTES:",null,null,null,null,null,null,null,null,null,null,null,null,null,null,null,null,null,null,null,null,null,null,null,null,null,null,"PAID"]
["Use caution with new tires, \"slippery\" for the first 100 miles.                       Check all fastening nuts and bolts after 100 miles.                              No refunds on self installed electrical items.                                       20% restocking fee after 7 days & Special Orders.",null,null,null,null,null,null,null,null,null,null,null,null,null,null,null,null,null,null,null,null,null,null,null,null,null,null,"TOTAL EST.",null,{"$f":"+AD39-AD40","v":0}]
[]
[]
[]
["956-688-8086"]
[]
["THANK YOU FOR YOUR BUSINESS !"]

{"sheet":"Master Register","index":22,"n_rows":17,"n_cols":11,"rows_kept":17,"cut":false,"hidden":false,"merged":[]}
["Invoice",null,{"$f":"SUM(C4:C201)","v":0},{"$f":"SUM(D4:D201)","v":0},null,null,null,{"$f":"TODAY()","v":"2018-07-20"}]
["Number","Date","Amount","Tax","Terms"]
[]
[null,null,null,null,null,null,null,null,{"$f":"H1-WEEKDAY(H1,3)-7","v":"2018-07-09"},{"$f":"SUMIF(INDIRECT(TEXT(I4,\"'mmm-yy'\")&\"!B3:B400\"),I4,INDIRECT(TEXT(I4,\"'mmm-yy'\")&\"!C3:C400\"))","v":1358.07}]
[null,null,null,null,null,null,null,null,{"$f":"I4+1","v":"2018-07-10"},505]
[null,null,null,null,null,null,null,null,"2018-07-11",833.3]
[null,null,null,null,null,null,null,null,"2018-07-12",831.11]
[null,null,null,null,null,null,null,null,"2018-07-13",882.05000000000007]
[null,null,null,null,null,null,null,null,"2018-07-14",3060.02]
[null,null,null,null,null,null,null,null,"2018-07-15",0,{"$f":"SUM(J4:J10)","v":7469.5499999999993}]
[null,null,null,null,null,null,null,null,"2018-07-16",1060.1300000000001]
[null,null,null,null,null,null,null,null,"2018-07-17",793.53]
[null,null,null,null,null,null,null,null,"2018-07-18",681.78]
[null,null,null,null,null,null,null,null,"2018-07-19",46.91]
[null,null,null,null,null,null,null,null,"2018-07-20",1725.1599999999999]
[null,null,null,null,null,null,null,null,"2018-07-21",159]
[null,null,null,null,null,null,null,null,"2018-07-22",0,{"$f":"SUM(J11:J17)","v":4466.51}]

{"sheet":"Perpetual","index":23,"n_rows":9,"n_cols":7,"rows_kept":9,"cut":false,"hidden":false,"merged":[]}
[null,"Vendor: ","TR","Date Parts Received:","2018-05-10"]
[null,null,null,null,null,"(this date can be changed)"]
[]
[]
["Quantity","Unit",null,null,"Updated","Last","Last"]
["Received","Cost","Part Number","Part Description     ","Inventory","Received","Cost"]
[1,51.3,310504,"Dunlop *100/90-19 D404 FR",-4,"2014-12-10",66.66]
[1,5,420416,"RR Master Cyl Rebuild Kit XL",0,"N/A","N/A"]
[1,0.85,222558,"HD Deuce Lens - Smoke",10,"2017-10-25",0.85]